This is the mail archive of the gcc-testresults@gcc.gnu.org mailing list for the GCC project.


Index Nav: [Date Index] [Subject Index] [Author Index] [Thread Index]
Message Nav: [Date Prev] [Date Next] [Thread Prev] [Thread Next]
Other format: [Raw text]

Results for 4.5.0 20100406 (experimental) [gcc-4_5-branch revision 157989] (GCC) testsuite on hppa64-hp-hpux11.11


Native configuration is hppa64-hp-hpux11.11

		=== gcc tests ===


Running target unix
WARNING: program timed out.
FAIL: gcc.c-torture/compile/limits-fnargs.c  -O3 -g  (test for excess errors)
XPASS: gcc.dg/funcorder.c scan-assembler-not link_error,%r
FAIL: gcc.dg/pr34668-1.c (internal compiler error)
FAIL: gcc.dg/pr34668-1.c (test for excess errors)
WARNING: program timed out.
FAIL: gcc.dg/pr43058.c (test for excess errors)
WARNING: program timed out.
FAIL: gcc.dg/tree-prof/pr34999.c compilation,  -fprofile-use -D_PROFILE_USE
UNRESOLVED: gcc.dg/tree-prof/pr34999.c execution,    -fprofile-use -D_PROFILE_USE

		=== gcc Summary ===

# of expected passes		52107
# of unexpected failures	5
# of unexpected successes	1
# of expected failures		89
# of unresolved testcases	1
# of unsupported tests		689
/mnt/gnu/gcc/objdir/gcc/xgcc  version 4.5.0 20100406 (experimental) [gcc-4_5-branch revision 157989] (GCC) 

		=== libgomp tests ===


Running target unix

		=== libgomp Summary ===

# of expected passes		246
# of unsupported tests		9

Compiler version: 4.5.0 20100406 (experimental) [gcc-4_5-branch revision 157989] (GCC) 
Platform: hppa64-hp-hpux11.11
configure flags:Test Run By dave on Tue Apr 13 20:01:29 2010


Index Nav: [Date Index] [Subject Index] [Author Index] [Thread Index]
Message Nav: [Date Prev] [Date Next] [Thread Prev] [Thread Next]