This is the mail archive of the gcc-testresults@gcc.gnu.org mailing list for the GCC project.


Index Nav: [Date Index] [Subject Index] [Author Index] [Thread Index]
Message Nav: [Date Prev] [Date Next] [Thread Prev] [Thread Next]
Other format: [Raw text]

Results for 4.6.0 20100410 (experimental) (GCC) testsuite on powerpc-apple-darwin9.8.0


This build run by an automatic regression tester.
See <http://gcc.gnu.org/regtest/HEAD/> for more information.

Date: 2010-04-10T16:06:09Z
Revision: 158194
URL: svn://gcc.gnu.org/svn/gcc/trunk
Status: regress-24
Prev-Endtime: 2010-04-10T16:03:55Z

Native configuration is powerpc-apple-darwin9.8.0

		=== g++ tests ===


Running target unix
FAIL: g++.dg/eh/simd-3.C execution test
FAIL: g++.dg/eh/simd-4.C execution test
FAIL: g++.dg/ext/alignof2.C execution test
WARNING: g++.dg/ext/label13.C compilation failed to produce executable

		=== g++ Summary ===

# of expected passes		21167
# of unexpected failures	3
# of expected failures		150
# of unsupported tests		209
/Users/regress/tbox/native/build/gcc/testsuite/g++/../../g++  version 4.6.0 20100410 (experimental) (GCC) 

		=== gcc tests ===


Running target unix
FAIL: gcc.dg/debug/dwarf2/aranges-fnsec-1.c scan-assembler DW_AT_ranges
FAIL: gcc.dg/and-1.c scan-assembler-not nand
FAIL: gcc.dg/pr34668-1.c (internal compiler error)
FAIL: gcc.dg/pr34668-1.c (test for excess errors)
FAIL: gcc.dg/pragma-darwin.c (test for excess errors)
FAIL: gcc.dg/sms-2.c scan-rtl-dump-times sms "SMS succeeded" 1
FAIL: gcc.dg/sms-3.c scan-rtl-dump-times sms "SMS succeeded" 1
FAIL: gcc.dg/sms-4.c scan-rtl-dump-times sms "SMS succeeded" 1
FAIL: gcc.dg/sms-5.c scan-rtl-dump-times sms "SMS succeeded" 1
FAIL: gcc.dg/sms-6.c scan-rtl-dump-times sms "SMS succeeded" 3
FAIL: gcc.dg/sms-7.c scan-rtl-dump-times sms "SMS succeeded" 3
FAIL: gcc.dg/sms-8.c scan-rtl-dump-times sms "SMS succeeded" 1
FAIL: gcc.dg/tree-ssa/pr42585.c scan-tree-dump-times optimized "struct _fat_ptr _ans" 0
FAIL: gcc.dg/tree-ssa/pr42585.c scan-tree-dump-times optimized "struct _fat_ptr _T2" 0
FAIL: gcc.dg/tree-ssa/vrp47.c scan-tree-dump-times vrp1 "[xy][^ ]* !=" 0
FAIL: gcc.dg/tree-ssa/vrp47.c scan-tree-dump-times dom1 "x[^ ]* & y" 1
FAIL: gcc.dg/vect/costmodel/ppc/costmodel-vect-31d.c scan-tree-dump-times vect "vectorization not profitable" 1
FAIL: gcc.dg/vect/costmodel/ppc/costmodel-vect-68d.c scan-tree-dump-times vect "vectorization not profitable" 1
FAIL: gcc.dg/vect/costmodel/ppc/costmodel-vect-76a.c scan-tree-dump-times vect "vectorized 1 loops" 1
FAIL: gcc.dg/vect/costmodel/ppc/costmodel-vect-76b.c scan-tree-dump-times vect "vectorization not profitable" 1
FAIL: gcc.dg/vect/pr35821-altivec.c scan-tree-dump-times vect "vectorized 1 loops" 1
FAIL: gcc.dg/vect/section-anchors-pr27770.c (test for excess errors)
FAIL: gcc.dg/vect/section-anchors-vect-69.c (test for excess errors)
FAIL: gcc.dg/vect/section-anchors-vect-69.c scan-tree-dump-times vect "Alignment of access forced using peeling" 4
FAIL: gcc.dg/vect/aligned-section-anchors-nest-1.c (test for excess errors)
FAIL: gcc.dg/vect/aligned-section-anchors-nest-1.c scan-ipa-dump-times increase_alignment "Increasing alignment of decl" 3: dump file does not exist
FAIL: gcc.target/powerpc/405-dlmzb-strlen-1.c scan-assembler dlmzb\\\\. 
FAIL: gcc.target/powerpc/440-dlmzb-strlen-1.c scan-assembler dlmzb\\\\. 
FAIL: gcc.target/powerpc/asm-es-2.c scan-assembler asm1 3,4
FAIL: gcc.target/powerpc/asm-es-2.c scan-assembler asm2u 16\\\\(3\\\\)
FAIL: gcc.target/powerpc/asm-es-2.c scan-assembler asm3 0\\\\(3\\\\)
FAIL: gcc.target/powerpc/asm-es-2.c scan-assembler asm4 400\\\\(3\\\\)
FAIL: gcc.target/powerpc/ppc64-double-1.c scan-assembler-not stfd

		=== gcc Summary ===

# of expected passes		56604
# of unexpected failures	33
# of expected failures		157
# of unsupported tests		784
/Users/regress/tbox/native/build/gcc/xgcc  version 4.6.0 20100410 (experimental) (GCC) 

		=== gfortran tests ===


Running target unix
FAIL: gfortran.dg/large_real_kind_3.F90  -O0  execution test
FAIL: gfortran.fortran-torture/execute/where_2.f90 execution,  -O3 -g 

		=== gfortran Summary ===

# of expected passes		33797
# of unexpected failures	2
# of expected failures		52
# of unsupported tests		167
/Users/regress/tbox/native/build/gcc/testsuite/gfortran/../../gfortran  version 4.6.0 20100410 (experimental) (GCC) 

		=== objc tests ===


Running target unix
FAIL: objc/execute/exceptions/catchall-1.m execution,  -O3 -fomit-frame-pointer -fnext-runtime
FAIL: objc/execute/exceptions/catchall-1.m execution,  -O3 -g -fnext-runtime
FAIL: objc/execute/exceptions/local-variables-1.m execution,  -O3 -fomit-frame-pointer -fnext-runtime
FAIL: objc/execute/exceptions/local-variables-1.m execution,  -O3 -g -fnext-runtime
FAIL: objc/execute/forward-1.m execution,  -O0 -fgnu-runtime
FAIL: objc/execute/forward-1.m execution,  -O1 -fgnu-runtime
FAIL: objc/execute/forward-1.m execution,  -O2 -fgnu-runtime
FAIL: objc/execute/forward-1.m execution,  -O3 -fomit-frame-pointer -fgnu-runtime
FAIL: objc/execute/forward-1.m execution,  -O3 -fomit-frame-pointer -funroll-loops -fgnu-runtime
FAIL: objc/execute/forward-1.m execution,  -O3 -fomit-frame-pointer -funroll-all-loops -finline-functions -fgnu-runtime
FAIL: objc/execute/forward-1.m execution,  -O3 -g -fgnu-runtime
FAIL: objc/execute/forward-1.m execution,  -Os -fgnu-runtime
FAIL: objc.dg/headers.m -fnext-runtime (test for excess errors)
FAIL: objc.dg/no-extra-load.m -fnext-runtime (test for excess errors)
ERROR: objc.dg/no-extra-load.m: error executing dg-final: couldn't open "no-extra-load.s": no such file or directory
UNRESOLVED: objc.dg/no-extra-load.m: error executing dg-final: couldn't open "no-extra-load.s": no such file or directory
FAIL: objc.dg-struct-layout-encoding-1/t001_main.m execution test
FAIL: objc.dg-struct-layout-encoding-1/t005_main.m execution test
FAIL: objc.dg-struct-layout-encoding-1/t009_main.m execution test
FAIL: objc.dg-struct-layout-encoding-1/t010_main.m execution test
FAIL: objc.dg-struct-layout-encoding-1/t013_main.m execution test
FAIL: objc.dg-struct-layout-encoding-1/t014_main.m execution test
FAIL: objc.dg-struct-layout-encoding-1/t016_main.m execution test
FAIL: objc.dg-struct-layout-encoding-1/t017_main.m execution test
FAIL: objc.dg-struct-layout-encoding-1/t018_main.m execution test
FAIL: objc.dg-struct-layout-encoding-1/t019_main.m execution test
FAIL: objc.dg-struct-layout-encoding-1/t020_main.m execution test
FAIL: objc.dg-struct-layout-encoding-1/t021_main.m execution test
FAIL: objc.dg-struct-layout-encoding-1/t023_main.m execution test
FAIL: objc.dg-struct-layout-encoding-1/t024_main.m execution test

		=== objc Summary ===

# of expected passes		3679
# of unexpected failures	28
# of expected failures		17
# of unresolved testcases	1
# of unsupported tests		24
/Users/regress/tbox/native/build/gcc/xgcc  version 4.6.0 20100410 (experimental) (GCC) 

		=== libffi tests ===


Running target unix
FAIL: libffi.call/cls_double_va.c -O0 -W -Wall output pattern test, is -0.0
FAIL: libffi.call/cls_longdouble_va.c -O0 -W -Wall output pattern test, is -0.0
FAIL: libffi.call/nested_struct5.c -O0 -W -Wall execution test
FAIL: libffi.call/cls_double_va.c -O2 output pattern test, is -0.0
FAIL: libffi.call/cls_longdouble_va.c -O2 output pattern test, is -0.0
FAIL: libffi.call/cls_double_va.c -O3 output pattern test, is -0.0
FAIL: libffi.call/cls_longdouble_va.c -O3 output pattern test, is -0.0
FAIL: libffi.call/cls_double_va.c -Os output pattern test, is -0.0
FAIL: libffi.call/cls_longdouble_va.c -Os output pattern test, is -0.0
FAIL: libffi.call/cls_double_va.c -O2 -fomit-frame-pointer output pattern test, is -0.0
FAIL: libffi.call/cls_longdouble_va.c -O2 -fomit-frame-pointer output pattern test, is -0.0

		=== libffi Summary ===

# of expected passes		1612
# of unexpected failures	11
# of expected failures		10
# of unsupported tests		15
		=== libgomp tests ===


Running target unix

		=== libgomp Summary ===

# of expected passes		2456
# of unsupported tests		2
		=== libjava tests ===


Running target unix
FAIL: Thread_Sleep_2 output - source compiled test
FAIL: Thread_Sleep_2 -findirect-dispatch output - source compiled test

		=== libjava Summary ===

# of expected passes		2572
# of unexpected failures	2
		=== libstdc++ tests ===


Running target unix
XPASS: 21_strings/basic_string/element_access/char/21674.cc execution test
XPASS: 21_strings/basic_string/element_access/wchar_t/21674.cc execution test
FAIL: ext/mt_allocator/deallocate_global_thread-1.cc execution test
FAIL: ext/mt_allocator/deallocate_global_thread-3.cc execution test

		=== libstdc++ Summary ===

# of expected passes		6462
# of unexpected failures	2
# of unexpected successes	2
# of expected failures		87
# of unsupported tests		546

		=== libstdc++ Summary ===


Compiler version: 4.6.0 20100410 (experimental) (GCC) 
Platform: powerpc-apple-darwin9.8.0
configure flags: --prefix=/Users/regress/tbox/objs --target=powerpc-apple-darwin9.8.0


Index Nav: [Date Index] [Subject Index] [Author Index] [Thread Index]
Message Nav: [Date Prev] [Date Next] [Thread Prev] [Thread Next]