This is the mail archive of the
gcc-testresults@gcc.gnu.org
mailing list for the GCC project.
Results for 4.5.0 20100405 (experimental) (GCC) testsuite on ia64-hp-hpux11.23
- From: Steve Ellcey <sje at cup dot hp dot com>
- To: gcc-testresults at gcc dot gnu dot org
- Date: Mon, 5 Apr 2010 06:55:11 -0700 (PDT)
- Subject: Results for 4.5.0 20100405 (experimental) (GCC) testsuite on ia64-hp-hpux11.23
Native configuration is ia64-hp-hpux11.23
=== g++ tests ===
Running target unix/-milp32
FAIL: c-c++-common/raw-string-1.c execution test
=== g++ Summary for unix/-milp32 ===
# of expected passes 20483
# of unexpected failures 1
# of expected failures 155
# of unsupported tests 218
Running target unix/-mlp64
FAIL: c-c++-common/raw-string-1.c execution test
=== g++ Summary for unix/-mlp64 ===
# of expected passes 20444
# of unexpected failures 1
# of expected failures 155
# of unsupported tests 219
=== g++ Summary ===
# of expected passes 40927
# of unexpected failures 2
# of expected failures 310
# of unsupported tests 437
/proj/opensrc_nobackup/nightly2/build-ia64-hp-hpux11.23-trunk/obj_gcc/gcc/testsuite/g++/../../g++ version 4.5.0 20100405 (experimental) (GCC)
=== gcc tests ===
Running target unix/-milp32
FAIL: gcc.c-torture/compile/limits-structnest.c -O2 (test for excess errors)
FAIL: gcc.c-torture/compile/limits-structnest.c -O3 -fomit-frame-pointer (test for excess errors)
FAIL: gcc.c-torture/compile/limits-structnest.c -O3 -g (test for excess errors)
FAIL: gcc.c-torture/compile/limits-structnest.c -Os (test for excess errors)
FAIL: gcc.dg/builtin-apply4.c execution test
FAIL: gcc.dg/pr34668-1.c (internal compiler error)
FAIL: gcc.dg/pr34668-1.c (test for excess errors)
FAIL: gcc.dg/pr43058.c (test for excess errors)
FAIL: c-c++-common/raw-string-1.c -Wc++-compat execution test
=== gcc Summary for unix/-milp32 ===
# of expected passes 53633
# of unexpected failures 9
# of expected failures 222
# of unsupported tests 680
Running target unix/-mlp64
WARNING: program timed out.
FAIL: gcc.c-torture/compile/limits-fnargs.c -O2 (test for excess errors)
FAIL: gcc.c-torture/compile/limits-structnest.c -O2 (test for excess errors)
FAIL: gcc.c-torture/compile/limits-structnest.c -O3 -fomit-frame-pointer (test for excess errors)
FAIL: gcc.c-torture/compile/limits-structnest.c -O3 -g (test for excess errors)
FAIL: gcc.c-torture/compile/limits-structnest.c -Os (test for excess errors)
WARNING: program timed out.
FAIL: gcc.c-torture/execute/builtins/memset-chk.c compilation, -O3 -fomit-frame-pointer -funroll-loops
UNRESOLVED: gcc.c-torture/execute/builtins/memset-chk.c execution, -O3 -fomit-frame-pointer -funroll-loops
FAIL: gcc.dg/builtin-apply4.c execution test
FAIL: gcc.dg/pr34668-1.c (internal compiler error)
FAIL: gcc.dg/pr34668-1.c (test for excess errors)
FAIL: gcc.dg/pr43058.c (test for excess errors)
FAIL: c-c++-common/raw-string-1.c -Wc++-compat execution test
=== gcc Summary for unix/-mlp64 ===
# of expected passes 53644
# of unexpected failures 11
# of expected failures 223
# of unresolved testcases 1
# of unsupported tests 670
=== gcc Summary ===
# of expected passes 107277
# of unexpected failures 20
# of expected failures 445
# of unresolved testcases 1
# of unsupported tests 1350
/proj/opensrc_nobackup/nightly2/build-ia64-hp-hpux11.23-trunk/obj_gcc/gcc/xgcc version 4.5.0 20100405 (experimental) (GCC)
=== gfortran tests ===
Running target unix/-milp32
WARNING: program timed out.
FAIL: gfortran.dg/vect/fast-math-pr38968.f90 execution test
=== gfortran Summary for unix/-milp32 ===
# of expected passes 33876
# of unexpected failures 1
# of expected failures 30
# of unsupported tests 71
Running target unix/-mlp64
FAIL: gfortran.dg/array_constructor_33.f90 -O (test for excess errors)
WARNING: program timed out.
WARNING: program timed out.
FAIL: gfortran.dg/vect/fast-math-pr38968.f90 execution test
=== gfortran Summary for unix/-mlp64 ===
# of expected passes 33875
# of unexpected failures 2
# of expected failures 30
# of unsupported tests 71
=== gfortran Summary ===
# of expected passes 67751
# of unexpected failures 3
# of expected failures 60
# of unsupported tests 142
/proj/opensrc_nobackup/nightly2/build-ia64-hp-hpux11.23-trunk/obj_gcc/gcc/testsuite/gfortran/../../gfortran version 4.5.0 20100405 (experimental) (GCC)
=== libgomp tests ===
Running target unix/-mlp64
WARNING: program timed out.
WARNING: libgomp.fortran/vla4.f90 -O3 -g compilation failed to produce executable
=== libgomp Summary for unix/-mlp64 ===
# of expected passes 2455
# of unsupported tests 2
Running target unix/-milp32
=== libgomp Summary for unix/-milp32 ===
# of expected passes 2456
# of unsupported tests 2
=== libgomp Summary ===
# of expected passes 4911
# of unsupported tests 4
=== libstdc++ tests ===
Running target unix/-milp32
XPASS: 22_locale/collate/hash/char/1.cc (test for excess errors)
XPASS: 22_locale/collate/requirements/base_classes.cc (test for excess errors)
XPASS: 22_locale/collate/transform/wchar_t/28277.cc (test for excess errors)
XPASS: 22_locale/collate_byname/requirements/base_classes.cc (test for excess errors)
FAIL: 27_io/objects/wchar_t/7.cc execution test
FAIL: 27_io/objects/wchar_t/9661-1.cc execution test
FAIL: ext/codecvt/wchar_t.cc execution test
FAIL: ext/profile/all.cc (test for excess errors)
WARNING: program timed out.
WARNING: program timed out.
=== libstdc++ Summary for unix/-milp32 ===
# of expected passes 6281
# of unexpected failures 4
# of unexpected successes 4
# of expected failures 88
# of unsupported tests 642
Running target unix/-mlp64
XPASS: 22_locale/collate/hash/char/1.cc (test for excess errors)
XPASS: 22_locale/collate/requirements/base_classes.cc (test for excess errors)
XPASS: 22_locale/collate/transform/wchar_t/28277.cc (test for excess errors)
XPASS: 22_locale/collate_byname/requirements/base_classes.cc (test for excess errors)
FAIL: 27_io/objects/wchar_t/7.cc execution test
FAIL: 27_io/objects/wchar_t/9661-1.cc execution test
FAIL: ext/codecvt/wchar_t.cc execution test
FAIL: ext/pb_ds/regression/tree_no_data_map_rand.cc (test for excess errors)
WARNING: ext/pb_ds/regression/tree_no_data_map_rand.cc compilation failed to produce executable
FAIL: ext/profile/all.cc (test for excess errors)
WARNING: program timed out.
WARNING: program timed out.
WARNING: program timed out.
=== libstdc++ Summary for unix/-mlp64 ===
# of expected passes 6279
# of unexpected failures 5
# of unexpected successes 4
# of expected failures 88
# of unsupported tests 642
=== libstdc++ Summary ===
# of expected passes 12560
# of unexpected failures 9
# of unexpected successes 8
# of expected failures 176
# of unsupported tests 1284
=== libstdc++ Summary ===
Compiler version: 4.5.0 20100405 (experimental) (GCC)
Platform: ia64-hp-hpux11.23
configure flags: --host=ia64-hp-hpux11.23 --build=ia64-hp-hpux11.23 --prefix=/proj/opensrc_nobackup/nightly2/gcc-ia64-hp-hpux11.23-trunk --with-local-prefix=/proj/opensrc_nobackup/nightly2/gcc-ia64-hp-hpux11.23-trunk --disable-nls --with-gmp=/proj/opensrc/be/ia64-hp-hpux11.23 --with-mpfr=/proj/opensrc/be/ia64-hp-hpux11.23 --disable-libmudflap --enable-libunwind-exceptions SED=/usr/bin/sed --enable-languages=c,c++,fortran