This is the mail archive of the
gcc-testresults@gcc.gnu.org
mailing list for the GCC project.
Results for 4.5.0 20100405 (experimental) (GCC) testsuite on x86_64-unknown-linux-gnu
- From: rguenther at suse dot de (Richard Guenther)
- To: gcc-testresults at gcc dot gnu dot org
- Date: Mon, 05 Apr 2010 14:52:40 +0200
- Subject: Results for 4.5.0 20100405 (experimental) (GCC) testsuite on x86_64-unknown-linux-gnu
=== acats tests ===
FAIL: c34005c
FAIL: c432002
FAIL: c64106c
FAIL: cxa4006
FAIL: cxa4017
=== acats Summary ===
# of expected passes 2316
# of unexpected failures 5
Native configuration is x86_64-unknown-linux-gnu
=== g++ tests ===
Running target unix/
FAIL: g++.dg/init/new17.C scan-tree-dump-times optimized "= 0.0" 1
FAIL: g++.dg/init/new19.C scan-tree-dump pre "Replaced.*->ai\\[0\\]"
FAIL: g++.dg/opt/pr30965.C scan-tree-dump-times optimized "variable_..D. = v_..D." 2
FAIL: g++.dg/tree-ssa/copyprop-1.C scan-tree-dump-not dce2 ".* = [^>;]*;"
FAIL: g++.dg/tree-ssa/pointer-reference-alias.C scan-tree-dump-times optimized "\\*a" 1
FAIL: g++.dg/tree-ssa/pr20280.C (internal compiler error)
FAIL: g++.dg/tree-ssa/pr20280.C (test for excess errors)
FAIL: g++.dg/tree-ssa/pr21463.C scan-tree-dump-times phiopt1 "MIN_EXPR" 2
FAIL: g++.dg/tree-ssa/pr21463.C scan-tree-dump-times phiopt1 "MAX_EXPR" 2
FAIL: g++.dg/tree-ssa/pr27090.C scan-tree-dump optimized "f_..D.->x;"
FAIL: g++.dg/tree-ssa/pr30738.C scan-tree-dump phiopt1 "MIN_EXPR"
FAIL: g++.dg/tree-ssa/pr8781.C scan-tree-dump fre "Replacing call target with f"
FAIL: g++.dg/plugin/self-assign-test-1.C -fplugin=./selfassign.so (test for warnings, line 10)
FAIL: g++.dg/plugin/self-assign-test-1.C -fplugin=./selfassign.so (test for warnings, line 13)
FAIL: g++.dg/plugin/self-assign-test-1.C -fplugin=./selfassign.so (test for warnings, line 40)
FAIL: g++.dg/plugin/self-assign-test-1.C -fplugin=./selfassign.so (test for warnings, line 41)
FAIL: g++.dg/plugin/self-assign-test-1.C -fplugin=./selfassign.so (test for excess errors)
FAIL: g++.dg/plugin/self-assign-test-2.C -fplugin=./selfassign.so (test for warnings, line 10)
FAIL: g++.dg/plugin/self-assign-test-2.C -fplugin=./selfassign.so (test for warnings, line 13)
FAIL: g++.dg/plugin/self-assign-test-2.C -fplugin=./selfassign.so (test for warnings, line 40)
FAIL: g++.dg/plugin/self-assign-test-2.C -fplugin=./selfassign.so (test for warnings, line 41)
FAIL: g++.dg/plugin/self-assign-test-2.C -fplugin=./selfassign.so (test for excess errors)
FAIL: g++.dg/torture/pr34850.C -O0 (test for warnings, line 14)
FAIL: g++.dg/torture/pr34850.C -O1 (test for warnings, line 14)
FAIL: g++.dg/torture/pr34850.C -O2 (test for warnings, line 14)
FAIL: g++.dg/torture/pr34850.C -O3 -fomit-frame-pointer (test for warnings, line 14)
FAIL: g++.dg/torture/pr34850.C -O3 -g (test for warnings, line 14)
FAIL: g++.dg/torture/pr34850.C -Os (test for warnings, line 14)
FAIL: g++.dg/torture/pr34850.C -O2 -flto (test for warnings, line 14)
FAIL: g++.dg/torture/pr34850.C -O2 -fwhopr (test for warnings, line 14)
=== g++ Summary for unix/ ===
# of expected passes 22658
# of unexpected failures 30
# of expected failures 151
# of unsupported tests 303
Running target unix//-m32
FAIL: g++.dg/init/new17.C scan-tree-dump-times optimized "= 0.0" 1
FAIL: g++.dg/init/new19.C scan-tree-dump pre "Replaced.*->ai\\[0\\]"
FAIL: g++.dg/opt/pr30965.C scan-tree-dump-times optimized "variable_..D. = v_..D." 2
FAIL: g++.dg/tree-ssa/copyprop-1.C scan-tree-dump-not dce2 ".* = [^>;]*;"
FAIL: g++.dg/tree-ssa/pointer-reference-alias.C scan-tree-dump-times optimized "\\*a" 1
FAIL: g++.dg/tree-ssa/pr20280.C (internal compiler error)
FAIL: g++.dg/tree-ssa/pr20280.C (test for excess errors)
FAIL: g++.dg/tree-ssa/pr21463.C scan-tree-dump-times phiopt1 "MIN_EXPR" 2
FAIL: g++.dg/tree-ssa/pr21463.C scan-tree-dump-times phiopt1 "MAX_EXPR" 2
FAIL: g++.dg/tree-ssa/pr27090.C scan-tree-dump optimized "f_..D.->x;"
FAIL: g++.dg/tree-ssa/pr30738.C scan-tree-dump phiopt1 "MIN_EXPR"
FAIL: g++.dg/tree-ssa/pr8781.C scan-tree-dump fre "Replacing call target with f"
FAIL: g++.dg/plugin/self-assign-test-1.C -fplugin=./selfassign.so (test for warnings, line 10)
FAIL: g++.dg/plugin/self-assign-test-1.C -fplugin=./selfassign.so (test for warnings, line 13)
FAIL: g++.dg/plugin/self-assign-test-1.C -fplugin=./selfassign.so (test for warnings, line 40)
FAIL: g++.dg/plugin/self-assign-test-1.C -fplugin=./selfassign.so (test for warnings, line 41)
FAIL: g++.dg/plugin/self-assign-test-1.C -fplugin=./selfassign.so (test for excess errors)
FAIL: g++.dg/plugin/self-assign-test-2.C -fplugin=./selfassign.so (test for warnings, line 10)
FAIL: g++.dg/plugin/self-assign-test-2.C -fplugin=./selfassign.so (test for warnings, line 13)
FAIL: g++.dg/plugin/self-assign-test-2.C -fplugin=./selfassign.so (test for warnings, line 40)
FAIL: g++.dg/plugin/self-assign-test-2.C -fplugin=./selfassign.so (test for warnings, line 41)
FAIL: g++.dg/plugin/self-assign-test-2.C -fplugin=./selfassign.so (test for excess errors)
FAIL: g++.dg/torture/pr34850.C -O0 (test for warnings, line 14)
FAIL: g++.dg/torture/pr34850.C -O1 (test for warnings, line 14)
FAIL: g++.dg/torture/pr34850.C -O2 (test for warnings, line 14)
FAIL: g++.dg/torture/pr34850.C -O3 -fomit-frame-pointer (test for warnings, line 14)
FAIL: g++.dg/torture/pr34850.C -O3 -g (test for warnings, line 14)
FAIL: g++.dg/torture/pr34850.C -Os (test for warnings, line 14)
FAIL: g++.dg/torture/pr34850.C -O2 -flto (test for warnings, line 14)
FAIL: g++.dg/torture/pr34850.C -O2 -fwhopr (test for warnings, line 14)
=== g++ Summary for unix//-m32 ===
# of expected passes 23055
# of unexpected failures 30
# of expected failures 151
# of unsupported tests 113
=== g++ Summary ===
# of expected passes 45713
# of unexpected failures 60
# of expected failures 302
# of unsupported tests 416
/abuild/rguenther/obj2/gcc/testsuite/g++/../../g++ version 4.5.0 20100405 (experimental) (GCC)
=== gcc tests ===
Running target unix/
FAIL: gcc.c-torture/compile/20010107-1.c -O1 (internal compiler error)
FAIL: gcc.c-torture/compile/20010107-1.c -O1 (test for excess errors)
FAIL: gcc.c-torture/compile/20010107-1.c -O2 (internal compiler error)
FAIL: gcc.c-torture/compile/20010107-1.c -O2 (test for excess errors)
FAIL: gcc.c-torture/compile/20010107-1.c -O3 -fomit-frame-pointer (internal compiler error)
FAIL: gcc.c-torture/compile/20010107-1.c -O3 -fomit-frame-pointer (test for excess errors)
FAIL: gcc.c-torture/compile/20010107-1.c -O3 -g (internal compiler error)
FAIL: gcc.c-torture/compile/20010107-1.c -O3 -g (test for excess errors)
FAIL: gcc.c-torture/compile/20010107-1.c -Os (internal compiler error)
FAIL: gcc.c-torture/compile/20010107-1.c -Os (test for excess errors)
FAIL: gcc.c-torture/compile/20010107-1.c -O2 -flto (internal compiler error)
FAIL: gcc.c-torture/compile/20010107-1.c -O2 -flto (test for excess errors)
FAIL: gcc.c-torture/compile/20010107-1.c -O2 -fwhopr (internal compiler error)
FAIL: gcc.c-torture/compile/20010107-1.c -O2 -fwhopr (test for excess errors)
FAIL: gcc.dg/Warray-bounds.c (test for warnings, line 59)
FAIL: gcc.dg/Warray-bounds.c (test for warnings, line 65)
FAIL: gcc.dg/Warray-bounds.c (test for warnings, line 66)
FAIL: gcc.dg/Wshadow-3.c (test for warnings, line 47)
FAIL: gcc.dg/builtin-object-size-1.c execution test
FAIL: gcc.dg/builtin-object-size-2.c execution test
FAIL: gcc.dg/builtin-object-size-3.c execution test
FAIL: gcc.dg/builtin-object-size-4.c execution test
FAIL: gcc.dg/builtin-object-size-6.c execution test
FAIL: gcc.dg/builtin-object-size-7.c execution test
FAIL: gcc.dg/builtin-object-size-8.c execution test
FAIL: gcc.dg/builtin-object-size-9.c execution test
FAIL: gcc.dg/fold-bitand-3.c scan-tree-dump-times original "& 3" 0
FAIL: gcc.dg/fold-bitand-3.c scan-tree-dump-times original "return 1" 2
FAIL: gcc.dg/free-1.c (test for excess errors)
FAIL: gcc.dg/memmove-2.c scan-tree-dump-times optimized "memmove" 0
FAIL: gcc.dg/pr25682.c (test for warnings, line 13)
FAIL: gcc.dg/pr25682.c (test for warnings, line 14)
FAIL: gcc.dg/pr25682.c (test for excess errors)
FAIL: gcc.dg/pr36902.c (test for warnings, line 47)
FAIL: gcc.dg/pr38984.c scan-tree-dump-times optimized "\\*p" 2
XPASS: gcc.dg/uninit-6-O0.c uninitialized variable warning (test for bogus messages, line 42)
FAIL: gcc.dg/uninit-pr40943.c (test for warnings, line 9)
FAIL: gcc.dg/graphite/pr43012.c execution test
XPASS: gcc.dg/guality/example.c -O0 execution test
XPASS: gcc.dg/guality/example.c -O1 execution test
XPASS: gcc.dg/guality/example.c -O2 execution test
XPASS: gcc.dg/guality/example.c -Os execution test
XPASS: gcc.dg/guality/example.c -O2 -flto execution test
XPASS: gcc.dg/guality/example.c -O2 -fwhopr execution test
XPASS: gcc.dg/guality/guality.c -O0 execution test
XPASS: gcc.dg/guality/guality.c -O1 execution test
XPASS: gcc.dg/guality/guality.c -O2 execution test
XPASS: gcc.dg/guality/guality.c -O3 -fomit-frame-pointer execution test
XPASS: gcc.dg/guality/guality.c -O3 -g execution test
XPASS: gcc.dg/guality/guality.c -Os execution test
XPASS: gcc.dg/guality/guality.c -O2 -flto execution test
XPASS: gcc.dg/guality/guality.c -O2 -fwhopr execution test
XPASS: gcc.dg/guality/inline-params.c -O2 execution test
XPASS: gcc.dg/guality/inline-params.c -O3 -fomit-frame-pointer execution test
XPASS: gcc.dg/guality/inline-params.c -O3 -g execution test
XPASS: gcc.dg/guality/inline-params.c -Os execution test
XPASS: gcc.dg/guality/inline-params.c -O2 -flto execution test
XPASS: gcc.dg/guality/pr41353-1.c -O0 line 28 j == 28 + 37
XPASS: gcc.dg/guality/pr41353-1.c -O1 line 28 j == 28 + 37
XPASS: gcc.dg/guality/pr41353-1.c -O2 line 28 j == 28 + 37
XPASS: gcc.dg/guality/pr41353-1.c -O3 -fomit-frame-pointer line 28 j == 28 + 37
XPASS: gcc.dg/guality/pr41353-1.c -O3 -g line 28 j == 28 + 37
XPASS: gcc.dg/guality/pr41353-1.c -Os line 28 j == 28 + 37
FAIL: gcc.dg/guality/pr41353-1.c -O2 -flto line 28 i == 37
FAIL: gcc.dg/guality/pr41353-1.c -O2 -flto line 28 i1 == 2 * 37
FAIL: gcc.dg/guality/pr41353-1.c -O2 -flto line 28 i2 == 3 * 37
FAIL: gcc.dg/guality/pr41353-1.c -O2 -fwhopr line 28 i == 37
FAIL: gcc.dg/guality/pr41353-1.c -O2 -fwhopr line 28 i1 == 2 * 37
FAIL: gcc.dg/guality/pr41353-1.c -O2 -fwhopr line 28 i2 == 3 * 37
XPASS: gcc.dg/guality/pr41447-1.c -O0 execution test
XPASS: gcc.dg/guality/pr41616-1.c -O0 execution test
XPASS: gcc.dg/guality/pr41616-1.c -O1 execution test
XPASS: gcc.dg/guality/pr41616-1.c -O2 execution test
XPASS: gcc.dg/guality/pr41616-1.c -Os execution test
XPASS: gcc.dg/guality/pr41616-1.c -O2 -flto execution test
XPASS: gcc.dg/guality/pr41616-1.c -O2 -fwhopr execution test
FAIL: gcc.dg/guality/vla-1.c -O1 line 24 sizeof (a) == 17 * sizeof (short)
FAIL: gcc.dg/guality/vla-1.c -O2 line 17 sizeof (a) == 6
FAIL: gcc.dg/guality/vla-1.c -O2 line 24 sizeof (a) == 17 * sizeof (short)
FAIL: gcc.dg/guality/vla-1.c -O3 -fomit-frame-pointer line 17 sizeof (a) == 6
FAIL: gcc.dg/guality/vla-1.c -O3 -fomit-frame-pointer line 24 sizeof (a) == 17 * sizeof (short)
FAIL: gcc.dg/guality/vla-1.c -O3 -g line 17 sizeof (a) == 6
FAIL: gcc.dg/guality/vla-1.c -O3 -g line 24 sizeof (a) == 17 * sizeof (short)
FAIL: gcc.dg/guality/vla-1.c -Os line 17 sizeof (a) == 6
FAIL: gcc.dg/guality/vla-1.c -Os line 24 sizeof (a) == 17 * sizeof (short)
FAIL: gcc.dg/guality/vla-1.c -O2 -flto line 17 sizeof (a) == 6
FAIL: gcc.dg/guality/vla-1.c -O2 -flto line 24 sizeof (a) == 17 * sizeof (short)
FAIL: gcc.dg/guality/vla-1.c -O2 -fwhopr line 17 sizeof (a) == 6
FAIL: gcc.dg/guality/vla-1.c -O2 -fwhopr line 24 sizeof (a) == 17 * sizeof (short)
FAIL: gcc.dg/ipa/ipa-sra-2.c scan-tree-dump eipa_sra "About to replace expr cow_.*D.->red with \\*ISRA"
FAIL: gcc.dg/ipa/ipa-sra-2.c scan-tree-dump eipa_sra "About to replace expr cow_.*D.->green with ISRA"
FAIL: gcc.dg/ipa/ipa-sra-2.c scan-tree-dump eipa_sra "About to replace expr calf_.*D.->red with \\*ISRA"
FAIL: gcc.dg/ipa/ipa-sra-2.c scan-tree-dump eipa_sra "About to replace expr calf_.*D.->green with ISRA"
FAIL: gcc.dg/ipa/ipa-sra-4.c scan-tree-dump eipa_sra "About to replace expr \\*i_.*D. with ISRA"
FAIL: gcc.dg/ipa/ipa-sra-4.c scan-tree-dump eipa_sra "About to replace expr \\*l_.*D. with ISRA"
FAIL: gcc.dg/matrix/matrix-1.c scan-ipa-dump-times matrix-reorg "Flattened 3 dimensions" 1
FAIL: gcc.dg/matrix/matrix-2.c scan-ipa-dump-times matrix-reorg "Flattened 2 dimensions" 1
FAIL: gcc.dg/matrix/matrix-3.c scan-ipa-dump-times matrix-reorg "Flattened 2 dimensions" 1
FAIL: gcc.dg/matrix/matrix-6.c scan-ipa-dump-times matrix-reorg "Flattened 2 dimensions" 1
FAIL: gcc.dg/matrix/transpose-1.c scan-ipa-dump-times matrix-reorg "Flattened 3 dimensions" 1
FAIL: gcc.dg/matrix/transpose-1.c scan-ipa-dump-times matrix-reorg "Transposed" 3
FAIL: gcc.dg/matrix/transpose-2.c scan-ipa-dump-times matrix-reorg "Flattened 3 dimensions" 1
FAIL: gcc.dg/matrix/transpose-3.c scan-ipa-dump-times matrix-reorg "Flattened 2 dimensions" 1
FAIL: gcc.dg/matrix/transpose-3.c scan-ipa-dump-times matrix-reorg "Transposed" 2
FAIL: gcc.dg/matrix/transpose-4.c scan-ipa-dump-times matrix-reorg "Flattened 3 dimensions" 1
FAIL: gcc.dg/matrix/transpose-4.c scan-ipa-dump-times matrix-reorg "Transposed" 2
FAIL: gcc.dg/matrix/transpose-5.c scan-ipa-dump-times matrix-reorg "Flattened 3 dimensions" 1
FAIL: gcc.dg/matrix/transpose-6.c scan-ipa-dump-times matrix-reorg "Flattened 3 dimensions" 1
FAIL: gcc.dg/plugin/self-assign-test-1.c -fplugin=./selfassign.so (test for warnings, line 22)
FAIL: gcc.dg/plugin/self-assign-test-1.c -fplugin=./selfassign.so (test for excess errors)
FAIL: gcc.dg/struct/wo_prof_array_field.c (internal compiler error)
FAIL: gcc.dg/struct/wo_prof_array_field.c (test for excess errors)
WARNING: gcc.dg/struct/wo_prof_array_field.c compilation failed to produce executable
FAIL: gcc.dg/struct/wo_prof_array_through_pointer.c scan-ipa-dump ipa_struct_reorg "Number of structures to transform is 1"
FAIL: gcc.dg/struct/wo_prof_double_malloc.c (internal compiler error)
FAIL: gcc.dg/struct/wo_prof_double_malloc.c (test for excess errors)
WARNING: gcc.dg/struct/wo_prof_double_malloc.c compilation failed to produce executable
FAIL: gcc.dg/struct/wo_prof_global_var.c (internal compiler error)
FAIL: gcc.dg/struct/wo_prof_global_var.c (test for excess errors)
WARNING: gcc.dg/struct/wo_prof_global_var.c compilation failed to produce executable
FAIL: gcc.dg/struct/wo_prof_local_var.c (internal compiler error)
FAIL: gcc.dg/struct/wo_prof_local_var.c (test for excess errors)
WARNING: gcc.dg/struct/wo_prof_local_var.c compilation failed to produce executable
FAIL: gcc.dg/struct/wo_prof_malloc_size_var.c (internal compiler error)
FAIL: gcc.dg/struct/wo_prof_malloc_size_var.c (test for excess errors)
WARNING: gcc.dg/struct/wo_prof_malloc_size_var.c compilation failed to produce executable
FAIL: gcc.dg/struct/wo_prof_mult_field_peeling.c (internal compiler error)
FAIL: gcc.dg/struct/wo_prof_mult_field_peeling.c (test for excess errors)
WARNING: gcc.dg/struct/wo_prof_mult_field_peeling.c compilation failed to produce executable
FAIL: gcc.dg/struct/wo_prof_two_strs.c (internal compiler error)
FAIL: gcc.dg/struct/wo_prof_two_strs.c (test for excess errors)
WARNING: gcc.dg/struct/wo_prof_two_strs.c compilation failed to produce executable
FAIL: gcc.dg/struct/w_prof_global_var.c compilation, -O3 -fwhole-program -combine -fipa-type-escape -fprofile-use -fipa-struct-reorg -fdump-ipa-all (internal compiler error)
UNRESOLVED: gcc.dg/struct/w_prof_global_var.c execution, -O3 -fwhole-program -combine -fipa-type-escape -fprofile-use -fipa-struct-reorg -fdump-ipa-all
FAIL: gcc.dg/struct/w_prof_local_var.c compilation, -O3 -fwhole-program -combine -fipa-type-escape -fprofile-use -fipa-struct-reorg -fdump-ipa-all (internal compiler error)
UNRESOLVED: gcc.dg/struct/w_prof_local_var.c execution, -O3 -fwhole-program -combine -fipa-type-escape -fprofile-use -fipa-struct-reorg -fdump-ipa-all
FAIL: gcc.dg/struct/w_prof_two_strs.c compilation, -O3 -fwhole-program -combine -fipa-type-escape -fprofile-use -fipa-struct-reorg -fdump-ipa-all (internal compiler error)
UNRESOLVED: gcc.dg/struct/w_prof_two_strs.c execution, -O3 -fwhole-program -combine -fipa-type-escape -fprofile-use -fipa-struct-reorg -fdump-ipa-all
FAIL: gcc.dg/torture/pr42898-2.c -O0 scan-tree-dump-times optimized "\\*ptr" 1
FAIL: gcc.dg/torture/pr42898-2.c -O1 scan-tree-dump-times optimized "\\*ptr" 1
FAIL: gcc.dg/torture/pr42898-2.c -O2 scan-tree-dump-times optimized "\\*ptr" 1
FAIL: gcc.dg/torture/pr42898-2.c -O3 -fomit-frame-pointer scan-tree-dump-times optimized "\\*ptr" 1
FAIL: gcc.dg/torture/pr42898-2.c -O3 -g scan-tree-dump-times optimized "\\*ptr" 1
FAIL: gcc.dg/torture/pr42898-2.c -Os scan-tree-dump-times optimized "\\*ptr" 1
FAIL: gcc.dg/torture/pr42898-2.c -O2 -flto scan-tree-dump-times optimized "\\*ptr" 1
FAIL: gcc.dg/torture/pr42898-2.c -O2 -fwhopr scan-tree-dump-times optimized "\\*ptr" 1
FAIL: gcc.dg/torture/pr42898.c -O0 scan-tree-dump-times optimized "\\*ptr" 1
FAIL: gcc.dg/torture/pr42898.c -O1 scan-tree-dump-times optimized "\\*ptr" 1
FAIL: gcc.dg/torture/pr42898.c -O2 scan-tree-dump-times optimized "\\*ptr" 1
FAIL: gcc.dg/torture/pr42898.c -O3 -fomit-frame-pointer scan-tree-dump-times optimized "\\*ptr" 1
FAIL: gcc.dg/torture/pr42898.c -O3 -g scan-tree-dump-times optimized "\\*ptr" 1
FAIL: gcc.dg/torture/pr42898.c -Os scan-tree-dump-times optimized "\\*ptr" 1
FAIL: gcc.dg/torture/pr42898.c -O2 -flto scan-tree-dump-times optimized "\\*ptr" 1
FAIL: gcc.dg/torture/pr42898.c -O2 -fwhopr scan-tree-dump-times optimized "\\*ptr" 1
FAIL: gcc.dg/tree-ssa/20030530-2.c scan-tree-dump-times dom2 "\\+" 1
FAIL: gcc.dg/tree-ssa/20030703-2.c scan-tree-dump-times dom2 "->code" 1
FAIL: gcc.dg/tree-ssa/20030709-2.c scan-tree-dump-times cddce2 "->decl\\.rtl" 1
FAIL: gcc.dg/tree-ssa/20030711-2.c scan-tree-dump-times dom2 "->alias" 1
FAIL: gcc.dg/tree-ssa/20030711-3.c scan-tree-dump-times dom2 "->alias" 1
FAIL: gcc.dg/tree-ssa/20030807-5.c scan-tree-dump-times dom2 "->code" 1
FAIL: gcc.dg/tree-ssa/20030814-1.c scan-tree-dump-times dom2 "\\*blah" 1
XPASS: gcc.dg/tree-ssa/20031106-3.c scan-tree-dump-times optimized "link_error" 0
FAIL: gcc.dg/tree-ssa/20041122-1.c scan-tree-dump-times fre "->dest" 1
FAIL: gcc.dg/tree-ssa/alias-11.c scan-tree-dump optimized "= \\*[pD]"
FAIL: gcc.dg/tree-ssa/alias-18.c scan-tree-dump fre "with 8"
FAIL: gcc.dg/tree-ssa/alias-20.c scan-tree-dump-times optimized "return 0;" 2
FAIL: gcc.dg/tree-ssa/alias-6.c scan-tree-dump optimized "= \\*[pD]"
FAIL: gcc.dg/tree-ssa/complex-3.c scan-tree-dump-times optimized "IMAGPART_EXPR" 1
FAIL: gcc.dg/tree-ssa/foldaddr-2.c scan-tree-dump optimized "a.a"
FAIL: gcc.dg/tree-ssa/foldaddr-3.c scan-tree-dump optimized "a.s2.c"
FAIL: gcc.dg/tree-ssa/forwprop-1.c scan-tree-dump-times forwprop1 "t\\[i.*\\] =.* 1;" 1
FAIL: gcc.dg/tree-ssa/forwprop-10.c scan-tree-dump forwprop1 "= a;"
FAIL: gcc.dg/tree-ssa/forwprop-10.c scan-tree-dump forwprop1 "= \\(int\\) "
FAIL: gcc.dg/tree-ssa/forwprop-2.c scan-tree-dump-times forwprop1 "t\\[i.*\\] =.* 1;" 1
FAIL: gcc.dg/tree-ssa/forwprop-5.c scan-tree-dump-times forwprop1 "VIEW_CONVERT_EXPR" 1
FAIL: gcc.dg/tree-ssa/forwprop-8.c scan-tree-dump forwprop1 "->a\\[0\\]"
FAIL: gcc.dg/tree-ssa/forwprop-9.c scan-tree-dump-times optimized " = 1" 2
FAIL: gcc.dg/tree-ssa/fre-vce-1.c scan-tree-dump-times fre "sv_[0-9]\\(D\\)->i" 2
XPASS: gcc.dg/tree-ssa/fre-vce-1.c scan-tree-dump-times fre "sv.i" 2
FAIL: gcc.dg/tree-ssa/pr16721.c scan-tree-dump-times optimized "->addr" 1
FAIL: gcc.dg/tree-ssa/pr17141-1.c scan-tree-dump forwprop1 "locp.*->i ="
FAIL: gcc.dg/tree-ssa/pr17598.c scan-tree-dump gimple "x->k"
FAIL: gcc.dg/tree-ssa/pr19431.c scan-tree-dump optimized "i1_. = PHI <i1_[^,]*, j1_[^>]*>"
FAIL: gcc.dg/tree-ssa/pr19431.c scan-tree-dump optimized "return i1_.;"
FAIL: gcc.dg/tree-ssa/pr21294.c scan-tree-dump-times vrp1 "Folding predicate" 1
FAIL: gcc.dg/tree-ssa/pr21574.c scan-tree-dump fre "Replaced \\*p_.\\(D\\) with 0"
FAIL: gcc.dg/tree-ssa/pr24689.c scan-tree-dump optimized "return 0;"
FAIL: gcc.dg/tree-ssa/restrict-3.c scan-tree-dump lim1 "Executing store motion of \\*r"
FAIL: gcc.dg/tree-ssa/sra-7.c scan-tree-dump optimized "\\*s1_.\\(D\\) = \\*s2"
FAIL: gcc.dg/tree-ssa/ssa-ccp-21.c scan-tree-dump-times ccp1 "a.b.i" 2
FAIL: gcc.dg/tree-ssa/ssa-ccp-23.c scan-tree-dump ccp1 "a.i\\[1\\]"
FAIL: gcc.dg/tree-ssa/ssa-ccp-25.c scan-tree-dump ccp1 "&a\\[[iD]\\."
FAIL: gcc.dg/tree-ssa/ssa-ccp-25.c scan-tree-dump forwprop1 "= a\\[[iD]\\."
FAIL: gcc.dg/tree-ssa/ssa-ccp-26.c scan-tree-dump forwprop1 "= a\\[D\\."
FAIL: gcc.dg/tree-ssa/ssa-dse-12.c scan-tree-dump-times dse1 "\\*p" 1
FAIL: gcc.dg/tree-ssa/ssa-fre-1.c scan-tree-dump fre "Replaced \\(int \\*\\) b_.*with a_"
FAIL: gcc.dg/tree-ssa/ssa-fre-1.c scan-tree-dump fre "Replaced \\*c_.*with t_"
FAIL: gcc.dg/tree-ssa/ssa-fre-13.c scan-tree-dump fre "Inserted .* &a"
FAIL: gcc.dg/tree-ssa/ssa-fre-13.c scan-tree-dump fre "Replaced tmp1_.\\(D\\)->data"
FAIL: gcc.dg/tree-ssa/ssa-fre-14.c scan-tree-dump fre "Inserted .* &a"
FAIL: gcc.dg/tree-ssa/ssa-pre-21.c scan-tree-dump-times pre "= \\*D" 2
FAIL: gcc.dg/tree-ssa/ssa-pre-25.c scan-tree-dump pre "Eliminated: 1"
FAIL: gcc.dg/tree-ssa/ssa-pre-7.c scan-tree-dump-times fre "Eliminated: 2" 1
FAIL: gcc.dg/tree-ssa/ssa-sccvn-4.c scan-tree-dump-times fre "Eliminated: 6" 1
FAIL: gcc.dg/tree-ssa/struct-aliasing-1.c scan-tree-dump-times fre "\\*q" 1
FAIL: gcc.dg/tree-ssa/struct-aliasing-2.c scan-tree-dump-times fre "p_.\\(D\\)->f" 1
FAIL: gcc.dg/tree-ssa/vector-1.c scan-tree-dump-times gimple "BIT_FIELD_REF" 4
FAIL: gcc.dg/tree-ssa/vector-3.c scan-tree-dump-times optimized "0.0" 1
FAIL: gcc.dg/tree-ssa/vrp03.c scan-tree-dump-times vrp1 "Folding predicate r_.*to 1" 1
FAIL: gcc.dg/vect/pr30843.c scan-tree-dump-times vect "vectorized 1 loops" 1
FAIL: gcc.dg/vect/pr33953.c scan-tree-dump-times vect "vectorized 1 loops" 1
FAIL: gcc.dg/vect/pr33953.c scan-tree-dump-times vect "vectorizing stmts using SLP" 1
FAIL: gcc.dg/vect/vect-strided-same-dr.c scan-tree-dump-times vect "vectorized 1 loops" 1
FAIL: gcc.dg/vect/bb-slp-1.c scan-tree-dump-times slp "basic block vectorized using SLP" 1
FAIL: gcc.dg/vect/bb-slp-10.c scan-tree-dump-times slp "unsupported alignment in basic block." 1
FAIL: gcc.dg/vect/bb-slp-11.c scan-tree-dump-times slp "SLP with multiple types" 1
FAIL: gcc.dg/vect/bb-slp-16.c scan-tree-dump-times slp "basic block vectorized using SLP" 1
FAIL: gcc.dg/vect/bb-slp-3.c scan-tree-dump-times slp "basic block vectorized using SLP" 1
FAIL: gcc.dg/vect/bb-slp-5.c scan-tree-dump-times slp "basic block vectorized using SLP" 1
FAIL: gcc.dg/vect/bb-slp-6.c scan-tree-dump-times slp "basic block vectorized using SLP" 1
FAIL: gcc.dg/vect/bb-slp-9.c scan-tree-dump-times slp "unsupported alignment in basic block." 1
FAIL: gcc.dg/vect/no-scevccp-outer-8.c execution test
FAIL: gcc.dg/vect/no-tree-reassoc-bb-slp-12.c scan-tree-dump-times slp "basic block vectorized using SLP" 1
=== gcc Summary for unix/ ===
# of expected passes 72198
# of unexpected failures 178
# of unexpected successes 35
# of expected failures 190
# of unresolved testcases 3
# of unsupported tests 966
Running target unix//-m32
FAIL: gcc.c-torture/compile/20010107-1.c -O1 (internal compiler error)
FAIL: gcc.c-torture/compile/20010107-1.c -O1 (test for excess errors)
FAIL: gcc.c-torture/compile/20010107-1.c -O2 (internal compiler error)
FAIL: gcc.c-torture/compile/20010107-1.c -O2 (test for excess errors)
FAIL: gcc.c-torture/compile/20010107-1.c -O3 -fomit-frame-pointer (internal compiler error)
FAIL: gcc.c-torture/compile/20010107-1.c -O3 -fomit-frame-pointer (test for excess errors)
FAIL: gcc.c-torture/compile/20010107-1.c -O3 -g (internal compiler error)
FAIL: gcc.c-torture/compile/20010107-1.c -O3 -g (test for excess errors)
FAIL: gcc.c-torture/compile/20010107-1.c -Os (internal compiler error)
FAIL: gcc.c-torture/compile/20010107-1.c -Os (test for excess errors)
FAIL: gcc.c-torture/compile/20010107-1.c -O2 -flto (internal compiler error)
FAIL: gcc.c-torture/compile/20010107-1.c -O2 -flto (test for excess errors)
FAIL: gcc.c-torture/compile/20010107-1.c -O2 -fwhopr (internal compiler error)
FAIL: gcc.c-torture/compile/20010107-1.c -O2 -fwhopr (test for excess errors)
FAIL: gcc.c-torture/execute/va-arg-21.c compilation, -O1 (internal compiler error)
UNRESOLVED: gcc.c-torture/execute/va-arg-21.c execution, -O1
FAIL: gcc.c-torture/execute/va-arg-21.c compilation, -O2 (internal compiler error)
UNRESOLVED: gcc.c-torture/execute/va-arg-21.c execution, -O2
FAIL: gcc.c-torture/execute/va-arg-21.c compilation, -O3 -fomit-frame-pointer (internal compiler error)
UNRESOLVED: gcc.c-torture/execute/va-arg-21.c execution, -O3 -fomit-frame-pointer
FAIL: gcc.c-torture/execute/va-arg-21.c compilation, -O3 -fomit-frame-pointer -funroll-loops (internal compiler error)
UNRESOLVED: gcc.c-torture/execute/va-arg-21.c execution, -O3 -fomit-frame-pointer -funroll-loops
FAIL: gcc.c-torture/execute/va-arg-21.c compilation, -O3 -fomit-frame-pointer -funroll-all-loops -finline-functions (internal compiler error)
UNRESOLVED: gcc.c-torture/execute/va-arg-21.c execution, -O3 -fomit-frame-pointer -funroll-all-loops -finline-functions
FAIL: gcc.c-torture/execute/va-arg-21.c compilation, -O3 -g (internal compiler error)
UNRESOLVED: gcc.c-torture/execute/va-arg-21.c execution, -O3 -g
FAIL: gcc.c-torture/execute/va-arg-21.c compilation, -Os (internal compiler error)
UNRESOLVED: gcc.c-torture/execute/va-arg-21.c execution, -Os
FAIL: gcc.c-torture/execute/va-arg-21.c compilation, -O2 -flto (internal compiler error)
UNRESOLVED: gcc.c-torture/execute/va-arg-21.c execution, -O2 -flto
FAIL: gcc.c-torture/execute/va-arg-21.c compilation, -O2 -fwhopr (internal compiler error)
UNRESOLVED: gcc.c-torture/execute/va-arg-21.c execution, -O2 -fwhopr
FAIL: gcc.dg/Warray-bounds.c (test for warnings, line 59)
FAIL: gcc.dg/Warray-bounds.c (test for warnings, line 65)
FAIL: gcc.dg/Warray-bounds.c (test for warnings, line 66)
FAIL: gcc.dg/Wshadow-3.c (test for warnings, line 47)
FAIL: gcc.dg/builtin-object-size-1.c execution test
FAIL: gcc.dg/builtin-object-size-2.c execution test
FAIL: gcc.dg/builtin-object-size-3.c execution test
FAIL: gcc.dg/builtin-object-size-4.c execution test
FAIL: gcc.dg/builtin-object-size-6.c execution test
FAIL: gcc.dg/builtin-object-size-7.c execution test
FAIL: gcc.dg/builtin-object-size-8.c execution test
FAIL: gcc.dg/builtin-object-size-9.c execution test
FAIL: gcc.dg/fold-bitand-3.c scan-tree-dump-times original "& 3" 0
FAIL: gcc.dg/fold-bitand-3.c scan-tree-dump-times original "return 1" 2
FAIL: gcc.dg/free-1.c (test for excess errors)
FAIL: gcc.dg/memmove-2.c scan-tree-dump-times optimized "memmove" 0
FAIL: gcc.dg/pr25682.c (test for warnings, line 13)
FAIL: gcc.dg/pr25682.c (test for warnings, line 14)
FAIL: gcc.dg/pr25682.c (test for excess errors)
FAIL: gcc.dg/pr36902.c (test for warnings, line 47)
FAIL: gcc.dg/pr38984.c scan-tree-dump-times optimized "\\*p" 2
XPASS: gcc.dg/uninit-6-O0.c uninitialized variable warning (test for bogus messages, line 42)
FAIL: gcc.dg/uninit-pr40943.c (test for warnings, line 9)
FAIL: gcc.dg/graphite/pr43012.c execution test
XPASS: gcc.dg/guality/example.c -O0 execution test
XPASS: gcc.dg/guality/example.c -O1 execution test
XPASS: gcc.dg/guality/example.c -O2 execution test
XPASS: gcc.dg/guality/example.c -O2 -flto execution test
XPASS: gcc.dg/guality/example.c -O2 -fwhopr execution test
XPASS: gcc.dg/guality/guality.c -O0 execution test
XPASS: gcc.dg/guality/guality.c -O1 execution test
XPASS: gcc.dg/guality/guality.c -O2 execution test
XPASS: gcc.dg/guality/guality.c -O3 -fomit-frame-pointer execution test
XPASS: gcc.dg/guality/guality.c -O3 -g execution test
XPASS: gcc.dg/guality/guality.c -Os execution test
XPASS: gcc.dg/guality/guality.c -O2 -flto execution test
XPASS: gcc.dg/guality/guality.c -O2 -fwhopr execution test
XPASS: gcc.dg/guality/inline-params.c -O2 execution test
XPASS: gcc.dg/guality/inline-params.c -O3 -fomit-frame-pointer execution test
XPASS: gcc.dg/guality/inline-params.c -O3 -g execution test
XPASS: gcc.dg/guality/inline-params.c -Os execution test
XPASS: gcc.dg/guality/inline-params.c -O2 -flto execution test
XPASS: gcc.dg/guality/pr41353-1.c -O0 line 28 j == 28 + 37
XPASS: gcc.dg/guality/pr41353-1.c -O1 line 28 j == 28 + 37
XPASS: gcc.dg/guality/pr41353-1.c -O2 line 28 j == 28 + 37
XPASS: gcc.dg/guality/pr41353-1.c -O3 -fomit-frame-pointer line 28 j == 28 + 37
XPASS: gcc.dg/guality/pr41353-1.c -O3 -g line 28 j == 28 + 37
XPASS: gcc.dg/guality/pr41353-1.c -Os line 28 j == 28 + 37
FAIL: gcc.dg/guality/pr41353-1.c -O2 -flto line 28 i == 37
FAIL: gcc.dg/guality/pr41353-1.c -O2 -flto line 28 i1 == 2 * 37
FAIL: gcc.dg/guality/pr41353-1.c -O2 -flto line 28 i2 == 3 * 37
FAIL: gcc.dg/guality/pr41353-1.c -O2 -fwhopr line 28 i == 37
FAIL: gcc.dg/guality/pr41353-1.c -O2 -fwhopr line 28 i1 == 2 * 37
FAIL: gcc.dg/guality/pr41353-1.c -O2 -fwhopr line 28 i2 == 3 * 37
XPASS: gcc.dg/guality/pr41447-1.c -O0 execution test
XPASS: gcc.dg/guality/pr41447-1.c -O1 execution test
XPASS: gcc.dg/guality/pr41447-1.c -O2 execution test
XPASS: gcc.dg/guality/pr41447-1.c -O3 -fomit-frame-pointer execution test
XPASS: gcc.dg/guality/pr41447-1.c -O3 -g execution test
XPASS: gcc.dg/guality/pr41447-1.c -Os execution test
XPASS: gcc.dg/guality/pr41447-1.c -O2 -flto execution test
XPASS: gcc.dg/guality/pr41616-1.c -O0 execution test
XPASS: gcc.dg/guality/pr41616-1.c -O1 execution test
XPASS: gcc.dg/guality/pr41616-1.c -O2 execution test
XPASS: gcc.dg/guality/pr41616-1.c -Os execution test
XPASS: gcc.dg/guality/pr41616-1.c -O2 -flto execution test
XPASS: gcc.dg/guality/pr41616-1.c -O2 -fwhopr execution test
FAIL: gcc.dg/guality/vla-1.c -O2 -flto line 17 sizeof (a) == 6
FAIL: gcc.dg/guality/vla-1.c -O2 -flto line 24 sizeof (a) == 17 * sizeof (short)
FAIL: gcc.dg/guality/vla-1.c -O2 -fwhopr line 17 sizeof (a) == 6
FAIL: gcc.dg/guality/vla-1.c -O2 -fwhopr line 24 sizeof (a) == 17 * sizeof (short)
FAIL: gcc.dg/ipa/ipa-sra-2.c scan-tree-dump eipa_sra "About to replace expr cow_.*D.->red with \\*ISRA"
FAIL: gcc.dg/ipa/ipa-sra-2.c scan-tree-dump eipa_sra "About to replace expr cow_.*D.->green with ISRA"
FAIL: gcc.dg/ipa/ipa-sra-2.c scan-tree-dump eipa_sra "About to replace expr calf_.*D.->red with \\*ISRA"
FAIL: gcc.dg/ipa/ipa-sra-2.c scan-tree-dump eipa_sra "About to replace expr calf_.*D.->green with ISRA"
FAIL: gcc.dg/ipa/ipa-sra-4.c scan-tree-dump eipa_sra "About to replace expr \\*i_.*D. with ISRA"
FAIL: gcc.dg/ipa/ipa-sra-4.c scan-tree-dump eipa_sra "About to replace expr \\*l_.*D. with ISRA"
FAIL: gcc.dg/matrix/matrix-1.c scan-ipa-dump-times matrix-reorg "Flattened 3 dimensions" 1
FAIL: gcc.dg/matrix/matrix-2.c scan-ipa-dump-times matrix-reorg "Flattened 2 dimensions" 1
FAIL: gcc.dg/matrix/matrix-3.c scan-ipa-dump-times matrix-reorg "Flattened 2 dimensions" 1
FAIL: gcc.dg/matrix/matrix-6.c scan-ipa-dump-times matrix-reorg "Flattened 2 dimensions" 1
FAIL: gcc.dg/matrix/transpose-1.c scan-ipa-dump-times matrix-reorg "Flattened 3 dimensions" 1
FAIL: gcc.dg/matrix/transpose-1.c scan-ipa-dump-times matrix-reorg "Transposed" 3
FAIL: gcc.dg/matrix/transpose-2.c scan-ipa-dump-times matrix-reorg "Flattened 3 dimensions" 1
FAIL: gcc.dg/matrix/transpose-3.c scan-ipa-dump-times matrix-reorg "Flattened 2 dimensions" 1
FAIL: gcc.dg/matrix/transpose-3.c scan-ipa-dump-times matrix-reorg "Transposed" 2
FAIL: gcc.dg/matrix/transpose-4.c scan-ipa-dump-times matrix-reorg "Flattened 3 dimensions" 1
FAIL: gcc.dg/matrix/transpose-4.c scan-ipa-dump-times matrix-reorg "Transposed" 2
FAIL: gcc.dg/matrix/transpose-5.c scan-ipa-dump-times matrix-reorg "Flattened 3 dimensions" 1
FAIL: gcc.dg/matrix/transpose-6.c scan-ipa-dump-times matrix-reorg "Flattened 3 dimensions" 1
FAIL: gcc.dg/plugin/self-assign-test-1.c -fplugin=./selfassign.so (test for warnings, line 22)
FAIL: gcc.dg/plugin/self-assign-test-1.c -fplugin=./selfassign.so (test for excess errors)
FAIL: gcc.dg/struct/wo_prof_array_field.c (internal compiler error)
FAIL: gcc.dg/struct/wo_prof_array_field.c (test for excess errors)
WARNING: gcc.dg/struct/wo_prof_array_field.c compilation failed to produce executable
FAIL: gcc.dg/struct/wo_prof_array_through_pointer.c scan-ipa-dump ipa_struct_reorg "Number of structures to transform is 1"
FAIL: gcc.dg/struct/wo_prof_double_malloc.c (internal compiler error)
FAIL: gcc.dg/struct/wo_prof_double_malloc.c (test for excess errors)
WARNING: gcc.dg/struct/wo_prof_double_malloc.c compilation failed to produce executable
FAIL: gcc.dg/struct/wo_prof_global_var.c (internal compiler error)
FAIL: gcc.dg/struct/wo_prof_global_var.c (test for excess errors)
WARNING: gcc.dg/struct/wo_prof_global_var.c compilation failed to produce executable
FAIL: gcc.dg/struct/wo_prof_local_var.c (internal compiler error)
FAIL: gcc.dg/struct/wo_prof_local_var.c (test for excess errors)
WARNING: gcc.dg/struct/wo_prof_local_var.c compilation failed to produce executable
FAIL: gcc.dg/struct/wo_prof_malloc_size_var.c (internal compiler error)
FAIL: gcc.dg/struct/wo_prof_malloc_size_var.c (test for excess errors)
WARNING: gcc.dg/struct/wo_prof_malloc_size_var.c compilation failed to produce executable
FAIL: gcc.dg/struct/wo_prof_mult_field_peeling.c (internal compiler error)
FAIL: gcc.dg/struct/wo_prof_mult_field_peeling.c (test for excess errors)
WARNING: gcc.dg/struct/wo_prof_mult_field_peeling.c compilation failed to produce executable
FAIL: gcc.dg/struct/wo_prof_two_strs.c (internal compiler error)
FAIL: gcc.dg/struct/wo_prof_two_strs.c (test for excess errors)
WARNING: gcc.dg/struct/wo_prof_two_strs.c compilation failed to produce executable
FAIL: gcc.dg/struct/w_prof_global_var.c compilation, -O3 -fwhole-program -combine -fipa-type-escape -fprofile-use -fipa-struct-reorg -fdump-ipa-all (internal compiler error)
UNRESOLVED: gcc.dg/struct/w_prof_global_var.c execution, -O3 -fwhole-program -combine -fipa-type-escape -fprofile-use -fipa-struct-reorg -fdump-ipa-all
FAIL: gcc.dg/struct/w_prof_local_var.c compilation, -O3 -fwhole-program -combine -fipa-type-escape -fprofile-use -fipa-struct-reorg -fdump-ipa-all (internal compiler error)
UNRESOLVED: gcc.dg/struct/w_prof_local_var.c execution, -O3 -fwhole-program -combine -fipa-type-escape -fprofile-use -fipa-struct-reorg -fdump-ipa-all
FAIL: gcc.dg/struct/w_prof_two_strs.c compilation, -O3 -fwhole-program -combine -fipa-type-escape -fprofile-use -fipa-struct-reorg -fdump-ipa-all (internal compiler error)
UNRESOLVED: gcc.dg/struct/w_prof_two_strs.c execution, -O3 -fwhole-program -combine -fipa-type-escape -fprofile-use -fipa-struct-reorg -fdump-ipa-all
FAIL: gcc.dg/torture/pr42898-2.c -O0 scan-tree-dump-times optimized "\\*ptr" 1
FAIL: gcc.dg/torture/pr42898-2.c -O1 scan-tree-dump-times optimized "\\*ptr" 1
FAIL: gcc.dg/torture/pr42898-2.c -O2 scan-tree-dump-times optimized "\\*ptr" 1
FAIL: gcc.dg/torture/pr42898-2.c -O3 -fomit-frame-pointer scan-tree-dump-times optimized "\\*ptr" 1
FAIL: gcc.dg/torture/pr42898-2.c -O3 -g scan-tree-dump-times optimized "\\*ptr" 1
FAIL: gcc.dg/torture/pr42898-2.c -Os scan-tree-dump-times optimized "\\*ptr" 1
FAIL: gcc.dg/torture/pr42898-2.c -O2 -flto scan-tree-dump-times optimized "\\*ptr" 1
FAIL: gcc.dg/torture/pr42898-2.c -O2 -fwhopr scan-tree-dump-times optimized "\\*ptr" 1
FAIL: gcc.dg/torture/pr42898.c -O0 scan-tree-dump-times optimized "\\*ptr" 1
FAIL: gcc.dg/torture/pr42898.c -O1 scan-tree-dump-times optimized "\\*ptr" 1
FAIL: gcc.dg/torture/pr42898.c -O2 scan-tree-dump-times optimized "\\*ptr" 1
FAIL: gcc.dg/torture/pr42898.c -O3 -fomit-frame-pointer scan-tree-dump-times optimized "\\*ptr" 1
FAIL: gcc.dg/torture/pr42898.c -O3 -g scan-tree-dump-times optimized "\\*ptr" 1
FAIL: gcc.dg/torture/pr42898.c -Os scan-tree-dump-times optimized "\\*ptr" 1
FAIL: gcc.dg/torture/pr42898.c -O2 -flto scan-tree-dump-times optimized "\\*ptr" 1
FAIL: gcc.dg/torture/pr42898.c -O2 -fwhopr scan-tree-dump-times optimized "\\*ptr" 1
FAIL: gcc.dg/tree-ssa/20030530-2.c scan-tree-dump-times dom2 "\\+" 1
FAIL: gcc.dg/tree-ssa/20030703-2.c scan-tree-dump-times dom2 "->code" 1
FAIL: gcc.dg/tree-ssa/20030709-2.c scan-tree-dump-times cddce2 "->decl\\.rtl" 1
FAIL: gcc.dg/tree-ssa/20030711-2.c scan-tree-dump-times dom2 "->alias" 1
FAIL: gcc.dg/tree-ssa/20030711-3.c scan-tree-dump-times dom2 "->alias" 1
FAIL: gcc.dg/tree-ssa/20030807-5.c scan-tree-dump-times dom2 "->code" 1
FAIL: gcc.dg/tree-ssa/20030814-1.c scan-tree-dump-times dom2 "\\*blah" 1
XPASS: gcc.dg/tree-ssa/20031106-3.c scan-tree-dump-times optimized "link_error" 0
FAIL: gcc.dg/tree-ssa/20041122-1.c scan-tree-dump-times fre "->dest" 1
FAIL: gcc.dg/tree-ssa/alias-11.c scan-tree-dump optimized "= \\*[pD]"
FAIL: gcc.dg/tree-ssa/alias-18.c scan-tree-dump fre "with 8"
FAIL: gcc.dg/tree-ssa/alias-20.c scan-tree-dump-times optimized "return 0;" 2
FAIL: gcc.dg/tree-ssa/alias-6.c scan-tree-dump optimized "= \\*[pD]"
FAIL: gcc.dg/tree-ssa/complex-3.c scan-tree-dump-times optimized "IMAGPART_EXPR" 1
FAIL: gcc.dg/tree-ssa/foldaddr-2.c scan-tree-dump optimized "a.a"
FAIL: gcc.dg/tree-ssa/foldaddr-3.c scan-tree-dump optimized "a.s2.c"
FAIL: gcc.dg/tree-ssa/forwprop-1.c scan-tree-dump-times forwprop1 "t\\[i.*\\] =.* 1;" 1
FAIL: gcc.dg/tree-ssa/forwprop-10.c scan-tree-dump forwprop1 "= a;"
FAIL: gcc.dg/tree-ssa/forwprop-10.c scan-tree-dump forwprop1 "= \\(int\\) "
FAIL: gcc.dg/tree-ssa/forwprop-2.c scan-tree-dump-times forwprop1 "t\\[i.*\\] =.* 1;" 1
FAIL: gcc.dg/tree-ssa/forwprop-5.c scan-tree-dump-times forwprop1 "VIEW_CONVERT_EXPR" 1
FAIL: gcc.dg/tree-ssa/forwprop-8.c scan-tree-dump forwprop1 "->a\\[0\\]"
FAIL: gcc.dg/tree-ssa/forwprop-9.c scan-tree-dump-times optimized " = 1" 2
FAIL: gcc.dg/tree-ssa/fre-vce-1.c scan-tree-dump-times fre "sv_[0-9]\\(D\\)->i" 2
XPASS: gcc.dg/tree-ssa/fre-vce-1.c scan-tree-dump-times fre "sv.i" 2
FAIL: gcc.dg/tree-ssa/pr16721.c scan-tree-dump-times optimized "->addr" 1
FAIL: gcc.dg/tree-ssa/pr17141-1.c scan-tree-dump forwprop1 "locp.*->i ="
FAIL: gcc.dg/tree-ssa/pr17598.c scan-tree-dump gimple "x->k"
FAIL: gcc.dg/tree-ssa/pr19431.c scan-tree-dump optimized "i1_. = PHI <i1_[^,]*, j1_[^>]*>"
FAIL: gcc.dg/tree-ssa/pr19431.c scan-tree-dump optimized "return i1_.;"
FAIL: gcc.dg/tree-ssa/pr21294.c scan-tree-dump-times vrp1 "Folding predicate" 1
FAIL: gcc.dg/tree-ssa/pr21574.c scan-tree-dump fre "Replaced \\*p_.\\(D\\) with 0"
FAIL: gcc.dg/tree-ssa/pr24689.c scan-tree-dump optimized "return 0;"
FAIL: gcc.dg/tree-ssa/prefetch-5.c scan-tree-dump-times aprefetch "Issued prefetch" 2
FAIL: gcc.dg/tree-ssa/prefetch-5.c scan-tree-dump-times aprefetch "Not prefetching" 1
FAIL: gcc.dg/tree-ssa/restrict-3.c scan-tree-dump lim1 "Executing store motion of \\*r"
FAIL: gcc.dg/tree-ssa/sra-7.c scan-tree-dump optimized "\\*s1_.\\(D\\) = \\*s2"
FAIL: gcc.dg/tree-ssa/ssa-ccp-21.c scan-tree-dump-times ccp1 "a.b.i" 2
FAIL: gcc.dg/tree-ssa/ssa-ccp-23.c scan-tree-dump ccp1 "a.i\\[1\\]"
FAIL: gcc.dg/tree-ssa/ssa-ccp-25.c scan-tree-dump ccp1 "&a\\[[iD]\\."
FAIL: gcc.dg/tree-ssa/ssa-ccp-25.c scan-tree-dump forwprop1 "= a\\[[iD]\\."
FAIL: gcc.dg/tree-ssa/ssa-ccp-26.c scan-tree-dump forwprop1 "= a\\[D\\."
FAIL: gcc.dg/tree-ssa/ssa-dse-12.c scan-tree-dump-times dse1 "\\*p" 1
FAIL: gcc.dg/tree-ssa/ssa-fre-1.c scan-tree-dump fre "Replaced \\(int \\*\\) b_.*with a_"
FAIL: gcc.dg/tree-ssa/ssa-fre-1.c scan-tree-dump fre "Replaced \\*c_.*with t_"
FAIL: gcc.dg/tree-ssa/ssa-fre-13.c scan-tree-dump fre "Inserted .* &a"
FAIL: gcc.dg/tree-ssa/ssa-fre-13.c scan-tree-dump fre "Replaced tmp1_.\\(D\\)->data"
FAIL: gcc.dg/tree-ssa/ssa-fre-14.c scan-tree-dump fre "Inserted .* &a"
FAIL: gcc.dg/tree-ssa/ssa-pre-21.c scan-tree-dump-times pre "= \\*D" 2
FAIL: gcc.dg/tree-ssa/ssa-pre-25.c scan-tree-dump pre "Eliminated: 1"
FAIL: gcc.dg/tree-ssa/ssa-pre-7.c scan-tree-dump-times fre "Eliminated: 2" 1
FAIL: gcc.dg/tree-ssa/ssa-sccvn-4.c scan-tree-dump-times fre "Eliminated: 6" 1
FAIL: gcc.dg/tree-ssa/struct-aliasing-1.c scan-tree-dump-times fre "\\*q" 1
FAIL: gcc.dg/tree-ssa/struct-aliasing-2.c scan-tree-dump-times fre "p_.\\(D\\)->f" 1
FAIL: gcc.dg/tree-ssa/vector-1.c scan-tree-dump-times gimple "BIT_FIELD_REF" 4
FAIL: gcc.dg/tree-ssa/vector-3.c scan-tree-dump-times optimized "0.0" 1
FAIL: gcc.dg/tree-ssa/vrp03.c scan-tree-dump-times vrp1 "Folding predicate r_.*to 1" 1
FAIL: gcc.dg/vect/pr25413.c execution test
FAIL: gcc.dg/vect/pr30843.c scan-tree-dump-times vect "vectorized 1 loops" 1
FAIL: gcc.dg/vect/pr33953.c scan-tree-dump-times vect "vectorized 1 loops" 1
FAIL: gcc.dg/vect/pr33953.c scan-tree-dump-times vect "vectorizing stmts using SLP" 1
FAIL: gcc.dg/vect/vect-strided-same-dr.c scan-tree-dump-times vect "vectorized 1 loops" 1
FAIL: gcc.dg/vect/bb-slp-1.c scan-tree-dump-times slp "basic block vectorized using SLP" 1
FAIL: gcc.dg/vect/bb-slp-10.c scan-tree-dump-times slp "unsupported alignment in basic block." 1
FAIL: gcc.dg/vect/bb-slp-11.c scan-tree-dump-times slp "SLP with multiple types" 1
FAIL: gcc.dg/vect/bb-slp-16.c scan-tree-dump-times slp "basic block vectorized using SLP" 1
FAIL: gcc.dg/vect/bb-slp-3.c scan-tree-dump-times slp "basic block vectorized using SLP" 1
FAIL: gcc.dg/vect/bb-slp-5.c scan-tree-dump-times slp "basic block vectorized using SLP" 1
FAIL: gcc.dg/vect/bb-slp-6.c scan-tree-dump-times slp "basic block vectorized using SLP" 1
FAIL: gcc.dg/vect/bb-slp-9.c scan-tree-dump-times slp "unsupported alignment in basic block." 1
FAIL: gcc.dg/vect/no-scevccp-outer-8.c execution test
FAIL: gcc.dg/vect/no-tree-reassoc-bb-slp-12.c scan-tree-dump-times slp "basic block vectorized using SLP" 1
=== gcc Summary for unix//-m32 ===
# of expected passes 72657
# of unexpected failures 181
# of unexpected successes 40
# of expected failures 186
# of unresolved testcases 12
# of unsupported tests 614
=== gcc Summary ===
# of expected passes 144855
# of unexpected failures 359
# of unexpected successes 75
# of expected failures 376
# of unresolved testcases 15
# of unsupported tests 1580
/abuild/rguenther/obj2/gcc/xgcc version 4.5.0 20100405 (experimental) (GCC)
=== gfortran tests ===
Running target unix/
FAIL: gfortran.dg/pr42108.f90 -O scan-tree-dump-times fre "\\*n_" 1
FAIL: gfortran.dg/reassoc_3.f90 -O scan-tree-dump optimized "c_. = .a"
FAIL: gfortran.dg/vect/fast-math-mgrid-resid.f scan-tree-dump-times optimized "vect_var[^\\n]*\\+ " 13
=== gfortran Summary for unix/ ===
# of expected passes 34136
# of unexpected failures 3
# of expected failures 32
# of unsupported tests 60
Running target unix//-m32
FAIL: gfortran.dg/pr42108.f90 -O scan-tree-dump-times fre "\\*n_" 1
FAIL: gfortran.dg/reassoc_3.f90 -O scan-tree-dump optimized "c_. = .a"
FAIL: gfortran.dg/vect/fast-math-mgrid-resid.f scan-tree-dump-times optimized "vect_var[^\\n]*\\+ " 13
=== gfortran Summary for unix//-m32 ===
# of expected passes 33993
# of unexpected failures 3
# of expected failures 32
# of unsupported tests 126
=== gfortran Summary ===
# of expected passes 68129
# of unexpected failures 6
# of expected failures 64
# of unsupported tests 186
/abuild/rguenther/obj2/gcc/testsuite/gfortran/../../gfortran version 4.5.0 20100405 (experimental) (GCC)
=== gnat tests ===
Running target unix/
=== gnat Summary for unix/ ===
# of expected passes 758
# of expected failures 7
Running target unix//-m32
=== gnat Summary for unix//-m32 ===
# of expected passes 758
# of expected failures 7
=== gnat Summary ===
# of expected passes 1516
# of expected failures 14
=== obj-c++ tests ===
Running target unix/
WARNING: obj-c++.dg/lookup-2.mm -fgnu-runtime compilation failed to produce executable
WARNING: obj-c++.dg/try-catch-2.mm -fgnu-runtime compilation failed to produce executable
WARNING: obj-c++.dg/try-catch-9.mm -fgnu-runtime compilation failed to produce executable
=== obj-c++ Summary for unix/ ===
# of expected passes 430
# of expected failures 15
# of unsupported tests 13
Running target unix//-m32
WARNING: obj-c++.dg/lookup-2.mm -fgnu-runtime compilation failed to produce executable
WARNING: obj-c++.dg/try-catch-2.mm -fgnu-runtime compilation failed to produce executable
WARNING: obj-c++.dg/try-catch-9.mm -fgnu-runtime compilation failed to produce executable
=== obj-c++ Summary for unix//-m32 ===
# of expected passes 438
# of expected failures 7
# of unsupported tests 13
=== obj-c++ Summary ===
# of expected passes 868
# of expected failures 22
# of unsupported tests 26
/abuild/rguenther/obj2/gcc/testsuite/obj-c++/../../g++ version 4.5.0 20100405 (experimental) (GCC)
=== objc tests ===
Running target unix/
=== objc Summary for unix/ ===
# of expected passes 1868
# of expected failures 15
# of unsupported tests 21
Running target unix//-m32
=== objc Summary for unix//-m32 ===
# of expected passes 1876
# of expected failures 7
# of unsupported tests 21
=== objc Summary ===
# of expected passes 3744
# of expected failures 22
# of unsupported tests 42
/abuild/rguenther/obj2/gcc/xgcc version 4.5.0 20100405 (experimental) (GCC)
=== libffi tests ===
Running target unix/
=== libffi Summary for unix/ ===
# of expected passes 1624
# of expected failures 10
# of unsupported tests 15
Running target unix//-m32
=== libffi Summary for unix//-m32 ===
# of expected passes 1624
# of expected failures 10
# of unsupported tests 15
=== libffi Summary ===
# of expected passes 3248
# of expected failures 20
# of unsupported tests 30
=== libgomp tests ===
Running target unix/
=== libgomp Summary for unix/ ===
# of expected passes 2506
Running target unix//-m32
FAIL: libgomp.c/autopar-1.c (internal compiler error)
FAIL: libgomp.c/autopar-1.c (test for excess errors)
WARNING: libgomp.c/autopar-1.c compilation failed to produce executable
=== libgomp Summary for unix//-m32 ===
# of expected passes 2504
# of unexpected failures 2
=== libgomp Summary ===
# of expected passes 5010
# of unexpected failures 2
=== libjava tests ===
Running target unix/
=== libjava Summary for unix/ ===
# of expected passes 2574
Running target unix//-m32
=== libjava Summary for unix//-m32 ===
# of expected passes 2574
=== libjava Summary ===
# of expected passes 5148
=== libmudflap tests ===
Running target unix/
FAIL: libmudflap.c/pass49-frag.c execution test
FAIL: libmudflap.c/pass49-frag.c output pattern test
FAIL: libmudflap.c/pass49-frag.c execution test
FAIL: libmudflap.c/pass49-frag.c output pattern test
FAIL: libmudflap.c/pass49-frag.c (-static) execution test
FAIL: libmudflap.c/pass49-frag.c (-static) output pattern test
FAIL: libmudflap.c/pass49-frag.c (-static) execution test
FAIL: libmudflap.c/pass49-frag.c (-static) output pattern test
FAIL: libmudflap.c/fail10-frag.c (-O2) (test for excess errors)
WARNING: libmudflap.c/fail10-frag.c (-O2) compilation failed to produce executable
FAIL: libmudflap.c/fail32-frag.c (-O2) (test for excess errors)
WARNING: libmudflap.c/fail32-frag.c (-O2) compilation failed to produce executable
FAIL: libmudflap.c/pass48-frag.c (-O2) (test for excess errors)
WARNING: libmudflap.c/pass48-frag.c (-O2) compilation failed to produce executable
FAIL: libmudflap.c/pass48-frag.c (-O2) (test for excess errors)
WARNING: libmudflap.c/pass48-frag.c (-O2) compilation failed to produce executable
FAIL: libmudflap.c/pass49-frag.c (-O2) execution test
FAIL: libmudflap.c/pass49-frag.c (-O2) output pattern test
FAIL: libmudflap.c/pass49-frag.c (-O2) execution test
FAIL: libmudflap.c/pass49-frag.c (-O2) output pattern test
FAIL: libmudflap.c/pass54-frag.c (-O2) (test for excess errors)
WARNING: libmudflap.c/pass54-frag.c (-O2) compilation failed to produce executable
FAIL: libmudflap.c/pass54-frag.c (-O2) (test for excess errors)
WARNING: libmudflap.c/pass54-frag.c (-O2) compilation failed to produce executable
FAIL: libmudflap.c/fail10-frag.c (-O3) (test for excess errors)
WARNING: libmudflap.c/fail10-frag.c (-O3) compilation failed to produce executable
FAIL: libmudflap.c/fail31-frag.c (-O3) output pattern test
FAIL: libmudflap.c/fail32-frag.c (-O3) (test for excess errors)
WARNING: libmudflap.c/fail32-frag.c (-O3) compilation failed to produce executable
FAIL: libmudflap.c/pass45-frag.c (-O3) execution test
FAIL: libmudflap.c/pass45-frag.c (-O3) output pattern test
FAIL: libmudflap.c/pass45-frag.c (-O3) execution test
FAIL: libmudflap.c/pass45-frag.c (-O3) output pattern test
FAIL: libmudflap.c/pass48-frag.c (-O3) (test for excess errors)
WARNING: libmudflap.c/pass48-frag.c (-O3) compilation failed to produce executable
FAIL: libmudflap.c/pass48-frag.c (-O3) (test for excess errors)
WARNING: libmudflap.c/pass48-frag.c (-O3) compilation failed to produce executable
FAIL: libmudflap.c/pass49-frag.c (-O3) execution test
FAIL: libmudflap.c/pass49-frag.c (-O3) output pattern test
FAIL: libmudflap.c/pass49-frag.c (-O3) execution test
FAIL: libmudflap.c/pass49-frag.c (-O3) output pattern test
FAIL: libmudflap.c/pass54-frag.c (-O3) (test for excess errors)
WARNING: libmudflap.c/pass54-frag.c (-O3) compilation failed to produce executable
FAIL: libmudflap.c/pass54-frag.c (-O3) (test for excess errors)
WARNING: libmudflap.c/pass54-frag.c (-O3) compilation failed to produce executable
FAIL: libmudflap.c++/pass41-frag.cxx execution test
FAIL: libmudflap.c++/pass41-frag.cxx (-static) execution test
FAIL: libmudflap.c++/pass41-frag.cxx ( -O) execution test
FAIL: libmudflap.c++/pass41-frag.cxx (-O2) execution test
FAIL: libmudflap.c++/pass41-frag.cxx (-O3) execution test
=== libmudflap Summary for unix/ ===
# of expected passes 1840
# of unexpected failures 38
Running target unix//-m32
FAIL: libmudflap.c/pass49-frag.c execution test
FAIL: libmudflap.c/pass49-frag.c output pattern test
FAIL: libmudflap.c/pass49-frag.c execution test
FAIL: libmudflap.c/pass49-frag.c output pattern test
FAIL: libmudflap.c/pass49-frag.c (-static) execution test
FAIL: libmudflap.c/pass49-frag.c (-static) output pattern test
FAIL: libmudflap.c/pass49-frag.c (-static) execution test
FAIL: libmudflap.c/pass49-frag.c (-static) output pattern test
FAIL: libmudflap.c/fail10-frag.c (-O2) (test for excess errors)
WARNING: libmudflap.c/fail10-frag.c (-O2) compilation failed to produce executable
FAIL: libmudflap.c/fail32-frag.c (-O2) (test for excess errors)
WARNING: libmudflap.c/fail32-frag.c (-O2) compilation failed to produce executable
FAIL: libmudflap.c/pass48-frag.c (-O2) (test for excess errors)
WARNING: libmudflap.c/pass48-frag.c (-O2) compilation failed to produce executable
FAIL: libmudflap.c/pass48-frag.c (-O2) (test for excess errors)
WARNING: libmudflap.c/pass48-frag.c (-O2) compilation failed to produce executable
FAIL: libmudflap.c/pass49-frag.c (-O2) execution test
FAIL: libmudflap.c/pass49-frag.c (-O2) output pattern test
FAIL: libmudflap.c/pass49-frag.c (-O2) execution test
FAIL: libmudflap.c/pass49-frag.c (-O2) output pattern test
FAIL: libmudflap.c/pass54-frag.c (-O2) (test for excess errors)
WARNING: libmudflap.c/pass54-frag.c (-O2) compilation failed to produce executable
FAIL: libmudflap.c/pass54-frag.c (-O2) (test for excess errors)
WARNING: libmudflap.c/pass54-frag.c (-O2) compilation failed to produce executable
FAIL: libmudflap.c/fail10-frag.c (-O3) (test for excess errors)
WARNING: libmudflap.c/fail10-frag.c (-O3) compilation failed to produce executable
FAIL: libmudflap.c/fail31-frag.c (-O3) output pattern test
FAIL: libmudflap.c/fail32-frag.c (-O3) (test for excess errors)
WARNING: libmudflap.c/fail32-frag.c (-O3) compilation failed to produce executable
FAIL: libmudflap.c/pass45-frag.c (-O3) execution test
FAIL: libmudflap.c/pass45-frag.c (-O3) output pattern test
FAIL: libmudflap.c/pass45-frag.c (-O3) execution test
FAIL: libmudflap.c/pass45-frag.c (-O3) output pattern test
FAIL: libmudflap.c/pass48-frag.c (-O3) (test for excess errors)
WARNING: libmudflap.c/pass48-frag.c (-O3) compilation failed to produce executable
FAIL: libmudflap.c/pass48-frag.c (-O3) (test for excess errors)
WARNING: libmudflap.c/pass48-frag.c (-O3) compilation failed to produce executable
FAIL: libmudflap.c/pass49-frag.c (-O3) execution test
FAIL: libmudflap.c/pass49-frag.c (-O3) output pattern test
FAIL: libmudflap.c/pass49-frag.c (-O3) execution test
FAIL: libmudflap.c/pass49-frag.c (-O3) output pattern test
FAIL: libmudflap.c/pass54-frag.c (-O3) (test for excess errors)
WARNING: libmudflap.c/pass54-frag.c (-O3) compilation failed to produce executable
FAIL: libmudflap.c/pass54-frag.c (-O3) (test for excess errors)
WARNING: libmudflap.c/pass54-frag.c (-O3) compilation failed to produce executable
FAIL: libmudflap.c++/pass41-frag.cxx execution test
FAIL: libmudflap.c++/pass41-frag.cxx (-static) execution test
FAIL: libmudflap.c++/pass41-frag.cxx ( -O) execution test
FAIL: libmudflap.c++/pass41-frag.cxx (-O2) execution test
FAIL: libmudflap.c++/pass41-frag.cxx (-O3) execution test
=== libmudflap Summary for unix//-m32 ===
# of expected passes 1840
# of unexpected failures 38
=== libmudflap Summary ===
# of expected passes 3680
# of unexpected failures 76
=== libstdc++ tests ===
Running target unix/
FAIL: 23_containers/vector/requirements/exception/basic.cc (test for excess errors)
WARNING: 23_containers/vector/requirements/exception/basic.cc compilation failed to produce executable
FAIL: 25_algorithms/rotate/1.cc (test for excess errors)
WARNING: 25_algorithms/rotate/1.cc compilation failed to produce executable
FAIL: 25_algorithms/rotate/check_type.cc (test for excess errors)
FAIL: 25_algorithms/rotate/moveable.cc (test for excess errors)
WARNING: 25_algorithms/rotate/moveable.cc compilation failed to produce executable
FAIL: 25_algorithms/rotate/moveable2.cc (test for excess errors)
WARNING: 25_algorithms/rotate/moveable2.cc compilation failed to produce executable
=== libstdc++ Summary for unix/ ===
# of expected passes 7712
# of unexpected failures 5
# of expected failures 95
# of unsupported tests 11
Running target unix//-m32
FAIL: 23_containers/vector/requirements/exception/basic.cc (test for excess errors)
WARNING: 23_containers/vector/requirements/exception/basic.cc compilation failed to produce executable
FAIL: 25_algorithms/rotate/1.cc (test for excess errors)
WARNING: 25_algorithms/rotate/1.cc compilation failed to produce executable
FAIL: 25_algorithms/rotate/check_type.cc (test for excess errors)
FAIL: 25_algorithms/rotate/moveable.cc (test for excess errors)
WARNING: 25_algorithms/rotate/moveable.cc compilation failed to produce executable
FAIL: 25_algorithms/rotate/moveable2.cc (test for excess errors)
WARNING: 25_algorithms/rotate/moveable2.cc compilation failed to produce executable
FAIL: ext/pb_ds/regression/hash_data_map_rand.cc execution test
FAIL: ext/pb_ds/regression/hash_no_data_map_rand.cc execution test
=== libstdc++ Summary for unix//-m32 ===
# of expected passes 7710
# of unexpected failures 7
# of expected failures 95
# of unsupported tests 11
=== libstdc++ Summary ===
# of expected passes 15422
# of unexpected failures 12
# of expected failures 190
# of unsupported tests 22
Compiler version: 4.5.0 20100405 (experimental) (GCC)
Platform: x86_64-unknown-linux-gnu
configure flags: --enable-languages=all,ada,obj-c++ --disable-nls