This is the mail archive of the
gcc-testresults@gcc.gnu.org
mailing list for the GCC project.
Results for 4.5.0 20100331 (experimental) [trunk revision 157845] (GCC) testsuite on hppa-unknown-linux-gnu
- From: dave at gsyprf11 dot external dot hp dot com (John David Anglin)
- To: dave dot anglin at nrc-cnrc dot gc dot ca, gcc-testresults at gcc dot gnu dot org
- Date: Sat, 3 Apr 2010 08:10:40 -0700 (PDT)
- Subject: Results for 4.5.0 20100331 (experimental) [trunk revision 157845] (GCC) testsuite on hppa-unknown-linux-gnu
LAST_UPDATED: Wed Mar 31 01:39:41 UTC 2010 (revision 157845)
=== acats tests ===
FAIL: c87b62b
FAIL: c940005
FAIL: ce2201c
=== acats Summary ===
# of expected passes 2318
# of unexpected failures 3
Native configuration is hppa-unknown-linux-gnu
=== g++ tests ===
Running target unix
WARNING: program timed out.
FAIL: g++.dg/eh/cleanup1.C (test for excess errors)
FAIL: c-c++-common/raw-string-1.c execution test
=== g++ Summary ===
# of expected passes 22031
# of unexpected failures 2
# of expected failures 151
# of unsupported tests 190
/home2/dave/gcc-4.5/objdir/gcc/testsuite/g++/../../g++ version 4.5.0 20100331 (experimental) [trunk revision 157845] (GCC)
=== gcc tests ===
Running target unix
FAIL: gcc.dg/pr34668-1.c (internal compiler error)
FAIL: gcc.dg/pr34668-1.c (test for excess errors)
FAIL: c-c++-common/raw-string-1.c -Wc++-compat execution test
FAIL: gcc.dg/lto/20090914-1 c_lto_20090914-1_0.o assemble, -flto -g -fvar-tracking-assignments (internal compiler error)
UNRESOLVED: gcc.dg/lto/20090914-1 c_lto_20090914-1_0.o-c_lto_20090914-1_0.o link -flto
UNRESOLVED: gcc.dg/lto/20090914-1 c_lto_20090914-1_0.o-c_lto_20090914-1_0.o execute -flto
XPASS: gcc.dg/tree-ssa/loop-1.c scan-assembler-times foo 5
=== gcc Summary ===
# of expected passes 63101
# of unexpected failures 4
# of unexpected successes 1
# of expected failures 86
# of unresolved testcases 2
# of unsupported tests 721
/home2/dave/gcc-4.5/objdir/gcc/xgcc version 4.5.0 20100331 (experimental) [trunk revision 157845] (GCC)
=== gfortran tests ===
Running target unix
=== gnat tests ===
Running target unix
=== gnat Summary ===
# of expected passes 757
# of expected failures 7
# of unsupported tests 1
=== obj-c++ tests ===
Running target unix
=== objc tests ===
Running target unix
=== objc Summary ===
# of expected passes 1868
# of expected failures 15
# of unsupported tests 21
/home2/dave/gcc-4.5/objdir/gcc/xgcc version 4.5.0 20100331 (experimental) [trunk revision 157845] (GCC)
=== libffi tests ===
Running target unix
=== libffi Summary ===
# of expected passes 1624
# of expected failures 10
# of unsupported tests 15
=== libgomp tests ===
Running target unix
FAIL: libgomp.c++/ctor-4.C -O1 execution test
=== libgomp Summary ===
# of expected passes 2445
# of unexpected failures 1
# of unsupported tests 7
=== libjava tests ===
Running target unix
ERROR: /home2/dave/gcc-4.5/objdir/hppa-linux/libjava/testsuite/MathBuiltin.exe does not exist in unix_load.
UNRESOLVED: MathBuiltin -O3 execution - source compiled test
=== libjava Summary ===
# of expected passes 2572
# of unresolved testcases 1
# of untested testcases 1
=== libmudflap tests ===
Running target unix
FAIL: libmudflap.c/fail31-frag.c (-O3) crash test
FAIL: libmudflap.c/fail31-frag.c (-O3) output pattern test
FAIL: libmudflap.c/pass45-frag.c (-O3) execution test
FAIL: libmudflap.c/pass45-frag.c (-O3) output pattern test
FAIL: libmudflap.c/pass45-frag.c (-O3) execution test
FAIL: libmudflap.c/pass45-frag.c (-O3) output pattern test
FAIL: libmudflap.c++/pass41-frag.cxx execution test
FAIL: libmudflap.c++/pass41-frag.cxx (-static) execution test
FAIL: libmudflap.c++/pass41-frag.cxx ( -O) execution test
FAIL: libmudflap.c++/pass41-frag.cxx (-O2) execution test
FAIL: libmudflap.c++/pass41-frag.cxx (-O3) execution test
=== libmudflap Summary ===
# of expected passes 1883
# of unexpected failures 11
=== libstdc++ tests ===
Running target unix
FAIL: ext/profile/all.cc (test for excess errors)
FAIL: ext/profile/mh.cc (test for excess errors)
=== libstdc++ Summary ===
# of expected passes 6839
# of unexpected failures 2
# of expected failures 93
# of unsupported tests 355
Compiler version: 4.5.0 20100331 (experimental) [trunk revision 157845] (GCC)
Platform: hppa-unknown-linux-gnu
configure flags: --with-gnu-as --with-gnu-ld --enable-shared --enable-nls --prefix=/home2/dave/opt/gnu/gcc/gcc-4.5.0 --with-local-prefix=/home2/dave/opt/gnu --enable-threads=posix --enable-__cxa_atexit --build=hppa-linux --enable-clocale=gnu --enable-java-gc=boehm --enable-java-awt=xlib --enable-languages=c,c++,objc,fortran,obj-c++,java,ada