This is the mail archive of the
gcc-testresults@gcc.gnu.org
mailing list for the GCC project.
Results for 4.5.0 20100326 (GCC) testsuite on sparc-sun-solaris2.9
- From: botcazou at eu dot adacore dot com (Eric Botcazou)
- To: gcc-testresults at gcc dot gnu dot org
- Date: Sat, 27 Mar 2010 21:06:25 +0100 (CET)
- Subject: Results for 4.5.0 20100326 (GCC) testsuite on sparc-sun-solaris2.9
=== acats tests ===
=== acats Summary ===
# of expected passes 2321
# of unexpected failures 0
Native configuration is sparc-sun-solaris2.9
=== gcc tests ===
Running target unix
FAIL: gcc.c-torture/execute/pr38819.c execution, -O2
FAIL: gcc.c-torture/execute/pr38819.c execution, -O3 -fomit-frame-pointer
FAIL: gcc.c-torture/execute/pr38819.c execution, -O3 -fomit-frame-pointer -funroll-loops
FAIL: gcc.c-torture/execute/pr38819.c execution, -O3 -fomit-frame-pointer -funroll-all-loops -finline-functions
FAIL: gcc.c-torture/execute/pr38819.c execution, -O3 -g
FAIL: gcc.c-torture/execute/pr38819.c execution, -O2 -flto
FAIL: gcc.c-torture/execute/pr38819.c execution, -O2 -fwhopr
FAIL: gcc.dg/pr34668-1.c (internal compiler error)
FAIL: gcc.dg/pr34668-1.c (test for excess errors)
FAIL: gcc.dg/pr42427.c (test for excess errors)
FAIL: gcc.dg/lto/20090210 c_lto_20090210_0.o-c_lto_20090210_1.o execute -O0 -fwhopr
FAIL: gcc.dg/lto/20090210 c_lto_20090210_0.o-c_lto_20090210_1.o execute -O2 -fwhopr
FAIL: gcc.dg/lto/20090210 c_lto_20090210_0.o-c_lto_20090210_1.o execute -O0 -flto
FAIL: gcc.dg/lto/20090210 c_lto_20090210_0.o-c_lto_20090210_1.o execute -O2 -flto
FAIL: gcc.dg/lto/20090729 c_lto_20090729_0.o-c_lto_20090729_1.o link
UNRESOLVED: gcc.dg/lto/20090729 c_lto_20090729_0.o-c_lto_20090729_1.o execute -w
FAIL: gcc.dg/vect/slp-multitypes-2.c execution test
=== gcc Summary ===
# of expected passes 63858
# of unexpected failures 16
# of expected failures 195
# of unresolved testcases 1
# of unsupported tests 928
/nfs/nile/nile.build/botcazou/gcc-head/sparc-sun-solaris2.9/gcc/xgcc version 4.5.0 20100326 for GNAT Pro 6.4.0w (20100325) (GCC)
=== gfortran tests ===
Running target unix
FAIL: gfortran.dg/lto/20091015-1 f_lto_20091015-1_0.o-f_lto_20091015-1_2.o link
UNRESOLVED: gfortran.dg/lto/20091015-1 f_lto_20091015-1_0.o-f_lto_20091015-1_2.o execute -O0 -fwhopr
FAIL: gfortran.dg/lto/20091015-1 f_lto_20091015-1_0.o-f_lto_20091015-1_2.o link
UNRESOLVED: gfortran.dg/lto/20091015-1 f_lto_20091015-1_0.o-f_lto_20091015-1_2.o execute -O2 -fwhopr
FAIL: gfortran.dg/lto/20091015-1 f_lto_20091015-1_0.o-f_lto_20091015-1_2.o link
UNRESOLVED: gfortran.dg/lto/20091015-1 f_lto_20091015-1_0.o-f_lto_20091015-1_2.o execute -O0 -flto
FAIL: gfortran.dg/lto/20091015-1 f_lto_20091015-1_0.o-f_lto_20091015-1_2.o link
UNRESOLVED: gfortran.dg/lto/20091015-1 f_lto_20091015-1_0.o-f_lto_20091015-1_2.o execute -O2 -flto
=== gfortran Summary ===
# of expected passes 33441
# of unexpected failures 4
# of expected failures 24
# of unresolved testcases 4
# of unsupported tests 313
/nfs/nile/nile.build/botcazou/gcc-head/sparc-sun-solaris2.9/gcc/testsuite/gfortran/../../gfortran version 4.5.0 20100326 for GNAT Pro 6.4.0w (20100325) (GCC)
=== g++ tests ===
Running target unix
FAIL: g++.dg/lto/20090303 cp_lto_20090303_0.o-cp_lto_20090303_0.o execute -fwhopr
XPASS: g++.old-deja/g++.other/init19.C execution test
=== g++ Summary ===
# of expected passes 21853
# of unexpected failures 1
# of unexpected successes 1
# of expected failures 152
# of unsupported tests 234
/nfs/nile/nile.build/botcazou/gcc-head/sparc-sun-solaris2.9/gcc/testsuite/g++/../../g++ version 4.5.0 20100326 for GNAT Pro 6.4.0w (20100325) (GCC)
=== gnat tests ===
Running target unix
=== gnat Summary ===
# of expected passes 755
# of expected failures 7
# of unsupported tests 2
=== obj-c++ tests ===
Running target unix
WARNING: obj-c++.dg/lookup-2.mm -fgnu-runtime compilation failed to produce executable
WARNING: obj-c++.dg/try-catch-2.mm -fgnu-runtime compilation failed to produce executable
WARNING: obj-c++.dg/try-catch-9.mm -fgnu-runtime compilation failed to produce executable
=== obj-c++ Summary ===
# of expected passes 437
# of expected failures 10
# of unsupported tests 13
/nfs/nile/nile.build/botcazou/gcc-head/sparc-sun-solaris2.9/gcc/testsuite/obj-c++/../../g++ version 4.5.0 20100326 for GNAT Pro 6.4.0w (20100325) (GCC)
=== objc tests ===
Running target unix
=== objc Summary ===
# of expected passes 1868
# of expected failures 15
# of unsupported tests 21
/nfs/nile/nile.build/botcazou/gcc-head/sparc-sun-solaris2.9/gcc/xgcc version 4.5.0 20100326 for GNAT Pro 6.4.0w (20100325) (GCC)
=== libgomp tests ===
Running target unix
=== libgomp Summary ===
# of expected passes 2442
# of unsupported tests 9
=== libstdc++ tests ===
Running target unix
FAIL: ext/profile/all.cc (test for excess errors)
=== libstdc++ Summary ===
# of expected passes 6300
# of unexpected failures 1
# of expected failures 90
# of unsupported tests 630
=== libstdc++ Summary ===
Compiler version: 4.5.0 20100326 for GNAT Pro 6.4.0w (20100325) (GCC)
Platform: sparc-sun-solaris2.9
configure flags: --prefix=/nile.build/botcazou/gcc-head/install_sparc --with-as=/nile.build/botcazou/gcc-head/install_sparc/bin/as --with-gmp=/nile.build/botcazou/support/sparc --with-mpfr=/nile.build/botcazou/support/sparc --with-mpc=/nile.build/botcazou/support/sparc --with-libelf=/nile.build/botcazou/support/sparc --enable-languages=c,c++,objc,obj-c++,fortran,ada --disable-libstdcxx-pch --disable-nls
BOOT_CFLAGS=-g -O2