This is the mail archive of the
gcc-testresults@gcc.gnu.org
mailing list for the GCC project.
Results for 4.5.0 20100326 (experimental) [trunk revision 157759] (GCC) testsuite on alphaev68-unknown-linux-gnu
- From: uros at gcc13 dot fsffrance dot org
- To: gcc-testresults at gcc dot gnu dot org
- Date: Sat, 27 Mar 2010 13:01:05 +0100
- Subject: Results for 4.5.0 20100326 (experimental) [trunk revision 157759] (GCC) testsuite on alphaev68-unknown-linux-gnu
LAST_UPDATED: Fri Mar 26 18:46:52 UTC 2010 (revision 157759)
Native configuration is alphaev68-unknown-linux-gnu
=== libffi tests ===
Running target unix
=== libffi Summary ===
# of expected passes 1624
# of expected failures 10
# of unsupported tests 15
=== libgomp tests ===
Running target unix
=== libgomp Summary ===
# of expected passes 2506
=== libjava tests ===
Running target unix
=== libjava Summary ===
# of expected passes 2574
=== libmudflap tests ===
Running target unix
FAIL: libmudflap.c/fail31-frag.c (-O3) crash test
FAIL: libmudflap.c/fail31-frag.c (-O3) output pattern test
FAIL: libmudflap.c/pass45-frag.c (-O3) execution test
FAIL: libmudflap.c/pass45-frag.c (-O3) output pattern test
FAIL: libmudflap.c/pass45-frag.c (-O3) execution test
FAIL: libmudflap.c/pass45-frag.c (-O3) output pattern test
FAIL: libmudflap.c++/pass41-frag.cxx execution test
FAIL: libmudflap.c++/pass41-frag.cxx (-static) execution test
FAIL: libmudflap.c++/pass41-frag.cxx ( -O) execution test
FAIL: libmudflap.c++/pass41-frag.cxx (-O2) execution test
FAIL: libmudflap.c++/pass41-frag.cxx (-O3) execution test
=== libmudflap Summary ===
# of expected passes 1883
# of unexpected failures 11
=== libstdc++ tests ===
Running target unix
=== libstdc++ Summary ===
# of expected passes 6841
# of expected failures 93
# of unsupported tests 355
=== gcc tests ===
Running target unix
FAIL: gcc.c-torture/execute/stdarg-1.c execution, -O3 -fomit-frame-pointer
FAIL: gcc.c-torture/execute/stdarg-1.c execution, -O3 -g
FAIL: gcc.dg/pr34668-1.c (internal compiler error)
FAIL: gcc.dg/pr34668-1.c (test for excess errors)
XPASS: gcc.dg/guality/example.c -O0 execution test
XPASS: gcc.dg/guality/guality.c -O0 execution test
XPASS: gcc.dg/guality/guality.c -O1 execution test
XPASS: gcc.dg/guality/guality.c -O2 execution test
XPASS: gcc.dg/guality/guality.c -O3 -fomit-frame-pointer execution test
XPASS: gcc.dg/guality/guality.c -O3 -g execution test
XPASS: gcc.dg/guality/guality.c -Os execution test
XPASS: gcc.dg/guality/guality.c -O2 -flto execution test
XPASS: gcc.dg/guality/guality.c -O2 -fwhopr execution test
XPASS: gcc.dg/guality/inline-params.c -O0 execution test
XPASS: gcc.dg/guality/inline-params.c -O1 execution test
XPASS: gcc.dg/guality/inline-params.c -O2 execution test
XPASS: gcc.dg/guality/inline-params.c -O3 -fomit-frame-pointer execution test
XPASS: gcc.dg/guality/inline-params.c -O3 -g execution test
XPASS: gcc.dg/guality/inline-params.c -Os execution test
FAIL: gcc.dg/guality/pr36728-1.c -O1 line 14 *x == (char) 25
XPASS: gcc.dg/guality/pr41353-1.c -O0 line 28 j == 28 + 37
XPASS: gcc.dg/guality/pr41353-1.c -O1 line 28 j == 28 + 37
FAIL: gcc.dg/guality/pr41353-1.c -O1 line 39 i == 12
FAIL: gcc.dg/guality/pr41353-1.c -O1 line 39 i1 == 2 * 12
FAIL: gcc.dg/guality/pr41353-1.c -O1 line 39 i2 == 2 * 12
FAIL: gcc.dg/guality/pr41353-1.c -O1 line 39 i3 == 3 * 12
XPASS: gcc.dg/guality/pr41353-1.c -O2 line 28 j == 28 + 37
FAIL: gcc.dg/guality/pr41353-1.c -O2 line 39 i == 12
FAIL: gcc.dg/guality/pr41353-1.c -O2 line 39 i1 == 2 * 12
FAIL: gcc.dg/guality/pr41353-1.c -O2 line 39 i2 == 2 * 12
FAIL: gcc.dg/guality/pr41353-1.c -O2 line 39 i3 == 3 * 12
XPASS: gcc.dg/guality/pr41353-1.c -O3 -fomit-frame-pointer line 28 j == 28 + 37
FAIL: gcc.dg/guality/pr41353-1.c -O3 -fomit-frame-pointer line 39 i == 12
FAIL: gcc.dg/guality/pr41353-1.c -O3 -fomit-frame-pointer line 39 i1 == 2 * 12
FAIL: gcc.dg/guality/pr41353-1.c -O3 -fomit-frame-pointer line 39 i2 == 2 * 12
FAIL: gcc.dg/guality/pr41353-1.c -O3 -fomit-frame-pointer line 39 i3 == 3 * 12
XPASS: gcc.dg/guality/pr41353-1.c -O3 -g line 28 j == 28 + 37
FAIL: gcc.dg/guality/pr41353-1.c -O3 -g line 39 i == 12
FAIL: gcc.dg/guality/pr41353-1.c -O3 -g line 39 i1 == 2 * 12
FAIL: gcc.dg/guality/pr41353-1.c -O3 -g line 39 i2 == 2 * 12
FAIL: gcc.dg/guality/pr41353-1.c -O3 -g line 39 i3 == 3 * 12
XPASS: gcc.dg/guality/pr41353-1.c -Os line 28 j == 28 + 37
FAIL: gcc.dg/guality/pr41353-1.c -Os line 39 i == 12
FAIL: gcc.dg/guality/pr41353-1.c -Os line 39 i1 == 2 * 12
FAIL: gcc.dg/guality/pr41353-1.c -Os line 39 i2 == 2 * 12
FAIL: gcc.dg/guality/pr41353-1.c -Os line 39 i3 == 3 * 12
FAIL: gcc.dg/guality/pr41353-1.c -O2 -flto line 28 i == 37
FAIL: gcc.dg/guality/pr41353-1.c -O2 -flto line 28 i1 == 2 * 37
FAIL: gcc.dg/guality/pr41353-1.c -O2 -flto line 28 i2 == 3 * 37
FAIL: gcc.dg/guality/pr41353-1.c -O2 -fwhopr line 28 i == 37
FAIL: gcc.dg/guality/pr41353-1.c -O2 -fwhopr line 28 i1 == 2 * 37
FAIL: gcc.dg/guality/pr41353-1.c -O2 -fwhopr line 28 i2 == 3 * 37
FAIL: gcc.dg/guality/pr41404-1.c -O1 line 10 *foo == 'f'
FAIL: gcc.dg/guality/pr41404-1.c -O2 line 10 *foo == 'f'
FAIL: gcc.dg/guality/pr41404-1.c -Os line 10 *foo == 'f'
FAIL: gcc.dg/guality/pr41404-1.c -O2 -flto line 10 *foo == 'f'
FAIL: gcc.dg/guality/pr41404-1.c -O2 -fwhopr line 10 *foo == 'f'
XPASS: gcc.dg/guality/pr41447-1.c -O0 execution test
XPASS: gcc.dg/guality/pr41616-1.c -O0 execution test
XPASS: gcc.dg/guality/pr41616-1.c -O1 execution test
XPASS: gcc.dg/guality/pr41616-1.c -O2 execution test
XPASS: gcc.dg/guality/pr41616-1.c -Os execution test
XPASS: gcc.dg/guality/pr41616-1.c -O2 -flto execution test
XPASS: gcc.dg/guality/pr41616-1.c -O2 -fwhopr execution test
FAIL: gcc.dg/guality/pr43051-1.c -O1 line 40 v == 1
FAIL: gcc.dg/guality/pr43051-1.c -O2 line 40 v == 1
FAIL: gcc.dg/guality/pr43051-1.c -O3 -fomit-frame-pointer line 40 v == 1
FAIL: gcc.dg/guality/pr43051-1.c -O3 -fomit-frame-pointer -funroll-loops line 35 v == 1
FAIL: gcc.dg/guality/pr43051-1.c -O3 -fomit-frame-pointer -funroll-loops line 40 v == 1
FAIL: gcc.dg/guality/pr43051-1.c -O3 -fomit-frame-pointer -funroll-all-loops -finline-functions line 35 v == 1
FAIL: gcc.dg/guality/pr43051-1.c -O3 -fomit-frame-pointer -funroll-all-loops -finline-functions line 40 v == 1
FAIL: gcc.dg/guality/pr43051-1.c -O3 -g line 40 v == 1
FAIL: gcc.dg/guality/pr43051-1.c -Os line 40 v == 1
FAIL: gcc.dg/guality/pr43051-1.c -O2 -flto line 40 v == 1
FAIL: gcc.dg/guality/pr43051-1.c -O2 -fwhopr line 40 v == 1
FAIL: gcc.dg/guality/pr43077-1.c -O1 line 42 a == 1
FAIL: gcc.dg/guality/pr43077-1.c -O1 line 42 vara == 1
FAIL: gcc.dg/guality/pr43077-1.c -O2 line 42 a == 1
FAIL: gcc.dg/guality/pr43077-1.c -O2 line 42 vara == 1
FAIL: gcc.dg/guality/pr43077-1.c -O3 -fomit-frame-pointer line 42 a == 1
FAIL: gcc.dg/guality/pr43077-1.c -O3 -fomit-frame-pointer line 42 vara == 1
FAIL: gcc.dg/guality/pr43077-1.c -O3 -g line 42 a == 1
FAIL: gcc.dg/guality/pr43077-1.c -O3 -g line 42 vara == 1
FAIL: gcc.dg/guality/pr43077-1.c -Os line 42 a == 1
FAIL: gcc.dg/guality/pr43077-1.c -Os line 42 vara == 1
FAIL: gcc.dg/guality/pr43077-1.c -O2 -flto line 42 a == 1
FAIL: gcc.dg/guality/pr43077-1.c -O2 -flto line 42 vara == 1
FAIL: gcc.dg/guality/pr43077-1.c -O2 -fwhopr line 42 a == 1
FAIL: gcc.dg/guality/pr43077-1.c -O2 -fwhopr line 42 vara == 1
FAIL: gcc.dg/guality/pr43177.c -O1 line 24 x == 7
FAIL: gcc.dg/guality/pr43177.c -O2 line 24 x == 7
FAIL: gcc.dg/guality/pr43177.c -O3 -fomit-frame-pointer line 24 x == 7
FAIL: gcc.dg/guality/pr43177.c -O3 -g line 24 x == 7
FAIL: gcc.dg/guality/pr43177.c -Os line 24 x == 7
FAIL: gcc.dg/guality/pr43177.c -O2 -flto line 24 x == 7
FAIL: gcc.dg/guality/pr43177.c -O2 -fwhopr line 24 x == 7
FAIL: gcc.dg/guality/vla-1.c -O0 line 17 sizeof (a) == 6
FAIL: gcc.dg/guality/vla-1.c -O0 line 24 sizeof (a) == 17 * sizeof (short)
FAIL: gcc.dg/guality/vla-1.c -O1 line 17 sizeof (a) == 6
FAIL: gcc.dg/guality/vla-1.c -O1 line 24 sizeof (a) == 17 * sizeof (short)
FAIL: gcc.dg/guality/vla-1.c -O2 line 17 sizeof (a) == 6
FAIL: gcc.dg/guality/vla-1.c -O2 line 24 sizeof (a) == 17 * sizeof (short)
FAIL: gcc.dg/guality/vla-1.c -O3 -fomit-frame-pointer line 17 sizeof (a) == 6
FAIL: gcc.dg/guality/vla-1.c -O3 -fomit-frame-pointer line 24 sizeof (a) == 17 * sizeof (short)
FAIL: gcc.dg/guality/vla-1.c -O3 -g line 17 sizeof (a) == 6
FAIL: gcc.dg/guality/vla-1.c -O3 -g line 24 sizeof (a) == 17 * sizeof (short)
FAIL: gcc.dg/guality/vla-1.c -Os line 17 sizeof (a) == 6
FAIL: gcc.dg/guality/vla-1.c -Os line 24 sizeof (a) == 17 * sizeof (short)
FAIL: gcc.dg/guality/vla-1.c -O2 -flto line 17 sizeof (a) == 6
FAIL: gcc.dg/guality/vla-1.c -O2 -flto line 24 sizeof (a) == 17 * sizeof (short)
FAIL: gcc.dg/guality/vla-1.c -O2 -fwhopr line 17 sizeof (a) == 6
FAIL: gcc.dg/guality/vla-1.c -O2 -fwhopr line 24 sizeof (a) == 17 * sizeof (short)
FAIL: gcc.dg/lto/20090116 c_lto_20090116_0.o-c_lto_20090116_0.o link, (internal compiler error)
UNRESOLVED: gcc.dg/lto/20090116 c_lto_20090116_0.o-c_lto_20090116_0.o execute -O1 -fwhopr -fPIC
=== gcc Summary ===
# of expected passes 64102
# of unexpected failures 85
# of unexpected successes 28
# of expected failures 119
# of unresolved testcases 1
# of unsupported tests 762
/space/uros/gcc-build/gcc/xgcc version 4.5.0 20100326 (experimental) [trunk revision 157759] (GCC)
=== gfortran tests ===
Running target unix
=== gfortran Summary ===
# of expected passes 34025
# of expected failures 32
# of unsupported tests 65
/space/uros/gcc-build/gcc/testsuite/gfortran/../../gfortran version 4.5.0 20100326 (experimental) [trunk revision 157759] (GCC)
=== g++ tests ===
Running target unix
=== g++ Summary ===
# of expected passes 21991
# of expected failures 151
# of unsupported tests 192
/space/uros/gcc-build/gcc/testsuite/g++/../../g++ version 4.5.0 20100326 (experimental) [trunk revision 157759] (GCC)
=== objc tests ===
Running target unix
=== objc Summary ===
# of expected passes 1866
# of expected failures 15
# of unsupported tests 22
/space/uros/gcc-build/gcc/xgcc version 4.5.0 20100326 (experimental) [trunk revision 157759] (GCC)
Compiler version: 4.5.0 20100326 (experimental) [trunk revision 157759] (GCC)
Platform: alphaev68-unknown-linux-gnu
configure flags: none
BOOT_CFLAGS=-g -O2