This is the mail archive of the
gcc-testresults@gcc.gnu.org
mailing list for the GCC project.
Results for 4.5.0 20100301 (experimental) (GCC) testsuite on mips-sgi-irix6.5
- From: Rainer Orth <ro at CeBiTec dot Uni-Bielefeld dot DE>
- To: gcc-testresults at gcc dot gnu dot org
- Date: Fri, 26 Mar 2010 13:30:48 +0100 (MET)
- Subject: Results for 4.5.0 20100301 (experimental) (GCC) testsuite on mips-sgi-irix6.5
=== acats tests ===
FAIL: c52103x
FAIL: c52104x
FAIL: c52104y
FAIL: c960001
FAIL: cb1010a
FAIL: cb1010c
FAIL: cb1010d
FAIL: cxg2001
FAIL: cxg2002
FAIL: cxg2003
FAIL: cxg2004
FAIL: cxg2005
FAIL: cxg2006
FAIL: cxg2007
FAIL: cxg2010
FAIL: cxg2011
FAIL: cxg2012
FAIL: cxg2013
FAIL: cxg2014
FAIL: cxg2015
FAIL: cxg2016
FAIL: cxg2017
FAIL: cxg2018
FAIL: cxg2019
FAIL: cxg2020
FAIL: cxg2021
FAIL: cxg2024
=== acats Summary ===
# of expected passes 2294
# of unexpected failures 27
Native configuration is mips-sgi-irix6.5
=== g++ tests ===
Running target unix
FAIL: tmpdir-g++.dg-struct-layout-1/t001 cp_compat_x_tst.o-cp_compat_y_tst.o link
UNRESOLVED: tmpdir-g++.dg-struct-layout-1/t001 cp_compat_x_tst.o-cp_compat_y_tst.o execute
FAIL: tmpdir-g++.dg-struct-layout-1/t002 cp_compat_x_tst.o-cp_compat_y_tst.o link
UNRESOLVED: tmpdir-g++.dg-struct-layout-1/t002 cp_compat_x_tst.o-cp_compat_y_tst.o execute
FAIL: tmpdir-g++.dg-struct-layout-1/t003 cp_compat_x_tst.o-cp_compat_y_tst.o link
UNRESOLVED: tmpdir-g++.dg-struct-layout-1/t003 cp_compat_x_tst.o-cp_compat_y_tst.o execute
FAIL: tmpdir-g++.dg-struct-layout-1/t024 cp_compat_x_tst.o-cp_compat_y_tst.o link
UNRESOLVED: tmpdir-g++.dg-struct-layout-1/t024 cp_compat_x_tst.o-cp_compat_y_tst.o execute
FAIL: tmpdir-g++.dg-struct-layout-1/t025 cp_compat_x_tst.o-cp_compat_y_tst.o link
UNRESOLVED: tmpdir-g++.dg-struct-layout-1/t025 cp_compat_x_tst.o-cp_compat_y_tst.o execute
FAIL: tmpdir-g++.dg-struct-layout-1/t026 cp_compat_x_tst.o-cp_compat_y_tst.o link
UNRESOLVED: tmpdir-g++.dg-struct-layout-1/t026 cp_compat_x_tst.o-cp_compat_y_tst.o execute
FAIL: tmpdir-g++.dg-struct-layout-1/t027 cp_compat_x_tst.o-cp_compat_y_tst.o link
UNRESOLVED: tmpdir-g++.dg-struct-layout-1/t027 cp_compat_x_tst.o-cp_compat_y_tst.o execute
FAIL: g++.dg/debug/dwarf2/icf.C scan-assembler \\\\.section.*.debug_dcall
FAIL: g++.dg/debug/dwarf2/icf.C scan-assembler New caller
FAIL: g++.dg/debug/dwarf2/icf.C scan-assembler Caller DIE offset
FAIL: g++.dg/debug/dwarf2/icf.C scan-assembler Callee DIE offset
FAIL: g++.dg/abi/packed1.C (test for excess errors)
FAIL: g++.dg/cpp/_Pragma1.C (test for excess errors)
FAIL: g++.dg/opt/longbranch1.C (test for excess errors)
FAIL: g++.dg/other/anon5.C undefined (test for warnings, line )
FAIL: g++.dg/other/anon5.C (test for excess errors)
FAIL: g++.dg/lto/20081109-1 cp_lto_20081109-1_0.o-cp_lto_20081109-1_0.o link
UNRESOLVED: g++.dg/lto/20081109-1 cp_lto_20081109-1_0.o-cp_lto_20081109-1_0.o execute -fPIC -fwhopr
FAIL: g++.dg/lto/20081109 cp_lto_20081109_0.o-cp_lto_20081109_1.o link
UNRESOLVED: g++.dg/lto/20081109 cp_lto_20081109_0.o-cp_lto_20081109_1.o execute -O0 -fwhopr
FAIL: g++.dg/lto/20081109 cp_lto_20081109_0.o-cp_lto_20081109_1.o link
UNRESOLVED: g++.dg/lto/20081109 cp_lto_20081109_0.o-cp_lto_20081109_1.o execute -O2 -fwhopr
FAIL: g++.dg/lto/20081109 cp_lto_20081109_0.o-cp_lto_20081109_1.o link
UNRESOLVED: g++.dg/lto/20081109 cp_lto_20081109_0.o-cp_lto_20081109_1.o execute -O0 -flto
FAIL: g++.dg/lto/20081109 cp_lto_20081109_0.o-cp_lto_20081109_1.o link
UNRESOLVED: g++.dg/lto/20081109 cp_lto_20081109_0.o-cp_lto_20081109_1.o execute -O2 -flto
FAIL: g++.dg/lto/20081118 cp_lto_20081118_0.o-cp_lto_20081118_1.o link
UNRESOLVED: g++.dg/lto/20081118 cp_lto_20081118_0.o-cp_lto_20081118_1.o execute -fPIC -fwhopr -r -nostdlib
FAIL: g++.dg/lto/20081119-1 cp_lto_20081119-1_0.o-cp_lto_20081119-1_1.o link
UNRESOLVED: g++.dg/lto/20081119-1 cp_lto_20081119-1_0.o-cp_lto_20081119-1_1.o execute -fPIC -fwhopr -r -nostdlib
FAIL: g++.dg/lto/20081120-1 cp_lto_20081120-1_0.o-cp_lto_20081120-1_1.o link
UNRESOLVED: g++.dg/lto/20081120-1 cp_lto_20081120-1_0.o-cp_lto_20081120-1_1.o execute -flto -r -nostdlib
FAIL: g++.dg/lto/20081120-2 cp_lto_20081120-2_0.o-cp_lto_20081120-2_1.o link
UNRESOLVED: g++.dg/lto/20081120-2 cp_lto_20081120-2_0.o-cp_lto_20081120-2_1.o execute -flto -r -nostdlib
FAIL: g++.dg/lto/20081123 cp_lto_20081123_0.o-cp_lto_20081123_1.o link
UNRESOLVED: g++.dg/lto/20081123 cp_lto_20081123_0.o-cp_lto_20081123_1.o execute -fwhopr -r -nostdlib -fPIC
FAIL: g++.dg/lto/20081204-1 cp_lto_20081204-1_0.o-cp_lto_20081204-1_1.o link
UNRESOLVED: g++.dg/lto/20081204-1 cp_lto_20081204-1_0.o-cp_lto_20081204-1_1.o execute -fwhopr -fPIC -r -nostdlib
FAIL: g++.dg/lto/20081204-2 cp_lto_20081204-2_0.o-cp_lto_20081204-2_1.o link
UNRESOLVED: g++.dg/lto/20081204-2 cp_lto_20081204-2_0.o-cp_lto_20081204-2_1.o execute -fwhopr -O3
FAIL: g++.dg/lto/20081219 cp_lto_20081219_0.o-cp_lto_20081219_1.o link
UNRESOLVED: g++.dg/lto/20081219 cp_lto_20081219_0.o-cp_lto_20081219_1.o execute -fPIC -fwhopr -O2
FAIL: g++.dg/lto/20090302 cp_lto_20090302_0.o-cp_lto_20090302_1.o link
UNRESOLVED: g++.dg/lto/20090302 cp_lto_20090302_0.o-cp_lto_20090302_1.o execute -fPIC -fwhopr -r -nostdlib
FAIL: g++.dg/lto/20090313 cp_lto_20090313_0.o-cp_lto_20090313_1.o link
UNRESOLVED: g++.dg/lto/20090313 cp_lto_20090313_0.o-cp_lto_20090313_1.o execute -fwhopr -fPIC
FAIL: g++.dg/lto/20091002-1 cp_lto_20091002-1_0.o-cp_lto_20091002-1_0.o link
UNRESOLVED: g++.dg/lto/20091002-1 cp_lto_20091002-1_0.o-cp_lto_20091002-1_0.o execute -fPIC -flto
FAIL: g++.dg/lto/20091002-2 cp_lto_20091002-2_0.o-cp_lto_20091002-2_0.o link
UNRESOLVED: g++.dg/lto/20091002-2 cp_lto_20091002-2_0.o-cp_lto_20091002-2_0.o execute -fPIC
FAIL: g++.dg/lto/20091002-3 cp_lto_20091002-3_0.o-cp_lto_20091002-3_0.o link
UNRESOLVED: g++.dg/lto/20091002-3 cp_lto_20091002-3_0.o-cp_lto_20091002-3_0.o execute -fPIC
FAIL: g++.dg/lto/20091022-2 cp_lto_20091022-2_0.o-cp_lto_20091022-2_0.o link
UNRESOLVED: g++.dg/lto/20091022-2 cp_lto_20091022-2_0.o-cp_lto_20091022-2_0.o execute -O3 -flto -Winline
FAIL: g++.dg/lto/20091026-1 cp_lto_20091026-1_0.o-cp_lto_20091026-1_1.o link
UNRESOLVED: g++.dg/lto/20091026-1 cp_lto_20091026-1_0.o-cp_lto_20091026-1_1.o execute -O0 -fwhopr
FAIL: g++.dg/lto/20091026-1 cp_lto_20091026-1_0.o-cp_lto_20091026-1_1.o link
UNRESOLVED: g++.dg/lto/20091026-1 cp_lto_20091026-1_0.o-cp_lto_20091026-1_1.o execute -O2 -fwhopr
FAIL: g++.dg/lto/20091026-1 cp_lto_20091026-1_0.o-cp_lto_20091026-1_1.o link
UNRESOLVED: g++.dg/lto/20091026-1 cp_lto_20091026-1_0.o-cp_lto_20091026-1_1.o execute -O0 -flto
FAIL: g++.dg/lto/20091026-1 cp_lto_20091026-1_0.o-cp_lto_20091026-1_1.o link
UNRESOLVED: g++.dg/lto/20091026-1 cp_lto_20091026-1_0.o-cp_lto_20091026-1_1.o execute -O2 -flto
FAIL: g++.dg/special/conpr-1.C execution test
FAIL: g++.dg/special/conpr-2.C execution test
FAIL: g++.dg/special/conpr-3.C execution test
FAIL: g++.dg/special/conpr-4.C execution test
FAIL: g++.dg/special/initp1.C execution test
FAIL: g++.dg/special/initpri1.C execution test
FAIL: g++.dg/torture/pr33572.C -O2 -flto (test for excess errors)
WARNING: g++.dg/torture/pr33572.C -O2 -flto compilation failed to produce executable
FAIL: g++.dg/torture/pr33572.C -O2 -fwhopr (test for excess errors)
WARNING: g++.dg/torture/pr33572.C -O2 -fwhopr compilation failed to produce executable
FAIL: g++.dg/tree-prof/partition1.C compilation, -g -fprofile-use
UNRESOLVED: g++.dg/tree-prof/partition1.C execution, -g -fprofile-use
FAIL: g++.dg/tree-prof/partition1.C compilation, -O0 -fprofile-use
UNRESOLVED: g++.dg/tree-prof/partition1.C execution, -O0 -fprofile-use
FAIL: g++.dg/tree-prof/partition1.C compilation, -O1 -fprofile-use
UNRESOLVED: g++.dg/tree-prof/partition1.C execution, -O1 -fprofile-use
FAIL: g++.dg/tree-prof/partition1.C compilation, -O2 -fprofile-use
UNRESOLVED: g++.dg/tree-prof/partition1.C execution, -O2 -fprofile-use
FAIL: g++.dg/tree-prof/partition1.C compilation, -O3 -fprofile-use
UNRESOLVED: g++.dg/tree-prof/partition1.C execution, -O3 -fprofile-use
FAIL: g++.dg/tree-prof/partition1.C compilation, -O3 -g -fprofile-use
UNRESOLVED: g++.dg/tree-prof/partition1.C execution, -O3 -g -fprofile-use
FAIL: g++.dg/tree-prof/partition1.C compilation, -Os -fprofile-use
UNRESOLVED: g++.dg/tree-prof/partition1.C execution, -Os -fprofile-use
XPASS: g++.old-deja/g++.other/init19.C execution test
WARNING: program timed out.
=== g++ Summary for unix ===
# of expected passes 21564
# of unexpected successes 1
# of unexpected failures 54
# of expected failures 151
# of unresolved testcases 37
# of unsupported tests 272
Running target unix/-mabi=32
FAIL: tmpdir-g++.dg-struct-layout-1/t001 cp_compat_x_tst.o-cp_compat_y_tst.o link
UNRESOLVED: tmpdir-g++.dg-struct-layout-1/t001 cp_compat_x_tst.o-cp_compat_y_tst.o execute
FAIL: tmpdir-g++.dg-struct-layout-1/t002 cp_compat_x_tst.o-cp_compat_y_tst.o link
UNRESOLVED: tmpdir-g++.dg-struct-layout-1/t002 cp_compat_x_tst.o-cp_compat_y_tst.o execute
FAIL: tmpdir-g++.dg-struct-layout-1/t003 cp_compat_x_tst.o-cp_compat_y_tst.o link
UNRESOLVED: tmpdir-g++.dg-struct-layout-1/t003 cp_compat_x_tst.o-cp_compat_y_tst.o execute
FAIL: tmpdir-g++.dg-struct-layout-1/t020 cp_compat_x_tst.o-cp_compat_y_tst.o link
UNRESOLVED: tmpdir-g++.dg-struct-layout-1/t020 cp_compat_x_tst.o-cp_compat_y_tst.o execute
FAIL: tmpdir-g++.dg-struct-layout-1/t024 cp_compat_x_tst.o-cp_compat_y_tst.o link
UNRESOLVED: tmpdir-g++.dg-struct-layout-1/t024 cp_compat_x_tst.o-cp_compat_y_tst.o execute
FAIL: tmpdir-g++.dg-struct-layout-1/t026 cp_compat_x_tst.o-cp_compat_y_tst.o link
UNRESOLVED: tmpdir-g++.dg-struct-layout-1/t026 cp_compat_x_tst.o-cp_compat_y_tst.o execute
FAIL: tmpdir-g++.dg-struct-layout-1/t027 cp_compat_x_tst.o-cp_compat_y_tst.o link
UNRESOLVED: tmpdir-g++.dg-struct-layout-1/t027 cp_compat_x_tst.o-cp_compat_y_tst.o execute
FAIL: tmpdir-g++.dg-struct-layout-1/t030 cp_compat_x_tst.o-cp_compat_y_tst.o link
UNRESOLVED: tmpdir-g++.dg-struct-layout-1/t030 cp_compat_x_tst.o-cp_compat_y_tst.o execute
FAIL: g++.dg/debug/dwarf2/icf.C scan-assembler \\\\.section.*.debug_dcall
FAIL: g++.dg/debug/dwarf2/icf.C scan-assembler New caller
FAIL: g++.dg/debug/dwarf2/icf.C scan-assembler Caller DIE offset
FAIL: g++.dg/debug/dwarf2/icf.C scan-assembler Callee DIE offset
FAIL: g++.dg/abi/packed1.C (test for excess errors)
FAIL: g++.dg/cpp/_Pragma1.C (test for excess errors)
FAIL: g++.dg/opt/longbranch1.C (test for excess errors)
FAIL: g++.dg/other/anon5.C undefined (test for warnings, line )
FAIL: g++.dg/other/anon5.C (test for excess errors)
FAIL: g++.dg/warn/huge-val1.C (test for excess errors)
FAIL: g++.dg/lto/20081109-1 cp_lto_20081109-1_0.o-cp_lto_20081109-1_0.o link
UNRESOLVED: g++.dg/lto/20081109-1 cp_lto_20081109-1_0.o-cp_lto_20081109-1_0.o execute -fPIC -fwhopr
FAIL: g++.dg/lto/20081109 cp_lto_20081109_0.o-cp_lto_20081109_1.o link
UNRESOLVED: g++.dg/lto/20081109 cp_lto_20081109_0.o-cp_lto_20081109_1.o execute -O0 -fwhopr
FAIL: g++.dg/lto/20081109 cp_lto_20081109_0.o-cp_lto_20081109_1.o link
UNRESOLVED: g++.dg/lto/20081109 cp_lto_20081109_0.o-cp_lto_20081109_1.o execute -O2 -fwhopr
FAIL: g++.dg/lto/20081109 cp_lto_20081109_0.o-cp_lto_20081109_1.o link
UNRESOLVED: g++.dg/lto/20081109 cp_lto_20081109_0.o-cp_lto_20081109_1.o execute -O0 -flto
FAIL: g++.dg/lto/20081109 cp_lto_20081109_0.o-cp_lto_20081109_1.o link
UNRESOLVED: g++.dg/lto/20081109 cp_lto_20081109_0.o-cp_lto_20081109_1.o execute -O2 -flto
FAIL: g++.dg/lto/20081118 cp_lto_20081118_0.o-cp_lto_20081118_1.o link
UNRESOLVED: g++.dg/lto/20081118 cp_lto_20081118_0.o-cp_lto_20081118_1.o execute -fPIC -fwhopr -r -nostdlib
FAIL: g++.dg/lto/20081119-1 cp_lto_20081119-1_0.o-cp_lto_20081119-1_1.o link
UNRESOLVED: g++.dg/lto/20081119-1 cp_lto_20081119-1_0.o-cp_lto_20081119-1_1.o execute -fPIC -fwhopr -r -nostdlib
FAIL: g++.dg/lto/20081120-1 cp_lto_20081120-1_0.o-cp_lto_20081120-1_1.o link
UNRESOLVED: g++.dg/lto/20081120-1 cp_lto_20081120-1_0.o-cp_lto_20081120-1_1.o execute -flto -r -nostdlib
FAIL: g++.dg/lto/20081120-2 cp_lto_20081120-2_0.o-cp_lto_20081120-2_1.o link
UNRESOLVED: g++.dg/lto/20081120-2 cp_lto_20081120-2_0.o-cp_lto_20081120-2_1.o execute -flto -r -nostdlib
FAIL: g++.dg/lto/20081123 cp_lto_20081123_0.o-cp_lto_20081123_1.o link
UNRESOLVED: g++.dg/lto/20081123 cp_lto_20081123_0.o-cp_lto_20081123_1.o execute -fwhopr -r -nostdlib -fPIC
FAIL: g++.dg/lto/20081204-1 cp_lto_20081204-1_0.o-cp_lto_20081204-1_1.o link
UNRESOLVED: g++.dg/lto/20081204-1 cp_lto_20081204-1_0.o-cp_lto_20081204-1_1.o execute -fwhopr -fPIC -r -nostdlib
FAIL: g++.dg/lto/20081204-2 cp_lto_20081204-2_0.o-cp_lto_20081204-2_1.o link
UNRESOLVED: g++.dg/lto/20081204-2 cp_lto_20081204-2_0.o-cp_lto_20081204-2_1.o execute -fwhopr -O3
FAIL: g++.dg/lto/20081219 cp_lto_20081219_0.o-cp_lto_20081219_1.o link
UNRESOLVED: g++.dg/lto/20081219 cp_lto_20081219_0.o-cp_lto_20081219_1.o execute -fPIC -fwhopr -O2
FAIL: g++.dg/lto/20090302 cp_lto_20090302_0.o-cp_lto_20090302_1.o link
UNRESOLVED: g++.dg/lto/20090302 cp_lto_20090302_0.o-cp_lto_20090302_1.o execute -fPIC -fwhopr -r -nostdlib
FAIL: g++.dg/lto/20090313 cp_lto_20090313_0.o-cp_lto_20090313_1.o link
UNRESOLVED: g++.dg/lto/20090313 cp_lto_20090313_0.o-cp_lto_20090313_1.o execute -fwhopr -fPIC
FAIL: g++.dg/lto/20091002-1 cp_lto_20091002-1_0.o-cp_lto_20091002-1_0.o link
UNRESOLVED: g++.dg/lto/20091002-1 cp_lto_20091002-1_0.o-cp_lto_20091002-1_0.o execute -fPIC -flto
FAIL: g++.dg/lto/20091002-2 cp_lto_20091002-2_0.o-cp_lto_20091002-2_0.o link
UNRESOLVED: g++.dg/lto/20091002-2 cp_lto_20091002-2_0.o-cp_lto_20091002-2_0.o execute -fPIC
FAIL: g++.dg/lto/20091002-3 cp_lto_20091002-3_0.o-cp_lto_20091002-3_0.o link
UNRESOLVED: g++.dg/lto/20091002-3 cp_lto_20091002-3_0.o-cp_lto_20091002-3_0.o execute -fPIC
FAIL: g++.dg/lto/20091022-2 cp_lto_20091022-2_0.o-cp_lto_20091022-2_0.o link
UNRESOLVED: g++.dg/lto/20091022-2 cp_lto_20091022-2_0.o-cp_lto_20091022-2_0.o execute -O3 -flto -Winline
FAIL: g++.dg/lto/20091026-1 cp_lto_20091026-1_0.o-cp_lto_20091026-1_1.o link
UNRESOLVED: g++.dg/lto/20091026-1 cp_lto_20091026-1_0.o-cp_lto_20091026-1_1.o execute -O0 -fwhopr
FAIL: g++.dg/lto/20091026-1 cp_lto_20091026-1_0.o-cp_lto_20091026-1_1.o link
UNRESOLVED: g++.dg/lto/20091026-1 cp_lto_20091026-1_0.o-cp_lto_20091026-1_1.o execute -O2 -fwhopr
FAIL: g++.dg/lto/20091026-1 cp_lto_20091026-1_0.o-cp_lto_20091026-1_1.o link
UNRESOLVED: g++.dg/lto/20091026-1 cp_lto_20091026-1_0.o-cp_lto_20091026-1_1.o execute -O0 -flto
FAIL: g++.dg/lto/20091026-1 cp_lto_20091026-1_0.o-cp_lto_20091026-1_1.o link
UNRESOLVED: g++.dg/lto/20091026-1 cp_lto_20091026-1_0.o-cp_lto_20091026-1_1.o execute -O2 -flto
FAIL: g++.dg/special/conpr-1.C execution test
FAIL: g++.dg/special/conpr-2.C execution test
FAIL: g++.dg/special/conpr-3.C execution test
FAIL: g++.dg/special/conpr-4.C execution test
FAIL: g++.dg/special/initp1.C execution test
FAIL: g++.dg/special/initpri1.C execution test
WARNING: program timed out.
FAIL: g++.dg/torture/pr31863.C -O2 -flto (test for excess errors)
WARNING: program timed out.
FAIL: g++.dg/torture/pr31863.C -O2 -fwhopr (test for excess errors)
FAIL: g++.dg/torture/pr33572.C -O2 -flto (test for excess errors)
WARNING: g++.dg/torture/pr33572.C -O2 -flto compilation failed to produce executable
FAIL: g++.dg/torture/pr33572.C -O2 -fwhopr (test for excess errors)
WARNING: g++.dg/torture/pr33572.C -O2 -fwhopr compilation failed to produce executable
FAIL: g++.dg/tree-prof/partition1.C compilation, -g -fprofile-use
UNRESOLVED: g++.dg/tree-prof/partition1.C execution, -g -fprofile-use
FAIL: g++.dg/tree-prof/partition1.C compilation, -O0 -fprofile-use
UNRESOLVED: g++.dg/tree-prof/partition1.C execution, -O0 -fprofile-use
FAIL: g++.dg/tree-prof/partition1.C compilation, -O1 -fprofile-use
UNRESOLVED: g++.dg/tree-prof/partition1.C execution, -O1 -fprofile-use
FAIL: g++.dg/tree-prof/partition1.C compilation, -O2 -fprofile-use
UNRESOLVED: g++.dg/tree-prof/partition1.C execution, -O2 -fprofile-use
FAIL: g++.dg/tree-prof/partition1.C compilation, -O3 -fprofile-use
UNRESOLVED: g++.dg/tree-prof/partition1.C execution, -O3 -fprofile-use
FAIL: g++.dg/tree-prof/partition1.C compilation, -O3 -g -fprofile-use
UNRESOLVED: g++.dg/tree-prof/partition1.C execution, -O3 -g -fprofile-use
FAIL: g++.dg/tree-prof/partition1.C compilation, -Os -fprofile-use
UNRESOLVED: g++.dg/tree-prof/partition1.C execution, -Os -fprofile-use
XPASS: g++.old-deja/g++.other/init19.C execution test
WARNING: program timed out.
=== g++ Summary for unix/-mabi=32 ===
# of expected passes 21559
# of unexpected successes 1
# of unexpected failures 58
# of expected failures 151
# of unresolved testcases 38
# of unsupported tests 272
Running target unix/-mabi=64
FAIL: tmpdir-g++.dg-struct-layout-1/t001 cp_compat_x_tst.o-cp_compat_y_tst.o link
UNRESOLVED: tmpdir-g++.dg-struct-layout-1/t001 cp_compat_x_tst.o-cp_compat_y_tst.o execute
FAIL: tmpdir-g++.dg-struct-layout-1/t002 cp_compat_x_tst.o-cp_compat_y_tst.o link
UNRESOLVED: tmpdir-g++.dg-struct-layout-1/t002 cp_compat_x_tst.o-cp_compat_y_tst.o execute
FAIL: tmpdir-g++.dg-struct-layout-1/t003 cp_compat_x_tst.o-cp_compat_y_tst.o link
UNRESOLVED: tmpdir-g++.dg-struct-layout-1/t003 cp_compat_x_tst.o-cp_compat_y_tst.o execute
FAIL: tmpdir-g++.dg-struct-layout-1/t006 cp_compat_x_tst.o-cp_compat_y_tst.o link
UNRESOLVED: tmpdir-g++.dg-struct-layout-1/t006 cp_compat_x_tst.o-cp_compat_y_tst.o execute
FAIL: tmpdir-g++.dg-struct-layout-1/t024 cp_compat_x_tst.o-cp_compat_y_tst.o link
UNRESOLVED: tmpdir-g++.dg-struct-layout-1/t024 cp_compat_x_tst.o-cp_compat_y_tst.o execute
FAIL: tmpdir-g++.dg-struct-layout-1/t025 cp_compat_x_tst.o-cp_compat_y_tst.o link
UNRESOLVED: tmpdir-g++.dg-struct-layout-1/t025 cp_compat_x_tst.o-cp_compat_y_tst.o execute
FAIL: tmpdir-g++.dg-struct-layout-1/t026 cp_compat_x_tst.o-cp_compat_y_tst.o link
UNRESOLVED: tmpdir-g++.dg-struct-layout-1/t026 cp_compat_x_tst.o-cp_compat_y_tst.o execute
FAIL: tmpdir-g++.dg-struct-layout-1/t027 cp_compat_x_tst.o-cp_compat_y_tst.o link
UNRESOLVED: tmpdir-g++.dg-struct-layout-1/t027 cp_compat_x_tst.o-cp_compat_y_tst.o execute
FAIL: g++.dg/debug/dwarf2/icf.C scan-assembler \\\\.section.*.debug_dcall
FAIL: g++.dg/debug/dwarf2/icf.C scan-assembler New caller
FAIL: g++.dg/debug/dwarf2/icf.C scan-assembler Caller DIE offset
FAIL: g++.dg/debug/dwarf2/icf.C scan-assembler Callee DIE offset
FAIL: g++.dg/abi/packed1.C (test for excess errors)
FAIL: g++.dg/cpp/_Pragma1.C (test for excess errors)
FAIL: g++.dg/opt/longbranch1.C (test for excess errors)
FAIL: g++.dg/other/anon5.C undefined (test for warnings, line )
FAIL: g++.dg/other/anon5.C (test for excess errors)
FAIL: g++.dg/lto/20081109-1 cp_lto_20081109-1_0.o-cp_lto_20081109-1_0.o link
UNRESOLVED: g++.dg/lto/20081109-1 cp_lto_20081109-1_0.o-cp_lto_20081109-1_0.o execute -fPIC -fwhopr
FAIL: g++.dg/lto/20081109 cp_lto_20081109_0.o-cp_lto_20081109_1.o link
UNRESOLVED: g++.dg/lto/20081109 cp_lto_20081109_0.o-cp_lto_20081109_1.o execute -O0 -fwhopr
FAIL: g++.dg/lto/20081109 cp_lto_20081109_0.o-cp_lto_20081109_1.o link
UNRESOLVED: g++.dg/lto/20081109 cp_lto_20081109_0.o-cp_lto_20081109_1.o execute -O2 -fwhopr
FAIL: g++.dg/lto/20081109 cp_lto_20081109_0.o-cp_lto_20081109_1.o link
UNRESOLVED: g++.dg/lto/20081109 cp_lto_20081109_0.o-cp_lto_20081109_1.o execute -O0 -flto
FAIL: g++.dg/lto/20081109 cp_lto_20081109_0.o-cp_lto_20081109_1.o link
UNRESOLVED: g++.dg/lto/20081109 cp_lto_20081109_0.o-cp_lto_20081109_1.o execute -O2 -flto
FAIL: g++.dg/lto/20081118 cp_lto_20081118_0.o-cp_lto_20081118_1.o link
UNRESOLVED: g++.dg/lto/20081118 cp_lto_20081118_0.o-cp_lto_20081118_1.o execute -fPIC -fwhopr -r -nostdlib
FAIL: g++.dg/lto/20081119-1 cp_lto_20081119-1_0.o-cp_lto_20081119-1_1.o link
UNRESOLVED: g++.dg/lto/20081119-1 cp_lto_20081119-1_0.o-cp_lto_20081119-1_1.o execute -fPIC -fwhopr -r -nostdlib
FAIL: g++.dg/lto/20081120-1 cp_lto_20081120-1_0.o-cp_lto_20081120-1_1.o link
UNRESOLVED: g++.dg/lto/20081120-1 cp_lto_20081120-1_0.o-cp_lto_20081120-1_1.o execute -flto -r -nostdlib
FAIL: g++.dg/lto/20081120-2 cp_lto_20081120-2_0.o-cp_lto_20081120-2_1.o link
UNRESOLVED: g++.dg/lto/20081120-2 cp_lto_20081120-2_0.o-cp_lto_20081120-2_1.o execute -flto -r -nostdlib
FAIL: g++.dg/lto/20081123 cp_lto_20081123_0.o-cp_lto_20081123_1.o link
UNRESOLVED: g++.dg/lto/20081123 cp_lto_20081123_0.o-cp_lto_20081123_1.o execute -fwhopr -r -nostdlib -fPIC
FAIL: g++.dg/lto/20081204-1 cp_lto_20081204-1_0.o-cp_lto_20081204-1_1.o link
UNRESOLVED: g++.dg/lto/20081204-1 cp_lto_20081204-1_0.o-cp_lto_20081204-1_1.o execute -fwhopr -fPIC -r -nostdlib
FAIL: g++.dg/lto/20081204-2 cp_lto_20081204-2_0.o-cp_lto_20081204-2_1.o link
UNRESOLVED: g++.dg/lto/20081204-2 cp_lto_20081204-2_0.o-cp_lto_20081204-2_1.o execute -fwhopr -O3
FAIL: g++.dg/lto/20081219 cp_lto_20081219_0.o-cp_lto_20081219_1.o link
UNRESOLVED: g++.dg/lto/20081219 cp_lto_20081219_0.o-cp_lto_20081219_1.o execute -fPIC -fwhopr -O2
FAIL: g++.dg/lto/20090302 cp_lto_20090302_0.o-cp_lto_20090302_1.o link
UNRESOLVED: g++.dg/lto/20090302 cp_lto_20090302_0.o-cp_lto_20090302_1.o execute -fPIC -fwhopr -r -nostdlib
FAIL: g++.dg/lto/20090313 cp_lto_20090313_0.o-cp_lto_20090313_1.o link
UNRESOLVED: g++.dg/lto/20090313 cp_lto_20090313_0.o-cp_lto_20090313_1.o execute -fwhopr -fPIC
FAIL: g++.dg/lto/20091002-1 cp_lto_20091002-1_0.o-cp_lto_20091002-1_0.o link
UNRESOLVED: g++.dg/lto/20091002-1 cp_lto_20091002-1_0.o-cp_lto_20091002-1_0.o execute -fPIC -flto
FAIL: g++.dg/lto/20091002-2 cp_lto_20091002-2_0.o-cp_lto_20091002-2_0.o link
UNRESOLVED: g++.dg/lto/20091002-2 cp_lto_20091002-2_0.o-cp_lto_20091002-2_0.o execute -fPIC
FAIL: g++.dg/lto/20091002-3 cp_lto_20091002-3_0.o-cp_lto_20091002-3_0.o link
UNRESOLVED: g++.dg/lto/20091002-3 cp_lto_20091002-3_0.o-cp_lto_20091002-3_0.o execute -fPIC
FAIL: g++.dg/lto/20091022-2 cp_lto_20091022-2_0.o-cp_lto_20091022-2_0.o link
UNRESOLVED: g++.dg/lto/20091022-2 cp_lto_20091022-2_0.o-cp_lto_20091022-2_0.o execute -O3 -flto -Winline
FAIL: g++.dg/lto/20091026-1 cp_lto_20091026-1_0.o-cp_lto_20091026-1_1.o link
UNRESOLVED: g++.dg/lto/20091026-1 cp_lto_20091026-1_0.o-cp_lto_20091026-1_1.o execute -O0 -fwhopr
FAIL: g++.dg/lto/20091026-1 cp_lto_20091026-1_0.o-cp_lto_20091026-1_1.o link
UNRESOLVED: g++.dg/lto/20091026-1 cp_lto_20091026-1_0.o-cp_lto_20091026-1_1.o execute -O2 -fwhopr
FAIL: g++.dg/lto/20091026-1 cp_lto_20091026-1_0.o-cp_lto_20091026-1_1.o link
UNRESOLVED: g++.dg/lto/20091026-1 cp_lto_20091026-1_0.o-cp_lto_20091026-1_1.o execute -O0 -flto
FAIL: g++.dg/lto/20091026-1 cp_lto_20091026-1_0.o-cp_lto_20091026-1_1.o link
UNRESOLVED: g++.dg/lto/20091026-1 cp_lto_20091026-1_0.o-cp_lto_20091026-1_1.o execute -O2 -flto
FAIL: g++.dg/special/conpr-1.C execution test
FAIL: g++.dg/special/conpr-2.C execution test
FAIL: g++.dg/special/conpr-3.C execution test
FAIL: g++.dg/special/conpr-4.C execution test
FAIL: g++.dg/special/initp1.C execution test
FAIL: g++.dg/special/initpri1.C execution test
FAIL: g++.dg/torture/pr33572.C -O2 -flto (test for excess errors)
WARNING: g++.dg/torture/pr33572.C -O2 -flto compilation failed to produce executable
FAIL: g++.dg/torture/pr33572.C -O2 -fwhopr (test for excess errors)
WARNING: g++.dg/torture/pr33572.C -O2 -fwhopr compilation failed to produce executable
FAIL: g++.dg/tree-prof/partition1.C compilation, -g -fprofile-use
UNRESOLVED: g++.dg/tree-prof/partition1.C execution, -g -fprofile-use
FAIL: g++.dg/tree-prof/partition1.C compilation, -O0 -fprofile-use
UNRESOLVED: g++.dg/tree-prof/partition1.C execution, -O0 -fprofile-use
FAIL: g++.dg/tree-prof/partition1.C compilation, -O1 -fprofile-use
UNRESOLVED: g++.dg/tree-prof/partition1.C execution, -O1 -fprofile-use
FAIL: g++.dg/tree-prof/partition1.C compilation, -O2 -fprofile-use
UNRESOLVED: g++.dg/tree-prof/partition1.C execution, -O2 -fprofile-use
FAIL: g++.dg/tree-prof/partition1.C compilation, -O3 -fprofile-use
UNRESOLVED: g++.dg/tree-prof/partition1.C execution, -O3 -fprofile-use
FAIL: g++.dg/tree-prof/partition1.C compilation, -O3 -g -fprofile-use
UNRESOLVED: g++.dg/tree-prof/partition1.C execution, -O3 -g -fprofile-use
FAIL: g++.dg/tree-prof/partition1.C compilation, -Os -fprofile-use
UNRESOLVED: g++.dg/tree-prof/partition1.C execution, -Os -fprofile-use
XPASS: g++.old-deja/g++.other/init19.C execution test
=== g++ Summary for unix/-mabi=64 ===
# of expected passes 21523
# of unexpected successes 1
# of unexpected failures 55
# of expected failures 151
# of unresolved testcases 38
# of unsupported tests 273
=== g++ Summary ===
# of expected passes 64646
# of unexpected failures 167
# of unexpected successes 3
# of expected failures 453
# of unresolved testcases 113
# of unsupported tests 817
/vol/gcc/obj/regression/trunk/6.5-gcc/build/gcc/testsuite/g++/../../g++ version 4.5.0 20100301 (experimental) (GCC)
=== gcc tests ===
Running target unix
FAIL: gcc.c-torture/compile/20001226-1.c -O3 -g (test for excess errors)
WARNING: program timed out.
FAIL: tmpdir-gcc.dg-struct-layout-1/t002 c_compat_x_tst.o-c_compat_y_tst.o link
UNRESOLVED: tmpdir-gcc.dg-struct-layout-1/t002 c_compat_x_tst.o-c_compat_y_tst.o execute
FAIL: tmpdir-gcc.dg-struct-layout-1/t003 c_compat_x_tst.o-c_compat_y_tst.o link
UNRESOLVED: tmpdir-gcc.dg-struct-layout-1/t003 c_compat_x_tst.o-c_compat_y_tst.o execute
FAIL: tmpdir-gcc.dg-struct-layout-1/t006 c_compat_x_tst.o-c_compat_y_tst.o link
UNRESOLVED: tmpdir-gcc.dg-struct-layout-1/t006 c_compat_x_tst.o-c_compat_y_tst.o execute
FAIL: tmpdir-gcc.dg-struct-layout-1/t024 c_compat_x_tst.o-c_compat_y_tst.o link
UNRESOLVED: tmpdir-gcc.dg-struct-layout-1/t024 c_compat_x_tst.o-c_compat_y_tst.o execute
FAIL: tmpdir-gcc.dg-struct-layout-1/t025 c_compat_x_tst.o-c_compat_y_tst.o link
UNRESOLVED: tmpdir-gcc.dg-struct-layout-1/t025 c_compat_x_tst.o-c_compat_y_tst.o execute
FAIL: tmpdir-gcc.dg-struct-layout-1/t026 c_compat_x_tst.o-c_compat_y_tst.o link
UNRESOLVED: tmpdir-gcc.dg-struct-layout-1/t026 c_compat_x_tst.o-c_compat_y_tst.o execute
FAIL: tmpdir-gcc.dg-struct-layout-1/t027 c_compat_x_tst.o-c_compat_y_tst.o link
UNRESOLVED: tmpdir-gcc.dg-struct-layout-1/t027 c_compat_x_tst.o-c_compat_y_tst.o execute
FAIL: tmpdir-gcc.dg-struct-layout-1/t028 c_compat_x_tst.o-c_compat_y_tst.o link
UNRESOLVED: tmpdir-gcc.dg-struct-layout-1/t028 c_compat_x_tst.o-c_compat_y_tst.o execute
FAIL: gcc.dg/attr-alias-5.c (test for errors, line 8)
FAIL: gcc.dg/attr-alias-5.c (test for excess errors)
FAIL: gcc.dg/initpri1.c execution test
FAIL: gcc.dg/pr34668-1.c (internal compiler error)
FAIL: gcc.dg/pr34668-1.c (test for excess errors)
FAIL: gcc.dg/pthread-init-1.c (test for excess errors)
FAIL: gcc.dg/pthread-init-2.c (test for excess errors)
FAIL: gcc.dg/ucnid-13.c (test for warnings, line 6)
FAIL: gcc.dg/ucnid-13.c (test for warnings, line 9)
FAIL: gcc.dg/ucnid-13.c (test for warnings, line 11)
FAIL: gcc.dg/ucnid-13.c (test for errors, line 13)
FAIL: gcc.dg/ucnid-13.c (test for excess errors)
FAIL: gcc.dg/ucnid-7.c (test for errors, line 6)
FAIL: gcc.dg/ucnid-7.c (test for excess errors)
FAIL: gcc.dg/ucnid-8.c (test for errors, line 6)
FAIL: gcc.dg/ucnid-8.c (test for errors, line 7)
FAIL: gcc.dg/ucnid-8.c (test for warnings, line 9)
FAIL: gcc.dg/ucnid-8.c (test for errors, line 11)
FAIL: gcc.dg/ucnid-8.c UCN diag (test for warnings, line 13)
FAIL: gcc.dg/ucnid-8.c (test for excess errors)
FAIL: gcc.dg/lto/20081112 c_lto_20081112_0.o-c_lto_20081112_1.o link
UNRESOLVED: gcc.dg/lto/20081112 c_lto_20081112_0.o-c_lto_20081112_1.o execute -O2 -fwhopr
FAIL: gcc.dg/lto/20081120-1 c_lto_20081120-1_0.o-c_lto_20081120-1_1.o link
UNRESOLVED: gcc.dg/lto/20081120-1 c_lto_20081120-1_0.o-c_lto_20081120-1_1.o execute -flto -r -nostdlib
FAIL: gcc.dg/lto/20081120-2 c_lto_20081120-2_0.o-c_lto_20081120-2_1.o link
UNRESOLVED: gcc.dg/lto/20081120-2 c_lto_20081120-2_0.o-c_lto_20081120-2_1.o execute -fwhopr -r -nostdlib
FAIL: gcc.dg/lto/20081202-2 c_lto_20081202-2_0.o-c_lto_20081202-2_1.o link
UNRESOLVED: gcc.dg/lto/20081202-2 c_lto_20081202-2_0.o-c_lto_20081202-2_1.o execute -fwhopr -O3
FAIL: gcc.dg/lto/20081204-1 c_lto_20081204-1_0.o-c_lto_20081204-1_1.o link
UNRESOLVED: gcc.dg/lto/20081204-1 c_lto_20081204-1_0.o-c_lto_20081204-1_1.o execute -fwhopr -fPIC -r -nostdlib
FAIL: gcc.dg/lto/20081212-1 c_lto_20081212-1_0.o-c_lto_20081212-1_0.o link
UNRESOLVED: gcc.dg/lto/20081212-1 c_lto_20081212-1_0.o-c_lto_20081212-1_0.o execute -r -nostdlib
FAIL: scan-symbol exported_var: dump file does not exist
FAIL: gcc.dg/lto/20081222 c_lto_20081222_1.o assemble, -O0 -fwhopr
FAIL: gcc.dg/lto/20081222 c_lto_20081222_0.o-c_lto_20081222_1.o link
UNRESOLVED: gcc.dg/lto/20081222 c_lto_20081222_0.o-c_lto_20081222_1.o execute -O0 -fwhopr
FAIL: gcc.dg/lto/20081222 c_lto_20081222_1.o assemble, -O2 -fwhopr
FAIL: gcc.dg/lto/20081222 c_lto_20081222_0.o-c_lto_20081222_1.o link
UNRESOLVED: gcc.dg/lto/20081222 c_lto_20081222_0.o-c_lto_20081222_1.o execute -O2 -fwhopr
FAIL: gcc.dg/lto/20081222 c_lto_20081222_1.o assemble, -O0 -flto
FAIL: gcc.dg/lto/20081222 c_lto_20081222_0.o-c_lto_20081222_1.o link
UNRESOLVED: gcc.dg/lto/20081222 c_lto_20081222_0.o-c_lto_20081222_1.o execute -O0 -flto
FAIL: gcc.dg/lto/20081222 c_lto_20081222_1.o assemble, -O2 -flto
FAIL: gcc.dg/lto/20081222 c_lto_20081222_0.o-c_lto_20081222_1.o link
UNRESOLVED: gcc.dg/lto/20081222 c_lto_20081222_0.o-c_lto_20081222_1.o execute -O2 -flto
FAIL: gcc.dg/lto/20081224 c_lto_20081224_0.o-c_lto_20081224_1.o link
UNRESOLVED: gcc.dg/lto/20081224 c_lto_20081224_0.o-c_lto_20081224_1.o execute -fwhopr -r -nostdlib -fPIC
FAIL: gcc.dg/lto/20090116 c_lto_20090116_0.o-c_lto_20090116_0.o link
UNRESOLVED: gcc.dg/lto/20090116 c_lto_20090116_0.o-c_lto_20090116_0.o execute -O1 -fwhopr -fPIC
FAIL: gcc.dg/lto/20090126-1 c_lto_20090126-1_0.o-c_lto_20090126-1_0.o link
UNRESOLVED: gcc.dg/lto/20090126-1 c_lto_20090126-1_0.o-c_lto_20090126-1_0.o execute -O0 -fwhopr
FAIL: gcc.dg/lto/20090126-2 c_lto_20090126-2_0.o-c_lto_20090126-2_0.o link
UNRESOLVED: gcc.dg/lto/20090126-2 c_lto_20090126-2_0.o-c_lto_20090126-2_0.o execute -fPIC -O2 -fwhopr
FAIL: gcc.dg/lto/20090210 c_lto_20090210_0.o-c_lto_20090210_1.o link
UNRESOLVED: gcc.dg/lto/20090210 c_lto_20090210_0.o-c_lto_20090210_1.o execute -O0 -fwhopr
FAIL: gcc.dg/lto/20090210 c_lto_20090210_0.o-c_lto_20090210_1.o link
UNRESOLVED: gcc.dg/lto/20090210 c_lto_20090210_0.o-c_lto_20090210_1.o execute -O2 -fwhopr
FAIL: gcc.dg/lto/20090210 c_lto_20090210_0.o-c_lto_20090210_1.o link
UNRESOLVED: gcc.dg/lto/20090210 c_lto_20090210_0.o-c_lto_20090210_1.o execute -O0 -flto
FAIL: gcc.dg/lto/20090210 c_lto_20090210_0.o-c_lto_20090210_1.o link
UNRESOLVED: gcc.dg/lto/20090210 c_lto_20090210_0.o-c_lto_20090210_1.o execute -O2 -flto
FAIL: gcc.dg/lto/20090218-1 c_lto_20090218-1_0.o-c_lto_20090218-1_1.o link
UNRESOLVED: gcc.dg/lto/20090218-1 c_lto_20090218-1_0.o-c_lto_20090218-1_1.o execute -O0 -fwhopr
FAIL: gcc.dg/lto/20090219 c_lto_20090219_0.o-c_lto_20090219_0.o link
UNRESOLVED: gcc.dg/lto/20090219 c_lto_20090219_0.o-c_lto_20090219_0.o execute -O3 -fwhopr -fPIC -r -nostdlib
FAIL: gcc.dg/lto/20091013-1 c_lto_20091013-1_0.o-c_lto_20091013-1_2.o link
UNRESOLVED: gcc.dg/lto/20091013-1 c_lto_20091013-1_0.o-c_lto_20091013-1_2.o execute -fPIC -r -nostdlib -flto
FAIL: gcc.dg/lto/20091013-1 c_lto_20091013-1_0.o-c_lto_20091013-1_2.o link
UNRESOLVED: gcc.dg/lto/20091013-1 c_lto_20091013-1_0.o-c_lto_20091013-1_2.o execute -fPIC -r -nostdlib -O2 -flto
FAIL: gcc.dg/lto/20091014-1 c_lto_20091014-1_0.o-c_lto_20091014-1_0.o link
UNRESOLVED: gcc.dg/lto/20091014-1 c_lto_20091014-1_0.o-c_lto_20091014-1_0.o execute -fPIC -r -nostdlib -flto
FAIL: gcc.dg/lto/20091015-1 c_lto_20091015-1_0.o-c_lto_20091015-1_2.o link
UNRESOLVED: gcc.dg/lto/20091015-1 c_lto_20091015-1_0.o-c_lto_20091015-1_2.o execute -fPIC -r -nostdlib -O2 -flto
FAIL: gcc.dg/lto/20091015-1 c_lto_20091015-1_0.o-c_lto_20091015-1_2.o link
UNRESOLVED: gcc.dg/lto/20091015-1 c_lto_20091015-1_0.o-c_lto_20091015-1_2.o execute -fPIC -r -nostdlib -O2 -fwhopr
FAIL: gcc.dg/lto/20091016-1 c_lto_20091016-1_0.o-c_lto_20091016-1_1.o link
UNRESOLVED: gcc.dg/lto/20091016-1 c_lto_20091016-1_0.o-c_lto_20091016-1_1.o execute -fPIC -r -nostdlib -O2 -flto
FAIL: gcc.dg/lto/20091020-1 c_lto_20091020-1_0.o-c_lto_20091020-1_1.o link
UNRESOLVED: gcc.dg/lto/20091020-1 c_lto_20091020-1_0.o-c_lto_20091020-1_1.o execute -fPIC -r -nostdlib -flto
FAIL: gcc.dg/lto/20091020-2 c_lto_20091020-2_0.o-c_lto_20091020-2_1.o link
UNRESOLVED: gcc.dg/lto/20091020-2 c_lto_20091020-2_0.o-c_lto_20091020-2_1.o execute -fPIC -r -nostdlib -flto
FAIL: gcc.dg/lto/20091027-1 c_lto_20091027-1_0.o-c_lto_20091027-1_1.o link
UNRESOLVED: gcc.dg/lto/20091027-1 c_lto_20091027-1_0.o-c_lto_20091027-1_1.o execute -O0 -fwhopr
FAIL: gcc.dg/lto/20091027-1 c_lto_20091027-1_0.o-c_lto_20091027-1_1.o link
UNRESOLVED: gcc.dg/lto/20091027-1 c_lto_20091027-1_0.o-c_lto_20091027-1_1.o execute -O2 -fwhopr
FAIL: gcc.dg/lto/20091027-1 c_lto_20091027-1_0.o-c_lto_20091027-1_1.o link
UNRESOLVED: gcc.dg/lto/20091027-1 c_lto_20091027-1_0.o-c_lto_20091027-1_1.o execute -O0 -flto
FAIL: gcc.dg/lto/20091027-1 c_lto_20091027-1_0.o-c_lto_20091027-1_1.o link
UNRESOLVED: gcc.dg/lto/20091027-1 c_lto_20091027-1_0.o-c_lto_20091027-1_1.o execute -O2 -flto
FAIL: gcc.dg/torture/20090618-1.c -O1 (test for excess errors)
WARNING: gcc.dg/torture/20090618-1.c -O1 compilation failed to produce executable
FAIL: gcc.dg/torture/20090618-1.c -O2 (test for excess errors)
WARNING: gcc.dg/torture/20090618-1.c -O2 compilation failed to produce executable
FAIL: gcc.dg/torture/20090618-1.c -O3 -fomit-frame-pointer (test for excess errors)
WARNING: gcc.dg/torture/20090618-1.c -O3 -fomit-frame-pointer compilation failed to produce executable
FAIL: gcc.dg/torture/20090618-1.c -O3 -g (test for excess errors)
WARNING: gcc.dg/torture/20090618-1.c -O3 -g compilation failed to produce executable
FAIL: gcc.dg/torture/20090618-1.c -O2 -flto (test for excess errors)
WARNING: gcc.dg/torture/20090618-1.c -O2 -flto compilation failed to produce executable
FAIL: gcc.dg/torture/20090618-1.c -O2 -fwhopr (test for excess errors)
WARNING: gcc.dg/torture/20090618-1.c -O2 -fwhopr compilation failed to produce executable
FAIL: gcc.dg/torture/builtin-modf-1.c -O0 (test for excess errors)
FAIL: gcc.dg/torture/builtin-modf-1.c -O1 (test for excess errors)
FAIL: gcc.dg/torture/builtin-modf-1.c -O2 (test for excess errors)
FAIL: gcc.dg/torture/builtin-modf-1.c -O3 -fomit-frame-pointer (test for excess errors)
FAIL: gcc.dg/torture/builtin-modf-1.c -O3 -fomit-frame-pointer -funroll-loops (test for excess errors)
FAIL: gcc.dg/torture/builtin-modf-1.c -O3 -fomit-frame-pointer -funroll-all-loops -finline-functions (test for excess errors)
FAIL: gcc.dg/torture/builtin-modf-1.c -O3 -g (test for excess errors)
FAIL: gcc.dg/torture/builtin-modf-1.c -Os (test for excess errors)
FAIL: gcc.dg/torture/builtin-modf-1.c -O2 -flto (test for excess errors)
FAIL: gcc.dg/torture/builtin-modf-1.c -O2 -fwhopr (test for excess errors)
FAIL: gcc.target/mips/call-3.c (test for excess errors)
FAIL: gcc.target/mips/extend-1.c scan-assembler-times \\tdsll\\t 5
FAIL: gcc.target/mips/extend-1.c scan-assembler-times \\tdsra\\t 5
FAIL: gcc.target/mips/octeon-exts-6.c scan-assembler-times \\texts\\t 5
FAIL: gcc.target/mips/save-restore-1.c (internal compiler error)
FAIL: gcc.target/mips/save-restore-1.c (test for excess errors)
ERROR: gcc.target/mips/save-restore-1.c: error executing dg-final: couldn't open "save-restore-1.s": no such file or directory
UNRESOLVED: gcc.target/mips/save-restore-1.c: error executing dg-final: couldn't open "save-restore-1.s": no such file or directory
FAIL: gcc.target/mips/save-restore-3.c (internal compiler error)
FAIL: gcc.target/mips/save-restore-3.c (test for excess errors)
ERROR: gcc.target/mips/save-restore-3.c: error executing dg-final: couldn't open "save-restore-3.s": no such file or directory
UNRESOLVED: gcc.target/mips/save-restore-3.c: error executing dg-final: couldn't open "save-restore-3.s": no such file or directory
FAIL: gcc.target/mips/save-restore-4.c (internal compiler error)
FAIL: gcc.target/mips/save-restore-4.c (test for excess errors)
ERROR: gcc.target/mips/save-restore-4.c: error executing dg-final: couldn't open "save-restore-4.s": no such file or directory
UNRESOLVED: gcc.target/mips/save-restore-4.c: error executing dg-final: couldn't open "save-restore-4.s": no such file or directory
FAIL: gcc.target/mips/save-restore-5.c (internal compiler error)
FAIL: gcc.target/mips/save-restore-5.c (test for excess errors)
=== gcc Summary for unix ===
# of expected passes 63511
# of unexpected failures 94
# of expected failures 84
# of unresolved testcases 43
# of unsupported tests 748
Running target unix/-mabi=32
FAIL: gcc.c-torture/compile/20001226-1.c -O3 -g (test for excess errors)
WARNING: program timed out.
WARNING: program timed out.
FAIL: gcc.c-torture/unsorted/dump-noaddr.c, -O2 -fwhopr -dumpbase dump1/dump-noaddr.c -DMASK=1 -x c --param ggc-min-heapsize=1 -fdump-ipa-all -fdump-rtl-all -fdump-tree-all -fdump-noaddr
FAIL: gcc.c-torture/unsorted/dump-noaddr.c.000i.cgraph, -O2 -fwhopr comparison
FAIL: gcc.c-torture/unsorted/dump-noaddr.c.175r.combine, -O2 -fwhopr comparison
FAIL: gcc.c-torture/unsorted/dump-noaddr.c.202r.split4, -O2 -fwhopr comparison
FAIL: gcc.c-torture/unsorted/dump-noaddr.c.203r.sched2, -O2 -fwhopr comparison
FAIL: gcc.c-torture/unsorted/dump-noaddr.c.206r.alignments, -O2 -fwhopr comparison
FAIL: gcc.c-torture/unsorted/dump-noaddr.c.207r.compgotos, -O2 -fwhopr comparison
FAIL: gcc.c-torture/unsorted/dump-noaddr.c.209r.mach, -O2 -fwhopr comparison
FAIL: gcc.c-torture/unsorted/dump-noaddr.c.210r.barriers, -O2 -fwhopr comparison
FAIL: gcc.c-torture/unsorted/dump-noaddr.c.212r.split5, -O2 -fwhopr comparison
FAIL: gcc.c-torture/unsorted/dump-noaddr.c.214r.shorten, -O2 -fwhopr comparison
FAIL: gcc.c-torture/unsorted/dump-noaddr.c.215r.nothrow, -O2 -fwhopr comparison
FAIL: gcc.c-torture/unsorted/dump-noaddr.c.216r.final, -O2 -fwhopr comparison
FAIL: gcc.c-torture/unsorted/dump-noaddr.c.217r.dfinish, -O2 -fwhopr comparison
FAIL: gcc.c-torture/unsorted/dump-noaddr.c.218t.statistics, -O2 -fwhopr comparison
FAIL: tmpdir-gcc.dg-struct-layout-1/t002 c_compat_x_tst.o-c_compat_y_tst.o link
UNRESOLVED: tmpdir-gcc.dg-struct-layout-1/t002 c_compat_x_tst.o-c_compat_y_tst.o execute
FAIL: tmpdir-gcc.dg-struct-layout-1/t003 c_compat_x_tst.o-c_compat_y_tst.o link
UNRESOLVED: tmpdir-gcc.dg-struct-layout-1/t003 c_compat_x_tst.o-c_compat_y_tst.o execute
FAIL: tmpdir-gcc.dg-struct-layout-1/t005 c_compat_x_tst.o-c_compat_y_tst.o link
UNRESOLVED: tmpdir-gcc.dg-struct-layout-1/t005 c_compat_x_tst.o-c_compat_y_tst.o execute
FAIL: tmpdir-gcc.dg-struct-layout-1/t024 c_compat_x_tst.o-c_compat_y_tst.o link
UNRESOLVED: tmpdir-gcc.dg-struct-layout-1/t024 c_compat_x_tst.o-c_compat_y_tst.o execute
FAIL: tmpdir-gcc.dg-struct-layout-1/t025 c_compat_x_tst.o-c_compat_y_tst.o link
UNRESOLVED: tmpdir-gcc.dg-struct-layout-1/t025 c_compat_x_tst.o-c_compat_y_tst.o execute
FAIL: tmpdir-gcc.dg-struct-layout-1/t026 c_compat_x_tst.o-c_compat_y_tst.o link
UNRESOLVED: tmpdir-gcc.dg-struct-layout-1/t026 c_compat_x_tst.o-c_compat_y_tst.o execute
FAIL: tmpdir-gcc.dg-struct-layout-1/t027 c_compat_x_tst.o-c_compat_y_tst.o link
UNRESOLVED: tmpdir-gcc.dg-struct-layout-1/t027 c_compat_x_tst.o-c_compat_y_tst.o execute
FAIL: tmpdir-gcc.dg-struct-layout-1/t028 c_compat_x_tst.o-c_compat_y_tst.o link
UNRESOLVED: tmpdir-gcc.dg-struct-layout-1/t028 c_compat_x_tst.o-c_compat_y_tst.o execute
FAIL: gcc.dg/attr-alias-5.c (test for errors, line 8)
FAIL: gcc.dg/attr-alias-5.c (test for excess errors)
FAIL: gcc.dg/initpri1.c execution test
FAIL: gcc.dg/pr27095.c scan-assembler-not (?n)strlen(.*\\n)+.*strlen
FAIL: gcc.dg/pr34668-1.c (internal compiler error)
FAIL: gcc.dg/pr34668-1.c (test for excess errors)
FAIL: gcc.dg/pthread-init-1.c (test for excess errors)
FAIL: gcc.dg/pthread-init-2.c (test for excess errors)
FAIL: gcc.dg/ucnid-13.c (test for warnings, line 6)
FAIL: gcc.dg/ucnid-13.c (test for warnings, line 9)
FAIL: gcc.dg/ucnid-13.c (test for warnings, line 11)
FAIL: gcc.dg/ucnid-13.c (test for errors, line 13)
FAIL: gcc.dg/ucnid-13.c (test for excess errors)
FAIL: gcc.dg/ucnid-7.c (test for errors, line 6)
FAIL: gcc.dg/ucnid-7.c (test for excess errors)
FAIL: gcc.dg/ucnid-8.c (test for errors, line 6)
FAIL: gcc.dg/ucnid-8.c (test for errors, line 7)
FAIL: gcc.dg/ucnid-8.c (test for warnings, line 9)
FAIL: gcc.dg/ucnid-8.c (test for errors, line 11)
FAIL: gcc.dg/ucnid-8.c UCN diag (test for warnings, line 13)
FAIL: gcc.dg/ucnid-8.c (test for excess errors)
FAIL: gcc.dg/lto/20081112 c_lto_20081112_0.o-c_lto_20081112_1.o link
UNRESOLVED: gcc.dg/lto/20081112 c_lto_20081112_0.o-c_lto_20081112_1.o execute -O2 -fwhopr
FAIL: gcc.dg/lto/20081120-1 c_lto_20081120-1_0.o-c_lto_20081120-1_1.o link
UNRESOLVED: gcc.dg/lto/20081120-1 c_lto_20081120-1_0.o-c_lto_20081120-1_1.o execute -flto -r -nostdlib
FAIL: gcc.dg/lto/20081120-2 c_lto_20081120-2_0.o-c_lto_20081120-2_1.o link
UNRESOLVED: gcc.dg/lto/20081120-2 c_lto_20081120-2_0.o-c_lto_20081120-2_1.o execute -fwhopr -r -nostdlib
FAIL: gcc.dg/lto/20081202-2 c_lto_20081202-2_0.o-c_lto_20081202-2_1.o link
UNRESOLVED: gcc.dg/lto/20081202-2 c_lto_20081202-2_0.o-c_lto_20081202-2_1.o execute -fwhopr -O3
FAIL: gcc.dg/lto/20081204-1 c_lto_20081204-1_0.o-c_lto_20081204-1_1.o link
UNRESOLVED: gcc.dg/lto/20081204-1 c_lto_20081204-1_0.o-c_lto_20081204-1_1.o execute -fwhopr -fPIC -r -nostdlib
FAIL: gcc.dg/lto/20081212-1 c_lto_20081212-1_0.o-c_lto_20081212-1_0.o link
UNRESOLVED: gcc.dg/lto/20081212-1 c_lto_20081212-1_0.o-c_lto_20081212-1_0.o execute -r -nostdlib
FAIL: scan-symbol exported_var: dump file does not exist
FAIL: gcc.dg/lto/20081222 c_lto_20081222_1.o assemble, -O0 -fwhopr
FAIL: gcc.dg/lto/20081222 c_lto_20081222_0.o-c_lto_20081222_1.o link
UNRESOLVED: gcc.dg/lto/20081222 c_lto_20081222_0.o-c_lto_20081222_1.o execute -O0 -fwhopr
FAIL: gcc.dg/lto/20081222 c_lto_20081222_1.o assemble, -O2 -fwhopr
FAIL: gcc.dg/lto/20081222 c_lto_20081222_0.o-c_lto_20081222_1.o link
UNRESOLVED: gcc.dg/lto/20081222 c_lto_20081222_0.o-c_lto_20081222_1.o execute -O2 -fwhopr
FAIL: gcc.dg/lto/20081222 c_lto_20081222_1.o assemble, -O0 -flto
FAIL: gcc.dg/lto/20081222 c_lto_20081222_0.o-c_lto_20081222_1.o link
UNRESOLVED: gcc.dg/lto/20081222 c_lto_20081222_0.o-c_lto_20081222_1.o execute -O0 -flto
FAIL: gcc.dg/lto/20081222 c_lto_20081222_1.o assemble, -O2 -flto
FAIL: gcc.dg/lto/20081222 c_lto_20081222_0.o-c_lto_20081222_1.o link
UNRESOLVED: gcc.dg/lto/20081222 c_lto_20081222_0.o-c_lto_20081222_1.o execute -O2 -flto
FAIL: gcc.dg/lto/20081224 c_lto_20081224_0.o-c_lto_20081224_1.o link
UNRESOLVED: gcc.dg/lto/20081224 c_lto_20081224_0.o-c_lto_20081224_1.o execute -fwhopr -r -nostdlib -fPIC
FAIL: gcc.dg/lto/20090116 c_lto_20090116_0.o-c_lto_20090116_0.o link
UNRESOLVED: gcc.dg/lto/20090116 c_lto_20090116_0.o-c_lto_20090116_0.o execute -O1 -fwhopr -fPIC
FAIL: gcc.dg/lto/20090126-1 c_lto_20090126-1_0.o-c_lto_20090126-1_0.o link
UNRESOLVED: gcc.dg/lto/20090126-1 c_lto_20090126-1_0.o-c_lto_20090126-1_0.o execute -O0 -fwhopr
FAIL: gcc.dg/lto/20090126-2 c_lto_20090126-2_0.o-c_lto_20090126-2_0.o link
UNRESOLVED: gcc.dg/lto/20090126-2 c_lto_20090126-2_0.o-c_lto_20090126-2_0.o execute -fPIC -O2 -fwhopr
FAIL: gcc.dg/lto/20090210 c_lto_20090210_0.o-c_lto_20090210_1.o link
UNRESOLVED: gcc.dg/lto/20090210 c_lto_20090210_0.o-c_lto_20090210_1.o execute -O0 -fwhopr
FAIL: gcc.dg/lto/20090210 c_lto_20090210_0.o-c_lto_20090210_1.o link
UNRESOLVED: gcc.dg/lto/20090210 c_lto_20090210_0.o-c_lto_20090210_1.o execute -O2 -fwhopr
FAIL: gcc.dg/lto/20090210 c_lto_20090210_0.o-c_lto_20090210_1.o link
UNRESOLVED: gcc.dg/lto/20090210 c_lto_20090210_0.o-c_lto_20090210_1.o execute -O0 -flto
FAIL: gcc.dg/lto/20090210 c_lto_20090210_0.o-c_lto_20090210_1.o link
UNRESOLVED: gcc.dg/lto/20090210 c_lto_20090210_0.o-c_lto_20090210_1.o execute -O2 -flto
FAIL: gcc.dg/lto/20090218-1 c_lto_20090218-1_0.o-c_lto_20090218-1_1.o link
UNRESOLVED: gcc.dg/lto/20090218-1 c_lto_20090218-1_0.o-c_lto_20090218-1_1.o execute -O0 -fwhopr
FAIL: gcc.dg/lto/20090219 c_lto_20090219_0.o-c_lto_20090219_0.o link
UNRESOLVED: gcc.dg/lto/20090219 c_lto_20090219_0.o-c_lto_20090219_0.o execute -O3 -fwhopr -fPIC -r -nostdlib
FAIL: gcc.dg/lto/20091013-1 c_lto_20091013-1_0.o-c_lto_20091013-1_2.o link
UNRESOLVED: gcc.dg/lto/20091013-1 c_lto_20091013-1_0.o-c_lto_20091013-1_2.o execute -fPIC -r -nostdlib -flto
FAIL: gcc.dg/lto/20091013-1 c_lto_20091013-1_0.o-c_lto_20091013-1_2.o link
UNRESOLVED: gcc.dg/lto/20091013-1 c_lto_20091013-1_0.o-c_lto_20091013-1_2.o execute -fPIC -r -nostdlib -O2 -flto
FAIL: gcc.dg/lto/20091014-1 c_lto_20091014-1_0.o-c_lto_20091014-1_0.o link
UNRESOLVED: gcc.dg/lto/20091014-1 c_lto_20091014-1_0.o-c_lto_20091014-1_0.o execute -fPIC -r -nostdlib -flto
FAIL: gcc.dg/lto/20091015-1 c_lto_20091015-1_0.o-c_lto_20091015-1_2.o link
UNRESOLVED: gcc.dg/lto/20091015-1 c_lto_20091015-1_0.o-c_lto_20091015-1_2.o execute -fPIC -r -nostdlib -O2 -flto
FAIL: gcc.dg/lto/20091015-1 c_lto_20091015-1_0.o-c_lto_20091015-1_2.o link
UNRESOLVED: gcc.dg/lto/20091015-1 c_lto_20091015-1_0.o-c_lto_20091015-1_2.o execute -fPIC -r -nostdlib -O2 -fwhopr
FAIL: gcc.dg/lto/20091016-1 c_lto_20091016-1_0.o-c_lto_20091016-1_1.o link
UNRESOLVED: gcc.dg/lto/20091016-1 c_lto_20091016-1_0.o-c_lto_20091016-1_1.o execute -fPIC -r -nostdlib -O2 -flto
FAIL: gcc.dg/lto/20091020-1 c_lto_20091020-1_0.o-c_lto_20091020-1_1.o link
UNRESOLVED: gcc.dg/lto/20091020-1 c_lto_20091020-1_0.o-c_lto_20091020-1_1.o execute -fPIC -r -nostdlib -flto
FAIL: gcc.dg/lto/20091020-2 c_lto_20091020-2_0.o-c_lto_20091020-2_1.o link
UNRESOLVED: gcc.dg/lto/20091020-2 c_lto_20091020-2_0.o-c_lto_20091020-2_1.o execute -fPIC -r -nostdlib -flto
FAIL: gcc.dg/lto/20091027-1 c_lto_20091027-1_0.o-c_lto_20091027-1_1.o link
UNRESOLVED: gcc.dg/lto/20091027-1 c_lto_20091027-1_0.o-c_lto_20091027-1_1.o execute -O0 -fwhopr
FAIL: gcc.dg/lto/20091027-1 c_lto_20091027-1_0.o-c_lto_20091027-1_1.o link
UNRESOLVED: gcc.dg/lto/20091027-1 c_lto_20091027-1_0.o-c_lto_20091027-1_1.o execute -O2 -fwhopr
FAIL: gcc.dg/lto/20091027-1 c_lto_20091027-1_0.o-c_lto_20091027-1_1.o link
UNRESOLVED: gcc.dg/lto/20091027-1 c_lto_20091027-1_0.o-c_lto_20091027-1_1.o execute -O0 -flto
FAIL: gcc.dg/lto/20091027-1 c_lto_20091027-1_0.o-c_lto_20091027-1_1.o link
UNRESOLVED: gcc.dg/lto/20091027-1 c_lto_20091027-1_0.o-c_lto_20091027-1_1.o execute -O2 -flto
FAIL: gcc.dg/torture/20090618-1.c -O1 (test for excess errors)
WARNING: gcc.dg/torture/20090618-1.c -O1 compilation failed to produce executable
FAIL: gcc.dg/torture/20090618-1.c -O2 (test for excess errors)
WARNING: gcc.dg/torture/20090618-1.c -O2 compilation failed to produce executable
FAIL: gcc.dg/torture/20090618-1.c -O3 -fomit-frame-pointer (test for excess errors)
WARNING: gcc.dg/torture/20090618-1.c -O3 -fomit-frame-pointer compilation failed to produce executable
FAIL: gcc.dg/torture/20090618-1.c -O3 -g (test for excess errors)
WARNING: gcc.dg/torture/20090618-1.c -O3 -g compilation failed to produce executable
FAIL: gcc.dg/torture/20090618-1.c -O2 -flto (test for excess errors)
WARNING: gcc.dg/torture/20090618-1.c -O2 -flto compilation failed to produce executable
FAIL: gcc.dg/torture/20090618-1.c -O2 -fwhopr (test for excess errors)
WARNING: gcc.dg/torture/20090618-1.c -O2 -fwhopr compilation failed to produce executable
FAIL: gcc.dg/tree-ssa/loop-1.c scan-assembler-times foo 5
FAIL: gcc.target/mips/call-3.c (test for excess errors)
FAIL: gcc.target/mips/extend-1.c scan-assembler-times \\tdsll\\t 5
FAIL: gcc.target/mips/extend-1.c scan-assembler-times \\tdsra\\t 5
FAIL: gcc.target/mips/mips16-attributes.c (test for excess errors)
FAIL: gcc.target/mips/mips16e-extends.c (internal compiler error)
FAIL: gcc.target/mips/mips16e-extends.c (test for excess errors)
ERROR: gcc.target/mips/mips16e-extends.c: error executing dg-final: couldn't open "mips16e-extends.s": no such file or directory
UNRESOLVED: gcc.target/mips/mips16e-extends.c: error executing dg-final: couldn't open "mips16e-extends.s": no such file or directory
FAIL: gcc.target/mips/octeon-exts-6.c scan-assembler-times \\texts\\t 5
FAIL: gcc.target/mips/save-restore-1.c (internal compiler error)
FAIL: gcc.target/mips/save-restore-1.c (test for excess errors)
ERROR: gcc.target/mips/save-restore-1.c: error executing dg-final: couldn't open "save-restore-1.s": no such file or directory
UNRESOLVED: gcc.target/mips/save-restore-1.c: error executing dg-final: couldn't open "save-restore-1.s": no such file or directory
FAIL: gcc.target/mips/save-restore-3.c (internal compiler error)
FAIL: gcc.target/mips/save-restore-3.c (test for excess errors)
ERROR: gcc.target/mips/save-restore-3.c: error executing dg-final: couldn't open "save-restore-3.s": no such file or directory
UNRESOLVED: gcc.target/mips/save-restore-3.c: error executing dg-final: couldn't open "save-restore-3.s": no such file or directory
FAIL: gcc.target/mips/save-restore-4.c (internal compiler error)
FAIL: gcc.target/mips/save-restore-4.c (test for excess errors)
ERROR: gcc.target/mips/save-restore-4.c: error executing dg-final: couldn't open "save-restore-4.s": no such file or directory
UNRESOLVED: gcc.target/mips/save-restore-4.c: error executing dg-final: couldn't open "save-restore-4.s": no such file or directory
FAIL: gcc.target/mips/save-restore-5.c (internal compiler error)
FAIL: gcc.target/mips/save-restore-5.c (test for excess errors)
=== gcc Summary for unix/-mabi=32 ===
# of expected passes 63475
# of unexpected failures 104
# of expected failures 84
# of unresolved testcases 44
# of unsupported tests 748
Running target unix/-mabi=64
FAIL: gcc.c-torture/compile/20001226-1.c -O3 -g (test for excess errors)
WARNING: program timed out.
FAIL: tmpdir-gcc.dg-struct-layout-1/t002 c_compat_x_tst.o-c_compat_y_tst.o link
UNRESOLVED: tmpdir-gcc.dg-struct-layout-1/t002 c_compat_x_tst.o-c_compat_y_tst.o execute
FAIL: tmpdir-gcc.dg-struct-layout-1/t003 c_compat_x_tst.o-c_compat_y_tst.o link
UNRESOLVED: tmpdir-gcc.dg-struct-layout-1/t003 c_compat_x_tst.o-c_compat_y_tst.o execute
FAIL: tmpdir-gcc.dg-struct-layout-1/t024 c_compat_x_tst.o-c_compat_y_tst.o link
UNRESOLVED: tmpdir-gcc.dg-struct-layout-1/t024 c_compat_x_tst.o-c_compat_y_tst.o execute
FAIL: tmpdir-gcc.dg-struct-layout-1/t025 c_compat_x_tst.o-c_compat_y_tst.o link
UNRESOLVED: tmpdir-gcc.dg-struct-layout-1/t025 c_compat_x_tst.o-c_compat_y_tst.o execute
FAIL: tmpdir-gcc.dg-struct-layout-1/t026 c_compat_x_tst.o-c_compat_y_tst.o link
UNRESOLVED: tmpdir-gcc.dg-struct-layout-1/t026 c_compat_x_tst.o-c_compat_y_tst.o execute
FAIL: tmpdir-gcc.dg-struct-layout-1/t027 c_compat_x_tst.o-c_compat_y_tst.o link
UNRESOLVED: tmpdir-gcc.dg-struct-layout-1/t027 c_compat_x_tst.o-c_compat_y_tst.o execute
FAIL: tmpdir-gcc.dg-struct-layout-1/t028 c_compat_x_tst.o-c_compat_y_tst.o link
UNRESOLVED: tmpdir-gcc.dg-struct-layout-1/t028 c_compat_x_tst.o-c_compat_y_tst.o execute
FAIL: gcc.dg/20021205-1.c (test for excess errors)
FAIL: gcc.dg/attr-alias-5.c (test for errors, line 8)
FAIL: gcc.dg/attr-alias-5.c (test for excess errors)
FAIL: gcc.dg/initpri1.c execution test
FAIL: gcc.dg/intmax_t-1.c (test for excess errors)
FAIL: gcc.dg/pr34668-1.c (internal compiler error)
FAIL: gcc.dg/pr34668-1.c (test for excess errors)
FAIL: gcc.dg/pthread-init-1.c (test for excess errors)
FAIL: gcc.dg/pthread-init-2.c (test for excess errors)
FAIL: gcc.dg/ucnid-13.c (test for warnings, line 6)
FAIL: gcc.dg/ucnid-13.c (test for warnings, line 9)
FAIL: gcc.dg/ucnid-13.c (test for warnings, line 11)
FAIL: gcc.dg/ucnid-13.c (test for errors, line 13)
FAIL: gcc.dg/ucnid-13.c (test for excess errors)
FAIL: gcc.dg/ucnid-7.c (test for errors, line 6)
FAIL: gcc.dg/ucnid-7.c (test for excess errors)
FAIL: gcc.dg/ucnid-8.c (test for errors, line 6)
FAIL: gcc.dg/ucnid-8.c (test for errors, line 7)
FAIL: gcc.dg/ucnid-8.c (test for warnings, line 9)
FAIL: gcc.dg/ucnid-8.c (test for errors, line 11)
FAIL: gcc.dg/ucnid-8.c UCN diag (test for warnings, line 13)
FAIL: gcc.dg/ucnid-8.c (test for excess errors)
FAIL: gcc.dg/lto/20081112 c_lto_20081112_0.o-c_lto_20081112_1.o link
UNRESOLVED: gcc.dg/lto/20081112 c_lto_20081112_0.o-c_lto_20081112_1.o execute -O2 -fwhopr
FAIL: gcc.dg/lto/20081120-1 c_lto_20081120-1_0.o-c_lto_20081120-1_1.o link
UNRESOLVED: gcc.dg/lto/20081120-1 c_lto_20081120-1_0.o-c_lto_20081120-1_1.o execute -flto -r -nostdlib
FAIL: gcc.dg/lto/20081120-2 c_lto_20081120-2_0.o-c_lto_20081120-2_1.o link
UNRESOLVED: gcc.dg/lto/20081120-2 c_lto_20081120-2_0.o-c_lto_20081120-2_1.o execute -fwhopr -r -nostdlib
FAIL: gcc.dg/lto/20081202-2 c_lto_20081202-2_0.o-c_lto_20081202-2_1.o link
UNRESOLVED: gcc.dg/lto/20081202-2 c_lto_20081202-2_0.o-c_lto_20081202-2_1.o execute -fwhopr -O3
FAIL: gcc.dg/lto/20081204-1 c_lto_20081204-1_0.o-c_lto_20081204-1_1.o link
UNRESOLVED: gcc.dg/lto/20081204-1 c_lto_20081204-1_0.o-c_lto_20081204-1_1.o execute -fwhopr -fPIC -r -nostdlib
FAIL: gcc.dg/lto/20081212-1 c_lto_20081212-1_0.o-c_lto_20081212-1_0.o link
UNRESOLVED: gcc.dg/lto/20081212-1 c_lto_20081212-1_0.o-c_lto_20081212-1_0.o execute -r -nostdlib
FAIL: scan-symbol exported_var: dump file does not exist
FAIL: gcc.dg/lto/20081222 c_lto_20081222_1.o assemble, -O0 -fwhopr
FAIL: gcc.dg/lto/20081222 c_lto_20081222_0.o-c_lto_20081222_1.o link
UNRESOLVED: gcc.dg/lto/20081222 c_lto_20081222_0.o-c_lto_20081222_1.o execute -O0 -fwhopr
FAIL: gcc.dg/lto/20081222 c_lto_20081222_1.o assemble, -O2 -fwhopr
FAIL: gcc.dg/lto/20081222 c_lto_20081222_0.o-c_lto_20081222_1.o link
UNRESOLVED: gcc.dg/lto/20081222 c_lto_20081222_0.o-c_lto_20081222_1.o execute -O2 -fwhopr
FAIL: gcc.dg/lto/20081222 c_lto_20081222_1.o assemble, -O0 -flto
FAIL: gcc.dg/lto/20081222 c_lto_20081222_0.o-c_lto_20081222_1.o link
UNRESOLVED: gcc.dg/lto/20081222 c_lto_20081222_0.o-c_lto_20081222_1.o execute -O0 -flto
FAIL: gcc.dg/lto/20081222 c_lto_20081222_1.o assemble, -O2 -flto
FAIL: gcc.dg/lto/20081222 c_lto_20081222_0.o-c_lto_20081222_1.o link
UNRESOLVED: gcc.dg/lto/20081222 c_lto_20081222_0.o-c_lto_20081222_1.o execute -O2 -flto
FAIL: gcc.dg/lto/20081224 c_lto_20081224_0.o-c_lto_20081224_1.o link
UNRESOLVED: gcc.dg/lto/20081224 c_lto_20081224_0.o-c_lto_20081224_1.o execute -fwhopr -r -nostdlib -fPIC
FAIL: gcc.dg/lto/20090116 c_lto_20090116_0.o-c_lto_20090116_0.o link
UNRESOLVED: gcc.dg/lto/20090116 c_lto_20090116_0.o-c_lto_20090116_0.o execute -O1 -fwhopr -fPIC
FAIL: gcc.dg/lto/20090126-1 c_lto_20090126-1_0.o-c_lto_20090126-1_0.o link
UNRESOLVED: gcc.dg/lto/20090126-1 c_lto_20090126-1_0.o-c_lto_20090126-1_0.o execute -O0 -fwhopr
FAIL: gcc.dg/lto/20090126-2 c_lto_20090126-2_0.o-c_lto_20090126-2_0.o link
UNRESOLVED: gcc.dg/lto/20090126-2 c_lto_20090126-2_0.o-c_lto_20090126-2_0.o execute -fPIC -O2 -fwhopr
FAIL: gcc.dg/lto/20090210 c_lto_20090210_0.o-c_lto_20090210_1.o link
UNRESOLVED: gcc.dg/lto/20090210 c_lto_20090210_0.o-c_lto_20090210_1.o execute -O0 -fwhopr
FAIL: gcc.dg/lto/20090210 c_lto_20090210_0.o-c_lto_20090210_1.o link
UNRESOLVED: gcc.dg/lto/20090210 c_lto_20090210_0.o-c_lto_20090210_1.o execute -O2 -fwhopr
FAIL: gcc.dg/lto/20090210 c_lto_20090210_0.o-c_lto_20090210_1.o link
UNRESOLVED: gcc.dg/lto/20090210 c_lto_20090210_0.o-c_lto_20090210_1.o execute -O0 -flto
FAIL: gcc.dg/lto/20090210 c_lto_20090210_0.o-c_lto_20090210_1.o link
UNRESOLVED: gcc.dg/lto/20090210 c_lto_20090210_0.o-c_lto_20090210_1.o execute -O2 -flto
FAIL: gcc.dg/lto/20090218-1 c_lto_20090218-1_0.o-c_lto_20090218-1_1.o link
UNRESOLVED: gcc.dg/lto/20090218-1 c_lto_20090218-1_0.o-c_lto_20090218-1_1.o execute -O0 -fwhopr
FAIL: gcc.dg/lto/20090219 c_lto_20090219_0.o-c_lto_20090219_0.o link
UNRESOLVED: gcc.dg/lto/20090219 c_lto_20090219_0.o-c_lto_20090219_0.o execute -O3 -fwhopr -fPIC -r -nostdlib
FAIL: gcc.dg/lto/20091013-1 c_lto_20091013-1_0.o-c_lto_20091013-1_2.o link
UNRESOLVED: gcc.dg/lto/20091013-1 c_lto_20091013-1_0.o-c_lto_20091013-1_2.o execute -fPIC -r -nostdlib -flto
FAIL: gcc.dg/lto/20091013-1 c_lto_20091013-1_0.o-c_lto_20091013-1_2.o link
UNRESOLVED: gcc.dg/lto/20091013-1 c_lto_20091013-1_0.o-c_lto_20091013-1_2.o execute -fPIC -r -nostdlib -O2 -flto
FAIL: gcc.dg/lto/20091014-1 c_lto_20091014-1_0.o-c_lto_20091014-1_0.o link
UNRESOLVED: gcc.dg/lto/20091014-1 c_lto_20091014-1_0.o-c_lto_20091014-1_0.o execute -fPIC -r -nostdlib -flto
FAIL: gcc.dg/lto/20091015-1 c_lto_20091015-1_0.o-c_lto_20091015-1_2.o link
UNRESOLVED: gcc.dg/lto/20091015-1 c_lto_20091015-1_0.o-c_lto_20091015-1_2.o execute -fPIC -r -nostdlib -O2 -flto
FAIL: gcc.dg/lto/20091015-1 c_lto_20091015-1_0.o-c_lto_20091015-1_2.o link
UNRESOLVED: gcc.dg/lto/20091015-1 c_lto_20091015-1_0.o-c_lto_20091015-1_2.o execute -fPIC -r -nostdlib -O2 -fwhopr
FAIL: gcc.dg/lto/20091016-1 c_lto_20091016-1_0.o-c_lto_20091016-1_1.o link
UNRESOLVED: gcc.dg/lto/20091016-1 c_lto_20091016-1_0.o-c_lto_20091016-1_1.o execute -fPIC -r -nostdlib -O2 -flto
FAIL: gcc.dg/lto/20091020-1 c_lto_20091020-1_0.o-c_lto_20091020-1_1.o link
UNRESOLVED: gcc.dg/lto/20091020-1 c_lto_20091020-1_0.o-c_lto_20091020-1_1.o execute -fPIC -r -nostdlib -flto
FAIL: gcc.dg/lto/20091020-2 c_lto_20091020-2_0.o-c_lto_20091020-2_1.o link
UNRESOLVED: gcc.dg/lto/20091020-2 c_lto_20091020-2_0.o-c_lto_20091020-2_1.o execute -fPIC -r -nostdlib -flto
FAIL: gcc.dg/lto/20091027-1 c_lto_20091027-1_0.o-c_lto_20091027-1_1.o link
UNRESOLVED: gcc.dg/lto/20091027-1 c_lto_20091027-1_0.o-c_lto_20091027-1_1.o execute -O0 -fwhopr
FAIL: gcc.dg/lto/20091027-1 c_lto_20091027-1_0.o-c_lto_20091027-1_1.o link
UNRESOLVED: gcc.dg/lto/20091027-1 c_lto_20091027-1_0.o-c_lto_20091027-1_1.o execute -O2 -fwhopr
FAIL: gcc.dg/lto/20091027-1 c_lto_20091027-1_0.o-c_lto_20091027-1_1.o link
UNRESOLVED: gcc.dg/lto/20091027-1 c_lto_20091027-1_0.o-c_lto_20091027-1_1.o execute -O0 -flto
FAIL: gcc.dg/lto/20091027-1 c_lto_20091027-1_0.o-c_lto_20091027-1_1.o link
UNRESOLVED: gcc.dg/lto/20091027-1 c_lto_20091027-1_0.o-c_lto_20091027-1_1.o execute -O2 -flto
FAIL: gcc.dg/torture/20090618-1.c -O1 (test for excess errors)
WARNING: gcc.dg/torture/20090618-1.c -O1 compilation failed to produce executable
FAIL: gcc.dg/torture/20090618-1.c -O2 (test for excess errors)
WARNING: gcc.dg/torture/20090618-1.c -O2 compilation failed to produce executable
FAIL: gcc.dg/torture/20090618-1.c -O3 -fomit-frame-pointer (test for excess errors)
WARNING: gcc.dg/torture/20090618-1.c -O3 -fomit-frame-pointer compilation failed to produce executable
FAIL: gcc.dg/torture/20090618-1.c -O3 -g (test for excess errors)
WARNING: gcc.dg/torture/20090618-1.c -O3 -g compilation failed to produce executable
FAIL: gcc.dg/torture/20090618-1.c -O2 -flto (test for excess errors)
WARNING: gcc.dg/torture/20090618-1.c -O2 -flto compilation failed to produce executable
FAIL: gcc.dg/torture/20090618-1.c -O2 -fwhopr (test for excess errors)
WARNING: gcc.dg/torture/20090618-1.c -O2 -fwhopr compilation failed to produce executable
FAIL: gcc.dg/torture/builtin-modf-1.c -O0 (test for excess errors)
FAIL: gcc.dg/torture/builtin-modf-1.c -O1 (test for excess errors)
FAIL: gcc.dg/torture/builtin-modf-1.c -O2 (test for excess errors)
FAIL: gcc.dg/torture/builtin-modf-1.c -O3 -fomit-frame-pointer (test for excess errors)
FAIL: gcc.dg/torture/builtin-modf-1.c -O3 -fomit-frame-pointer -funroll-loops (test for excess errors)
FAIL: gcc.dg/torture/builtin-modf-1.c -O3 -fomit-frame-pointer -funroll-all-loops -finline-functions (test for excess errors)
FAIL: gcc.dg/torture/builtin-modf-1.c -O3 -g (test for excess errors)
FAIL: gcc.dg/torture/builtin-modf-1.c -Os (test for excess errors)
FAIL: gcc.dg/torture/builtin-modf-1.c -O2 -flto (test for excess errors)
FAIL: gcc.dg/torture/builtin-modf-1.c -O2 -fwhopr (test for excess errors)
FAIL: gcc.dg/tree-ssa/ivopts-2.c scan-tree-dump-not ivopts "\\n candidates \\d+, \\d+,[^\\n]*\\n[^\\n]*\\nFinal cost"
FAIL: gcc.target/mips/call-3.c (test for excess errors)
FAIL: gcc.target/mips/extend-1.c scan-assembler-times \\tdsll\\t 5
FAIL: gcc.target/mips/extend-1.c scan-assembler-times \\tdsra\\t 5
FAIL: gcc.target/mips/octeon-bbit-2.c scan-assembler \\tbnel\\t
FAIL: gcc.target/mips/octeon-bbit-2.c scan-assembler-not \\tbne\\t
FAIL: gcc.target/mips/octeon-exts-6.c scan-assembler-times \\texts\\t 5
FAIL: gcc.target/mips/save-restore-1.c (internal compiler error)
FAIL: gcc.target/mips/save-restore-1.c (test for excess errors)
ERROR: gcc.target/mips/save-restore-1.c: error executing dg-final: couldn't open "save-restore-1.s": no such file or directory
UNRESOLVED: gcc.target/mips/save-restore-1.c: error executing dg-final: couldn't open "save-restore-1.s": no such file or directory
FAIL: gcc.target/mips/save-restore-3.c (internal compiler error)
FAIL: gcc.target/mips/save-restore-3.c (test for excess errors)
ERROR: gcc.target/mips/save-restore-3.c: error executing dg-final: couldn't open "save-restore-3.s": no such file or directory
UNRESOLVED: gcc.target/mips/save-restore-3.c: error executing dg-final: couldn't open "save-restore-3.s": no such file or directory
FAIL: gcc.target/mips/save-restore-4.c (internal compiler error)
FAIL: gcc.target/mips/save-restore-4.c (test for excess errors)
ERROR: gcc.target/mips/save-restore-4.c: error executing dg-final: couldn't open "save-restore-4.s": no such file or directory
UNRESOLVED: gcc.target/mips/save-restore-4.c: error executing dg-final: couldn't open "save-restore-4.s": no such file or directory
FAIL: gcc.target/mips/save-restore-5.c (internal compiler error)
FAIL: gcc.target/mips/save-restore-5.c (test for excess errors)
=== gcc Summary for unix/-mabi=64 ===
# of expected passes 63523
# of unexpected failures 98
# of expected failures 85
# of unresolved testcases 42
# of unsupported tests 737
=== gcc Summary ===
# of expected passes 190509
# of unexpected failures 296
# of expected failures 253
# of unresolved testcases 129
# of unsupported tests 2233
/vol/gcc/obj/regression/trunk/6.5-gcc/build/gcc/xgcc version 4.5.0 20100301 (experimental) (GCC)
=== gfortran tests ===
Running target unix
FAIL: gfortran.dg/allocatable_scalar_5.f90 -O0 execution test
FAIL: gfortran.dg/array_constructor_33.f90 -O (test for excess errors)
FAIL: gfortran.dg/complex_intrinsic_5.f90 -O0 execution test
FAIL: gfortran.dg/complex_intrinsic_5.f90 -O1 execution test
FAIL: gfortran.dg/complex_intrinsic_5.f90 -O2 execution test
FAIL: gfortran.dg/complex_intrinsic_5.f90 -O3 -fomit-frame-pointer execution test
FAIL: gfortran.dg/complex_intrinsic_5.f90 -O3 -fomit-frame-pointer -funroll-loops execution test
FAIL: gfortran.dg/complex_intrinsic_5.f90 -O3 -fomit-frame-pointer -funroll-all-loops -finline-functions execution test
FAIL: gfortran.dg/complex_intrinsic_5.f90 -O3 -g execution test
FAIL: gfortran.dg/complex_intrinsic_5.f90 -Os execution test
FAIL: gfortran.dg/cray_pointers_2.f90 -O0 (test for excess errors)
FAIL: gfortran.dg/cray_pointers_2.f90 -O3 -fomit-frame-pointer (test for excess errors)
WARNING: gfortran.dg/cray_pointers_2.f90 -O3 -fomit-frame-pointer compilation failed to produce executable
FAIL: gfortran.dg/cray_pointers_2.f90 -O3 -fomit-frame-pointer -funroll-loops (test for excess errors)
WARNING: gfortran.dg/cray_pointers_2.f90 -O3 -fomit-frame-pointer -funroll-loops compilation failed to produce executable
FAIL: gfortran.dg/cray_pointers_2.f90 -O3 -fomit-frame-pointer -funroll-all-loops -finline-functions (test for excess errors)
WARNING: gfortran.dg/cray_pointers_2.f90 -O3 -fomit-frame-pointer -funroll-all-loops -finline-functions compilation failed to produce executable
FAIL: gfortran.dg/cray_pointers_2.f90 -O3 -g (test for excess errors)
WARNING: gfortran.dg/cray_pointers_2.f90 -O3 -g compilation failed to produce executable
FAIL: gfortran.dg/default_format_1.f90 -O0 execution test
FAIL: gfortran.dg/default_format_1.f90 -O1 execution test
FAIL: gfortran.dg/default_format_1.f90 -O2 execution test
FAIL: gfortran.dg/default_format_1.f90 -O3 -fomit-frame-pointer execution test
FAIL: gfortran.dg/default_format_1.f90 -O3 -fomit-frame-pointer -funroll-loops execution test
FAIL: gfortran.dg/default_format_1.f90 -O3 -fomit-frame-pointer -funroll-all-loops -finline-functions execution test
FAIL: gfortran.dg/default_format_1.f90 -O3 -g execution test
FAIL: gfortran.dg/default_format_1.f90 -Os execution test
FAIL: gfortran.dg/default_format_denormal_1.f90 -O0 execution test
FAIL: gfortran.dg/default_format_denormal_1.f90 -O1 execution test
FAIL: gfortran.dg/default_format_denormal_1.f90 -O2 execution test
FAIL: gfortran.dg/default_format_denormal_1.f90 -O3 -fomit-frame-pointer execution test
FAIL: gfortran.dg/default_format_denormal_1.f90 -O3 -fomit-frame-pointer -funroll-loops execution test
FAIL: gfortran.dg/default_format_denormal_1.f90 -O3 -fomit-frame-pointer -funroll-all-loops -finline-functions execution test
FAIL: gfortran.dg/default_format_denormal_1.f90 -O3 -g execution test
FAIL: gfortran.dg/default_format_denormal_1.f90 -Os execution test
FAIL: gfortran.dg/integer_exponentiation_2.f90 -O0 execution test
FAIL: gfortran.dg/integer_exponentiation_2.f90 -O1 execution test
FAIL: gfortran.dg/integer_exponentiation_2.f90 -O2 execution test
FAIL: gfortran.dg/integer_exponentiation_2.f90 -O3 -fomit-frame-pointer execution test
FAIL: gfortran.dg/integer_exponentiation_2.f90 -O3 -fomit-frame-pointer -funroll-loops execution test
FAIL: gfortran.dg/integer_exponentiation_2.f90 -O3 -fomit-frame-pointer -funroll-all-loops -finline-functions execution test
FAIL: gfortran.dg/integer_exponentiation_2.f90 -O3 -g execution test
FAIL: gfortran.dg/integer_exponentiation_2.f90 -Os execution test
FAIL: gfortran.dg/large_real_kind_2.F90 -O1 execution test
FAIL: gfortran.dg/large_real_kind_2.F90 -O2 execution test
FAIL: gfortran.dg/large_real_kind_2.F90 -O3 -fomit-frame-pointer execution test
FAIL: gfortran.dg/large_real_kind_2.F90 -O3 -fomit-frame-pointer -funroll-loops execution test
FAIL: gfortran.dg/large_real_kind_2.F90 -O3 -fomit-frame-pointer -funroll-all-loops -finline-functions execution test
FAIL: gfortran.dg/large_real_kind_2.F90 -O3 -g execution test
FAIL: gfortran.dg/large_real_kind_2.F90 -Os execution test
FAIL: gfortran.dg/large_real_kind_form_io_2.f90 -O0 execution test
FAIL: gfortran.dg/large_real_kind_form_io_2.f90 -O1 execution test
FAIL: gfortran.dg/large_real_kind_form_io_2.f90 -O2 execution test
FAIL: gfortran.dg/large_real_kind_form_io_2.f90 -O3 -fomit-frame-pointer execution test
FAIL: gfortran.dg/large_real_kind_form_io_2.f90 -O3 -fomit-frame-pointer -funroll-loops execution test
FAIL: gfortran.dg/large_real_kind_form_io_2.f90 -O3 -fomit-frame-pointer -funroll-all-loops -finline-functions execution test
FAIL: gfortran.dg/large_real_kind_form_io_2.f90 -O3 -g execution test
FAIL: gfortran.dg/large_real_kind_form_io_2.f90 -Os execution test
FAIL: gfortran.dg/nan_3.f90 -O0 execution test
FAIL: gfortran.dg/nan_3.f90 -O1 execution test
FAIL: gfortran.dg/nan_3.f90 -O2 execution test
FAIL: gfortran.dg/nan_3.f90 -O3 -fomit-frame-pointer execution test
FAIL: gfortran.dg/nan_3.f90 -O3 -fomit-frame-pointer -funroll-loops execution test
FAIL: gfortran.dg/nan_3.f90 -O3 -fomit-frame-pointer -funroll-all-loops -finline-functions execution test
FAIL: gfortran.dg/nan_3.f90 -O3 -g execution test
FAIL: gfortran.dg/nan_3.f90 -Os execution test
FAIL: gfortran.dg/nearest_1.f90 -O0 execution test
FAIL: gfortran.dg/nearest_1.f90 -O1 execution test
FAIL: gfortran.dg/nearest_1.f90 -O2 execution test
FAIL: gfortran.dg/nearest_1.f90 -O3 -fomit-frame-pointer execution test
FAIL: gfortran.dg/nearest_1.f90 -O3 -fomit-frame-pointer -funroll-loops execution test
FAIL: gfortran.dg/nearest_1.f90 -O3 -fomit-frame-pointer -funroll-all-loops -finline-functions execution test
FAIL: gfortran.dg/nearest_1.f90 -O3 -g execution test
FAIL: gfortran.dg/nearest_1.f90 -Os execution test
FAIL: gfortran.dg/specifics_1.f90 -O0 execution test
FAIL: gfortran.dg/specifics_1.f90 -O1 execution test
FAIL: gfortran.dg/specifics_1.f90 -O2 execution test
FAIL: gfortran.dg/specifics_1.f90 -O3 -fomit-frame-pointer execution test
FAIL: gfortran.dg/specifics_1.f90 -O3 -fomit-frame-pointer -funroll-loops execution test
FAIL: gfortran.dg/specifics_1.f90 -O3 -fomit-frame-pointer -funroll-all-loops -finline-functions execution test
FAIL: gfortran.dg/specifics_1.f90 -O3 -g execution test
FAIL: gfortran.dg/specifics_1.f90 -Os execution test
XPASS: gfortran.dg/g77/cabs.f -O1 execution test
XPASS: gfortran.dg/g77/cabs.f -O2 execution test
XPASS: gfortran.dg/g77/cabs.f -O3 -fomit-frame-pointer execution test
XPASS: gfortran.dg/g77/cabs.f -O3 -fomit-frame-pointer -funroll-loops execution test
XPASS: gfortran.dg/g77/cabs.f -O3 -fomit-frame-pointer -funroll-all-loops -finline-functions execution test
XPASS: gfortran.dg/g77/cabs.f -O3 -g execution test
XPASS: gfortran.dg/g77/cabs.f -Os execution test
WARNING: program timed out.
WARNING: program timed out.
WARNING: program timed out.
WARNING: program timed out.
WARNING: program timed out.
FAIL: gfortran.dg/lto/20091028-1 f_lto_20091028-1_0.o-f_lto_20091028-1_1.o link
UNRESOLVED: gfortran.dg/lto/20091028-1 f_lto_20091028-1_0.o-f_lto_20091028-1_1.o execute -O0 -fwhopr
FAIL: gfortran.dg/lto/20091028-1 f_lto_20091028-1_0.o-f_lto_20091028-1_1.o link
UNRESOLVED: gfortran.dg/lto/20091028-1 f_lto_20091028-1_0.o-f_lto_20091028-1_1.o execute -O2 -fwhopr
FAIL: gfortran.dg/lto/20091028-1 f_lto_20091028-1_0.o-f_lto_20091028-1_1.o link
UNRESOLVED: gfortran.dg/lto/20091028-1 f_lto_20091028-1_0.o-f_lto_20091028-1_1.o execute -O0 -flto
FAIL: gfortran.dg/lto/20091028-1 f_lto_20091028-1_0.o-f_lto_20091028-1_1.o link
UNRESOLVED: gfortran.dg/lto/20091028-1 f_lto_20091028-1_0.o-f_lto_20091028-1_1.o execute -O2 -flto
FAIL: gfortran.dg/lto/20091028-2 f_lto_20091028-2_0.o-f_lto_20091028-2_1.o link
UNRESOLVED: gfortran.dg/lto/20091028-2 f_lto_20091028-2_0.o-f_lto_20091028-2_1.o execute -O0 -fwhopr
FAIL: gfortran.dg/lto/20091028-2 f_lto_20091028-2_0.o-f_lto_20091028-2_1.o link
UNRESOLVED: gfortran.dg/lto/20091028-2 f_lto_20091028-2_0.o-f_lto_20091028-2_1.o execute -O2 -fwhopr
FAIL: gfortran.dg/lto/20091028-2 f_lto_20091028-2_0.o-f_lto_20091028-2_1.o link
UNRESOLVED: gfortran.dg/lto/20091028-2 f_lto_20091028-2_0.o-f_lto_20091028-2_1.o execute -O0 -flto
FAIL: gfortran.dg/lto/20091028-2 f_lto_20091028-2_0.o-f_lto_20091028-2_1.o link
UNRESOLVED: gfortran.dg/lto/20091028-2 f_lto_20091028-2_0.o-f_lto_20091028-2_1.o execute -O2 -flto
FAIL: gfortran.fortran-torture/execute/intrinsic_abs.f90 execution, -O0
FAIL: gfortran.fortran-torture/execute/intrinsic_nearest.f90 execution, -O0
FAIL: gfortran.fortran-torture/execute/intrinsic_nearest.f90 execution, -O1
FAIL: gfortran.fortran-torture/execute/intrinsic_nearest.f90 execution, -O2
FAIL: gfortran.fortran-torture/execute/intrinsic_nearest.f90 execution, -O2 -fomit-frame-pointer -finline-functions
FAIL: gfortran.fortran-torture/execute/intrinsic_nearest.f90 execution, -O2 -fomit-frame-pointer -finline-functions -funroll-loops
FAIL: gfortran.fortran-torture/execute/intrinsic_nearest.f90 execution, -O2 -fbounds-check
FAIL: gfortran.fortran-torture/execute/intrinsic_nearest.f90 execution, -O3 -g
FAIL: gfortran.fortran-torture/execute/intrinsic_nearest.f90 execution, -Os
FAIL: gfortran.fortran-torture/execute/specifics.f90 execution, -O0
FAIL: gfortran.fortran-torture/execute/specifics.f90 execution, -O1
FAIL: gfortran.fortran-torture/execute/specifics.f90 execution, -O2
FAIL: gfortran.fortran-torture/execute/specifics.f90 execution, -O2 -fomit-frame-pointer -finline-functions
FAIL: gfortran.fortran-torture/execute/specifics.f90 execution, -O2 -fomit-frame-pointer -finline-functions -funroll-loops
FAIL: gfortran.fortran-torture/execute/specifics.f90 execution, -O2 -fbounds-check
FAIL: gfortran.fortran-torture/execute/specifics.f90 execution, -O3 -g
FAIL: gfortran.fortran-torture/execute/specifics.f90 execution, -Os
=== gfortran Summary for unix ===
# of expected passes 33130
# of unexpected successes 7
# of unexpected failures 103
# of expected failures 22
# of unresolved testcases 8
# of unsupported tests 78
Running target unix/-mabi=32
FAIL: gfortran.dg/allocatable_scalar_5.f90 -O0 execution test
FAIL: gfortran.dg/array_constructor_33.f90 -O (test for excess errors)
FAIL: gfortran.dg/complex_intrinsic_5.f90 -O0 execution test
FAIL: gfortran.dg/complex_intrinsic_5.f90 -O1 execution test
FAIL: gfortran.dg/complex_intrinsic_5.f90 -O2 execution test
FAIL: gfortran.dg/complex_intrinsic_5.f90 -O3 -fomit-frame-pointer execution test
FAIL: gfortran.dg/complex_intrinsic_5.f90 -O3 -fomit-frame-pointer -funroll-loops execution test
FAIL: gfortran.dg/complex_intrinsic_5.f90 -O3 -fomit-frame-pointer -funroll-all-loops -finline-functions execution test
FAIL: gfortran.dg/complex_intrinsic_5.f90 -O3 -g execution test
FAIL: gfortran.dg/complex_intrinsic_5.f90 -Os execution test
FAIL: gfortran.dg/cray_pointers_2.f90 -O0 (test for excess errors)
FAIL: gfortran.dg/cray_pointers_2.f90 -O3 -fomit-frame-pointer (test for excess errors)
WARNING: gfortran.dg/cray_pointers_2.f90 -O3 -fomit-frame-pointer compilation failed to produce executable
FAIL: gfortran.dg/cray_pointers_2.f90 -O3 -fomit-frame-pointer -funroll-loops (test for excess errors)
WARNING: gfortran.dg/cray_pointers_2.f90 -O3 -fomit-frame-pointer -funroll-loops compilation failed to produce executable
FAIL: gfortran.dg/cray_pointers_2.f90 -O3 -fomit-frame-pointer -funroll-all-loops -finline-functions (test for excess errors)
WARNING: gfortran.dg/cray_pointers_2.f90 -O3 -fomit-frame-pointer -funroll-all-loops -finline-functions compilation failed to produce executable
FAIL: gfortran.dg/cray_pointers_2.f90 -O3 -g (test for excess errors)
WARNING: gfortran.dg/cray_pointers_2.f90 -O3 -g compilation failed to produce executable
FAIL: gfortran.dg/erf_2.F90 -O0 execution test
FAIL: gfortran.dg/integer_exponentiation_2.f90 -O0 execution test
FAIL: gfortran.dg/integer_exponentiation_2.f90 -O1 execution test
FAIL: gfortran.dg/integer_exponentiation_2.f90 -O2 execution test
FAIL: gfortran.dg/integer_exponentiation_2.f90 -O3 -fomit-frame-pointer execution test
FAIL: gfortran.dg/integer_exponentiation_2.f90 -O3 -fomit-frame-pointer -funroll-loops execution test
FAIL: gfortran.dg/integer_exponentiation_2.f90 -O3 -fomit-frame-pointer -funroll-all-loops -finline-functions execution test
FAIL: gfortran.dg/integer_exponentiation_2.f90 -O3 -g execution test
FAIL: gfortran.dg/integer_exponentiation_2.f90 -Os execution test
FAIL: gfortran.dg/namelist_42.f90 -O0 execution test
FAIL: gfortran.dg/namelist_42.f90 -O1 execution test
FAIL: gfortran.dg/namelist_42.f90 -O2 execution test
FAIL: gfortran.dg/namelist_42.f90 -O3 -fomit-frame-pointer execution test
FAIL: gfortran.dg/namelist_42.f90 -O3 -fomit-frame-pointer -funroll-loops execution test
FAIL: gfortran.dg/namelist_42.f90 -O3 -fomit-frame-pointer -funroll-all-loops -finline-functions execution test
FAIL: gfortran.dg/namelist_42.f90 -O3 -g execution test
FAIL: gfortran.dg/namelist_42.f90 -Os execution test
FAIL: gfortran.dg/namelist_43.f90 -O0 execution test
FAIL: gfortran.dg/namelist_43.f90 -O1 execution test
FAIL: gfortran.dg/namelist_43.f90 -O2 execution test
FAIL: gfortran.dg/namelist_43.f90 -O3 -fomit-frame-pointer execution test
FAIL: gfortran.dg/namelist_43.f90 -O3 -fomit-frame-pointer -funroll-loops execution test
FAIL: gfortran.dg/namelist_43.f90 -O3 -fomit-frame-pointer -funroll-all-loops -finline-functions execution test
FAIL: gfortran.dg/namelist_43.f90 -O3 -g execution test
FAIL: gfortran.dg/namelist_43.f90 -Os execution test
FAIL: gfortran.dg/nan_3.f90 -O0 execution test
FAIL: gfortran.dg/nan_3.f90 -O1 execution test
FAIL: gfortran.dg/nan_3.f90 -O2 execution test
FAIL: gfortran.dg/nan_3.f90 -O3 -fomit-frame-pointer execution test
FAIL: gfortran.dg/nan_3.f90 -O3 -fomit-frame-pointer -funroll-loops execution test
FAIL: gfortran.dg/nan_3.f90 -O3 -fomit-frame-pointer -funroll-all-loops -finline-functions execution test
FAIL: gfortran.dg/nan_3.f90 -O3 -g execution test
FAIL: gfortran.dg/nan_3.f90 -Os execution test
FAIL: gfortran.dg/specifics_1.f90 -O0 execution test
FAIL: gfortran.dg/specifics_1.f90 -O1 execution test
FAIL: gfortran.dg/specifics_1.f90 -O2 execution test
FAIL: gfortran.dg/specifics_1.f90 -O3 -fomit-frame-pointer execution test
FAIL: gfortran.dg/specifics_1.f90 -O3 -fomit-frame-pointer -funroll-loops execution test
FAIL: gfortran.dg/specifics_1.f90 -O3 -fomit-frame-pointer -funroll-all-loops -finline-functions execution test
FAIL: gfortran.dg/specifics_1.f90 -O3 -g execution test
FAIL: gfortran.dg/specifics_1.f90 -Os execution test
FAIL: gfortran.dg/streamio_3.f90 -O3 -fomit-frame-pointer -funroll-loops execution test
FAIL: gfortran.dg/streamio_4.f90 -O0 execution test
FAIL: gfortran.dg/streamio_4.f90 -O3 -fomit-frame-pointer execution test
XPASS: gfortran.dg/g77/cabs.f -O0 execution test
XPASS: gfortran.dg/g77/cabs.f -O1 execution test
XPASS: gfortran.dg/g77/cabs.f -O2 execution test
XPASS: gfortran.dg/g77/cabs.f -O3 -fomit-frame-pointer execution test
XPASS: gfortran.dg/g77/cabs.f -O3 -fomit-frame-pointer -funroll-loops execution test
XPASS: gfortran.dg/g77/cabs.f -O3 -fomit-frame-pointer -funroll-all-loops -finline-functions execution test
XPASS: gfortran.dg/g77/cabs.f -O3 -g execution test
XPASS: gfortran.dg/g77/cabs.f -Os execution test
WARNING: program timed out.
WARNING: program timed out.
WARNING: program timed out.
WARNING: program timed out.
WARNING: program timed out.
FAIL: gfortran.dg/lto/20091028-1 f_lto_20091028-1_0.o-f_lto_20091028-1_1.o link
UNRESOLVED: gfortran.dg/lto/20091028-1 f_lto_20091028-1_0.o-f_lto_20091028-1_1.o execute -O0 -fwhopr
FAIL: gfortran.dg/lto/20091028-1 f_lto_20091028-1_0.o-f_lto_20091028-1_1.o link
UNRESOLVED: gfortran.dg/lto/20091028-1 f_lto_20091028-1_0.o-f_lto_20091028-1_1.o execute -O2 -fwhopr
FAIL: gfortran.dg/lto/20091028-1 f_lto_20091028-1_0.o-f_lto_20091028-1_1.o link
UNRESOLVED: gfortran.dg/lto/20091028-1 f_lto_20091028-1_0.o-f_lto_20091028-1_1.o execute -O0 -flto
FAIL: gfortran.dg/lto/20091028-1 f_lto_20091028-1_0.o-f_lto_20091028-1_1.o link
UNRESOLVED: gfortran.dg/lto/20091028-1 f_lto_20091028-1_0.o-f_lto_20091028-1_1.o execute -O2 -flto
FAIL: gfortran.dg/lto/20091028-2 f_lto_20091028-2_0.o-f_lto_20091028-2_1.o link
UNRESOLVED: gfortran.dg/lto/20091028-2 f_lto_20091028-2_0.o-f_lto_20091028-2_1.o execute -O0 -fwhopr
FAIL: gfortran.dg/lto/20091028-2 f_lto_20091028-2_0.o-f_lto_20091028-2_1.o link
UNRESOLVED: gfortran.dg/lto/20091028-2 f_lto_20091028-2_0.o-f_lto_20091028-2_1.o execute -O2 -fwhopr
FAIL: gfortran.dg/lto/20091028-2 f_lto_20091028-2_0.o-f_lto_20091028-2_1.o link
UNRESOLVED: gfortran.dg/lto/20091028-2 f_lto_20091028-2_0.o-f_lto_20091028-2_1.o execute -O0 -flto
FAIL: gfortran.dg/lto/20091028-2 f_lto_20091028-2_0.o-f_lto_20091028-2_1.o link
UNRESOLVED: gfortran.dg/lto/20091028-2 f_lto_20091028-2_0.o-f_lto_20091028-2_1.o execute -O2 -flto
FAIL: gfortran.fortran-torture/execute/power.f90 execution, -O0
FAIL: gfortran.fortran-torture/execute/specifics.f90 execution, -O0
FAIL: gfortran.fortran-torture/execute/specifics.f90 execution, -O1
FAIL: gfortran.fortran-torture/execute/specifics.f90 execution, -O2
FAIL: gfortran.fortran-torture/execute/specifics.f90 execution, -O2 -fomit-frame-pointer -finline-functions
FAIL: gfortran.fortran-torture/execute/specifics.f90 execution, -O2 -fomit-frame-pointer -finline-functions -funroll-loops
FAIL: gfortran.fortran-torture/execute/specifics.f90 execution, -O2 -fbounds-check
FAIL: gfortran.fortran-torture/execute/specifics.f90 execution, -O3 -g
FAIL: gfortran.fortran-torture/execute/specifics.f90 execution, -Os
=== gfortran Summary for unix/-mabi=32 ===
# of expected passes 32693
# of unexpected successes 8
# of unexpected failures 76
# of expected failures 21
# of unresolved testcases 8
# of unsupported tests 304
Running target unix/-mabi=64
FAIL: gfortran.dg/allocatable_scalar_5.f90 -O0 execution test
FAIL: gfortran.dg/array_constructor_33.f90 -O (test for excess errors)
FAIL: gfortran.dg/complex_intrinsic_5.f90 -O0 execution test
FAIL: gfortran.dg/complex_intrinsic_5.f90 -O1 execution test
FAIL: gfortran.dg/complex_intrinsic_5.f90 -O2 execution test
FAIL: gfortran.dg/complex_intrinsic_5.f90 -O3 -fomit-frame-pointer execution test
FAIL: gfortran.dg/complex_intrinsic_5.f90 -O3 -fomit-frame-pointer -funroll-loops execution test
FAIL: gfortran.dg/complex_intrinsic_5.f90 -O3 -fomit-frame-pointer -funroll-all-loops -finline-functions execution test
FAIL: gfortran.dg/complex_intrinsic_5.f90 -O3 -g execution test
FAIL: gfortran.dg/complex_intrinsic_5.f90 -Os execution test
FAIL: gfortran.dg/cray_pointers_2.f90 -O3 -fomit-frame-pointer (test for excess errors)
WARNING: gfortran.dg/cray_pointers_2.f90 -O3 -fomit-frame-pointer compilation failed to produce executable
FAIL: gfortran.dg/cray_pointers_2.f90 -O3 -fomit-frame-pointer -funroll-loops (test for excess errors)
WARNING: gfortran.dg/cray_pointers_2.f90 -O3 -fomit-frame-pointer -funroll-loops compilation failed to produce executable
FAIL: gfortran.dg/cray_pointers_2.f90 -O3 -fomit-frame-pointer -funroll-all-loops -finline-functions (test for excess errors)
WARNING: gfortran.dg/cray_pointers_2.f90 -O3 -fomit-frame-pointer -funroll-all-loops -finline-functions compilation failed to produce executable
FAIL: gfortran.dg/cray_pointers_2.f90 -O3 -g (test for excess errors)
WARNING: gfortran.dg/cray_pointers_2.f90 -O3 -g compilation failed to produce executable
FAIL: gfortran.dg/default_format_1.f90 -O0 execution test
FAIL: gfortran.dg/default_format_1.f90 -O1 execution test
FAIL: gfortran.dg/default_format_1.f90 -O2 execution test
FAIL: gfortran.dg/default_format_1.f90 -O3 -fomit-frame-pointer execution test
FAIL: gfortran.dg/default_format_1.f90 -O3 -fomit-frame-pointer -funroll-loops execution test
FAIL: gfortran.dg/default_format_1.f90 -O3 -fomit-frame-pointer -funroll-all-loops -finline-functions execution test
FAIL: gfortran.dg/default_format_1.f90 -O3 -g execution test
FAIL: gfortran.dg/default_format_1.f90 -Os execution test
FAIL: gfortran.dg/default_format_denormal_1.f90 -O0 execution test
FAIL: gfortran.dg/default_format_denormal_1.f90 -O1 execution test
FAIL: gfortran.dg/default_format_denormal_1.f90 -O2 execution test
FAIL: gfortran.dg/default_format_denormal_1.f90 -O3 -fomit-frame-pointer execution test
FAIL: gfortran.dg/default_format_denormal_1.f90 -O3 -fomit-frame-pointer -funroll-loops execution test
FAIL: gfortran.dg/default_format_denormal_1.f90 -O3 -fomit-frame-pointer -funroll-all-loops -finline-functions execution test
FAIL: gfortran.dg/default_format_denormal_1.f90 -O3 -g execution test
FAIL: gfortran.dg/default_format_denormal_1.f90 -Os execution test
FAIL: gfortran.dg/integer_exponentiation_2.f90 -O0 execution test
FAIL: gfortran.dg/integer_exponentiation_2.f90 -O1 execution test
FAIL: gfortran.dg/integer_exponentiation_2.f90 -O2 execution test
FAIL: gfortran.dg/integer_exponentiation_2.f90 -O3 -fomit-frame-pointer execution test
FAIL: gfortran.dg/integer_exponentiation_2.f90 -O3 -fomit-frame-pointer -funroll-loops execution test
FAIL: gfortran.dg/integer_exponentiation_2.f90 -O3 -fomit-frame-pointer -funroll-all-loops -finline-functions execution test
FAIL: gfortran.dg/integer_exponentiation_2.f90 -O3 -g execution test
FAIL: gfortran.dg/integer_exponentiation_2.f90 -Os execution test
FAIL: gfortran.dg/large_real_kind_2.F90 -O1 execution test
FAIL: gfortran.dg/large_real_kind_2.F90 -O2 execution test
FAIL: gfortran.dg/large_real_kind_2.F90 -O3 -fomit-frame-pointer execution test
FAIL: gfortran.dg/large_real_kind_2.F90 -O3 -fomit-frame-pointer -funroll-loops execution test
FAIL: gfortran.dg/large_real_kind_2.F90 -O3 -fomit-frame-pointer -funroll-all-loops -finline-functions execution test
FAIL: gfortran.dg/large_real_kind_2.F90 -O3 -g execution test
FAIL: gfortran.dg/large_real_kind_2.F90 -Os execution test
FAIL: gfortran.dg/large_real_kind_form_io_2.f90 -O0 execution test
FAIL: gfortran.dg/large_real_kind_form_io_2.f90 -O1 execution test
FAIL: gfortran.dg/large_real_kind_form_io_2.f90 -O2 execution test
FAIL: gfortran.dg/large_real_kind_form_io_2.f90 -O3 -fomit-frame-pointer execution test
FAIL: gfortran.dg/large_real_kind_form_io_2.f90 -O3 -fomit-frame-pointer -funroll-loops execution test
FAIL: gfortran.dg/large_real_kind_form_io_2.f90 -O3 -fomit-frame-pointer -funroll-all-loops -finline-functions execution test
FAIL: gfortran.dg/large_real_kind_form_io_2.f90 -O3 -g execution test
FAIL: gfortran.dg/large_real_kind_form_io_2.f90 -Os execution test
FAIL: gfortran.dg/nan_3.f90 -O0 execution test
FAIL: gfortran.dg/nan_3.f90 -O1 execution test
FAIL: gfortran.dg/nan_3.f90 -O2 execution test
FAIL: gfortran.dg/nan_3.f90 -O3 -fomit-frame-pointer execution test
FAIL: gfortran.dg/nan_3.f90 -O3 -fomit-frame-pointer -funroll-loops execution test
FAIL: gfortran.dg/nan_3.f90 -O3 -fomit-frame-pointer -funroll-all-loops -finline-functions execution test
FAIL: gfortran.dg/nan_3.f90 -O3 -g execution test
FAIL: gfortran.dg/nan_3.f90 -Os execution test
FAIL: gfortran.dg/nearest_1.f90 -O0 execution test
FAIL: gfortran.dg/nearest_1.f90 -O1 execution test
FAIL: gfortran.dg/nearest_1.f90 -O2 execution test
FAIL: gfortran.dg/nearest_1.f90 -O3 -fomit-frame-pointer execution test
FAIL: gfortran.dg/nearest_1.f90 -O3 -fomit-frame-pointer -funroll-loops execution test
FAIL: gfortran.dg/nearest_1.f90 -O3 -fomit-frame-pointer -funroll-all-loops -finline-functions execution test
FAIL: gfortran.dg/nearest_1.f90 -O3 -g execution test
FAIL: gfortran.dg/nearest_1.f90 -Os execution test
FAIL: gfortran.dg/specifics_1.f90 -O0 execution test
FAIL: gfortran.dg/specifics_1.f90 -O1 execution test
FAIL: gfortran.dg/specifics_1.f90 -O2 execution test
FAIL: gfortran.dg/specifics_1.f90 -O3 -fomit-frame-pointer execution test
FAIL: gfortran.dg/specifics_1.f90 -O3 -fomit-frame-pointer -funroll-loops execution test
FAIL: gfortran.dg/specifics_1.f90 -O3 -fomit-frame-pointer -funroll-all-loops -finline-functions execution test
FAIL: gfortran.dg/specifics_1.f90 -O3 -g execution test
FAIL: gfortran.dg/specifics_1.f90 -Os execution test
XPASS: gfortran.dg/g77/cabs.f -O1 execution test
XPASS: gfortran.dg/g77/cabs.f -O2 execution test
XPASS: gfortran.dg/g77/cabs.f -O3 -fomit-frame-pointer execution test
XPASS: gfortran.dg/g77/cabs.f -O3 -fomit-frame-pointer -funroll-loops execution test
XPASS: gfortran.dg/g77/cabs.f -O3 -fomit-frame-pointer -funroll-all-loops -finline-functions execution test
XPASS: gfortran.dg/g77/cabs.f -O3 -g execution test
XPASS: gfortran.dg/g77/cabs.f -Os execution test
WARNING: program timed out.
WARNING: program timed out.
WARNING: program timed out.
WARNING: program timed out.
WARNING: program timed out.
FAIL: gfortran.dg/lto/20091028-1 f_lto_20091028-1_0.o-f_lto_20091028-1_1.o link
UNRESOLVED: gfortran.dg/lto/20091028-1 f_lto_20091028-1_0.o-f_lto_20091028-1_1.o execute -O0 -fwhopr
FAIL: gfortran.dg/lto/20091028-1 f_lto_20091028-1_0.o-f_lto_20091028-1_1.o link
UNRESOLVED: gfortran.dg/lto/20091028-1 f_lto_20091028-1_0.o-f_lto_20091028-1_1.o execute -O2 -fwhopr
FAIL: gfortran.dg/lto/20091028-1 f_lto_20091028-1_0.o-f_lto_20091028-1_1.o link
UNRESOLVED: gfortran.dg/lto/20091028-1 f_lto_20091028-1_0.o-f_lto_20091028-1_1.o execute -O0 -flto
FAIL: gfortran.dg/lto/20091028-1 f_lto_20091028-1_0.o-f_lto_20091028-1_1.o link
UNRESOLVED: gfortran.dg/lto/20091028-1 f_lto_20091028-1_0.o-f_lto_20091028-1_1.o execute -O2 -flto
FAIL: gfortran.dg/lto/20091028-2 f_lto_20091028-2_0.o-f_lto_20091028-2_1.o link
UNRESOLVED: gfortran.dg/lto/20091028-2 f_lto_20091028-2_0.o-f_lto_20091028-2_1.o execute -O0 -fwhopr
FAIL: gfortran.dg/lto/20091028-2 f_lto_20091028-2_0.o-f_lto_20091028-2_1.o link
UNRESOLVED: gfortran.dg/lto/20091028-2 f_lto_20091028-2_0.o-f_lto_20091028-2_1.o execute -O2 -fwhopr
FAIL: gfortran.dg/lto/20091028-2 f_lto_20091028-2_0.o-f_lto_20091028-2_1.o link
UNRESOLVED: gfortran.dg/lto/20091028-2 f_lto_20091028-2_0.o-f_lto_20091028-2_1.o execute -O0 -flto
FAIL: gfortran.dg/lto/20091028-2 f_lto_20091028-2_0.o-f_lto_20091028-2_1.o link
UNRESOLVED: gfortran.dg/lto/20091028-2 f_lto_20091028-2_0.o-f_lto_20091028-2_1.o execute -O2 -flto
FAIL: gfortran.fortran-torture/execute/intrinsic_abs.f90 execution, -O0
FAIL: gfortran.fortran-torture/execute/intrinsic_nearest.f90 execution, -O0
FAIL: gfortran.fortran-torture/execute/intrinsic_nearest.f90 execution, -O1
FAIL: gfortran.fortran-torture/execute/intrinsic_nearest.f90 execution, -O2
FAIL: gfortran.fortran-torture/execute/intrinsic_nearest.f90 execution, -O2 -fomit-frame-pointer -finline-functions
FAIL: gfortran.fortran-torture/execute/intrinsic_nearest.f90 execution, -O2 -fomit-frame-pointer -finline-functions -funroll-loops
FAIL: gfortran.fortran-torture/execute/intrinsic_nearest.f90 execution, -O2 -fbounds-check
FAIL: gfortran.fortran-torture/execute/intrinsic_nearest.f90 execution, -O3 -g
FAIL: gfortran.fortran-torture/execute/intrinsic_nearest.f90 execution, -Os
FAIL: gfortran.fortran-torture/execute/specifics.f90 execution, -O0
FAIL: gfortran.fortran-torture/execute/specifics.f90 execution, -O1
FAIL: gfortran.fortran-torture/execute/specifics.f90 execution, -O2
FAIL: gfortran.fortran-torture/execute/specifics.f90 execution, -O2 -fomit-frame-pointer -finline-functions
FAIL: gfortran.fortran-torture/execute/specifics.f90 execution, -O2 -fomit-frame-pointer -finline-functions -funroll-loops
FAIL: gfortran.fortran-torture/execute/specifics.f90 execution, -O2 -fbounds-check
FAIL: gfortran.fortran-torture/execute/specifics.f90 execution, -O3 -g
FAIL: gfortran.fortran-torture/execute/specifics.f90 execution, -Os
=== gfortran Summary for unix/-mabi=64 ===
# of expected passes 33131
# of unexpected successes 7
# of unexpected failures 102
# of expected failures 22
# of unresolved testcases 8
# of unsupported tests 78
=== gfortran Summary ===
# of expected passes 98954
# of unexpected failures 281
# of unexpected successes 22
# of expected failures 65
# of unresolved testcases 24
# of unsupported tests 460
/vol/gcc/obj/regression/trunk/6.5-gcc/build/gcc/testsuite/gfortran/../../gfortran version 4.5.0 20100301 (experimental) (GCC)
=== gnat tests ===
Running target unix
FAIL: gnat.dg/frame_overflow.adb (test for errors, line 14)
FAIL: gnat.dg/frame_overflow.adb (test for excess errors)
FAIL: gnat.dg/null_pointer_deref1.adb execution test
FAIL: gnat.dg/null_pointer_deref2.adb execution test
FAIL: gnat.dg/stack_check1.adb execution test
FAIL: gnat.dg/stack_check2.adb execution test
WARNING: program timed out.
FAIL: gnat.dg/test_prio.adb execution test
FAIL: gnat.dg/specs/addr1.ads (test for bogus messages, line 24)
FAIL: gnat.dg/specs/addr1.ads (test for excess errors)
=== gnat Summary for unix ===
# of expected passes 745
# of unexpected failures 9
# of expected failures 7
# of unsupported tests 1
Running target unix/-mabi=32
FAIL: gnat.dg/null_pointer_deref1.adb execution test
FAIL: gnat.dg/null_pointer_deref2.adb execution test
FAIL: gnat.dg/stack_check1.adb execution test
FAIL: gnat.dg/stack_check2.adb execution test
WARNING: program timed out.
FAIL: gnat.dg/test_prio.adb execution test
=== gnat Summary for unix/-mabi=32 ===
# of expected passes 749
# of unexpected failures 5
# of expected failures 7
# of unsupported tests 1
Running target unix/-mabi=64
FAIL: gnat.dg/align_max.adb execution test
FAIL: gnat.dg/allocator_maxalign1.adb execution test
FAIL: gnat.dg/null_pointer_deref1.adb execution test
FAIL: gnat.dg/null_pointer_deref2.adb execution test
FAIL: gnat.dg/stack_check1.adb execution test
FAIL: gnat.dg/stack_check2.adb execution test
FAIL: gnat.dg/test_allocator_maxalign2.adb execution test
=== gnat Summary for unix/-mabi=64 ===
# of expected passes 747
# of unexpected failures 7
# of expected failures 7
# of unsupported tests 1
=== gnat Summary ===
# of expected passes 2241
# of unexpected failures 21
# of expected failures 21
# of unsupported tests 3
=== objc tests ===
Running target unix
FAIL: objc.dg/stabs-1.m scan-assembler (.SUBSPA.*[\$]CODE[\$]|.text"?)\\n\\t.stabs.*100,0,0,([.\$])?L?L[\$]?etext[0-9]*\\n([.\$])?L?L[\$]?etext
=== objc Summary for unix ===
# of expected passes 1866
# of unexpected failures 1
# of expected failures 15
# of unsupported tests 24
Running target unix/-mabi=32
FAIL: objc.dg/stabs-1.m scan-assembler (.SUBSPA.*[\$]CODE[\$]|.text"?)\\n\\t.stabs.*100,0,0,([.\$])?L?L[\$]?etext[0-9]*\\n([.\$])?L?L[\$]?etext
=== objc Summary for unix/-mabi=32 ===
# of expected passes 1866
# of unexpected failures 1
# of expected failures 15
# of unsupported tests 24
Running target unix/-mabi=64
FAIL: objc.dg/stabs-1.m scan-assembler (.SUBSPA.*[\$]CODE[\$]|.text"?)\\n\\t.stabs.*100,0,0,([.\$])?L?L[\$]?etext[0-9]*\\n([.\$])?L?L[\$]?etext
=== objc Summary for unix/-mabi=64 ===
# of expected passes 1866
# of unexpected failures 1
# of expected failures 15
# of unsupported tests 24
=== objc Summary ===
# of expected passes 5598
# of unexpected failures 3
# of expected failures 45
# of unsupported tests 72
/vol/gcc/obj/regression/trunk/6.5-gcc/build/gcc/xgcc version 4.5.0 20100301 (experimental) (GCC)
=== libffi tests ===
Running target unix
FAIL: libffi.call/cls_align_pointer.c -O0 -W -Wall (test for excess errors)
WARNING: libffi.call/cls_align_pointer.c -O0 -W -Wall compilation failed to produce executable
FAIL: libffi.call/cls_double_va.c -O0 -W -Wall output pattern test, is 0.0
FAIL: libffi.call/cls_longdouble_va.c -O0 -W -Wall output pattern test, is 0.0
FAIL: libffi.call/cls_pointer.c -O0 -W -Wall (test for excess errors)
FAIL: libffi.call/cls_pointer_stack.c -O0 -W -Wall (test for excess errors)
FAIL: libffi.call/huge_struct.c -O0 -W -Wall (test for excess errors)
WARNING: libffi.call/huge_struct.c -O0 -W -Wall compilation failed to produce executable
FAIL: libffi.call/cls_align_pointer.c -O2 (test for excess errors)
WARNING: libffi.call/cls_align_pointer.c -O2 compilation failed to produce executable
FAIL: libffi.call/cls_double_va.c -O2 output pattern test, is 0.0
FAIL: libffi.call/cls_longdouble_va.c -O2 output pattern test, is 0.0
FAIL: libffi.call/cls_pointer.c -O2 (test for excess errors)
FAIL: libffi.call/cls_pointer_stack.c -O2 (test for excess errors)
FAIL: libffi.call/huge_struct.c -O2 (test for excess errors)
WARNING: libffi.call/huge_struct.c -O2 compilation failed to produce executable
FAIL: libffi.call/cls_align_pointer.c -O3 (test for excess errors)
WARNING: libffi.call/cls_align_pointer.c -O3 compilation failed to produce executable
FAIL: libffi.call/cls_double_va.c -O3 output pattern test, is 0.0
FAIL: libffi.call/cls_longdouble_va.c -O3 output pattern test, is 0.0
FAIL: libffi.call/cls_pointer.c -O3 (test for excess errors)
FAIL: libffi.call/cls_pointer_stack.c -O3 (test for excess errors)
FAIL: libffi.call/huge_struct.c -O3 (test for excess errors)
WARNING: libffi.call/huge_struct.c -O3 compilation failed to produce executable
FAIL: libffi.call/cls_align_pointer.c -Os (test for excess errors)
WARNING: libffi.call/cls_align_pointer.c -Os compilation failed to produce executable
FAIL: libffi.call/cls_double_va.c -Os output pattern test, is 0.0
FAIL: libffi.call/cls_longdouble_va.c -Os output pattern test, is 0.0
FAIL: libffi.call/cls_pointer.c -Os (test for excess errors)
FAIL: libffi.call/cls_pointer_stack.c -Os (test for excess errors)
FAIL: libffi.call/huge_struct.c -Os (test for excess errors)
WARNING: libffi.call/huge_struct.c -Os compilation failed to produce executable
FAIL: libffi.call/cls_align_pointer.c -O2 -fomit-frame-pointer (test for excess errors)
WARNING: libffi.call/cls_align_pointer.c -O2 -fomit-frame-pointer compilation failed to produce executable
FAIL: libffi.call/cls_double_va.c -O2 -fomit-frame-pointer output pattern test, is 0.0
FAIL: libffi.call/cls_longdouble_va.c -O2 -fomit-frame-pointer output pattern test, is 0.0
FAIL: libffi.call/cls_pointer.c -O2 -fomit-frame-pointer (test for excess errors)
FAIL: libffi.call/cls_pointer_stack.c -O2 -fomit-frame-pointer (test for excess errors)
FAIL: libffi.call/huge_struct.c -O2 -fomit-frame-pointer (test for excess errors)
WARNING: libffi.call/huge_struct.c -O2 -fomit-frame-pointer compilation failed to produce executable
=== libffi Summary for unix ===
# of expected passes 1574
# of unexpected failures 30
# of expected failures 10
# of unsupported tests 15
Running target unix/-mabi=32
FAIL: libffi.call/cls_align_pointer.c -O0 -W -Wall (test for excess errors)
WARNING: libffi.call/cls_align_pointer.c -O0 -W -Wall compilation failed to produce executable
FAIL: libffi.call/huge_struct.c -O0 -W -Wall (test for excess errors)
WARNING: libffi.call/huge_struct.c -O0 -W -Wall compilation failed to produce executable
FAIL: libffi.call/cls_align_pointer.c -O2 (test for excess errors)
WARNING: libffi.call/cls_align_pointer.c -O2 compilation failed to produce executable
FAIL: libffi.call/huge_struct.c -O2 (test for excess errors)
WARNING: libffi.call/huge_struct.c -O2 compilation failed to produce executable
FAIL: libffi.call/cls_align_pointer.c -O3 (test for excess errors)
WARNING: libffi.call/cls_align_pointer.c -O3 compilation failed to produce executable
FAIL: libffi.call/huge_struct.c -O3 (test for excess errors)
WARNING: libffi.call/huge_struct.c -O3 compilation failed to produce executable
FAIL: libffi.call/cls_align_pointer.c -Os (test for excess errors)
WARNING: libffi.call/cls_align_pointer.c -Os compilation failed to produce executable
FAIL: libffi.call/huge_struct.c -Os (test for excess errors)
WARNING: libffi.call/huge_struct.c -Os compilation failed to produce executable
FAIL: libffi.call/cls_align_pointer.c -O2 -fomit-frame-pointer (test for excess errors)
WARNING: libffi.call/cls_align_pointer.c -O2 -fomit-frame-pointer compilation failed to produce executable
FAIL: libffi.call/huge_struct.c -O2 -fomit-frame-pointer (test for excess errors)
WARNING: libffi.call/huge_struct.c -O2 -fomit-frame-pointer compilation failed to produce executable
=== libffi Summary for unix/-mabi=32 ===
# of expected passes 1594
# of unexpected failures 10
# of expected failures 10
# of unsupported tests 15
Running target unix/-mabi=64
FAIL: libffi.call/cls_align_pointer.c -O0 -W -Wall (test for excess errors)
WARNING: libffi.call/cls_align_pointer.c -O0 -W -Wall compilation failed to produce executable
FAIL: libffi.call/cls_double_va.c -O0 -W -Wall output pattern test, is 0.0
FAIL: libffi.call/cls_longdouble_va.c -O0 -W -Wall output pattern test, is 0.0
FAIL: libffi.call/huge_struct.c -O0 -W -Wall (test for excess errors)
WARNING: libffi.call/huge_struct.c -O0 -W -Wall compilation failed to produce executable
FAIL: libffi.call/cls_align_pointer.c -O2 (test for excess errors)
WARNING: libffi.call/cls_align_pointer.c -O2 compilation failed to produce executable
FAIL: libffi.call/cls_double_va.c -O2 output pattern test, is 0.0
FAIL: libffi.call/cls_longdouble_va.c -O2 output pattern test, is 0.0
FAIL: libffi.call/huge_struct.c -O2 (test for excess errors)
WARNING: libffi.call/huge_struct.c -O2 compilation failed to produce executable
FAIL: libffi.call/cls_align_pointer.c -O3 (test for excess errors)
WARNING: libffi.call/cls_align_pointer.c -O3 compilation failed to produce executable
FAIL: libffi.call/cls_double_va.c -O3 output pattern test, is 0.0
FAIL: libffi.call/cls_longdouble_va.c -O3 output pattern test, is 0.0
FAIL: libffi.call/huge_struct.c -O3 (test for excess errors)
WARNING: libffi.call/huge_struct.c -O3 compilation failed to produce executable
FAIL: libffi.call/cls_align_pointer.c -Os (test for excess errors)
WARNING: libffi.call/cls_align_pointer.c -Os compilation failed to produce executable
FAIL: libffi.call/cls_double_va.c -Os output pattern test, is 0.0
FAIL: libffi.call/cls_longdouble_va.c -Os output pattern test, is 0.0
FAIL: libffi.call/huge_struct.c -Os (test for excess errors)
WARNING: libffi.call/huge_struct.c -Os compilation failed to produce executable
FAIL: libffi.call/cls_align_pointer.c -O2 -fomit-frame-pointer (test for excess errors)
WARNING: libffi.call/cls_align_pointer.c -O2 -fomit-frame-pointer compilation failed to produce executable
FAIL: libffi.call/cls_double_va.c -O2 -fomit-frame-pointer output pattern test, is 0.0
FAIL: libffi.call/cls_longdouble_va.c -O2 -fomit-frame-pointer output pattern test, is 0.0
FAIL: libffi.call/huge_struct.c -O2 -fomit-frame-pointer (test for excess errors)
WARNING: libffi.call/huge_struct.c -O2 -fomit-frame-pointer compilation failed to produce executable
=== libffi Summary for unix/-mabi=64 ===
# of expected passes 1584
# of unexpected failures 20
# of expected failures 10
# of unsupported tests 15
=== libffi Summary ===
# of expected passes 4752
# of unexpected failures 60
# of expected failures 30
# of unsupported tests 45
=== libgomp tests ===
Running target unix
FAIL: libgomp.fortran/condinc2.f -O execution test
FAIL: libgomp.fortran/condinc4.f90 -O execution test
FAIL: libgomp.fortran/omp_cond2.f -O execution test
FAIL: libgomp.fortran/omp_cond4.F90 -O execution test
=== libgomp Summary for unix ===
# of expected passes 2166
# of unexpected failures 4
# of unsupported tests 144
Running target unix/-mabi=32
FAIL: libgomp.fortran/condinc2.f -O execution test
FAIL: libgomp.fortran/condinc4.f90 -O execution test
FAIL: libgomp.fortran/omp_cond2.f -O execution test
FAIL: libgomp.fortran/omp_cond4.F90 -O execution test
=== libgomp Summary for unix/-mabi=32 ===
# of expected passes 2166
# of unexpected failures 4
# of unsupported tests 144
Running target unix/-mabi=64
FAIL: libgomp.fortran/condinc2.f -O execution test
FAIL: libgomp.fortran/condinc4.f90 -O execution test
FAIL: libgomp.fortran/omp_cond2.f -O execution test
FAIL: libgomp.fortran/omp_cond4.F90 -O execution test
=== libgomp Summary for unix/-mabi=64 ===
# of expected passes 2166
# of unexpected failures 4
# of unsupported tests 144
=== libgomp Summary ===
# of expected passes 6498
# of unexpected failures 12
# of unsupported tests 432
=== libjava tests ===
Running target unix
WARNING: program timed out.
FAIL: getstacktrace run
WARNING: program timed out.
FAIL: getallthreads run
FAIL: FileHandleGcTest execution - source compiled test
FAIL: FileHandleGcTest -findirect-dispatch execution - source compiled test
FAIL: FileHandleGcTest -O3 execution - source compiled test
FAIL: FileHandleGcTest -O3 -findirect-dispatch execution - source compiled test
FAIL: Thread_Interrupt output - source compiled test
FAIL: Thread_Interrupt -findirect-dispatch output - source compiled test
FAIL: Thread_Interrupt -O3 output - source compiled test
FAIL: Thread_Interrupt -O3 -findirect-dispatch output - source compiled test
FAIL: Throw_2 execution - source compiled test
FAIL: Throw_2 -findirect-dispatch execution - source compiled test
FAIL: Throw_2 -O3 execution - source compiled test
FAIL: Throw_2 -O3 -findirect-dispatch execution - source compiled test
=== libjava Summary for unix ===
# of expected passes 2552
# of unexpected failures 14
# of untested testcases 10
Running target unix/-mabi=32
WARNING: program timed out.
FAIL: getstacktrace run
WARNING: program timed out.
FAIL: getallthreads run
FAIL: FileHandleGcTest execution - source compiled test
FAIL: FileHandleGcTest -findirect-dispatch execution - source compiled test
FAIL: FileHandleGcTest -O3 execution - source compiled test
FAIL: FileHandleGcTest -O3 -findirect-dispatch execution - source compiled test
FAIL: LargeFile execution - source compiled test
FAIL: LargeFile -findirect-dispatch execution - source compiled test
FAIL: LargeFile -O3 execution - source compiled test
FAIL: LargeFile -O3 -findirect-dispatch execution - source compiled test
FAIL: Thread_Interrupt output - source compiled test
FAIL: Thread_Interrupt -findirect-dispatch output - source compiled test
FAIL: Thread_Interrupt -O3 output - source compiled test
FAIL: Thread_Interrupt -O3 -findirect-dispatch output - source compiled test
FAIL: Throw_2 execution - source compiled test
FAIL: Throw_2 -findirect-dispatch execution - source compiled test
FAIL: Throw_2 -O3 execution - source compiled test
FAIL: Throw_2 -O3 -findirect-dispatch execution - source compiled test
=== libjava Summary for unix/-mabi=32 ===
# of expected passes 2544
# of unexpected failures 18
# of untested testcases 14
Running target unix/-mabi=64
WARNING: program timed out.
FAIL: getstacktrace run
WARNING: program timed out.
FAIL: getallthreads run
FAIL: FileHandleGcTest execution - source compiled test
FAIL: FileHandleGcTest -findirect-dispatch execution - source compiled test
FAIL: FileHandleGcTest -O3 execution - source compiled test
FAIL: FileHandleGcTest -O3 -findirect-dispatch execution - source compiled test
FAIL: Process_2 -findirect-dispatch output - source compiled test
FAIL: Thread_Interrupt output - source compiled test
FAIL: Thread_Interrupt -findirect-dispatch output - source compiled test
FAIL: Thread_Interrupt -O3 output - source compiled test
FAIL: Thread_Interrupt -O3 -findirect-dispatch output - source compiled test
FAIL: Throw_2 execution - source compiled test
FAIL: Throw_2 -findirect-dispatch execution - source compiled test
FAIL: Throw_2 -O3 execution - source compiled test
FAIL: Throw_2 -O3 -findirect-dispatch execution - source compiled test
=== libjava Summary for unix/-mabi=64 ===
# of expected passes 2551
# of unexpected failures 15
# of untested testcases 10
=== libjava Summary ===
# of expected passes 7647
# of unexpected failures 47
# of untested testcases 34
=== libstdc++ tests ===
Running target unix
FAIL: 18_support/numeric_limits/epsilon.cc execution test
FAIL: 21_strings/basic_string/inserters_extractors/wchar_t/1.cc execution test
FAIL: 21_strings/basic_string/inserters_extractors/wchar_t/11.cc execution test
FAIL: 21_strings/basic_string/inserters_extractors/wchar_t/5.cc execution test
FAIL: 22_locale/ctype/cons/char/1.cc execution test
FAIL: 22_locale/ctype/is/wchar_t/1.cc execution test
FAIL: 22_locale/ctype/scan/wchar_t/1.cc execution test
FAIL: 22_locale/money_get/get/wchar_t/19.cc execution test
FAIL: 22_locale/money_get/get/wchar_t/8.cc execution test
FAIL: 26_numerics/complex/inserters_extractors/wchar_t/1.cc execution test
FAIL: 26_numerics/headers/cmath/c99_classification_macros_c.cc (test for excess errors)
FAIL: 27_io/basic_istream/extractors_arithmetic/char/12.cc execution test
FAIL: 27_io/basic_istream/extractors_arithmetic/wchar_t/01.cc execution test
FAIL: 27_io/basic_istream/extractors_arithmetic/wchar_t/07.cc execution test
FAIL: 27_io/basic_istream/extractors_arithmetic/wchar_t/08.cc execution test
FAIL: 27_io/basic_istream/extractors_arithmetic/wchar_t/10.cc execution test
FAIL: 27_io/basic_istream/extractors_arithmetic/wchar_t/12.cc execution test
FAIL: 27_io/basic_istream/extractors_arithmetic/wchar_t/13.cc execution test
FAIL: 27_io/basic_istream/extractors_character/wchar_t/1.cc execution test
FAIL: 27_io/basic_istream/extractors_character/wchar_t/11095-i.cc execution test
FAIL: 27_io/basic_istream/extractors_character/wchar_t/2.cc execution test
FAIL: 27_io/basic_istream/extractors_character/wchar_t/3.cc execution test
FAIL: 27_io/basic_istream/extractors_character/wchar_t/4.cc execution test
FAIL: 27_io/basic_istream/sentry/wchar_t/2.cc execution test
FAIL: 27_io/basic_istream/ws/wchar_t/1.cc execution test
FAIL: ext/pb_ds/regression/tree_data_map_rand.cc (test for excess errors)
WARNING: ext/pb_ds/regression/tree_data_map_rand.cc compilation failed to produce executable
FAIL: ext/profile/all.cc (test for excess errors)
WARNING: program timed out.
=== libstdc++ Summary for unix ===
# of expected passes 6243
# of unexpected failures 27
# of expected failures 90
# of unsupported tests 577
Running target unix/-mabi=32
FAIL: 18_support/exception/what.cc (test for excess errors)
WARNING: 18_support/exception/what.cc compilation failed to produce executable
FAIL: 18_support/numeric_limits/lowest.cc execution test
FAIL: 21_strings/basic_string/requirements/typedefs.cc (test for excess errors)
FAIL: 22_locale/ctype/cons/char/1.cc execution test
FAIL: 26_numerics/headers/cmath/25913.cc (test for excess errors)
FAIL: 26_numerics/headers/cmath/c99_classification_macros_c++.cc (test for excess errors)
FAIL: 26_numerics/headers/cmath/c99_classification_macros_c.cc (test for excess errors)
FAIL: 26_numerics/random/binomial_distribution/cons/default.cc (test for excess errors)
WARNING: 26_numerics/random/binomial_distribution/cons/default.cc compilation failed to produce executable
FAIL: 26_numerics/random/binomial_distribution/cons/parms.cc (test for excess errors)
WARNING: 26_numerics/random/binomial_distribution/cons/parms.cc compilation failed to produce executable
FAIL: 26_numerics/random/binomial_distribution/operators/serialize.cc (test for excess errors)
WARNING: 26_numerics/random/binomial_distribution/operators/serialize.cc compilation failed to produce executable
FAIL: 26_numerics/random/negative_binomial_distribution/operators/serialize.cc (test for excess errors)
WARNING: 26_numerics/random/negative_binomial_distribution/operators/serialize.cc compilation failed to produce executable
FAIL: 26_numerics/random/poisson_distribution/cons/default.cc (test for excess errors)
WARNING: 26_numerics/random/poisson_distribution/cons/default.cc compilation failed to produce executable
FAIL: 26_numerics/random/poisson_distribution/cons/parms.cc (test for excess errors)
WARNING: 26_numerics/random/poisson_distribution/cons/parms.cc compilation failed to produce executable
FAIL: 26_numerics/random/poisson_distribution/operators/serialize.cc (test for excess errors)
WARNING: 26_numerics/random/poisson_distribution/operators/serialize.cc compilation failed to produce executable
FAIL: ext/pb_ds/regression/tree_no_data_map_rand.cc (test for excess errors)
WARNING: ext/pb_ds/regression/tree_no_data_map_rand.cc compilation failed to produce executable
FAIL: ext/profile/all.cc (test for excess errors)
WARNING: program timed out.
FAIL: tr1/5_numerical_facilities/special_functions/07_conf_hyperg/check_value.cc (test for excess errors)
WARNING: tr1/5_numerical_facilities/special_functions/07_conf_hyperg/check_value.cc compilation failed to produce executable
FAIL: tr1/5_numerical_facilities/special_functions/08_cyl_bessel_i/check_value.cc (test for excess errors)
WARNING: tr1/5_numerical_facilities/special_functions/08_cyl_bessel_i/check_value.cc compilation failed to produce executable
FAIL: tr1/5_numerical_facilities/special_functions/09_cyl_bessel_j/check_value.cc (test for excess errors)
WARNING: tr1/5_numerical_facilities/special_functions/09_cyl_bessel_j/check_value.cc compilation failed to produce executable
FAIL: tr1/5_numerical_facilities/special_functions/10_cyl_bessel_k/check_value.cc (test for excess errors)
WARNING: tr1/5_numerical_facilities/special_functions/10_cyl_bessel_k/check_value.cc compilation failed to produce executable
FAIL: tr1/5_numerical_facilities/special_functions/11_cyl_neumann/check_value.cc (test for excess errors)
WARNING: tr1/5_numerical_facilities/special_functions/11_cyl_neumann/check_value.cc compilation failed to produce executable
FAIL: tr1/5_numerical_facilities/special_functions/17_hyperg/check_value.cc (test for excess errors)
WARNING: tr1/5_numerical_facilities/special_functions/17_hyperg/check_value.cc compilation failed to produce executable
FAIL: tr1/5_numerical_facilities/special_functions/21_sph_bessel/check_value.cc (test for excess errors)
WARNING: tr1/5_numerical_facilities/special_functions/21_sph_bessel/check_value.cc compilation failed to produce executable
FAIL: tr1/5_numerical_facilities/special_functions/23_sph_neumann/check_value.cc (test for excess errors)
WARNING: tr1/5_numerical_facilities/special_functions/23_sph_neumann/check_value.cc compilation failed to produce executable
=== libstdc++ Summary for unix/-mabi=32 ===
# of expected passes 5319
# of unexpected failures 24
# of expected failures 88
# of unsupported tests 425
Running target unix/-mabi=64
FAIL: 18_support/numeric_limits/epsilon.cc execution test
FAIL: 20_util/shared_ptr/cons/alloc.cc (test for excess errors)
WARNING: 20_util/shared_ptr/cons/alloc.cc compilation failed to produce executable
FAIL: 20_util/shared_ptr/creation/alloc.cc (test for excess errors)
WARNING: 20_util/shared_ptr/creation/alloc.cc compilation failed to produce executable
FAIL: 20_util/shared_ptr/modifiers/reset_alloc.cc (test for excess errors)
WARNING: 20_util/shared_ptr/modifiers/reset_alloc.cc compilation failed to produce executable
FAIL: 21_strings/basic_string/cons/char/1.cc (test for excess errors)
WARNING: 21_strings/basic_string/cons/char/1.cc compilation failed to produce executable
FAIL: 21_strings/basic_string/cons/wchar_t/1.cc (test for excess errors)
WARNING: 21_strings/basic_string/cons/wchar_t/1.cc compilation failed to produce executable
FAIL: 21_strings/basic_string/init-list.cc (test for excess errors)
WARNING: 21_strings/basic_string/init-list.cc compilation failed to produce executable
FAIL: 21_strings/basic_string/insert/char/1.cc (test for excess errors)
WARNING: 21_strings/basic_string/insert/char/1.cc compilation failed to produce executable
FAIL: 21_strings/basic_string/insert/wchar_t/1.cc (test for excess errors)
WARNING: 21_strings/basic_string/insert/wchar_t/1.cc compilation failed to produce executable
FAIL: 21_strings/basic_string/inserters_extractors/pod/10081-in.cc (test for excess errors)
WARNING: 21_strings/basic_string/inserters_extractors/pod/10081-in.cc compilation failed to produce executable
FAIL: 21_strings/basic_string/inserters_extractors/pod/10081-out.cc (test for excess errors)
WARNING: 21_strings/basic_string/inserters_extractors/pod/10081-out.cc compilation failed to produce executable
FAIL: 21_strings/basic_string/inserters_extractors/wchar_t/1.cc execution test
FAIL: 21_strings/basic_string/inserters_extractors/wchar_t/11.cc execution test
FAIL: 21_strings/basic_string/inserters_extractors/wchar_t/5.cc execution test
FAIL: 22_locale/ctype/cons/char/1.cc execution test
FAIL: 22_locale/ctype/is/wchar_t/1.cc execution test
FAIL: 22_locale/ctype/scan/wchar_t/1.cc execution test
FAIL: 22_locale/money_get/get/wchar_t/19.cc execution test
FAIL: 22_locale/money_get/get/wchar_t/8.cc execution test
FAIL: 22_locale/numpunct/members/pod/1.cc (test for excess errors)
WARNING: 22_locale/numpunct/members/pod/1.cc compilation failed to produce executable
FAIL: 22_locale/numpunct/members/pod/2.cc (test for excess errors)
WARNING: 22_locale/numpunct/members/pod/2.cc compilation failed to produce executable
FAIL: 22_locale/time_get/get_date/char/1.cc (test for excess errors)
WARNING: 22_locale/time_get/get_date/char/1.cc compilation failed to produce executable
FAIL: 22_locale/time_get/get_date/char/3.cc (test for excess errors)
WARNING: 22_locale/time_get/get_date/char/3.cc compilation failed to produce executable
FAIL: 22_locale/time_get/get_date/char/5.cc (test for excess errors)
WARNING: 22_locale/time_get/get_date/char/5.cc compilation failed to produce executable
FAIL: 22_locale/time_get/get_date/wchar_t/1.cc (test for excess errors)
WARNING: 22_locale/time_get/get_date/wchar_t/1.cc compilation failed to produce executable
FAIL: 22_locale/time_get/get_date/wchar_t/3.cc (test for excess errors)
WARNING: 22_locale/time_get/get_date/wchar_t/3.cc compilation failed to produce executable
FAIL: 22_locale/time_get/get_date/wchar_t/5.cc (test for excess errors)
WARNING: 22_locale/time_get/get_date/wchar_t/5.cc compilation failed to produce executable
FAIL: 22_locale/time_get/get_monthname/char/1.cc (test for excess errors)
WARNING: 22_locale/time_get/get_monthname/char/1.cc compilation failed to produce executable
FAIL: 22_locale/time_get/get_monthname/char/5.cc (test for excess errors)
WARNING: 22_locale/time_get/get_monthname/char/5.cc compilation failed to produce executable
FAIL: 22_locale/time_get/get_monthname/wchar_t/1.cc (test for excess errors)
WARNING: 22_locale/time_get/get_monthname/wchar_t/1.cc compilation failed to produce executable
FAIL: 22_locale/time_get/get_monthname/wchar_t/5.cc (test for excess errors)
WARNING: 22_locale/time_get/get_monthname/wchar_t/5.cc compilation failed to produce executable
FAIL: 22_locale/time_get/get_time/char/3.cc (test for excess errors)
WARNING: 22_locale/time_get/get_time/char/3.cc compilation failed to produce executable
FAIL: 22_locale/time_get/get_time/char/4.cc (test for excess errors)
WARNING: 22_locale/time_get/get_time/char/4.cc compilation failed to produce executable
FAIL: 22_locale/time_get/get_time/char/5.cc (test for excess errors)
WARNING: 22_locale/time_get/get_time/char/5.cc compilation failed to produce executable
FAIL: 22_locale/time_get/get_time/wchar_t/3.cc (test for excess errors)
WARNING: 22_locale/time_get/get_time/wchar_t/3.cc compilation failed to produce executable
FAIL: 22_locale/time_get/get_time/wchar_t/4.cc (test for excess errors)
WARNING: 22_locale/time_get/get_time/wchar_t/4.cc compilation failed to produce executable
FAIL: 22_locale/time_get/get_time/wchar_t/5.cc (test for excess errors)
WARNING: 22_locale/time_get/get_time/wchar_t/5.cc compilation failed to produce executable
FAIL: 22_locale/time_get/get_weekday/char/1.cc (test for excess errors)
WARNING: 22_locale/time_get/get_weekday/char/1.cc compilation failed to produce executable
FAIL: 22_locale/time_get/get_weekday/char/3.cc (test for excess errors)
WARNING: 22_locale/time_get/get_weekday/char/3.cc compilation failed to produce executable
FAIL: 22_locale/time_get/get_weekday/char/5.cc (test for excess errors)
WARNING: 22_locale/time_get/get_weekday/char/5.cc compilation failed to produce executable
FAIL: 22_locale/time_get/get_weekday/wchar_t/1.cc (test for excess errors)
WARNING: 22_locale/time_get/get_weekday/wchar_t/1.cc compilation failed to produce executable
FAIL: 22_locale/time_get/get_weekday/wchar_t/3.cc (test for excess errors)
WARNING: 22_locale/time_get/get_weekday/wchar_t/3.cc compilation failed to produce executable
FAIL: 22_locale/time_get/get_weekday/wchar_t/5.cc (test for excess errors)
WARNING: 22_locale/time_get/get_weekday/wchar_t/5.cc compilation failed to produce executable
FAIL: 22_locale/time_get/get_year/char/1.cc (test for excess errors)
WARNING: 22_locale/time_get/get_year/char/1.cc compilation failed to produce executable
FAIL: 22_locale/time_get/get_year/char/3.cc (test for excess errors)
WARNING: 22_locale/time_get/get_year/char/3.cc compilation failed to produce executable
FAIL: 22_locale/time_get/get_year/char/5.cc (test for excess errors)
WARNING: 22_locale/time_get/get_year/char/5.cc compilation failed to produce executable
FAIL: 22_locale/time_get/get_year/wchar_t/1.cc (test for excess errors)
WARNING: 22_locale/time_get/get_year/wchar_t/1.cc compilation failed to produce executable
FAIL: 22_locale/time_get/get_year/wchar_t/3.cc (test for excess errors)
WARNING: 22_locale/time_get/get_year/wchar_t/3.cc compilation failed to produce executable
FAIL: 22_locale/time_get/get_year/wchar_t/5.cc (test for excess errors)
WARNING: 22_locale/time_get/get_year/wchar_t/5.cc compilation failed to produce executable
FAIL: 22_locale/time_put/put/char/1.cc (test for excess errors)
WARNING: 22_locale/time_put/put/char/1.cc compilation failed to produce executable
FAIL: 22_locale/time_put/put/char/10.cc (test for excess errors)
WARNING: 22_locale/time_put/put/char/10.cc compilation failed to produce executable
FAIL: 22_locale/time_put/put/char/5.cc (test for excess errors)
WARNING: 22_locale/time_put/put/char/5.cc compilation failed to produce executable
FAIL: 22_locale/time_put/put/char/9.cc (test for excess errors)
WARNING: 22_locale/time_put/put/char/9.cc compilation failed to produce executable
FAIL: 22_locale/time_put/put/wchar_t/1.cc (test for excess errors)
WARNING: 22_locale/time_put/put/wchar_t/1.cc compilation failed to produce executable
FAIL: 22_locale/time_put/put/wchar_t/10.cc (test for excess errors)
WARNING: 22_locale/time_put/put/wchar_t/10.cc compilation failed to produce executable
FAIL: 22_locale/time_put/put/wchar_t/5.cc (test for excess errors)
WARNING: 22_locale/time_put/put/wchar_t/5.cc compilation failed to produce executable
FAIL: 22_locale/time_put/put/wchar_t/9.cc (test for excess errors)
WARNING: 22_locale/time_put/put/wchar_t/9.cc compilation failed to produce executable
FAIL: 23_containers/deque/check_construct_destroy.cc (test for excess errors)
WARNING: 23_containers/deque/check_construct_destroy.cc compilation failed to produce executable
FAIL: 23_containers/deque/cons/1.cc (test for excess errors)
WARNING: 23_containers/deque/cons/1.cc compilation failed to produce executable
FAIL: 23_containers/deque/cons/2.cc (test for excess errors)
WARNING: 23_containers/deque/cons/2.cc compilation failed to produce executable
FAIL: 23_containers/deque/init-list.cc (test for excess errors)
WARNING: 23_containers/deque/init-list.cc compilation failed to produce executable
FAIL: 23_containers/deque/modifiers/erase/3.cc (test for excess errors)
WARNING: 23_containers/deque/modifiers/erase/3.cc compilation failed to produce executable
FAIL: 23_containers/list/check_construct_destroy.cc (test for excess errors)
WARNING: 23_containers/list/check_construct_destroy.cc compilation failed to produce executable
FAIL: 23_containers/list/init-list.cc (test for excess errors)
WARNING: 23_containers/list/init-list.cc compilation failed to produce executable
FAIL: 23_containers/list/modifiers/1.cc (test for excess errors)
WARNING: 23_containers/list/modifiers/1.cc compilation failed to produce executable
FAIL: 23_containers/list/modifiers/1_c++0x.cc (test for excess errors)
WARNING: 23_containers/list/modifiers/1_c++0x.cc compilation failed to produce executable
FAIL: 23_containers/list/modifiers/2.cc (test for excess errors)
WARNING: 23_containers/list/modifiers/2.cc compilation failed to produce executable
FAIL: 23_containers/list/modifiers/3.cc (test for excess errors)
WARNING: 23_containers/list/modifiers/3.cc compilation failed to produce executable
FAIL: 23_containers/map/init-list.cc (test for excess errors)
WARNING: 23_containers/map/init-list.cc compilation failed to produce executable
FAIL: 23_containers/multimap/init-list.cc (test for excess errors)
WARNING: 23_containers/multimap/init-list.cc compilation failed to produce executable
FAIL: 23_containers/multiset/init-list.cc (test for excess errors)
WARNING: 23_containers/multiset/init-list.cc compilation failed to produce executable
FAIL: 23_containers/set/check_construct_destroy.cc (test for excess errors)
WARNING: 23_containers/set/check_construct_destroy.cc compilation failed to produce executable
FAIL: 23_containers/set/init-list.cc (test for excess errors)
WARNING: 23_containers/set/init-list.cc compilation failed to produce executable
FAIL: 23_containers/unordered_map/init-list.cc (test for excess errors)
WARNING: 23_containers/unordered_map/init-list.cc compilation failed to produce executable
FAIL: 23_containers/unordered_multimap/init-list.cc (test for excess errors)
WARNING: 23_containers/unordered_multimap/init-list.cc compilation failed to produce executable
FAIL: 23_containers/unordered_multiset/init-list.cc (test for excess errors)
WARNING: 23_containers/unordered_multiset/init-list.cc compilation failed to produce executable
FAIL: 23_containers/unordered_set/init-list.cc (test for excess errors)
WARNING: 23_containers/unordered_set/init-list.cc compilation failed to produce executable
FAIL: 23_containers/vector/capacity/2.cc (test for excess errors)
WARNING: 23_containers/vector/capacity/2.cc compilation failed to produce executable
FAIL: 23_containers/vector/check_construct_destroy.cc (test for excess errors)
WARNING: 23_containers/vector/check_construct_destroy.cc compilation failed to produce executable
FAIL: 23_containers/vector/cons/4.cc (test for excess errors)
WARNING: 23_containers/vector/cons/4.cc compilation failed to produce executable
FAIL: 23_containers/vector/init-list.cc (test for excess errors)
WARNING: 23_containers/vector/init-list.cc compilation failed to produce executable
FAIL: 25_algorithms/stable_partition/mem_check.cc (test for excess errors)
WARNING: 25_algorithms/stable_partition/mem_check.cc compilation failed to produce executable
FAIL: 25_algorithms/stable_sort/mem_check.cc (test for excess errors)
WARNING: 25_algorithms/stable_sort/mem_check.cc compilation failed to produce executable
FAIL: 26_numerics/complex/inserters_extractors/wchar_t/1.cc execution test
FAIL: 26_numerics/headers/cmath/c99_classification_macros_c.cc (test for excess errors)
FAIL: 26_numerics/valarray/init-list.cc (test for excess errors)
WARNING: 26_numerics/valarray/init-list.cc compilation failed to produce executable
FAIL: 27_io/basic_filebuf/close/12790-1.cc (test for excess errors)
WARNING: 27_io/basic_filebuf/close/12790-1.cc compilation failed to produce executable
FAIL: 27_io/basic_filebuf/close/char/4879.cc (test for excess errors)
WARNING: 27_io/basic_filebuf/close/char/4879.cc compilation failed to produce executable
FAIL: 27_io/basic_filebuf/close/char/9964.cc (test for excess errors)
WARNING: 27_io/basic_filebuf/close/char/9964.cc compilation failed to produce executable
FAIL: 27_io/basic_filebuf/open/12790-1.cc (test for excess errors)
WARNING: 27_io/basic_filebuf/open/12790-1.cc compilation failed to produce executable
FAIL: 27_io/basic_filebuf/seekoff/12790-1.cc (test for excess errors)
WARNING: 27_io/basic_filebuf/seekoff/12790-1.cc compilation failed to produce executable
FAIL: 27_io/basic_filebuf/seekoff/12790-2.cc (test for excess errors)
WARNING: 27_io/basic_filebuf/seekoff/12790-2.cc compilation failed to produce executable
FAIL: 27_io/basic_filebuf/seekoff/12790-3.cc (test for excess errors)
WARNING: 27_io/basic_filebuf/seekoff/12790-3.cc compilation failed to produce executable
FAIL: 27_io/basic_filebuf/seekoff/12790-4.cc (test for excess errors)
WARNING: 27_io/basic_filebuf/seekoff/12790-4.cc compilation failed to produce executable
FAIL: 27_io/basic_filebuf/seekoff/char/26777.cc (test for excess errors)
WARNING: 27_io/basic_filebuf/seekoff/char/26777.cc compilation failed to produce executable
FAIL: 27_io/basic_filebuf/seekpos/12790-1.cc (test for excess errors)
WARNING: 27_io/basic_filebuf/seekpos/12790-1.cc compilation failed to produce executable
FAIL: 27_io/basic_filebuf/seekpos/12790-2.cc (test for excess errors)
WARNING: 27_io/basic_filebuf/seekpos/12790-2.cc compilation failed to produce executable
FAIL: 27_io/basic_filebuf/seekpos/12790-3.cc (test for excess errors)
WARNING: 27_io/basic_filebuf/seekpos/12790-3.cc compilation failed to produce executable
FAIL: 27_io/basic_filebuf/underflow/char/10097.cc (test for excess errors)
WARNING: 27_io/basic_filebuf/underflow/char/10097.cc compilation failed to produce executable
FAIL: 27_io/basic_ios/imbue/14072.cc (test for excess errors)
WARNING: 27_io/basic_ios/imbue/14072.cc compilation failed to produce executable
FAIL: 27_io/basic_istream/extractors_arithmetic/char/12.cc execution test
FAIL: 27_io/basic_istream/extractors_arithmetic/wchar_t/01.cc execution test
FAIL: 27_io/basic_istream/extractors_arithmetic/wchar_t/07.cc execution test
FAIL: 27_io/basic_istream/extractors_arithmetic/wchar_t/08.cc execution test
FAIL: 27_io/basic_istream/extractors_arithmetic/wchar_t/10.cc execution test
FAIL: 27_io/basic_istream/extractors_arithmetic/wchar_t/12.cc execution test
FAIL: 27_io/basic_istream/extractors_arithmetic/wchar_t/13.cc execution test
FAIL: 27_io/basic_istream/extractors_character/wchar_t/1.cc execution test
FAIL: 27_io/basic_istream/extractors_character/wchar_t/11095-i.cc execution test
FAIL: 27_io/basic_istream/extractors_character/wchar_t/2.cc execution test
FAIL: 27_io/basic_istream/extractors_character/wchar_t/3.cc execution test
FAIL: 27_io/basic_istream/extractors_character/wchar_t/4.cc execution test
FAIL: 27_io/basic_istream/sentry/pod/1.cc (test for excess errors)
WARNING: 27_io/basic_istream/sentry/pod/1.cc compilation failed to produce executable
FAIL: 27_io/basic_istream/sentry/wchar_t/2.cc execution test
FAIL: 27_io/basic_istream/ws/wchar_t/1.cc execution test
FAIL: 27_io/basic_ostream/sentry/pod/1.cc (test for excess errors)
WARNING: 27_io/basic_ostream/sentry/pod/1.cc compilation failed to produce executable
FAIL: 27_io/fpos/14775.cc (test for excess errors)
WARNING: 27_io/fpos/14775.cc compilation failed to produce executable
FAIL: 27_io/ios_base/storage/1.cc (test for excess errors)
WARNING: 27_io/ios_base/storage/1.cc compilation failed to produce executable
FAIL: 27_io/ios_base/storage/2.cc (test for excess errors)
WARNING: 27_io/ios_base/storage/2.cc compilation failed to produce executable
FAIL: 27_io/ios_base/storage/3.cc (test for excess errors)
WARNING: 27_io/ios_base/storage/3.cc compilation failed to produce executable
FAIL: 27_io/objects/char/7.cc (test for excess errors)
WARNING: 27_io/objects/char/7.cc compilation failed to produce executable
FAIL: 27_io/objects/char/9661-1.cc (test for excess errors)
WARNING: 27_io/objects/char/9661-1.cc compilation failed to produce executable
FAIL: 27_io/objects/wchar_t/7.cc (test for excess errors)
WARNING: 27_io/objects/wchar_t/7.cc compilation failed to produce executable
FAIL: 27_io/objects/wchar_t/9661-1.cc (test for excess errors)
WARNING: 27_io/objects/wchar_t/9661-1.cc compilation failed to produce executable
FAIL: abi/demangle/abi_examples/01.cc (test for excess errors)
WARNING: abi/demangle/abi_examples/01.cc compilation failed to produce executable
FAIL: abi/demangle/abi_examples/02.cc (test for excess errors)
WARNING: abi/demangle/abi_examples/02.cc compilation failed to produce executable
FAIL: abi/demangle/abi_examples/03.cc (test for excess errors)
WARNING: abi/demangle/abi_examples/03.cc compilation failed to produce executable
FAIL: abi/demangle/abi_examples/04.cc (test for excess errors)
WARNING: abi/demangle/abi_examples/04.cc compilation failed to produce executable
FAIL: abi/demangle/abi_examples/05.cc (test for excess errors)
WARNING: abi/demangle/abi_examples/05.cc compilation failed to produce executable
FAIL: abi/demangle/abi_examples/06.cc (test for excess errors)
WARNING: abi/demangle/abi_examples/06.cc compilation failed to produce executable
FAIL: abi/demangle/abi_examples/07.cc (test for excess errors)
WARNING: abi/demangle/abi_examples/07.cc compilation failed to produce executable
FAIL: abi/demangle/abi_examples/08.cc (test for excess errors)
WARNING: abi/demangle/abi_examples/08.cc compilation failed to produce executable
FAIL: abi/demangle/abi_examples/09.cc (test for excess errors)
WARNING: abi/demangle/abi_examples/09.cc compilation failed to produce executable
FAIL: abi/demangle/abi_examples/10.cc (test for excess errors)
WARNING: abi/demangle/abi_examples/10.cc compilation failed to produce executable
FAIL: abi/demangle/abi_examples/11.cc (test for excess errors)
WARNING: abi/demangle/abi_examples/11.cc compilation failed to produce executable
FAIL: abi/demangle/abi_examples/12.cc (test for excess errors)
WARNING: abi/demangle/abi_examples/12.cc compilation failed to produce executable
FAIL: abi/demangle/abi_examples/13.cc (test for excess errors)
WARNING: abi/demangle/abi_examples/13.cc compilation failed to produce executable
FAIL: abi/demangle/abi_examples/14.cc (test for excess errors)
WARNING: abi/demangle/abi_examples/14.cc compilation failed to produce executable
FAIL: abi/demangle/abi_examples/15.cc (test for excess errors)
WARNING: abi/demangle/abi_examples/15.cc compilation failed to produce executable
FAIL: abi/demangle/abi_examples/16.cc (test for excess errors)
WARNING: abi/demangle/abi_examples/16.cc compilation failed to produce executable
FAIL: abi/demangle/abi_examples/17.cc (test for excess errors)
WARNING: abi/demangle/abi_examples/17.cc compilation failed to produce executable
FAIL: abi/demangle/abi_examples/18.cc (test for excess errors)
WARNING: abi/demangle/abi_examples/18.cc compilation failed to produce executable
FAIL: abi/demangle/abi_examples/19.cc (test for excess errors)
WARNING: abi/demangle/abi_examples/19.cc compilation failed to produce executable
FAIL: abi/demangle/abi_examples/20.cc (test for excess errors)
WARNING: abi/demangle/abi_examples/20.cc compilation failed to produce executable
FAIL: abi/demangle/abi_examples/21.cc (test for excess errors)
WARNING: abi/demangle/abi_examples/21.cc compilation failed to produce executable
FAIL: abi/demangle/abi_examples/22.cc (test for excess errors)
WARNING: abi/demangle/abi_examples/22.cc compilation failed to produce executable
FAIL: abi/demangle/abi_examples/23.cc (test for excess errors)
WARNING: abi/demangle/abi_examples/23.cc compilation failed to produce executable
FAIL: abi/demangle/abi_examples/24.cc (test for excess errors)
WARNING: abi/demangle/abi_examples/24.cc compilation failed to produce executable
FAIL: abi/demangle/abi_examples/25.cc (test for excess errors)
WARNING: abi/demangle/abi_examples/25.cc compilation failed to produce executable
FAIL: abi/demangle/abi_examples/26.cc (test for excess errors)
WARNING: abi/demangle/abi_examples/26.cc compilation failed to produce executable
FAIL: abi/demangle/abi_text/01.cc (test for excess errors)
WARNING: abi/demangle/abi_text/01.cc compilation failed to produce executable
FAIL: abi/demangle/abi_text/02.cc (test for excess errors)
WARNING: abi/demangle/abi_text/02.cc compilation failed to produce executable
FAIL: abi/demangle/abi_text/03.cc (test for excess errors)
WARNING: abi/demangle/abi_text/03.cc compilation failed to produce executable
FAIL: abi/demangle/abi_text/04.cc (test for excess errors)
WARNING: abi/demangle/abi_text/04.cc compilation failed to produce executable
FAIL: abi/demangle/abi_text/05.cc (test for excess errors)
WARNING: abi/demangle/abi_text/05.cc compilation failed to produce executable
FAIL: abi/demangle/abi_text/06.cc (test for excess errors)
WARNING: abi/demangle/abi_text/06.cc compilation failed to produce executable
FAIL: abi/demangle/abi_text/07.cc (test for excess errors)
WARNING: abi/demangle/abi_text/07.cc compilation failed to produce executable
FAIL: abi/demangle/abi_text/08.cc (test for excess errors)
WARNING: abi/demangle/abi_text/08.cc compilation failed to produce executable
FAIL: abi/demangle/abi_text/09.cc (test for excess errors)
WARNING: abi/demangle/abi_text/09.cc compilation failed to produce executable
FAIL: abi/demangle/abi_text/10.cc (test for excess errors)
WARNING: abi/demangle/abi_text/10.cc compilation failed to produce executable
FAIL: abi/demangle/abi_text/11.cc (test for excess errors)
WARNING: abi/demangle/abi_text/11.cc compilation failed to produce executable
FAIL: abi/demangle/abi_text/12.cc (test for excess errors)
WARNING: abi/demangle/abi_text/12.cc compilation failed to produce executable
FAIL: abi/demangle/abi_text/13.cc (test for excess errors)
WARNING: abi/demangle/abi_text/13.cc compilation failed to produce executable
FAIL: abi/demangle/abi_text/14.cc (test for excess errors)
WARNING: abi/demangle/abi_text/14.cc compilation failed to produce executable
FAIL: abi/demangle/cxx0x/rref.cc (test for excess errors)
WARNING: abi/demangle/cxx0x/rref.cc compilation failed to produce executable
FAIL: abi/demangle/regression/3111-1.cc (test for excess errors)
WARNING: abi/demangle/regression/3111-1.cc compilation failed to produce executable
FAIL: abi/demangle/regression/3111-2.cc (test for excess errors)
WARNING: abi/demangle/regression/3111-2.cc compilation failed to produce executable
FAIL: abi/demangle/regression/7986-01.cc (test for excess errors)
WARNING: abi/demangle/regression/7986-01.cc compilation failed to produce executable
FAIL: abi/demangle/regression/7986-02.cc (test for excess errors)
WARNING: abi/demangle/regression/7986-02.cc compilation failed to produce executable
FAIL: abi/demangle/regression/7986-03.cc (test for excess errors)
WARNING: abi/demangle/regression/7986-03.cc compilation failed to produce executable
FAIL: abi/demangle/regression/7986-04.cc (test for excess errors)
WARNING: abi/demangle/regression/7986-04.cc compilation failed to produce executable
FAIL: abi/demangle/regression/7986-05.cc (test for excess errors)
WARNING: abi/demangle/regression/7986-05.cc compilation failed to produce executable
FAIL: abi/demangle/regression/7986-06.cc (test for excess errors)
WARNING: abi/demangle/regression/7986-06.cc compilation failed to produce executable
FAIL: abi/demangle/regression/7986-07.cc (test for excess errors)
WARNING: abi/demangle/regression/7986-07.cc compilation failed to produce executable
FAIL: abi/demangle/regression/7986-08.cc (test for excess errors)
WARNING: abi/demangle/regression/7986-08.cc compilation failed to produce executable
FAIL: abi/demangle/regression/7986-09.cc (test for excess errors)
WARNING: abi/demangle/regression/7986-09.cc compilation failed to produce executable
FAIL: abi/demangle/regression/7986-10.cc (test for excess errors)
WARNING: abi/demangle/regression/7986-10.cc compilation failed to produce executable
FAIL: abi/demangle/regression/7986-11.cc (test for excess errors)
WARNING: abi/demangle/regression/7986-11.cc compilation failed to produce executable
FAIL: abi/demangle/regression/7986-12.cc (test for excess errors)
WARNING: abi/demangle/regression/7986-12.cc compilation failed to produce executable
FAIL: abi/demangle/regression/8897.cc (test for excess errors)
WARNING: abi/demangle/regression/8897.cc compilation failed to produce executable
FAIL: abi/demangle/regression/cw-01.cc (test for excess errors)
WARNING: abi/demangle/regression/cw-01.cc compilation failed to produce executable
FAIL: abi/demangle/regression/cw-02.cc (test for excess errors)
WARNING: abi/demangle/regression/cw-02.cc compilation failed to produce executable
FAIL: abi/demangle/regression/cw-03.cc (test for excess errors)
WARNING: abi/demangle/regression/cw-03.cc compilation failed to produce executable
FAIL: abi/demangle/regression/cw-04.cc (test for excess errors)
WARNING: abi/demangle/regression/cw-04.cc compilation failed to produce executable
FAIL: abi/demangle/regression/cw-05.cc (test for excess errors)
WARNING: abi/demangle/regression/cw-05.cc compilation failed to produce executable
FAIL: abi/demangle/regression/cw-06.cc (test for excess errors)
WARNING: abi/demangle/regression/cw-06.cc compilation failed to produce executable
FAIL: abi/demangle/regression/cw-07.cc (test for excess errors)
WARNING: abi/demangle/regression/cw-07.cc compilation failed to produce executable
FAIL: abi/demangle/regression/cw-08.cc (test for excess errors)
WARNING: abi/demangle/regression/cw-08.cc compilation failed to produce executable
FAIL: abi/demangle/regression/cw-09.cc (test for excess errors)
WARNING: abi/demangle/regression/cw-09.cc compilation failed to produce executable
FAIL: abi/demangle/regression/cw-10.cc (test for excess errors)
WARNING: abi/demangle/regression/cw-10.cc compilation failed to produce executable
FAIL: abi/demangle/regression/cw-11.cc (test for excess errors)
WARNING: abi/demangle/regression/cw-11.cc compilation failed to produce executable
FAIL: abi/demangle/regression/cw-12.cc (test for excess errors)
WARNING: abi/demangle/regression/cw-12.cc compilation failed to produce executable
FAIL: abi/demangle/regression/cw-13.cc (test for excess errors)
WARNING: abi/demangle/regression/cw-13.cc compilation failed to produce executable
FAIL: abi/demangle/regression/cw-14.cc (test for excess errors)
WARNING: abi/demangle/regression/cw-14.cc compilation failed to produce executable
FAIL: abi/demangle/regression/cw-15.cc (test for excess errors)
WARNING: abi/demangle/regression/cw-15.cc compilation failed to produce executable
FAIL: abi/demangle/regression/cw-16.cc (test for excess errors)
WARNING: abi/demangle/regression/cw-16.cc compilation failed to produce executable
FAIL: abi/demangle/regression/old.cc (test for excess errors)
WARNING: abi/demangle/regression/old.cc compilation failed to produce executable
FAIL: backward/hash_set/check_construct_destroy.cc (test for excess errors)
WARNING: backward/hash_set/check_construct_destroy.cc compilation failed to produce executable
FAIL: ext/pb_ds/regression/hash_data_map_rand.cc (test for excess errors)
WARNING: ext/pb_ds/regression/hash_data_map_rand.cc compilation failed to produce executable
FAIL: ext/pb_ds/regression/hash_no_data_map_rand.cc (test for excess errors)
WARNING: ext/pb_ds/regression/hash_no_data_map_rand.cc compilation failed to produce executable
FAIL: ext/pb_ds/regression/list_update_data_map_rand.cc (test for excess errors)
WARNING: ext/pb_ds/regression/list_update_data_map_rand.cc compilation failed to produce executable
FAIL: ext/pb_ds/regression/list_update_no_data_map_rand.cc (test for excess errors)
WARNING: ext/pb_ds/regression/list_update_no_data_map_rand.cc compilation failed to produce executable
FAIL: ext/pb_ds/regression/priority_queue_rand.cc (test for excess errors)
WARNING: ext/pb_ds/regression/priority_queue_rand.cc compilation failed to produce executable
FAIL: ext/pb_ds/regression/tree_data_map_rand.cc (test for excess errors)
WARNING: ext/pb_ds/regression/tree_data_map_rand.cc compilation failed to produce executable
FAIL: ext/pb_ds/regression/tree_no_data_map_rand.cc (test for excess errors)
WARNING: ext/pb_ds/regression/tree_no_data_map_rand.cc compilation failed to produce executable
FAIL: ext/pb_ds/regression/trie_data_map_rand.cc (test for excess errors)
WARNING: ext/pb_ds/regression/trie_data_map_rand.cc compilation failed to produce executable
FAIL: ext/pb_ds/regression/trie_no_data_map_rand.cc (test for excess errors)
WARNING: ext/pb_ds/regression/trie_no_data_map_rand.cc compilation failed to produce executable
FAIL: ext/profile/all.cc (test for excess errors)
FAIL: ext/slist/check_construct_destroy.cc (test for excess errors)
WARNING: ext/slist/check_construct_destroy.cc compilation failed to produce executable
WARNING: program timed out.
=== libstdc++ Summary for unix/-mabi=64 ===
# of expected passes 5879
# of unexpected failures 209
# of expected failures 90
# of unsupported tests 577
=== libstdc++ Summary ===
# of expected passes 17441
# of unexpected failures 260
# of expected failures 268
# of unsupported tests 1579
=== libstdc++ Summary ===
Compiler version: 4.5.0 20100301 (experimental) (GCC)
Platform: mips-sgi-irix6.5
configure flags: --prefix=/vol/gcc --target=mips-sgi-irix6.5 --with-libelf=/vol/gcc --enable-libgcj --with-as=/vol/gcc/lib/gas-2.20 --with-gnu-as --with-gmp=/vol/gcc --with-mpfr=/vol/gcc --with-mpc=/vol/gcc --enable-languages=all,ada
BOOT_CFLAGS=-g -O2