This is the mail archive of the
gcc-testresults@gcc.gnu.org
mailing list for the GCC project.
Results for 4.5.0 20100316 (experimental) (GCC) testsuite on i386-pc-solaris2.10
- From: Rainer Orth <ro at CeBiTec dot Uni-Bielefeld dot DE>
- To: gcc-testresults at gcc dot gnu dot org
- Date: Fri, 26 Mar 2010 13:23:52 +0100 (MET)
- Subject: Results for 4.5.0 20100316 (experimental) (GCC) testsuite on i386-pc-solaris2.10
=== acats tests ===
=== acats Summary ===
# of expected passes 2321
# of unexpected failures 0
Native configuration is i386-pc-solaris2.10
=== g++ tests ===
Running target unix
FAIL: g++.dg/tls/static-1.C execution test
XPASS: g++.old-deja/g++.oliva/dwarf2.C (test for excess errors)
XPASS: g++.old-deja/g++.oliva/dwarf3.C (test for excess errors)
XPASS: g++.old-deja/g++.other/init19.C execution test
=== g++ Summary for unix ===
# of expected passes 21737
# of unexpected failures 1
# of unexpected successes 3
# of expected failures 149
# of unsupported tests 163
Running target unix/-m64
FAIL: g++.dg/tls/static-1.C execution test
FAIL: g++.old-deja/g++.law/profile1.C (test for excess errors)
WARNING: g++.old-deja/g++.law/profile1.C compilation failed to produce executable
XPASS: g++.old-deja/g++.oliva/dwarf2.C (test for excess errors)
XPASS: g++.old-deja/g++.oliva/dwarf3.C (test for excess errors)
XPASS: g++.old-deja/g++.other/init19.C execution test
=== g++ Summary for unix/-m64 ===
# of expected passes 21423
# of unexpected failures 2
# of unexpected successes 3
# of expected failures 149
# of unsupported tests 310
=== g++ Summary ===
# of expected passes 43160
# of unexpected failures 3
# of unexpected successes 6
# of expected failures 298
# of unsupported tests 473
/vol/gcc/obj/regression/trunk/10-gcc-gas-gld/build/gcc/testsuite/g++/../../g++ version 4.5.0 20100316 (experimental) (GCC)
=== gcc tests ===
Running target unix
WARNING: program timed out.
FAIL: gcc.c-torture/compile/limits-fnargs.c -O3 -g (test for excess errors)
FAIL: gcc.dg/pr34668-1.c (internal compiler error)
FAIL: gcc.dg/pr34668-1.c (test for excess errors)
FAIL: gcc.dg/pr43379.c (test for excess errors)
FAIL: largefile.c -O0 -g -I. (test for excess errors)
FAIL: gcc.dg/pch/largefile.c -O0 -g assembly comparison
FAIL: largefile.c -O0 -I. (test for excess errors)
FAIL: gcc.dg/pch/largefile.c -O0 assembly comparison
FAIL: largefile.c -O1 -I. (test for excess errors)
FAIL: gcc.dg/pch/largefile.c -O1 assembly comparison
FAIL: largefile.c -O2 -I. (test for excess errors)
FAIL: gcc.dg/pch/largefile.c -O2 assembly comparison
FAIL: largefile.c -O3 -fomit-frame-pointer -I. (test for excess errors)
FAIL: gcc.dg/pch/largefile.c -O3 -fomit-frame-pointer assembly comparison
FAIL: largefile.c -O3 -g -I. (test for excess errors)
FAIL: gcc.dg/pch/largefile.c -O3 -g assembly comparison
FAIL: largefile.c -Os -I. (test for excess errors)
FAIL: gcc.dg/pch/largefile.c -Os assembly comparison
FAIL: gcc.dg/torture/fp-int-convert-float128-timode.c -O0 (test for excess errors)
WARNING: gcc.dg/torture/fp-int-convert-float128-timode.c -O0 compilation failed to produce executable
FAIL: gcc.dg/torture/fp-int-convert-float128-timode.c -O1 (test for excess errors)
WARNING: gcc.dg/torture/fp-int-convert-float128-timode.c -O1 compilation failed to produce executable
FAIL: gcc.dg/torture/fp-int-convert-float128-timode.c -O2 (test for excess errors)
WARNING: gcc.dg/torture/fp-int-convert-float128-timode.c -O2 compilation failed to produce executable
FAIL: gcc.dg/torture/fp-int-convert-float128-timode.c -O3 -fomit-frame-pointer (test for excess errors)
WARNING: gcc.dg/torture/fp-int-convert-float128-timode.c -O3 -fomit-frame-pointer compilation failed to produce executable
FAIL: gcc.dg/torture/fp-int-convert-float128-timode.c -O3 -g (test for excess errors)
WARNING: gcc.dg/torture/fp-int-convert-float128-timode.c -O3 -g compilation failed to produce executable
FAIL: gcc.dg/torture/fp-int-convert-float128-timode.c -Os (test for excess errors)
WARNING: gcc.dg/torture/fp-int-convert-float128-timode.c -Os compilation failed to produce executable
FAIL: gcc.dg/torture/fp-int-convert-float128.c -O0 (test for excess errors)
WARNING: gcc.dg/torture/fp-int-convert-float128.c -O0 compilation failed to produce executable
FAIL: gcc.dg/torture/fp-int-convert-float128.c -O1 (test for excess errors)
WARNING: gcc.dg/torture/fp-int-convert-float128.c -O1 compilation failed to produce executable
FAIL: gcc.dg/torture/fp-int-convert-float128.c -O2 (test for excess errors)
WARNING: gcc.dg/torture/fp-int-convert-float128.c -O2 compilation failed to produce executable
FAIL: gcc.dg/torture/fp-int-convert-float128.c -O3 -fomit-frame-pointer (test for excess errors)
WARNING: gcc.dg/torture/fp-int-convert-float128.c -O3 -fomit-frame-pointer compilation failed to produce executable
FAIL: gcc.dg/torture/fp-int-convert-float128.c -O3 -g (test for excess errors)
WARNING: gcc.dg/torture/fp-int-convert-float128.c -O3 -g compilation failed to produce executable
FAIL: gcc.dg/torture/fp-int-convert-float128.c -Os (test for excess errors)
WARNING: gcc.dg/torture/fp-int-convert-float128.c -Os compilation failed to produce executable
XPASS: gcc.dg/tree-ssa/20040204-1.c scan-tree-dump-times optimized "link_error" 0
FAIL: gcc.dg/tree-ssa/ltrans-1.c scan-tree-dump-times ltrans "converted loop nest to perfect loop nest" 1
FAIL: gcc.dg/tree-ssa/ltrans-1.c scan-tree-dump-times ltrans "transformed loop" 1
FAIL: gcc.dg/tree-ssa/ltrans-3.c scan-tree-dump-times ltrans "transformed loop" 1
FAIL: gcc.dg/tree-ssa/ltrans-4.c scan-tree-dump-times ltrans "transformed loop" 1
FAIL: gcc.dg/tree-ssa/ltrans-5.c scan-tree-dump-times ltrans "transformed loop" 1
FAIL: gcc.dg/tree-ssa/ltrans-6.c scan-tree-dump-times ltrans "transformed loop" 1
FAIL: gcc.dg/tree-ssa/ltrans-8.c scan-tree-dump-times ltrans "transformed loop" 1
FAIL: gcc.dg/tree-ssa/vrp47.c scan-tree-dump-times vrp1 "[xy][^ ]* !=" 0
FAIL: gcc.dg/tree-ssa/vrp47.c scan-tree-dump-times dom1 "x[^ ]* & y" 1
FAIL: gcc.dg/tree-ssa/vrp47.c scan-tree-dump-times vrp1 "x[^ ]* [|] y" 1
FAIL: gcc.target/i386/abi-2.c scan-assembler-times ymm0 1
FAIL: gcc.target/i386/pr22076.c scan-assembler-times movq 3
FAIL: gcc.target/i386/pr22076.c scan-assembler-not movl
=== gcc Summary for unix ===
# of expected passes 60027
# of unexpected failures 43
# of unexpected successes 1
# of expected failures 168
# of unsupported tests 625
Running target unix/-m64
FAIL: gcc.dg/cpp/trad/include.c (internal compiler error)
FAIL: gcc.dg/cpp/trad/include.c (test for excess errors)
FAIL: gcc.dg/nest.c (test for excess errors)
WARNING: gcc.dg/nest.c compilation failed to produce executable
FAIL: gcc.dg/nested-func-4.c (test for excess errors)
WARNING: gcc.dg/nested-func-4.c compilation failed to produce executable
FAIL: gcc.dg/pr32450.c (test for excess errors)
WARNING: gcc.dg/pr32450.c compilation failed to produce executable
FAIL: gcc.dg/pr34668-1.c (internal compiler error)
FAIL: gcc.dg/pr34668-1.c (test for excess errors)
FAIL: gcc.dg/pr43379.c (test for excess errors)
FAIL: largefile.c -O0 -g -I. (test for excess errors)
FAIL: gcc.dg/pch/largefile.c -O0 -g assembly comparison
FAIL: largefile.c -O0 -I. (test for excess errors)
FAIL: gcc.dg/pch/largefile.c -O0 assembly comparison
FAIL: largefile.c -O1 -I. (test for excess errors)
FAIL: gcc.dg/pch/largefile.c -O1 assembly comparison
FAIL: largefile.c -O2 -I. (test for excess errors)
FAIL: gcc.dg/pch/largefile.c -O2 assembly comparison
FAIL: largefile.c -O3 -fomit-frame-pointer -I. (test for excess errors)
FAIL: gcc.dg/pch/largefile.c -O3 -fomit-frame-pointer assembly comparison
FAIL: largefile.c -O3 -g -I. (test for excess errors)
FAIL: gcc.dg/pch/largefile.c -O3 -g assembly comparison
FAIL: largefile.c -Os -I. (test for excess errors)
FAIL: gcc.dg/pch/largefile.c -Os assembly comparison
FAIL: gcc.dg/torture/fp-int-convert-float128-timode.c -O0 (test for excess errors)
WARNING: gcc.dg/torture/fp-int-convert-float128-timode.c -O0 compilation failed to produce executable
FAIL: gcc.dg/torture/fp-int-convert-float128-timode.c -O1 (test for excess errors)
WARNING: gcc.dg/torture/fp-int-convert-float128-timode.c -O1 compilation failed to produce executable
FAIL: gcc.dg/torture/fp-int-convert-float128-timode.c -O2 (test for excess errors)
WARNING: gcc.dg/torture/fp-int-convert-float128-timode.c -O2 compilation failed to produce executable
FAIL: gcc.dg/torture/fp-int-convert-float128-timode.c -O3 -fomit-frame-pointer (test for excess errors)
WARNING: gcc.dg/torture/fp-int-convert-float128-timode.c -O3 -fomit-frame-pointer compilation failed to produce executable
FAIL: gcc.dg/torture/fp-int-convert-float128-timode.c -O3 -g (test for excess errors)
WARNING: gcc.dg/torture/fp-int-convert-float128-timode.c -O3 -g compilation failed to produce executable
FAIL: gcc.dg/torture/fp-int-convert-float128-timode.c -Os (test for excess errors)
WARNING: gcc.dg/torture/fp-int-convert-float128-timode.c -Os compilation failed to produce executable
FAIL: gcc.dg/torture/fp-int-convert-float128.c -O0 (test for excess errors)
WARNING: gcc.dg/torture/fp-int-convert-float128.c -O0 compilation failed to produce executable
FAIL: gcc.dg/torture/fp-int-convert-float128.c -O1 (test for excess errors)
WARNING: gcc.dg/torture/fp-int-convert-float128.c -O1 compilation failed to produce executable
FAIL: gcc.dg/torture/fp-int-convert-float128.c -O2 (test for excess errors)
WARNING: gcc.dg/torture/fp-int-convert-float128.c -O2 compilation failed to produce executable
FAIL: gcc.dg/torture/fp-int-convert-float128.c -O3 -fomit-frame-pointer (test for excess errors)
WARNING: gcc.dg/torture/fp-int-convert-float128.c -O3 -fomit-frame-pointer compilation failed to produce executable
FAIL: gcc.dg/torture/fp-int-convert-float128.c -O3 -g (test for excess errors)
WARNING: gcc.dg/torture/fp-int-convert-float128.c -O3 -g compilation failed to produce executable
FAIL: gcc.dg/torture/fp-int-convert-float128.c -Os (test for excess errors)
WARNING: gcc.dg/torture/fp-int-convert-float128.c -Os compilation failed to produce executable
FAIL: gcc.misc-tests/linkage.c link
=== gcc Summary for unix/-m64 ===
# of expected passes 59698
# of unexpected failures 35
# of expected failures 168
# of unsupported tests 920
=== gcc Summary ===
# of expected passes 119725
# of unexpected failures 78
# of unexpected successes 1
# of expected failures 336
# of unsupported tests 1545
/vol/gcc/obj/regression/trunk/10-gcc-gas-gld/build/gcc/xgcc version 4.5.0 20100316 (experimental) (GCC)
=== gfortran tests ===
Running target unix
FAIL: gfortran.dg/array_constructor_23.f -O3 -fomit-frame-pointer execution test
FAIL: gfortran.dg/array_constructor_23.f -O3 -fomit-frame-pointer -funroll-loops execution test
FAIL: gfortran.dg/array_constructor_23.f -O3 -fomit-frame-pointer -funroll-all-loops -finline-functions execution test
FAIL: gfortran.dg/array_constructor_23.f -O3 -g execution test
FAIL: gfortran.dg/atan2_1.f90 -O0 execution test
FAIL: gfortran.dg/ltrans-7.f90 -O scan-tree-dump-times ltrans "transformed loop" 1
=== gfortran Summary for unix ===
# of expected passes 33645
# of unexpected failures 6
# of expected failures 21
# of unsupported tests 137
Running target unix/-m64
=== gfortran Summary for unix/-m64 ===
# of expected passes 33812
# of expected failures 21
# of unsupported tests 61
=== gfortran Summary ===
# of expected passes 67457
# of unexpected failures 6
# of expected failures 42
# of unsupported tests 198
/vol/gcc/obj/regression/trunk/10-gcc-gas-gld/build/gcc/testsuite/gfortran/../../gfortran version 4.5.0 20100316 (experimental) (GCC)
=== gnat tests ===
Running target unix
=== gnat Summary for unix ===
# of expected passes 753
# of expected failures 7
# of unsupported tests 1
Running target unix/-m64
=== gnat Summary for unix/-m64 ===
# of expected passes 753
# of expected failures 7
# of unsupported tests 1
=== gnat Summary ===
# of expected passes 1506
# of expected failures 14
# of unsupported tests 2
=== objc tests ===
Running target unix
=== objc Summary for unix ===
# of expected passes 1875
# of expected failures 7
# of unsupported tests 24
Running target unix/-m64
=== objc Summary for unix/-m64 ===
# of expected passes 1867
# of expected failures 15
# of unsupported tests 24
=== objc Summary ===
# of expected passes 3742
# of expected failures 22
# of unsupported tests 48
/vol/gcc/obj/regression/trunk/10-gcc-gas-gld/build/gcc/xgcc version 4.5.0 20100316 (experimental) (GCC)
=== libffi tests ===
Running target unix
XPASS: libffi.call/err_bad_typedef.c -O0 -W -Wall execution test
XPASS: libffi.call/err_bad_typedef.c -O2 execution test
XPASS: libffi.call/err_bad_typedef.c -O3 execution test
XPASS: libffi.call/err_bad_typedef.c -Os execution test
XPASS: libffi.call/err_bad_typedef.c -O2 -fomit-frame-pointer execution test
=== libffi Summary for unix ===
# of expected passes 1624
# of unexpected successes 5
# of expected failures 5
# of unsupported tests 15
Running target unix/-m64
=== libffi Summary for unix/-m64 ===
# of expected passes 1624
# of expected failures 10
# of unsupported tests 15
=== libffi Summary ===
# of expected passes 3248
# of unexpected successes 5
# of expected failures 15
# of unsupported tests 30
=== libgomp tests ===
Running target unix
WARNING: program timed out.
FAIL: libgomp.c/appendix-a/a.39.1.c execution test
FAIL: libgomp.c/copyin-1.c execution test
FAIL: libgomp.c/copyin-2.c execution test
FAIL: libgomp.c/lib-1.c execution test
FAIL: libgomp.c/lock-1.c execution test
FAIL: libgomp.c/lock-2.c execution test
WARNING: program timed out.
FAIL: libgomp.c/sort-1.c execution test
FAIL: libgomp.c++/copyin-1.C -O0 execution test
FAIL: libgomp.c++/copyin-1.C -O1 execution test
FAIL: libgomp.c++/copyin-1.C -O2 execution test
FAIL: libgomp.c++/copyin-1.C -O3 -fomit-frame-pointer execution test
FAIL: libgomp.c++/copyin-1.C -O3 -fomit-frame-pointer -funroll-loops execution test
FAIL: libgomp.c++/copyin-1.C -O3 -fomit-frame-pointer -funroll-all-loops -finline-functions execution test
FAIL: libgomp.c++/copyin-1.C -O3 -g execution test
FAIL: libgomp.c++/copyin-1.C -Os execution test
FAIL: libgomp.c++/copyin-2.C -O0 execution test
FAIL: libgomp.c++/copyin-2.C -O1 execution test
FAIL: libgomp.c++/copyin-2.C -O2 execution test
FAIL: libgomp.c++/copyin-2.C -O3 -fomit-frame-pointer execution test
FAIL: libgomp.c++/copyin-2.C -O3 -fomit-frame-pointer -funroll-loops execution test
FAIL: libgomp.c++/copyin-2.C -O3 -fomit-frame-pointer -funroll-all-loops -finline-functions execution test
FAIL: libgomp.c++/copyin-2.C -O3 -g execution test
FAIL: libgomp.c++/copyin-2.C -Os execution test
FAIL: libgomp.fortran/lib1.f90 -O0 execution test
FAIL: libgomp.fortran/lib1.f90 -O1 execution test
FAIL: libgomp.fortran/lib1.f90 -O2 execution test
FAIL: libgomp.fortran/lib1.f90 -O3 -fomit-frame-pointer execution test
FAIL: libgomp.fortran/lib1.f90 -O3 -fomit-frame-pointer -funroll-loops execution test
FAIL: libgomp.fortran/lib1.f90 -O3 -fomit-frame-pointer -funroll-all-loops -finline-functions execution test
FAIL: libgomp.fortran/lib1.f90 -O3 -g execution test
FAIL: libgomp.fortran/lib1.f90 -Os execution test
FAIL: libgomp.fortran/lib2.f -O0 execution test
FAIL: libgomp.fortran/lib2.f -O1 execution test
FAIL: libgomp.fortran/lib2.f -O2 execution test
FAIL: libgomp.fortran/lib2.f -O3 -fomit-frame-pointer execution test
FAIL: libgomp.fortran/lib2.f -O3 -fomit-frame-pointer -funroll-loops execution test
FAIL: libgomp.fortran/lib2.f -O3 -fomit-frame-pointer -funroll-all-loops -finline-functions execution test
FAIL: libgomp.fortran/lib2.f -O3 -g execution test
FAIL: libgomp.fortran/lib2.f -Os execution test
FAIL: libgomp.fortran/lib3.f -O0 execution test
FAIL: libgomp.fortran/lib3.f -O1 execution test
FAIL: libgomp.fortran/lib3.f -O2 execution test
FAIL: libgomp.fortran/lib3.f -O3 -fomit-frame-pointer execution test
FAIL: libgomp.fortran/lib3.f -O3 -fomit-frame-pointer -funroll-loops execution test
FAIL: libgomp.fortran/lib3.f -O3 -fomit-frame-pointer -funroll-all-loops -finline-functions execution test
FAIL: libgomp.fortran/lib3.f -O3 -g execution test
FAIL: libgomp.fortran/lib3.f -Os execution test
FAIL: libgomp.fortran/omp_parse3.f90 -O0 execution test
FAIL: libgomp.fortran/omp_parse3.f90 -O1 execution test
FAIL: libgomp.fortran/omp_parse3.f90 -O2 execution test
FAIL: libgomp.fortran/omp_parse3.f90 -O3 -fomit-frame-pointer execution test
FAIL: libgomp.fortran/omp_parse3.f90 -O3 -fomit-frame-pointer -funroll-loops execution test
FAIL: libgomp.fortran/omp_parse3.f90 -O3 -fomit-frame-pointer -funroll-all-loops -finline-functions execution test
FAIL: libgomp.fortran/omp_parse3.f90 -O3 -g execution test
FAIL: libgomp.fortran/omp_parse3.f90 -Os execution test
=== libgomp Summary for unix ===
# of expected passes 2399
# of unexpected failures 55
# of unsupported tests 2
Running target unix/-m64
WARNING: program timed out.
FAIL: libgomp.c/appendix-a/a.39.1.c execution test
FAIL: libgomp.c/copyin-1.c execution test
FAIL: libgomp.c/copyin-2.c execution test
FAIL: libgomp.c/lib-1.c execution test
FAIL: libgomp.c/lock-1.c execution test
FAIL: libgomp.c/lock-2.c execution test
WARNING: program timed out.
FAIL: libgomp.c/sort-1.c execution test
FAIL: libgomp.c++/copyin-1.C -O0 execution test
FAIL: libgomp.c++/copyin-1.C -O1 execution test
FAIL: libgomp.c++/copyin-1.C -O2 execution test
FAIL: libgomp.c++/copyin-1.C -Os execution test
FAIL: libgomp.c++/copyin-2.C -O0 execution test
FAIL: libgomp.c++/copyin-2.C -O1 execution test
FAIL: libgomp.c++/copyin-2.C -O2 execution test
FAIL: libgomp.c++/copyin-2.C -Os execution test
FAIL: libgomp.fortran/lib1.f90 -O0 execution test
FAIL: libgomp.fortran/lib1.f90 -O1 execution test
FAIL: libgomp.fortran/lib1.f90 -O2 execution test
FAIL: libgomp.fortran/lib1.f90 -O3 -fomit-frame-pointer execution test
FAIL: libgomp.fortran/lib1.f90 -O3 -fomit-frame-pointer -funroll-loops execution test
FAIL: libgomp.fortran/lib1.f90 -O3 -fomit-frame-pointer -funroll-all-loops -finline-functions execution test
FAIL: libgomp.fortran/lib1.f90 -O3 -g execution test
FAIL: libgomp.fortran/lib1.f90 -Os execution test
FAIL: libgomp.fortran/lib2.f -O0 execution test
FAIL: libgomp.fortran/lib2.f -O1 execution test
FAIL: libgomp.fortran/lib2.f -O2 execution test
FAIL: libgomp.fortran/lib2.f -O3 -fomit-frame-pointer execution test
FAIL: libgomp.fortran/lib2.f -O3 -fomit-frame-pointer -funroll-loops execution test
FAIL: libgomp.fortran/lib2.f -O3 -fomit-frame-pointer -funroll-all-loops -finline-functions execution test
FAIL: libgomp.fortran/lib2.f -O3 -g execution test
FAIL: libgomp.fortran/lib2.f -Os execution test
FAIL: libgomp.fortran/lib3.f -O0 execution test
FAIL: libgomp.fortran/lib3.f -O1 execution test
FAIL: libgomp.fortran/lib3.f -O2 execution test
FAIL: libgomp.fortran/lib3.f -O3 -fomit-frame-pointer execution test
FAIL: libgomp.fortran/lib3.f -O3 -fomit-frame-pointer -funroll-loops execution test
FAIL: libgomp.fortran/lib3.f -O3 -fomit-frame-pointer -funroll-all-loops -finline-functions execution test
FAIL: libgomp.fortran/lib3.f -O3 -g execution test
FAIL: libgomp.fortran/lib3.f -Os execution test
=== libgomp Summary for unix/-m64 ===
# of expected passes 2415
# of unexpected failures 39
# of unsupported tests 2
=== libgomp Summary ===
# of expected passes 4814
# of unexpected failures 94
# of unsupported tests 4
=== libjava tests ===
Running target unix
FAIL: TestClosureGC run
FAIL: events output
FAIL: Throw_2 output - source compiled test
FAIL: Throw_2 -findirect-dispatch output - source compiled test
FAIL: Throw_2 -O3 output - source compiled test
FAIL: Throw_2 -O3 -findirect-dispatch output - source compiled test
=== libjava Summary for unix ===
# of expected passes 2568
# of unexpected failures 6
# of untested testcases 1
Running target unix/-m64
FAIL: PR16923.c compilation
FAIL: Throw_2 execution - source compiled test
FAIL: Throw_2 -findirect-dispatch execution - source compiled test
FAIL: Throw_2 -O3 execution - source compiled test
FAIL: Throw_2 -O3 -findirect-dispatch execution - source compiled test
FAIL: /vol/gcc/obj/regression/trunk/10-gcc-gas-gld/build/i386-pc-solaris2.10/libjava/testsuite/TestLeak.exe execution - /vol/gcc/obj/regression/trunk/10-gcc-gas-gld/build/i386-pc-solaris2.10/libjava/testsuite/TestLeak.exe
=== libjava Summary for unix/-m64 ===
# of expected passes 2562
# of unexpected failures 6
# of untested testcases 5
=== libjava Summary ===
# of expected passes 5130
# of unexpected failures 12
# of untested testcases 6
=== libstdc++ tests ===
Running target unix
FAIL: 27_io/basic_ofstream/cons/char/1.cc execution test
FAIL: ext/enc_filebuf/char/13598.cc execution test
FAIL: ext/profile/all.cc (test for excess errors)
WARNING: program timed out.
=== libstdc++ Summary for unix ===
# of expected passes 6427
# of unexpected failures 3
# of expected failures 92
# of unsupported tests 510
Running target unix/-m64
XPASS: 22_locale/num_put/put/char/14220.cc execution test
XPASS: 22_locale/num_put/put/wchar_t/14220.cc execution test
FAIL: ext/enc_filebuf/char/13598.cc execution test
FAIL: ext/profile/all.cc (test for excess errors)
=== libstdc++ Summary for unix/-m64 ===
# of expected passes 6570
# of unexpected failures 2
# of unexpected successes 2
# of expected failures 92
# of unsupported tests 436
=== libstdc++ Summary ===
# of expected passes 12997
# of unexpected failures 5
# of unexpected successes 2
# of expected failures 184
# of unsupported tests 946
=== libstdc++ Summary ===
Compiler version: 4.5.0 20100316 (experimental) (GCC)
Platform: i386-pc-solaris2.10
configure flags: --prefix=/vol/gcc --target=i386-pc-solaris2.10 --with-as=/vol/gcc/bin/gas-2.20 --with-gnu-as --with-ld=/vol/gcc/bin/gld-2.20 --with-gnu-ld --with-gmp=/vol/gcc --with-mpfr=/vol/gcc --with-mpc=/vol/gcc --enable-languages=all,ada
BOOT_CFLAGS=-g -O2