This is the mail archive of the
gcc-testresults@gcc.gnu.org
mailing list for the GCC project.
Results for 4.5.0 20100326 (experimental) [trunk revision 157738] (GCC) testsuite on x86_64-apple-darwin10.3.0
- From: Jack Howarth <howarth at bromo dot med dot uc dot edu>
- To: gcc-testresults at gcc dot gnu dot org
- Date: Fri, 26 Mar 2010 06:25:01 -0400
- Subject: Results for 4.5.0 20100326 (experimental) [trunk revision 157738] (GCC) testsuite on x86_64-apple-darwin10.3.0
r157738 with http://gcc.gnu.org/ml/gcc-patches/2010-03/msg01149.html.
LAST_UPDATED: Fri Mar 26 04:12:21 UTC 2010 (revision 157738)
Native configuration is x86_64-apple-darwin10.3.0
=== g++ tests ===
Running target unix
FAIL: g++.dg/abi/mangle40.C scan-assembler weak[^\\n]*_Z1fIDv4_fEvT_
FAIL: g++.dg/abi/mangle40.C scan-assembler weak[^\\n]*_ZN1AIDv4_fE1tE
WARNING: g++.dg/ext/label13.C compilation failed to produce executable
FAIL: g++.dg/tree-prof/partition1.C compilation, -g -fprofile-use
UNRESOLVED: g++.dg/tree-prof/partition1.C execution, -g -fprofile-use
FAIL: g++.dg/tree-prof/partition1.C compilation, -O3 -g -fprofile-use
UNRESOLVED: g++.dg/tree-prof/partition1.C execution, -O3 -g -fprofile-use
=== g++ Summary ===
# of expected passes 21374
# of unexpected failures 4
# of expected failures 150
# of unresolved testcases 2
# of unsupported tests 326
/sw/src/fink.build/gcc45-4.4.999-20100325/darwin_objdir/gcc/testsuite/g++/../../g++ version 4.5.0 20100326 (experimental) [trunk revision 157738] (GCC)
=== gcc tests ===
Running target unix
FAIL: gcc.dg/debug/dwarf2/aranges-fnsec-1.c scan-assembler DW_AT_ranges
FAIL: gcc.dg/framework-1.c (test for excess errors)
FAIL: gcc.dg/torture/builtin-math-7.c -O0 execution test
FAIL: gcc.dg/torture/builtin-math-7.c -O1 execution test
FAIL: gcc.dg/torture/builtin-math-7.c -O2 execution test
FAIL: gcc.dg/torture/builtin-math-7.c -O3 -fomit-frame-pointer execution test
FAIL: gcc.dg/torture/builtin-math-7.c -O3 -fomit-frame-pointer -funroll-loops execution test
FAIL: gcc.dg/torture/builtin-math-7.c -O3 -fomit-frame-pointer -funroll-all-loops -finline-functions execution test
FAIL: gcc.dg/torture/builtin-math-7.c -O3 -g execution test
FAIL: gcc.dg/torture/builtin-math-7.c -Os execution test
=== gcc Summary ===
# of expected passes 58763
# of unexpected failures 10
# of expected failures 179
# of unsupported tests 1450
/sw/src/fink.build/gcc45-4.4.999-20100325/darwin_objdir/gcc/xgcc version 4.5.0 20100326 (experimental) [trunk revision 157738] (GCC)
=== gfortran tests ===
Running target unix
=== gfortran Summary ===
# of expected passes 33841
# of expected failures 32
# of unsupported tests 75
/sw/src/fink.build/gcc45-4.4.999-20100325/darwin_objdir/gcc/testsuite/gfortran/../../gfortran version 4.5.0 20100326 (experimental) [trunk revision 157738] (GCC)
=== obj-c++ tests ===
Running target unix
FAIL: obj-c++.dg/bitfield-3.mm -fgnu-runtime execution test
WARNING: obj-c++.dg/lookup-2.mm -fgnu-runtime compilation failed to produce executable
FAIL: obj-c++.dg/objc-gc-3.mm -fgnu-runtime (internal compiler error)
FAIL: obj-c++.dg/objc-gc-3.mm -fgnu-runtime (test for excess errors)
FAIL: obj-c++.dg/stubify-2.mm -fgnu-runtime (test for excess errors)
ERROR: obj-c++.dg/stubify-2.mm: error executing dg-final: couldn't open "stubify-2.mm.08.jump": no such file or directory
UNRESOLVED: obj-c++.dg/stubify-2.mm: error executing dg-final: couldn't open "stubify-2.mm.08.jump": no such file or directory
WARNING: obj-c++.dg/try-catch-2.mm -fgnu-runtime compilation failed to produce executable
WARNING: obj-c++.dg/try-catch-9.mm -fgnu-runtime compilation failed to produce executable
FAIL: obj-c++.dg/bitfield-2.mm -fnext-runtime execution test
FAIL: obj-c++.dg/const-str-10.mm scan-assembler .long\\t__NSConstantStringClassReference\\n\\t.long\\t.*\\n\\t.long\\t5\\n\\t.data
FAIL: obj-c++.dg/const-str-11.mm scan-assembler .long\\t__XStrClassReference\\n\\t.long\\t.*\\n\\t.long\\t5\\n\\t.data
FAIL: obj-c++.dg/const-str-3.mm -fnext-runtime execution test
FAIL: obj-c++.dg/const-str-7.mm -fnext-runtime execution test
FAIL: obj-c++.dg/const-str-9.mm scan-assembler .long\\t__NSConstantStringClassReference\\n\\t.long\\t.*\\n\\t.long\\t5\\n\\t.data
FAIL: obj-c++.dg/cxx-ivars-1.mm -fnext-runtime execution test
XPASS: obj-c++.dg/encode-8.mm -fnext-runtime execution test
FAIL: obj-c++.dg/except-1.mm -fnext-runtime execution test
XPASS: obj-c++.dg/isa-field-1.mm -fnext-runtime (test for excess errors)
XPASS: obj-c++.dg/lookup-2.mm -fnext-runtime (test for excess errors)
FAIL: obj-c++.dg/stubify-2.mm -fnext-runtime (test for excess errors)
ERROR: obj-c++.dg/stubify-2.mm: error executing dg-final: couldn't open "stubify-2.mm.08.jump": no such file or directory
UNRESOLVED: obj-c++.dg/stubify-2.mm: error executing dg-final: couldn't open "stubify-2.mm.08.jump": no such file or directory
WARNING: obj-c++.dg/try-catch-2.mm -fnext-runtime compilation failed to produce executable
WARNING: obj-c++.dg/try-catch-9.mm -fnext-runtime compilation failed to produce executable
=== obj-c++ Summary ===
# of expected passes 859
# of unexpected failures 13
# of unexpected successes 3
# of expected failures 49
# of unresolved testcases 2
# of unsupported tests 10
/sw/src/fink.build/gcc45-4.4.999-20100325/darwin_objdir/gcc/testsuite/obj-c++/../../g++ version 4.5.0 20100326 (experimental) [trunk revision 157738] (GCC)
=== objc tests ===
Running target unix
FAIL: objc.dg/objc-gc-4.m -fgnu-runtime (internal compiler error)
FAIL: objc.dg/objc-gc-4.m -fgnu-runtime (test for excess errors)
FAIL: objc.dg/headers.m -fnext-runtime (test for excess errors)
FAIL: objc.dg/next-runtime-1.m scan-assembler L_OBJC_MODULES:\\n[ \\t]*.long\\t6\\n
FAIL: objc.dg/no-extra-load.m -fnext-runtime (test for excess errors)
ERROR: objc.dg/no-extra-load.m: error executing dg-final: couldn't open "no-extra-load.s": no such file or directory
UNRESOLVED: objc.dg/no-extra-load.m: error executing dg-final: couldn't open "no-extra-load.s": no such file or directory
FAIL: objc.dg/stret-2.m scan-assembler objc_msgSend_stret
FAIL: objc.dg/stret-2.m scan-assembler-not objc_msgSend[^_S]
FAIL: objc.dg/stret-2.m scan-assembler-not objc_msgSendSuper[^_]
FAIL: objc.dg/stubify-1.m -fnext-runtime (test for excess errors)
ERROR: objc.dg/stubify-1.m: error executing dg-final: couldn't open "stubify-1.s": no such file or directory
UNRESOLVED: objc.dg/stubify-1.m: error executing dg-final: couldn't open "stubify-1.s": no such file or directory
FAIL: objc.dg/stubify-2.m -fnext-runtime (test for excess errors)
FAIL: objc.dg/stubify-2.m -fnext-runtime scan-rtl-dump-not jump "symbol_ref.*"objc_msgSend"": dump file does not exist
FAIL: objc.dg/symtab-1.m scan-assembler L_OBJC_SYMBOLS.*:\\n\\t.long\\t0\\n\\t.long\\t0\\n\\t.short\\t2\\n\\t.short\\t0\\n\\t.long\\tL_OBJC_CLASS_Derived.*\\n\\t.long\\tL_OBJC_CLASS_Base.*\\n
=== objc Summary ===
# of expected passes 2425
# of unexpected failures 12
# of expected failures 40
# of unresolved testcases 2
# of unsupported tests 25
/sw/src/fink.build/gcc45-4.4.999-20100325/darwin_objdir/gcc/xgcc version 4.5.0 20100326 (experimental) [trunk revision 157738] (GCC)
=== libffi tests ===
Running target unix
=== libffi Summary ===
# of expected passes 1624
# of expected failures 10
# of unsupported tests 15
=== libgomp tests ===
Running target unix
=== libgomp Summary ===
# of expected passes 2502
# of unsupported tests 2
=== libjava tests ===
Running target unix
FAIL: PR16923 run
=== libjava Summary ===
# of expected passes 2573
# of unexpected failures 1
# of untested testcases 1
=== libstdc++ tests ===
Running target unix
=== libstdc++ Summary ===
# of expected passes 6446
# of expected failures 89
# of unsupported tests 555
Compiler version: 4.5.0 20100326 (experimental) [trunk revision 157738] (GCC)
Platform: x86_64-apple-darwin10.3.0
configure flags: --prefix=/sw --prefix=/sw/lib/gcc4.5 --mandir=/sw/share/man --infodir=/sw/share/info --enable-languages=c,c++,fortran,objc,obj-c++,java --with-gmp=/sw --with-libiconv-prefix=/sw --with-ppl=/sw --with-cloog=/sw --with-mpc=/sw --with-system-zlib --x-includes=/usr/X11R6/include --x-libraries=/usr/X11R6/lib --disable-libjava-multilib --enable-checking=release