This is the mail archive of the gcc-testresults@gcc.gnu.org mailing list for the GCC project.


Index Nav: [Date Index] [Subject Index] [Author Index] [Thread Index]
Message Nav: [Date Prev] [Date Next] [Thread Prev] [Thread Next]
Other format: [Raw text]

Results for 4.4.4 20100318 (prerelease) [gcc-4_4-branch revision 157524] (GCC) testsuite on ia64-unknown-linux-gnu


LAST_UPDATED: Thu Mar 18 01:04:54 UTC 2010 (revision 157524)

Native configuration is ia64-unknown-linux-gnu

		=== g++ tests ===


Running target unix/-fPIC

		=== g++ Summary for unix/-fPIC ===

# of expected passes		18870
# of expected failures		157
# of unsupported tests		159

Running target unix/-fpic

		=== g++ Summary for unix/-fpic ===

# of expected passes		18870
# of expected failures		157
# of unsupported tests		159

Running target unix

		=== g++ Summary for unix ===

# of expected passes		18870
# of expected failures		157
# of unsupported tests		159

		=== g++ Summary ===

# of expected passes		56610
# of expected failures		471
# of unsupported tests		477
/home/ghazi/gcc-testing/44/build/gcc/testsuite/g++/../../g++  version 4.4.4 20100318 (prerelease) [gcc-4_4-branch revision 157524] (GCC) 

		=== gcc tests ===


Running target unix/-fPIC
FAIL: gcc.c-torture/execute/vector-2.c execution,  -O2 
FAIL: gcc.c-torture/execute/vector-2.c execution,  -Os 
FAIL: gcc.dg/debug/dwarf2/inline2.c scan-assembler-times byte.*?0x3.*? DW_AT_inline 3
FAIL: gcc.dg/O16384.c (internal compiler error)
FAIL: gcc.dg/O16384.c (test for excess errors)
FAIL: gcc.dg/builtin-apply4.c execution test
FAIL: gcc.dg/pr37106-1.c (internal compiler error)
FAIL: gcc.dg/pr37106-1.c (test for excess errors)
XPASS: gcc.dg/tree-ssa/loop-1.c scan-assembler-times foo 5
FAIL: gcc.dg/tree-ssa/loop-31.c scan-tree-dump-times optimized " \\+ 2" 1

		=== gcc Summary for unix/-fPIC ===

# of expected passes		50833
# of unexpected failures	9
# of unexpected successes	1
# of expected failures		244
# of unsupported tests		525

Running target unix/-fpic
FAIL: gcc.c-torture/execute/vector-2.c execution,  -O2 
FAIL: gcc.c-torture/execute/vector-2.c execution,  -Os 
FAIL: gcc.dg/debug/dwarf2/inline2.c scan-assembler-times byte.*?0x3.*? DW_AT_inline 3
FAIL: gcc.dg/O16384.c (internal compiler error)
FAIL: gcc.dg/O16384.c (test for excess errors)
FAIL: gcc.dg/builtin-apply4.c execution test
FAIL: gcc.dg/pr37106-1.c (internal compiler error)
FAIL: gcc.dg/pr37106-1.c (test for excess errors)
XPASS: gcc.dg/tree-ssa/loop-1.c scan-assembler-times foo 5
FAIL: gcc.dg/tree-ssa/loop-31.c scan-tree-dump-times optimized " \\+ 2" 1

		=== gcc Summary for unix/-fpic ===

# of expected passes		50833
# of unexpected failures	9
# of unexpected successes	1
# of expected failures		244
# of unsupported tests		525

Running target unix
FAIL: gcc.dg/debug/dwarf2/inline2.c scan-assembler-times byte.*?0x3.*? DW_AT_inline 3
FAIL: gcc.dg/O16384.c (internal compiler error)
FAIL: gcc.dg/O16384.c (test for excess errors)
FAIL: gcc.dg/builtin-apply4.c execution test
FAIL: gcc.dg/pr37106-1.c (internal compiler error)
FAIL: gcc.dg/pr37106-1.c (test for excess errors)
XPASS: gcc.dg/tree-ssa/loop-1.c scan-assembler-times foo 5
FAIL: gcc.dg/tree-ssa/loop-31.c scan-tree-dump-times optimized " \\+ 2" 1

		=== gcc Summary for unix ===

# of expected passes		50862
# of unexpected failures	7
# of unexpected successes	1
# of expected failures		244
# of unsupported tests		512

		=== gcc Summary ===

# of expected passes		152528
# of unexpected failures	25
# of unexpected successes	3
# of expected failures		732
# of unsupported tests		1562
/home/ghazi/gcc-testing/44/build/gcc/xgcc  version 4.4.4 20100318 (prerelease) [gcc-4_4-branch revision 157524] (GCC) 

		=== gfortran tests ===


Running target unix/-fPIC
FAIL: gfortran.dg/vect/pr39318.f90  -O  (internal compiler error)
FAIL: gfortran.dg/vect/pr39318.f90  -O  (test for excess errors)

		=== gfortran Summary for unix/-fPIC ===

# of expected passes		30124
# of unexpected failures	2
# of expected failures		18
# of unsupported tests		29

Running target unix/-fpic
FAIL: gfortran.dg/vect/pr39318.f90  -O  (internal compiler error)
FAIL: gfortran.dg/vect/pr39318.f90  -O  (test for excess errors)

		=== gfortran Summary for unix/-fpic ===

# of expected passes		30124
# of unexpected failures	2
# of expected failures		18
# of unsupported tests		29

Running target unix
FAIL: gfortran.dg/vect/pr39318.f90  -O  (internal compiler error)
FAIL: gfortran.dg/vect/pr39318.f90  -O  (test for excess errors)

		=== gfortran Summary for unix ===

# of expected passes		30124
# of unexpected failures	2
# of expected failures		18
# of unsupported tests		29

		=== gfortran Summary ===

# of expected passes		90372
# of unexpected failures	6
# of expected failures		54
# of unsupported tests		87
/home/ghazi/gcc-testing/44/build/gcc/testsuite/gfortran/../../gfortran  version 4.4.4 20100318 (prerelease) [gcc-4_4-branch revision 157524] (GCC) 

		=== obj-c++ tests ===


Running target unix/-fPIC
XPASS: obj-c++.dg/comp-types-10.mm (test for excess errors)
UNRESOLVED: obj-c++.dg/lookup-2.mm compilation failed to produce executable
UNRESOLVED: obj-c++.dg/try-catch-2.mm compilation failed to produce executable
UNRESOLVED: obj-c++.dg/try-catch-9.mm compilation failed to produce executable

		=== obj-c++ Summary for unix/-fPIC ===

# of expected passes		425
# of unexpected successes	1
# of expected failures		20
# of unresolved testcases	3
# of unsupported tests		13

Running target unix/-fpic
XPASS: obj-c++.dg/comp-types-10.mm (test for excess errors)
UNRESOLVED: obj-c++.dg/lookup-2.mm compilation failed to produce executable
UNRESOLVED: obj-c++.dg/try-catch-2.mm compilation failed to produce executable
UNRESOLVED: obj-c++.dg/try-catch-9.mm compilation failed to produce executable

		=== obj-c++ Summary for unix/-fpic ===

# of expected passes		425
# of unexpected successes	1
# of expected failures		20
# of unresolved testcases	3
# of unsupported tests		13

Running target unix
XPASS: obj-c++.dg/comp-types-10.mm (test for excess errors)
UNRESOLVED: obj-c++.dg/lookup-2.mm compilation failed to produce executable
UNRESOLVED: obj-c++.dg/try-catch-2.mm compilation failed to produce executable
UNRESOLVED: obj-c++.dg/try-catch-9.mm compilation failed to produce executable

		=== obj-c++ Summary for unix ===

# of expected passes		425
# of unexpected successes	1
# of expected failures		20
# of unresolved testcases	3
# of unsupported tests		13

		=== obj-c++ Summary ===

# of expected passes		1275
# of unexpected successes	3
# of expected failures		60
# of unresolved testcases	9
# of unsupported tests		39
/home/ghazi/gcc-testing/44/build/gcc/testsuite/obj-c++/../../g++  version 4.4.4 20100318 (prerelease) [gcc-4_4-branch revision 157524] (GCC) 

		=== objc tests ===


Running target unix/-fPIC

		=== objc Summary for unix/-fPIC ===

# of expected passes		1864
# of expected failures		15
# of unsupported tests		25

Running target unix/-fpic

		=== objc Summary for unix/-fpic ===

# of expected passes		1864
# of expected failures		15
# of unsupported tests		25

Running target unix

		=== objc Summary for unix ===

# of expected passes		1864
# of expected failures		15
# of unsupported tests		25

		=== objc Summary ===

# of expected passes		5592
# of expected failures		45
# of unsupported tests		75
/home/ghazi/gcc-testing/44/build/gcc/xgcc  version 4.4.4 20100318 (prerelease) [gcc-4_4-branch revision 157524] (GCC) 

		=== libffi tests ===


Running target unix/-fPIC

		=== libffi Summary for unix/-fPIC ===

# of expected passes		1389
# of unsupported tests		10

Running target unix/-fpic

		=== libffi Summary for unix/-fpic ===

# of expected passes		1389
# of unsupported tests		10

Running target unix

		=== libffi Summary for unix ===

# of expected passes		1389
# of unsupported tests		10

		=== libffi Summary ===

# of expected passes		4167
# of unsupported tests		30
		=== libgomp tests ===


Running target unix/-fPIC

		=== libgomp Summary for unix/-fPIC ===

# of expected passes		2440

Running target unix/-fpic

		=== libgomp Summary for unix/-fpic ===

# of expected passes		2440

Running target unix

		=== libgomp Summary for unix ===

# of expected passes		2440

		=== libgomp Summary ===

# of expected passes		7320
		=== libjava tests ===


Running target unix/-fPIC
FAIL: getlocalvartable output
FAIL: Throw_3 -O3 output - source compiled test
FAIL: Throw_3 -O3 -findirect-dispatch output - source compiled test

		=== libjava Summary for unix/-fPIC ===

# of expected passes		2571
# of unexpected failures	3

Running target unix/-fpic
FAIL: getlocalvartable output
FAIL: Throw_3 -O3 output - source compiled test
FAIL: Throw_3 -O3 -findirect-dispatch output - source compiled test

		=== libjava Summary for unix/-fpic ===

# of expected passes		2571
# of unexpected failures	3

Running target unix
FAIL: getlocalvartable output
FAIL: Throw_3 -O3 output - source compiled test
FAIL: Throw_3 -O3 -findirect-dispatch output - source compiled test

		=== libjava Summary for unix ===

# of expected passes		2571
# of unexpected failures	3

		=== libjava Summary ===

# of expected passes		7713
# of unexpected failures	9
		=== libmudflap tests ===


Running target unix/-fPIC
FAIL: libmudflap.c++/pass41-frag.cxx execution test
FAIL: libmudflap.c++/pass41-frag.cxx (-static) execution test
FAIL: libmudflap.c++/pass41-frag.cxx ( -O) execution test
FAIL: libmudflap.c++/pass41-frag.cxx (-O2) execution test
FAIL: libmudflap.c++/pass41-frag.cxx (-O3) execution test

		=== libmudflap Summary for unix/-fPIC ===

# of expected passes		1889
# of unexpected failures	5

Running target unix/-fpic
FAIL: libmudflap.c++/pass41-frag.cxx execution test
FAIL: libmudflap.c++/pass41-frag.cxx (-static) execution test
FAIL: libmudflap.c++/pass41-frag.cxx ( -O) execution test
FAIL: libmudflap.c++/pass41-frag.cxx (-O2) execution test
FAIL: libmudflap.c++/pass41-frag.cxx (-O3) execution test

		=== libmudflap Summary for unix/-fpic ===

# of expected passes		1889
# of unexpected failures	5

Running target unix
FAIL: libmudflap.c++/pass41-frag.cxx execution test
FAIL: libmudflap.c++/pass41-frag.cxx (-static) execution test
FAIL: libmudflap.c++/pass41-frag.cxx ( -O) execution test
FAIL: libmudflap.c++/pass41-frag.cxx (-O2) execution test
FAIL: libmudflap.c++/pass41-frag.cxx (-O3) execution test

		=== libmudflap Summary for unix ===

# of expected passes		1889
# of unexpected failures	5

		=== libmudflap Summary ===

# of expected passes		5667
# of unexpected failures	15
		=== libstdc++ tests ===


Running target unix/-fPIC
FAIL: abi_check

		=== libstdc++ Summary for unix/-fPIC ===

# of expected passes		5870
# of unexpected failures	1
# of expected failures		80
# of unsupported tests		333

Running target unix/-fpic
FAIL: abi_check

		=== libstdc++ Summary for unix/-fpic ===

# of expected passes		5870
# of unexpected failures	1
# of expected failures		80
# of unsupported tests		333

Running target unix
FAIL: abi_check

		=== libstdc++ Summary for unix ===

# of expected passes		5870
# of unexpected failures	1
# of expected failures		80
# of unsupported tests		333

		=== libstdc++ Summary ===

# of expected passes		17610
# of unexpected failures	3
# of expected failures		240
# of unsupported tests		999

Compiler version: 4.4.4 20100318 (prerelease) [gcc-4_4-branch revision 157524] (GCC) 
Platform: ia64-unknown-linux-gnu
configure flags: --enable-languages=c,c++,objc,f95,obj-c++,java --with-mpc=/opt/cfarm/mpc-0.8 --with-mpfr=/opt/cfarm/mpfr-2.4.1 --with-gmp=/opt/cfarm/gmp-4.2.4


Index Nav: [Date Index] [Subject Index] [Author Index] [Thread Index]
Message Nav: [Date Prev] [Date Next] [Thread Prev] [Thread Next]