This is the mail archive of the gcc-testresults@gcc.gnu.org mailing list for the GCC project.


Index Nav: [Date Index] [Subject Index] [Author Index] [Thread Index]
Message Nav: [Date Prev] [Date Next] [Thread Prev] [Thread Next]
Other format: [Raw text]

Results for 4.3.5 20100317 (prerelease) [gcc-4_3-branch revision 157506] (GCC) testsuite on mips64el-unknown-linux-gnu


LAST_UPDATED: Wed Mar 17 01:15:58 UTC 2010 (revision 157506)

Native configuration is mips64el-unknown-linux-gnu

		=== g++ tests ===


Running target unix

		=== g++ Summary ===

# of expected passes		17682
# of expected failures		92
# of unsupported tests		140
/home/ghazi/gcc-testing/43/build/gcc/testsuite/g++/../../g++  version 4.3.5 20100317 (prerelease) [gcc-4_3-branch revision 157506] (GCC) 

		=== gcc tests ===


Running target unix
FAIL: gcc.c-torture/compile/20080806-1.c  -O1  (internal compiler error)
FAIL: gcc.c-torture/compile/20080806-1.c  -O1  (test for excess errors)
FAIL: gcc.dg/struct-ret-3.c execution test
FAIL: gcc.misc-tests/linkage.c link

		=== gcc Summary ===

# of expected passes		48228
# of unexpected failures	4
# of expected failures		91
# of untested testcases		35
# of unsupported tests		360
/home/ghazi/gcc-testing/43/build/gcc/xgcc  version 4.3.5 20100317 (prerelease) [gcc-4_3-branch revision 157506] (GCC) 

		=== gfortran tests ===


Running target unix

		=== gfortran Summary ===

# of expected passes		25050
# of expected failures		3
# of unsupported tests		20
/home/ghazi/gcc-testing/43/build/gcc/testsuite/gfortran/../../gfortran  version 4.3.5 20100317 (prerelease) [gcc-4_3-branch revision 157506] (GCC) 

		=== obj-c++ tests ===


Running target unix
UNRESOLVED: obj-c++.dg/lookup-2.mm compilation failed to produce executable
UNRESOLVED: obj-c++.dg/try-catch-2.mm compilation failed to produce executable
UNRESOLVED: obj-c++.dg/try-catch-9.mm compilation failed to produce executable

		=== obj-c++ Summary ===

# of expected passes		437
# of expected failures		9
# of unresolved testcases	3
# of unsupported tests		13
/home/ghazi/gcc-testing/43/build/gcc/testsuite/obj-c++/../../g++  version 4.3.5 20100317 (prerelease) [gcc-4_3-branch revision 157506] (GCC) 

		=== objc tests ===


Running target unix

		=== objc Summary ===

# of expected passes		1832
# of expected failures		7
# of unsupported tests		24
/home/ghazi/gcc-testing/43/build/gcc/xgcc  version 4.3.5 20100317 (prerelease) [gcc-4_3-branch revision 157506] (GCC) 

		=== treelang tests ===


Running target unix
FAIL: treelang/execute/funccall.tree execution test
FAIL: treelang/execute/initial.tree execution test
FAIL: treelang/execute/static.tree execution test

		=== treelang Summary ===

# of expected passes		49
# of unexpected failures	3
		=== libffi tests ===


Running target unix

		=== libffi Summary ===

# of expected passes		1389
# of unsupported tests		10
		=== libgomp tests ===


Running target unix
WARNING: program timed out.
FAIL: libgomp.c/appendix-a/a.18.1.c execution test
WARNING: program timed out.
FAIL: libgomp.fortran/appendix-a/a.18.1.f90  -O3 -fomit-frame-pointer -funroll-loops  execution test
FAIL: libgomp.fortran/reference1.f90  -O1  execution test
FAIL: libgomp.fortran/reference1.f90  -Os  execution test

		=== libgomp Summary ===

# of expected passes		1745
# of unexpected failures	4
# of unsupported tests		7
		=== libjava tests ===


Running target unix

		=== libjava Summary ===

# of expected passes		2562
		=== libmudflap tests ===


Running target unix
FAIL: libmudflap.c++/pass41-frag.cxx execution test
FAIL: libmudflap.c++/pass41-frag.cxx (-static) execution test
FAIL: libmudflap.c++/pass41-frag.cxx ( -O) execution test
FAIL: libmudflap.c++/pass41-frag.cxx (-O2) execution test
FAIL: libmudflap.c++/pass41-frag.cxx (-O3) execution test

		=== libmudflap Summary ===

# of expected passes		1844
# of unexpected failures	5
		=== libstdc++ tests ===


Running target unix
FAIL: abi_check

		=== libstdc++ Summary ===

# of expected passes		4945
# of unexpected failures	1
# of expected failures		60
# of unsupported tests		326

Compiler version: 4.3.5 20100317 (prerelease) [gcc-4_3-branch revision 157506] (GCC) 
Platform: mips64el-unknown-linux-gnu
configure flags: --enable-languages=c,c++,objc,f95,obj-c++,java,treelang --with-mpc=/opt/cfarm/mpc-0.8-n32 --with-mpfr=/opt/cfarm/mpfr-2.4.1-n32 --with-gmp=/opt/cfarm/gmp-4.2.4-n32


Index Nav: [Date Index] [Subject Index] [Author Index] [Thread Index]
Message Nav: [Date Prev] [Date Next] [Thread Prev] [Thread Next]