This is the mail archive of the gcc-testresults@gcc.gnu.org mailing list for the GCC project.


Index Nav: [Date Index] [Subject Index] [Author Index] [Thread Index]
Message Nav: [Date Prev] [Date Next] [Thread Prev] [Thread Next]
Other format: [Raw text]

Results for 4.4.4 20100318 (prerelease) (GCC) testsuite on arm-none-linux-gnueabi


LAST_UPDATED: Thu Mar 18 15:43:12 UTC 2010 (/branches/gcc-4_4-branch revision 157534)

Target is arm-none-linux-gnueabi
Host   is i686-pc-linux-gnu

		=== g++ tests ===


Running target qemu-default
WARNING: program timed out.
WARNING: no shell prompt printed
ERROR: Could not run {cd /scratch/gcc/nightly-2010-03-18-4.4/arm-none-linux-gnueabi/obj/test-4.4-0-arm-none-linux-gnueabi/host-i686-pc-linux-gnu/default/g++.d} 136 256:
UNRESOLVED: g++.dg/bprob/g++-bprob-1.C execution,    -g  -fprofile-arcs
FAIL: g++.dg/cpp0x/initlist13.C (test for excess errors)
FAIL: g++.dg/cpp0x/initlist25.C (test for excess errors)
FAIL: g++.dg/cpp0x/variadic-tuple.C (test for excess errors)
FAIL: g++.dg/ipa/iinline-1.C scan-ipa-dump inline "String::funcOne[^\\n]*inline copy in int main"
XPASS: g++.dg/other/packed1.C execution test
FAIL: g++.dg/tree-ssa/new1.C scan-tree-dump-not forwprop1 "= .* \\+ -"

		=== g++ Summary ===

# of expected passes		19629
# of unexpected failures	5
# of unexpected successes	1
# of expected failures		157
# of unresolved testcases	1
# of unsupported tests		163
/scratch/gcc/nightly-2010-03-18-4.4/arm-none-linux-gnueabi/obj/test-4.4-0-arm-none-linux-gnueabi/host-i686-pc-linux-gnu/fsf-4.4/bin/arm-none-linux-gnueabi-g++  version 4.4.4 20100318 (prerelease) (GCC) 

Host   is i686-pc-linux-gnu

		=== gcc tests ===


Running target qemu-default
FAIL: gcc.dg/uninit-13.c unconditional (test for warnings, line 8)
FAIL: gcc.dg/uninit-13.c (test for excess errors)
FAIL: gcc.dg/tree-prof/bb-reorg.c compilation,  -fprofile-use -D_PROFILE_USE
UNRESOLVED: gcc.dg/tree-prof/bb-reorg.c execution,    -fprofile-use -D_PROFILE_USE
FAIL: gcc.dg/tree-prof/pr34999.c compilation,  -fprofile-use -D_PROFILE_USE
UNRESOLVED: gcc.dg/tree-prof/pr34999.c execution,    -fprofile-use -D_PROFILE_USE
FAIL: gcc.dg/tree-ssa/pr42585.c scan-tree-dump-times optimized "struct _fat_ptr _ans" 0
FAIL: gcc.dg/tree-ssa/pr42585.c scan-tree-dump-times optimized "struct _fat_ptr _T2" 0
FAIL: gcc.target/arm/neon/polytypes.c (test for excess errors)

		=== gcc Summary ===

# of expected passes		55167
# of unexpected failures	7
# of expected failures		244
# of unresolved testcases	2
# of unsupported tests		607
/scratch/gcc/nightly-2010-03-18-4.4/arm-none-linux-gnueabi/obj/test-4.4-0-arm-none-linux-gnueabi/host-i686-pc-linux-gnu/fsf-4.4/bin/arm-none-linux-gnueabi-gcc  version 4.4.4 20100318 (prerelease) (GCC) 

Host   is i686-pc-linux-gnu

		=== libstdc++ tests ===


Running target qemu-default
FAIL: 17_intro/headers/c++200x/all.cc (test for excess errors)
FAIL: 17_intro/headers/c++200x/all_multiple_inclusion.cc (test for excess errors)
FAIL: 17_intro/using_namespace_std_tr1_neg.cc (test for excess errors)
FAIL: 19_diagnostics/error_category/cons/default.cc (test for excess errors)
FAIL: 19_diagnostics/error_category/operators/equal.cc (test for excess errors)
FAIL: 19_diagnostics/error_category/operators/not_equal.cc (test for excess errors)
FAIL: 19_diagnostics/error_code/cons/1.cc (test for excess errors)
FAIL: 19_diagnostics/error_code/cons/39882.cc (test for excess errors)
FAIL: 19_diagnostics/error_code/modifiers/39882.cc (test for excess errors)
FAIL: 19_diagnostics/error_code/operators/bool.cc (test for excess errors)
FAIL: 19_diagnostics/error_code/operators/equal.cc (test for excess errors)
FAIL: 19_diagnostics/error_code/operators/not_equal.cc (test for excess errors)
FAIL: 19_diagnostics/error_condition/cons/1.cc (test for excess errors)
FAIL: 19_diagnostics/error_condition/cons/39881.cc (test for excess errors)
FAIL: 19_diagnostics/error_condition/modifiers/39881.cc (test for excess errors)
FAIL: 19_diagnostics/error_condition/operators/bool.cc (test for excess errors)
FAIL: 19_diagnostics/error_condition/operators/equal.cc (test for excess errors)
FAIL: 19_diagnostics/error_condition/operators/not_equal.cc (test for excess errors)
FAIL: 19_diagnostics/headers/system_error/34538.cc (test for excess errors)
FAIL: 19_diagnostics/headers/system_error/errc_std_c++0x.cc (test for excess errors)
FAIL: 19_diagnostics/headers/system_error/types_std_c++0x.cc (test for excess errors)
FAIL: 19_diagnostics/logic_error/what-3.cc (test for excess errors)
FAIL: 19_diagnostics/system_error/39880.cc (test for excess errors)
FAIL: 19_diagnostics/system_error/cons-1.cc (test for excess errors)
FAIL: 19_diagnostics/system_error/cons_virtual_derivation.cc (test for excess errors)
FAIL: 19_diagnostics/system_error/what-1.cc (test for excess errors)
FAIL: 19_diagnostics/system_error/what-2.cc (test for excess errors)
FAIL: 19_diagnostics/system_error/what-3.cc (test for excess errors)
FAIL: 19_diagnostics/system_error/what-4.cc (test for excess errors)
FAIL: 19_diagnostics/system_error/what-big.cc (test for excess errors)
FAIL: 20_util/hash/operators/size_t.cc (test for excess errors)
FAIL: 20_util/hash/requirements/explicit_instantiation.cc (test for excess errors)
FAIL: 20_util/shared_ptr/misc/io.cc (test for excess errors)
FAIL: 20_util/shared_ptr/thread/default_weaktoshared.cc (test for excess errors)
FAIL: 20_util/shared_ptr/thread/mutex_weaktoshared.cc (test for excess errors)
FAIL: 20_util/specialized_algorithms/uninitialized_copy/move_iterators/1.cc (test for excess errors)
FAIL: 20_util/specialized_algorithms/uninitialized_copy_n/move_iterators/1.cc (test for excess errors)
FAIL: 20_util/tuple/creation_functions/tie2.cc (test for excess errors)
FAIL: 21_strings/basic_string/init-list.cc (test for excess errors)
FAIL: 21_strings/basic_string/inserters_extractors/wchar_t/28277.cc execution test
FAIL: 21_strings/basic_string/numeric_conversions/char/stod.cc (test for excess errors)
FAIL: 21_strings/basic_string/numeric_conversions/char/stof.cc (test for excess errors)
FAIL: 21_strings/basic_string/numeric_conversions/char/stoi.cc (test for excess errors)
FAIL: 21_strings/basic_string/numeric_conversions/char/stol.cc (test for excess errors)
FAIL: 21_strings/basic_string/numeric_conversions/char/stold.cc (test for excess errors)
FAIL: 21_strings/basic_string/numeric_conversions/char/stoll.cc (test for excess errors)
FAIL: 21_strings/basic_string/numeric_conversions/char/stoul.cc (test for excess errors)
FAIL: 21_strings/basic_string/numeric_conversions/char/stoull.cc (test for excess errors)
FAIL: 21_strings/basic_string/numeric_conversions/char/to_string.cc (test for excess errors)
FAIL: 21_strings/basic_string/numeric_conversions/wchar_t/stod.cc (test for excess errors)
FAIL: 21_strings/basic_string/numeric_conversions/wchar_t/stof.cc (test for excess errors)
FAIL: 21_strings/basic_string/numeric_conversions/wchar_t/stoi.cc (test for excess errors)
FAIL: 21_strings/basic_string/numeric_conversions/wchar_t/stol.cc (test for excess errors)
FAIL: 21_strings/basic_string/numeric_conversions/wchar_t/stold.cc (test for excess errors)
FAIL: 21_strings/basic_string/numeric_conversions/wchar_t/stoll.cc (test for excess errors)
FAIL: 21_strings/basic_string/numeric_conversions/wchar_t/stoul.cc (test for excess errors)
FAIL: 21_strings/basic_string/numeric_conversions/wchar_t/stoull.cc (test for excess errors)
FAIL: 21_strings/basic_string/numeric_conversions/wchar_t/to_wstring.cc (test for excess errors)
FAIL: 21_strings/basic_string/requirements/explicit_instantiation/char16_t/1.cc (test for excess errors)
FAIL: 21_strings/basic_string/requirements/explicit_instantiation/char32_t/1.cc (test for excess errors)
FAIL: 21_strings/char_traits/requirements/char16_t/typedefs.cc (test for excess errors)
FAIL: 21_strings/char_traits/requirements/char32_t/typedefs.cc (test for excess errors)
FAIL: 21_strings/char_traits/requirements/explicit_instantiation/char16_t/1.cc (test for excess errors)
FAIL: 21_strings/char_traits/requirements/explicit_instantiation/char32_t/1.cc (test for excess errors)
FAIL: 21_strings/headers/string/types_std_c++0x.cc (test for excess errors)
FAIL: 23_containers/deque/cons/moveable.cc (test for excess errors)
FAIL: 23_containers/forward_list/ext_pointer/modifiers/2.cc (test for excess errors)
FAIL: 23_containers/forward_list/modifiers/2.cc (test for excess errors)
FAIL: 23_containers/unordered_map/dr761.cc (test for excess errors)
FAIL: 23_containers/unordered_map/requirements/debug_container.cc (test for excess errors)
FAIL: 23_containers/unordered_multimap/requirements/debug.cc (test for excess errors)
FAIL: 23_containers/unordered_multiset/requirements/debug.cc (test for excess errors)
FAIL: 23_containers/vector/cons/moveable.cc (test for excess errors)
FAIL: 24_iterators/operations/next.cc (test for excess errors)
FAIL: 24_iterators/operations/prev.cc (test for excess errors)
FAIL: 25_algorithms/all_of/requirements/explicit_instantiation/pod.cc (test for excess errors)
FAIL: 25_algorithms/any_of/requirements/explicit_instantiation/pod.cc (test for excess errors)
FAIL: 25_algorithms/copy/move_iterators/1.cc (test for excess errors)
FAIL: 25_algorithms/copy_backward/move_iterators/1.cc (test for excess errors)
FAIL: 25_algorithms/copy_if/requirements/explicit_instantiation/pod.cc (test for excess errors)
FAIL: 25_algorithms/copy_n/move_iterators/1.cc (test for excess errors)
FAIL: 25_algorithms/copy_n/requirements/explicit_instantiation/pod.cc (test for excess errors)
FAIL: 25_algorithms/find_if_not/requirements/explicit_instantiation/pod.cc (test for excess errors)
FAIL: 25_algorithms/is_heap/requirements/explicit_instantiation/pod.cc (test for excess errors)
FAIL: 25_algorithms/is_heap_until/requirements/explicit_instantiation/pod.cc (test for excess errors)
FAIL: 25_algorithms/is_partitioned/requirements/explicit_instantiation/pod.cc (test for excess errors)
FAIL: 25_algorithms/is_sorted/requirements/explicit_instantiation/pod.cc (test for excess errors)
FAIL: 25_algorithms/is_sorted_until/requirements/explicit_instantiation/pod.cc (test for excess errors)
FAIL: 25_algorithms/max/requirements/explicit_instantiation/pod2.cc (test for excess errors)
FAIL: 25_algorithms/min/requirements/explicit_instantiation/pod2.cc (test for excess errors)
FAIL: 25_algorithms/minmax/requirements/explicit_instantiation/pod.cc (test for excess errors)
FAIL: 25_algorithms/minmax/requirements/explicit_instantiation/pod2.cc (test for excess errors)
FAIL: 25_algorithms/minmax_element/requirements/explicit_instantiation/pod.cc (test for excess errors)
FAIL: 25_algorithms/move/requirements/explicit_instantiation/pod.cc (test for excess errors)
FAIL: 25_algorithms/move_backward/requirements/explicit_instantiation/pod.cc (test for excess errors)
FAIL: 25_algorithms/none_of/requirements/explicit_instantiation/pod.cc (test for excess errors)
FAIL: 25_algorithms/partition_copy/requirements/explicit_instantiation/pod.cc (test for excess errors)
FAIL: 25_algorithms/partition_point/requirements/explicit_instantiation/pod.cc (test for excess errors)
FAIL: 26_numerics/complex/dr387_2.cc (test for excess errors)
FAIL: 26_numerics/complex/dr781.cc (test for excess errors)
FAIL: 26_numerics/complex/dr844.cc (test for excess errors)
FAIL: 26_numerics/headers/random/types_std_c++0x.cc (test for excess errors)
FAIL: 26_numerics/iota/requirements/explicit_instantiation/pod.cc (test for excess errors)
FAIL: 27_io/basic_filebuf/open/char/5.cc (test for excess errors)
FAIL: 27_io/basic_fstream/cons/char/1.cc (test for excess errors)
FAIL: 27_io/basic_fstream/open/char/1.cc (test for excess errors)
FAIL: 27_io/basic_ifstream/cons/char/2.cc (test for excess errors)
FAIL: 27_io/basic_ifstream/open/char/2.cc (test for excess errors)
FAIL: 27_io/basic_ofstream/cons/char/2.cc (test for excess errors)
FAIL: 27_io/basic_ofstream/open/char/2.cc (test for excess errors)
FAIL: 27_io/basic_ostream/inserters_character/wchar_t/28277-3.cc execution test
FAIL: 27_io/basic_ostream/inserters_character/wchar_t/28277-4.cc execution test
FAIL: 27_io/basic_ostream/inserters_other/char/error_code.cc (test for excess errors)
FAIL: 27_io/basic_ostream/inserters_other/wchar_t/error_code.cc (test for excess errors)
FAIL: 28_regex/init-list.cc (test for excess errors)
FAIL: 29_atomics/atomic/cons/copy_list.cc (test for excess errors)
FAIL: 29_atomics/atomic/cons/default.cc (test for excess errors)
FAIL: 29_atomics/atomic/cons/direct_list.cc (test for excess errors)
FAIL: 29_atomics/atomic/cons/single_value.cc (test for excess errors)
FAIL: 29_atomics/atomic/operators/integral_assignment.cc (test for excess errors)
FAIL: 29_atomics/atomic/operators/integral_conversion.cc (test for excess errors)
FAIL: 29_atomics/atomic/requirements/base_classes.cc (test for excess errors)
FAIL: 29_atomics/atomic/requirements/explicit_instantiation/1.cc (test for excess errors)
FAIL: 29_atomics/atomic_address/requirements/standard_layout.cc (test for excess errors)
FAIL: 29_atomics/atomic_address/requirements/trivial.cc (test for excess errors)
FAIL: 29_atomics/atomic_flag/requirements/standard_layout.cc (test for excess errors)
FAIL: 29_atomics/atomic_flag/requirements/trivial.cc (test for excess errors)
FAIL: 29_atomics/atomic_integral/cons/copy_list.cc (test for excess errors)
FAIL: 29_atomics/atomic_integral/cons/default.cc (test for excess errors)
FAIL: 29_atomics/atomic_integral/cons/direct_list.cc (test for excess errors)
FAIL: 29_atomics/atomic_integral/cons/single_value.cc (test for excess errors)
FAIL: 29_atomics/atomic_integral/operators/bitwise.cc (test for excess errors)
FAIL: 29_atomics/atomic_integral/operators/decrement.cc (test for excess errors)
FAIL: 29_atomics/atomic_integral/operators/increment.cc (test for excess errors)
FAIL: 29_atomics/atomic_integral/operators/integral_assignment.cc (test for excess errors)
FAIL: 29_atomics/atomic_integral/operators/integral_conversion.cc (test for excess errors)
FAIL: 29_atomics/atomic_integral/requirements/standard_layout.cc (test for excess errors)
FAIL: 29_atomics/atomic_integral/requirements/trivial.cc (test for excess errors)
FAIL: 30_threads/call_once/39909.cc (test for excess errors)
FAIL: 30_threads/call_once/call_once1.cc (test for excess errors)
FAIL: 30_threads/call_once/once_flag.cc (test for excess errors)
FAIL: 30_threads/condition_variable/cons/1.cc (test for excess errors)
FAIL: 30_threads/condition_variable/members/1.cc (test for excess errors)
FAIL: 30_threads/condition_variable/members/2.cc (test for excess errors)
FAIL: 30_threads/condition_variable/native_handle/typesizes.cc (test for excess errors)
FAIL: 30_threads/condition_variable/requirements/standard_layout.cc (test for excess errors)
FAIL: 30_threads/condition_variable/requirements/typedefs.cc (test for excess errors)
FAIL: 30_threads/condition_variable_any/cons/1.cc (test for excess errors)
FAIL: 30_threads/condition_variable_any/native_handle/typesizes.cc (test for excess errors)
FAIL: 30_threads/headers/condition_variable/types_std_c++0x.cc (test for excess errors)
FAIL: 30_threads/headers/mutex/types_std_c++0x.cc (test for excess errors)
FAIL: 30_threads/headers/thread/types_std_c++0x.cc (test for excess errors)
FAIL: 30_threads/lock_guard/requirements/explicit_instantiation.cc (test for excess errors)
FAIL: 30_threads/lock_guard/requirements/typedefs.cc (test for excess errors)
FAIL: 30_threads/mutex/cons/1.cc (test for excess errors)
FAIL: 30_threads/mutex/dest/destructor_locked.cc (test for excess errors)
FAIL: 30_threads/mutex/lock/1.cc (test for excess errors)
FAIL: 30_threads/mutex/native_handle/1.cc (test for excess errors)
FAIL: 30_threads/mutex/native_handle/typesizes.cc (test for excess errors)
FAIL: 30_threads/mutex/requirements/standard_layout.cc (test for excess errors)
FAIL: 30_threads/mutex/requirements/typedefs.cc (test for excess errors)
FAIL: 30_threads/mutex/try_lock/1.cc (test for excess errors)
FAIL: 30_threads/mutex/try_lock/2.cc (test for excess errors)
FAIL: 30_threads/mutex/unlock/1.cc (test for excess errors)
FAIL: 30_threads/recursive_mutex/cons/1.cc (test for excess errors)
FAIL: 30_threads/recursive_mutex/dest/destructor_locked.cc (test for excess errors)
FAIL: 30_threads/recursive_mutex/lock/1.cc (test for excess errors)
FAIL: 30_threads/recursive_mutex/native_handle/1.cc (test for excess errors)
FAIL: 30_threads/recursive_mutex/native_handle/typesizes.cc (test for excess errors)
FAIL: 30_threads/recursive_mutex/requirements/standard_layout.cc (test for excess errors)
FAIL: 30_threads/recursive_mutex/requirements/typedefs.cc (test for excess errors)
FAIL: 30_threads/recursive_mutex/try_lock/1.cc (test for excess errors)
FAIL: 30_threads/recursive_mutex/try_lock/2.cc (test for excess errors)
FAIL: 30_threads/recursive_mutex/unlock/1.cc (test for excess errors)
FAIL: 30_threads/recursive_timed_mutex/cons/1.cc (test for excess errors)
FAIL: 30_threads/recursive_timed_mutex/dest/destructor_locked.cc (test for excess errors)
FAIL: 30_threads/recursive_timed_mutex/lock/1.cc (test for excess errors)
FAIL: 30_threads/recursive_timed_mutex/lock/2.cc (test for excess errors)
FAIL: 30_threads/recursive_timed_mutex/native_handle/1.cc (test for excess errors)
FAIL: 30_threads/recursive_timed_mutex/native_handle/typesizes.cc (test for excess errors)
FAIL: 30_threads/recursive_timed_mutex/requirements/typedefs.cc (test for excess errors)
FAIL: 30_threads/recursive_timed_mutex/try_lock/1.cc (test for excess errors)
FAIL: 30_threads/recursive_timed_mutex/try_lock/2.cc (test for excess errors)
FAIL: 30_threads/recursive_timed_mutex/try_lock_for/1.cc (test for excess errors)
FAIL: 30_threads/recursive_timed_mutex/try_lock_for/2.cc (test for excess errors)
FAIL: 30_threads/recursive_timed_mutex/try_lock_for/3.cc (test for excess errors)
FAIL: 30_threads/recursive_timed_mutex/try_lock_until/1.cc (test for excess errors)
FAIL: 30_threads/recursive_timed_mutex/try_lock_until/2.cc (test for excess errors)
FAIL: 30_threads/recursive_timed_mutex/unlock/1.cc (test for excess errors)
FAIL: 30_threads/this_thread/1.cc (test for excess errors)
FAIL: 30_threads/thread/cons/1.cc (test for excess errors)
FAIL: 30_threads/thread/cons/2.cc (test for excess errors)
FAIL: 30_threads/thread/cons/3.cc (test for excess errors)
FAIL: 30_threads/thread/cons/4.cc (test for excess errors)
FAIL: 30_threads/thread/cons/5.cc (test for excess errors)
FAIL: 30_threads/thread/cons/6.cc (test for excess errors)
FAIL: 30_threads/thread/cons/7.cc (test for excess errors)
FAIL: 30_threads/thread/cons/8.cc (test for excess errors)
FAIL: 30_threads/thread/cons/9.cc (test for excess errors)
FAIL: 30_threads/thread/cons/moveable.cc (test for excess errors)
FAIL: 30_threads/thread/id/operators.cc (test for excess errors)
FAIL: 30_threads/thread/members/1.cc (test for excess errors)
FAIL: 30_threads/thread/members/2.cc (test for excess errors)
FAIL: 30_threads/thread/members/3.cc (test for excess errors)
FAIL: 30_threads/thread/members/4.cc (test for excess errors)
FAIL: 30_threads/thread/members/5.cc (test for excess errors)
FAIL: 30_threads/thread/members/hardware_concurrency.cc (test for excess errors)
FAIL: 30_threads/thread/native_handle/typesizes.cc (test for excess errors)
FAIL: 30_threads/thread/swap/1.cc (test for excess errors)
FAIL: 30_threads/thread/swap/2.cc (test for excess errors)
FAIL: 30_threads/timed_mutex/cons/1.cc (test for excess errors)
FAIL: 30_threads/timed_mutex/dest/destructor_locked.cc (test for excess errors)
FAIL: 30_threads/timed_mutex/lock/1.cc (test for excess errors)
FAIL: 30_threads/timed_mutex/native_handle/1.cc (test for excess errors)
FAIL: 30_threads/timed_mutex/native_handle/typesizes.cc (test for excess errors)
FAIL: 30_threads/timed_mutex/requirements/standard_layout.cc (test for excess errors)
FAIL: 30_threads/timed_mutex/requirements/typedefs.cc (test for excess errors)
FAIL: 30_threads/timed_mutex/try_lock/1.cc (test for excess errors)
FAIL: 30_threads/timed_mutex/try_lock/2.cc (test for excess errors)
FAIL: 30_threads/timed_mutex/try_lock_for/1.cc (test for excess errors)
FAIL: 30_threads/timed_mutex/try_lock_for/2.cc (test for excess errors)
FAIL: 30_threads/timed_mutex/try_lock_for/3.cc (test for excess errors)
FAIL: 30_threads/timed_mutex/try_lock_until/1.cc (test for excess errors)
FAIL: 30_threads/timed_mutex/try_lock_until/2.cc (test for excess errors)
FAIL: 30_threads/timed_mutex/unlock/1.cc (test for excess errors)
FAIL: 30_threads/try_lock/1.cc (test for excess errors)
FAIL: 30_threads/try_lock/2.cc (test for excess errors)
FAIL: 30_threads/try_lock/3.cc (test for excess errors)
FAIL: 30_threads/unique_lock/cons/1.cc (test for excess errors)
FAIL: 30_threads/unique_lock/cons/2.cc (test for excess errors)
FAIL: 30_threads/unique_lock/cons/3.cc (test for excess errors)
FAIL: 30_threads/unique_lock/cons/4.cc (test for excess errors)
FAIL: 30_threads/unique_lock/cons/5.cc (test for excess errors)
FAIL: 30_threads/unique_lock/cons/6.cc (test for excess errors)
FAIL: 30_threads/unique_lock/locking/1.cc (test for excess errors)
FAIL: 30_threads/unique_lock/locking/2.cc (test for excess errors)
FAIL: 30_threads/unique_lock/locking/3.cc (test for excess errors)
FAIL: 30_threads/unique_lock/locking/4.cc (test for excess errors)
FAIL: 30_threads/unique_lock/modifiers/1.cc (test for excess errors)
FAIL: 30_threads/unique_lock/modifiers/2.cc (test for excess errors)
FAIL: 30_threads/unique_lock/requirements/explicit_instantiation.cc (test for excess errors)
FAIL: 30_threads/unique_lock/requirements/typedefs.cc (test for excess errors)
FAIL: ext/rope/40299.cc (test for excess errors)
FAIL: ext/throw_allocator/variadic_construct.cc (test for excess errors)
FAIL: ext/vstring/element_access/char/front_back.cc (test for excess errors)
FAIL: ext/vstring/element_access/wchar_t/front_back.cc (test for excess errors)
FAIL: ext/vstring/init-list.cc (test for excess errors)
FAIL: ext/vstring/inserters_extractors/wchar_t/28277.cc execution test
FAIL: ext/vstring/moveable.cc (test for excess errors)
FAIL: ext/vstring/requirements/citerators.cc (test for excess errors)
FAIL: ext/vstring/requirements/explicit_instantiation/char16_t/1.cc (test for excess errors)
FAIL: ext/vstring/requirements/explicit_instantiation/char32_t/1.cc (test for excess errors)

		=== libstdc++ Summary ===

# of expected passes		5617
# of unexpected failures	252
# of expected failures		80
# of unsupported tests		338
Host   is i686-pc-linux-gnu

		=== g++ tests ===


Running target qemu-default-thumb/-mthumb
FAIL: g++.dg/cpp0x/initlist13.C (test for excess errors)
FAIL: g++.dg/cpp0x/initlist25.C (test for excess errors)
FAIL: g++.dg/cpp0x/variadic-tuple.C (test for excess errors)
FAIL: g++.dg/ipa/iinline-1.C scan-ipa-dump inline "String::funcOne[^\\n]*inline copy in int main"
XPASS: g++.dg/other/packed1.C execution test
FAIL: g++.dg/tree-ssa/new1.C scan-tree-dump-not forwprop1 "= .* \\+ -"

		=== g++ Summary ===

# of expected passes		19593
# of unexpected failures	5
# of unexpected successes	1
# of expected failures		157
# of unsupported tests		166
/scratch/gcc/nightly-2010-03-18-4.4/arm-none-linux-gnueabi/obj/test-4.4-0-arm-none-linux-gnueabi/host-i686-pc-linux-gnu/fsf-4.4/bin/arm-none-linux-gnueabi-g++  version 4.4.4 20100318 (prerelease) (GCC) 

Host   is i686-pc-linux-gnu

		=== gcc tests ===


Running target qemu-default-thumb/-mthumb
XPASS: gcc.c-torture/execute/941014-1.c execution,  -O0 
FAIL: gcc.dg/nested-func-4.c (test for excess errors)
UNRESOLVED: gcc.dg/nested-func-4.c compilation failed to produce executable
FAIL: gcc.dg/uninit-13.c unconditional (test for warnings, line 8)
FAIL: gcc.dg/uninit-13.c (test for excess errors)
FAIL: gcc.dg/tree-prof/bb-reorg.c compilation,  -fprofile-use -D_PROFILE_USE
UNRESOLVED: gcc.dg/tree-prof/bb-reorg.c execution,    -fprofile-use -D_PROFILE_USE
FAIL: gcc.dg/tree-prof/pr34999.c compilation,  -fprofile-use -D_PROFILE_USE
UNRESOLVED: gcc.dg/tree-prof/pr34999.c execution,    -fprofile-use -D_PROFILE_USE
FAIL: gcc.dg/tree-ssa/pr42585.c scan-tree-dump-times optimized "struct _fat_ptr _ans" 0
FAIL: gcc.dg/tree-ssa/pr42585.c scan-tree-dump-times optimized "struct _fat_ptr _T2" 0

		=== gcc Summary ===

# of expected passes		50528
# of unexpected failures	7
# of unexpected successes	1
# of expected failures		117
# of unresolved testcases	3
# of unsupported tests		2442
/scratch/gcc/nightly-2010-03-18-4.4/arm-none-linux-gnueabi/obj/test-4.4-0-arm-none-linux-gnueabi/host-i686-pc-linux-gnu/fsf-4.4/bin/arm-none-linux-gnueabi-gcc  version 4.4.4 20100318 (prerelease) (GCC) 

Host   is i686-pc-linux-gnu

		=== libstdc++ tests ===


Running target qemu-default-thumb/-mthumb
FAIL: 17_intro/headers/c++200x/all.cc (test for excess errors)
FAIL: 17_intro/headers/c++200x/all_multiple_inclusion.cc (test for excess errors)
FAIL: 17_intro/using_namespace_std_tr1_neg.cc (test for excess errors)
FAIL: 19_diagnostics/error_category/cons/default.cc (test for excess errors)
FAIL: 19_diagnostics/error_category/operators/equal.cc (test for excess errors)
FAIL: 19_diagnostics/error_category/operators/not_equal.cc (test for excess errors)
FAIL: 19_diagnostics/error_code/cons/1.cc (test for excess errors)
FAIL: 19_diagnostics/error_code/cons/39882.cc (test for excess errors)
FAIL: 19_diagnostics/error_code/modifiers/39882.cc (test for excess errors)
FAIL: 19_diagnostics/error_code/operators/bool.cc (test for excess errors)
FAIL: 19_diagnostics/error_code/operators/equal.cc (test for excess errors)
FAIL: 19_diagnostics/error_code/operators/not_equal.cc (test for excess errors)
FAIL: 19_diagnostics/error_condition/cons/1.cc (test for excess errors)
FAIL: 19_diagnostics/error_condition/cons/39881.cc (test for excess errors)
FAIL: 19_diagnostics/error_condition/modifiers/39881.cc (test for excess errors)
FAIL: 19_diagnostics/error_condition/operators/bool.cc (test for excess errors)
FAIL: 19_diagnostics/error_condition/operators/equal.cc (test for excess errors)
FAIL: 19_diagnostics/error_condition/operators/not_equal.cc (test for excess errors)
FAIL: 19_diagnostics/headers/system_error/34538.cc (test for excess errors)
FAIL: 19_diagnostics/headers/system_error/errc_std_c++0x.cc (test for excess errors)
FAIL: 19_diagnostics/headers/system_error/types_std_c++0x.cc (test for excess errors)
FAIL: 19_diagnostics/logic_error/what-3.cc (test for excess errors)
FAIL: 19_diagnostics/system_error/39880.cc (test for excess errors)
FAIL: 19_diagnostics/system_error/cons-1.cc (test for excess errors)
FAIL: 19_diagnostics/system_error/cons_virtual_derivation.cc (test for excess errors)
FAIL: 19_diagnostics/system_error/what-1.cc (test for excess errors)
FAIL: 19_diagnostics/system_error/what-2.cc (test for excess errors)
FAIL: 19_diagnostics/system_error/what-3.cc (test for excess errors)
FAIL: 19_diagnostics/system_error/what-4.cc (test for excess errors)
FAIL: 19_diagnostics/system_error/what-big.cc (test for excess errors)
FAIL: 20_util/hash/operators/size_t.cc (test for excess errors)
FAIL: 20_util/hash/requirements/explicit_instantiation.cc (test for excess errors)
FAIL: 20_util/shared_ptr/misc/io.cc (test for excess errors)
FAIL: 20_util/shared_ptr/thread/default_weaktoshared.cc (test for excess errors)
FAIL: 20_util/shared_ptr/thread/mutex_weaktoshared.cc (test for excess errors)
FAIL: 20_util/specialized_algorithms/uninitialized_copy/move_iterators/1.cc (test for excess errors)
FAIL: 20_util/specialized_algorithms/uninitialized_copy_n/move_iterators/1.cc (test for excess errors)
FAIL: 20_util/tuple/creation_functions/tie2.cc (test for excess errors)
FAIL: 21_strings/basic_string/init-list.cc (test for excess errors)
FAIL: 21_strings/basic_string/inserters_extractors/wchar_t/28277.cc execution test
FAIL: 21_strings/basic_string/numeric_conversions/char/stod.cc (test for excess errors)
FAIL: 21_strings/basic_string/numeric_conversions/char/stof.cc (test for excess errors)
FAIL: 21_strings/basic_string/numeric_conversions/char/stoi.cc (test for excess errors)
FAIL: 21_strings/basic_string/numeric_conversions/char/stol.cc (test for excess errors)
FAIL: 21_strings/basic_string/numeric_conversions/char/stold.cc (test for excess errors)
FAIL: 21_strings/basic_string/numeric_conversions/char/stoll.cc (test for excess errors)
FAIL: 21_strings/basic_string/numeric_conversions/char/stoul.cc (test for excess errors)
FAIL: 21_strings/basic_string/numeric_conversions/char/stoull.cc (test for excess errors)
FAIL: 21_strings/basic_string/numeric_conversions/char/to_string.cc (test for excess errors)
FAIL: 21_strings/basic_string/numeric_conversions/wchar_t/stod.cc (test for excess errors)
FAIL: 21_strings/basic_string/numeric_conversions/wchar_t/stof.cc (test for excess errors)
FAIL: 21_strings/basic_string/numeric_conversions/wchar_t/stoi.cc (test for excess errors)
FAIL: 21_strings/basic_string/numeric_conversions/wchar_t/stol.cc (test for excess errors)
FAIL: 21_strings/basic_string/numeric_conversions/wchar_t/stold.cc (test for excess errors)
FAIL: 21_strings/basic_string/numeric_conversions/wchar_t/stoll.cc (test for excess errors)
FAIL: 21_strings/basic_string/numeric_conversions/wchar_t/stoul.cc (test for excess errors)
FAIL: 21_strings/basic_string/numeric_conversions/wchar_t/stoull.cc (test for excess errors)
FAIL: 21_strings/basic_string/numeric_conversions/wchar_t/to_wstring.cc (test for excess errors)
FAIL: 21_strings/basic_string/requirements/explicit_instantiation/char16_t/1.cc (test for excess errors)
FAIL: 21_strings/basic_string/requirements/explicit_instantiation/char32_t/1.cc (test for excess errors)
FAIL: 21_strings/char_traits/requirements/char16_t/typedefs.cc (test for excess errors)
FAIL: 21_strings/char_traits/requirements/char32_t/typedefs.cc (test for excess errors)
FAIL: 21_strings/char_traits/requirements/explicit_instantiation/char16_t/1.cc (test for excess errors)
FAIL: 21_strings/char_traits/requirements/explicit_instantiation/char32_t/1.cc (test for excess errors)
FAIL: 21_strings/headers/string/types_std_c++0x.cc (test for excess errors)
FAIL: 23_containers/deque/cons/moveable.cc (test for excess errors)
FAIL: 23_containers/forward_list/ext_pointer/modifiers/2.cc (test for excess errors)
FAIL: 23_containers/forward_list/modifiers/2.cc (test for excess errors)
FAIL: 23_containers/unordered_map/dr761.cc (test for excess errors)
FAIL: 23_containers/unordered_map/requirements/debug_container.cc (test for excess errors)
FAIL: 23_containers/unordered_multimap/requirements/debug.cc (test for excess errors)
FAIL: 23_containers/unordered_multiset/requirements/debug.cc (test for excess errors)
FAIL: 23_containers/vector/cons/moveable.cc (test for excess errors)
FAIL: 24_iterators/operations/next.cc (test for excess errors)
FAIL: 24_iterators/operations/prev.cc (test for excess errors)
FAIL: 25_algorithms/all_of/requirements/explicit_instantiation/pod.cc (test for excess errors)
FAIL: 25_algorithms/any_of/requirements/explicit_instantiation/pod.cc (test for excess errors)
FAIL: 25_algorithms/copy/move_iterators/1.cc (test for excess errors)
FAIL: 25_algorithms/copy_backward/move_iterators/1.cc (test for excess errors)
FAIL: 25_algorithms/copy_if/requirements/explicit_instantiation/pod.cc (test for excess errors)
FAIL: 25_algorithms/copy_n/move_iterators/1.cc (test for excess errors)
FAIL: 25_algorithms/copy_n/requirements/explicit_instantiation/pod.cc (test for excess errors)
FAIL: 25_algorithms/find_if_not/requirements/explicit_instantiation/pod.cc (test for excess errors)
FAIL: 25_algorithms/is_heap/requirements/explicit_instantiation/pod.cc (test for excess errors)
FAIL: 25_algorithms/is_heap_until/requirements/explicit_instantiation/pod.cc (test for excess errors)
FAIL: 25_algorithms/is_partitioned/requirements/explicit_instantiation/pod.cc (test for excess errors)
FAIL: 25_algorithms/is_sorted/requirements/explicit_instantiation/pod.cc (test for excess errors)
FAIL: 25_algorithms/is_sorted_until/requirements/explicit_instantiation/pod.cc (test for excess errors)
FAIL: 25_algorithms/max/requirements/explicit_instantiation/pod2.cc (test for excess errors)
FAIL: 25_algorithms/min/requirements/explicit_instantiation/pod2.cc (test for excess errors)
FAIL: 25_algorithms/minmax/requirements/explicit_instantiation/pod.cc (test for excess errors)
FAIL: 25_algorithms/minmax/requirements/explicit_instantiation/pod2.cc (test for excess errors)
FAIL: 25_algorithms/minmax_element/requirements/explicit_instantiation/pod.cc (test for excess errors)
FAIL: 25_algorithms/move/requirements/explicit_instantiation/pod.cc (test for excess errors)
FAIL: 25_algorithms/move_backward/requirements/explicit_instantiation/pod.cc (test for excess errors)
FAIL: 25_algorithms/none_of/requirements/explicit_instantiation/pod.cc (test for excess errors)
FAIL: 25_algorithms/partition_copy/requirements/explicit_instantiation/pod.cc (test for excess errors)
FAIL: 25_algorithms/partition_point/requirements/explicit_instantiation/pod.cc (test for excess errors)
FAIL: 26_numerics/complex/dr387_2.cc (test for excess errors)
FAIL: 26_numerics/complex/dr781.cc (test for excess errors)
FAIL: 26_numerics/complex/dr844.cc (test for excess errors)
FAIL: 26_numerics/headers/random/types_std_c++0x.cc (test for excess errors)
FAIL: 26_numerics/iota/requirements/explicit_instantiation/pod.cc (test for excess errors)
FAIL: 27_io/basic_filebuf/open/char/5.cc (test for excess errors)
FAIL: 27_io/basic_fstream/cons/char/1.cc (test for excess errors)
FAIL: 27_io/basic_fstream/open/char/1.cc (test for excess errors)
FAIL: 27_io/basic_ifstream/cons/char/2.cc (test for excess errors)
FAIL: 27_io/basic_ifstream/open/char/2.cc (test for excess errors)
FAIL: 27_io/basic_ofstream/cons/char/2.cc (test for excess errors)
FAIL: 27_io/basic_ofstream/open/char/2.cc (test for excess errors)
FAIL: 27_io/basic_ostream/inserters_character/wchar_t/28277-3.cc execution test
FAIL: 27_io/basic_ostream/inserters_character/wchar_t/28277-4.cc execution test
FAIL: 27_io/basic_ostream/inserters_other/char/error_code.cc (test for excess errors)
FAIL: 27_io/basic_ostream/inserters_other/wchar_t/error_code.cc (test for excess errors)
FAIL: 28_regex/init-list.cc (test for excess errors)
FAIL: 29_atomics/atomic/cons/copy_list.cc (test for excess errors)
FAIL: 29_atomics/atomic/cons/default.cc (test for excess errors)
FAIL: 29_atomics/atomic/cons/direct_list.cc (test for excess errors)
FAIL: 29_atomics/atomic/cons/single_value.cc (test for excess errors)
FAIL: 29_atomics/atomic/operators/integral_assignment.cc (test for excess errors)
FAIL: 29_atomics/atomic/operators/integral_conversion.cc (test for excess errors)
FAIL: 29_atomics/atomic/requirements/base_classes.cc (test for excess errors)
FAIL: 29_atomics/atomic/requirements/explicit_instantiation/1.cc (test for excess errors)
FAIL: 29_atomics/atomic_address/requirements/standard_layout.cc (test for excess errors)
FAIL: 29_atomics/atomic_address/requirements/trivial.cc (test for excess errors)
FAIL: 29_atomics/atomic_flag/requirements/standard_layout.cc (test for excess errors)
FAIL: 29_atomics/atomic_flag/requirements/trivial.cc (test for excess errors)
FAIL: 29_atomics/atomic_integral/cons/copy_list.cc (test for excess errors)
FAIL: 29_atomics/atomic_integral/cons/default.cc (test for excess errors)
FAIL: 29_atomics/atomic_integral/cons/direct_list.cc (test for excess errors)
FAIL: 29_atomics/atomic_integral/cons/single_value.cc (test for excess errors)
FAIL: 29_atomics/atomic_integral/operators/bitwise.cc (test for excess errors)
FAIL: 29_atomics/atomic_integral/operators/decrement.cc (test for excess errors)
FAIL: 29_atomics/atomic_integral/operators/increment.cc (test for excess errors)
FAIL: 29_atomics/atomic_integral/operators/integral_assignment.cc (test for excess errors)
FAIL: 29_atomics/atomic_integral/operators/integral_conversion.cc (test for excess errors)
FAIL: 29_atomics/atomic_integral/requirements/standard_layout.cc (test for excess errors)
FAIL: 29_atomics/atomic_integral/requirements/trivial.cc (test for excess errors)
FAIL: 30_threads/call_once/39909.cc (test for excess errors)
FAIL: 30_threads/call_once/call_once1.cc (test for excess errors)
FAIL: 30_threads/call_once/once_flag.cc (test for excess errors)
FAIL: 30_threads/condition_variable/cons/1.cc (test for excess errors)
FAIL: 30_threads/condition_variable/members/1.cc (test for excess errors)
FAIL: 30_threads/condition_variable/members/2.cc (test for excess errors)
FAIL: 30_threads/condition_variable/native_handle/typesizes.cc (test for excess errors)
FAIL: 30_threads/condition_variable/requirements/standard_layout.cc (test for excess errors)
FAIL: 30_threads/condition_variable/requirements/typedefs.cc (test for excess errors)
FAIL: 30_threads/condition_variable_any/cons/1.cc (test for excess errors)
FAIL: 30_threads/condition_variable_any/native_handle/typesizes.cc (test for excess errors)
FAIL: 30_threads/headers/condition_variable/types_std_c++0x.cc (test for excess errors)
FAIL: 30_threads/headers/mutex/types_std_c++0x.cc (test for excess errors)
FAIL: 30_threads/headers/thread/types_std_c++0x.cc (test for excess errors)
FAIL: 30_threads/lock_guard/requirements/explicit_instantiation.cc (test for excess errors)
FAIL: 30_threads/lock_guard/requirements/typedefs.cc (test for excess errors)
FAIL: 30_threads/mutex/cons/1.cc (test for excess errors)
FAIL: 30_threads/mutex/dest/destructor_locked.cc (test for excess errors)
FAIL: 30_threads/mutex/lock/1.cc (test for excess errors)
FAIL: 30_threads/mutex/native_handle/1.cc (test for excess errors)
FAIL: 30_threads/mutex/native_handle/typesizes.cc (test for excess errors)
FAIL: 30_threads/mutex/requirements/standard_layout.cc (test for excess errors)
FAIL: 30_threads/mutex/requirements/typedefs.cc (test for excess errors)
FAIL: 30_threads/mutex/try_lock/1.cc (test for excess errors)
FAIL: 30_threads/mutex/try_lock/2.cc (test for excess errors)
FAIL: 30_threads/mutex/unlock/1.cc (test for excess errors)
FAIL: 30_threads/recursive_mutex/cons/1.cc (test for excess errors)
FAIL: 30_threads/recursive_mutex/dest/destructor_locked.cc (test for excess errors)
FAIL: 30_threads/recursive_mutex/lock/1.cc (test for excess errors)
FAIL: 30_threads/recursive_mutex/native_handle/1.cc (test for excess errors)
FAIL: 30_threads/recursive_mutex/native_handle/typesizes.cc (test for excess errors)
FAIL: 30_threads/recursive_mutex/requirements/standard_layout.cc (test for excess errors)
FAIL: 30_threads/recursive_mutex/requirements/typedefs.cc (test for excess errors)
FAIL: 30_threads/recursive_mutex/try_lock/1.cc (test for excess errors)
FAIL: 30_threads/recursive_mutex/try_lock/2.cc (test for excess errors)
FAIL: 30_threads/recursive_mutex/unlock/1.cc (test for excess errors)
FAIL: 30_threads/recursive_timed_mutex/cons/1.cc (test for excess errors)
FAIL: 30_threads/recursive_timed_mutex/dest/destructor_locked.cc (test for excess errors)
FAIL: 30_threads/recursive_timed_mutex/lock/1.cc (test for excess errors)
FAIL: 30_threads/recursive_timed_mutex/lock/2.cc (test for excess errors)
FAIL: 30_threads/recursive_timed_mutex/native_handle/1.cc (test for excess errors)
FAIL: 30_threads/recursive_timed_mutex/native_handle/typesizes.cc (test for excess errors)
FAIL: 30_threads/recursive_timed_mutex/requirements/typedefs.cc (test for excess errors)
FAIL: 30_threads/recursive_timed_mutex/try_lock/1.cc (test for excess errors)
FAIL: 30_threads/recursive_timed_mutex/try_lock/2.cc (test for excess errors)
FAIL: 30_threads/recursive_timed_mutex/try_lock_for/1.cc (test for excess errors)
FAIL: 30_threads/recursive_timed_mutex/try_lock_for/2.cc (test for excess errors)
FAIL: 30_threads/recursive_timed_mutex/try_lock_for/3.cc (test for excess errors)
FAIL: 30_threads/recursive_timed_mutex/try_lock_until/1.cc (test for excess errors)
FAIL: 30_threads/recursive_timed_mutex/try_lock_until/2.cc (test for excess errors)
FAIL: 30_threads/recursive_timed_mutex/unlock/1.cc (test for excess errors)
FAIL: 30_threads/this_thread/1.cc (test for excess errors)
FAIL: 30_threads/thread/cons/1.cc (test for excess errors)
FAIL: 30_threads/thread/cons/2.cc (test for excess errors)
FAIL: 30_threads/thread/cons/3.cc (test for excess errors)
FAIL: 30_threads/thread/cons/4.cc (test for excess errors)
FAIL: 30_threads/thread/cons/5.cc (test for excess errors)
FAIL: 30_threads/thread/cons/6.cc (test for excess errors)
FAIL: 30_threads/thread/cons/7.cc (test for excess errors)
FAIL: 30_threads/thread/cons/8.cc (test for excess errors)
FAIL: 30_threads/thread/cons/9.cc (test for excess errors)
FAIL: 30_threads/thread/cons/moveable.cc (test for excess errors)
FAIL: 30_threads/thread/id/operators.cc (test for excess errors)
FAIL: 30_threads/thread/members/1.cc (test for excess errors)
FAIL: 30_threads/thread/members/2.cc (test for excess errors)
FAIL: 30_threads/thread/members/3.cc (test for excess errors)
FAIL: 30_threads/thread/members/4.cc (test for excess errors)
FAIL: 30_threads/thread/members/5.cc (test for excess errors)
FAIL: 30_threads/thread/members/hardware_concurrency.cc (test for excess errors)
FAIL: 30_threads/thread/native_handle/typesizes.cc (test for excess errors)
FAIL: 30_threads/thread/swap/1.cc (test for excess errors)
FAIL: 30_threads/thread/swap/2.cc (test for excess errors)
FAIL: 30_threads/timed_mutex/cons/1.cc (test for excess errors)
FAIL: 30_threads/timed_mutex/dest/destructor_locked.cc (test for excess errors)
FAIL: 30_threads/timed_mutex/lock/1.cc (test for excess errors)
FAIL: 30_threads/timed_mutex/native_handle/1.cc (test for excess errors)
FAIL: 30_threads/timed_mutex/native_handle/typesizes.cc (test for excess errors)
FAIL: 30_threads/timed_mutex/requirements/standard_layout.cc (test for excess errors)
FAIL: 30_threads/timed_mutex/requirements/typedefs.cc (test for excess errors)
FAIL: 30_threads/timed_mutex/try_lock/1.cc (test for excess errors)
FAIL: 30_threads/timed_mutex/try_lock/2.cc (test for excess errors)
FAIL: 30_threads/timed_mutex/try_lock_for/1.cc (test for excess errors)
FAIL: 30_threads/timed_mutex/try_lock_for/2.cc (test for excess errors)
FAIL: 30_threads/timed_mutex/try_lock_for/3.cc (test for excess errors)
FAIL: 30_threads/timed_mutex/try_lock_until/1.cc (test for excess errors)
FAIL: 30_threads/timed_mutex/try_lock_until/2.cc (test for excess errors)
FAIL: 30_threads/timed_mutex/unlock/1.cc (test for excess errors)
FAIL: 30_threads/try_lock/1.cc (test for excess errors)
FAIL: 30_threads/try_lock/2.cc (test for excess errors)
FAIL: 30_threads/try_lock/3.cc (test for excess errors)
FAIL: 30_threads/unique_lock/cons/1.cc (test for excess errors)
FAIL: 30_threads/unique_lock/cons/2.cc (test for excess errors)
FAIL: 30_threads/unique_lock/cons/3.cc (test for excess errors)
FAIL: 30_threads/unique_lock/cons/4.cc (test for excess errors)
FAIL: 30_threads/unique_lock/cons/5.cc (test for excess errors)
FAIL: 30_threads/unique_lock/cons/6.cc (test for excess errors)
FAIL: 30_threads/unique_lock/locking/1.cc (test for excess errors)
FAIL: 30_threads/unique_lock/locking/2.cc (test for excess errors)
FAIL: 30_threads/unique_lock/locking/3.cc (test for excess errors)
FAIL: 30_threads/unique_lock/locking/4.cc (test for excess errors)
FAIL: 30_threads/unique_lock/modifiers/1.cc (test for excess errors)
FAIL: 30_threads/unique_lock/modifiers/2.cc (test for excess errors)
FAIL: 30_threads/unique_lock/requirements/explicit_instantiation.cc (test for excess errors)
FAIL: 30_threads/unique_lock/requirements/typedefs.cc (test for excess errors)
FAIL: ext/rope/40299.cc (test for excess errors)
FAIL: ext/throw_allocator/variadic_construct.cc (test for excess errors)
FAIL: ext/vstring/element_access/char/front_back.cc (test for excess errors)
FAIL: ext/vstring/element_access/wchar_t/front_back.cc (test for excess errors)
FAIL: ext/vstring/init-list.cc (test for excess errors)
FAIL: ext/vstring/inserters_extractors/wchar_t/28277.cc execution test
FAIL: ext/vstring/moveable.cc (test for excess errors)
FAIL: ext/vstring/requirements/citerators.cc (test for excess errors)
FAIL: ext/vstring/requirements/explicit_instantiation/char16_t/1.cc (test for excess errors)
FAIL: ext/vstring/requirements/explicit_instantiation/char32_t/1.cc (test for excess errors)

		=== libstdc++ Summary ===

# of expected passes		5617
# of unexpected failures	252
# of expected failures		80
# of unsupported tests		338

Compiler version: 4.4.4 20100318 (prerelease) (GCC) 
Platform: arm-none-linux-gnueabi
configure flags: --build=i686-pc-linux-gnu --host=i686-pc-linux-gnu --target=arm-none-linux-gnueabi --enable-threads --disable-libmudflap --disable-libssp --disable-libstdcxx-pch --with-gnu-as --with-gnu-ld --enable-languages=c,c++ --enable-shared --disable-lto --enable-symvers=gnu --enable-__cxa_atexit --disable-nls --prefix=/opt/codesourcery --with-sysroot=/opt/codesourcery/arm-none-linux-gnueabi/libc --with-build-sysroot=/scratch/gcc/nightly-2010-03-18-4.4/arm-none-linux-gnueabi/install/arm-none-linux-gnueabi/libc --with-gmp=/scratch/gcc/nightly-2010-03-18-4.4/arm-none-linux-gnueabi/obj/host-libs-4.4-0-arm-none-linux-gnueabi-i686-pc-linux-gnu/usr --with-mpfr=/scratch/gcc/nightly-2010-03-18-4.4/arm-none-linux-gnueabi/obj/host-libs-4.4-0-arm-none-linux-gnueabi-i686-pc-linux-gnu/usr --with-ppl=/scratch/gcc/nightly-2010-03-18-4.4/arm-none-linux-gnueabi/obj/host-libs-4.4-0-arm-none-linux-gnueabi-i686-pc-linux-gnu/usr --with-host-libstdcxx='-static-libgcc -Wl,-Bstatic,-lstdc++,-
 Bdynamic -lm' --with-cloog=/scratch/gcc/nightly-2010-03-18-4.4/arm-none-linux-gnueabi/obj/host-libs-4.4-0-arm-none-linux-gnueabi-i686-pc-linux-gnu/usr --disable-libgomp --enable-poison-system-directories --with-build-time-tools=/scratch/gcc/nightly-2010-03-18-4.4/arm-none-linux-gnueabi/install/arm-none-linux-gnueabi/bin --with-build-time-tools=/scratch/gcc/nightly-2010-03-18-4.4/arm-none-linux-gnueabi/install/arm-none-linux-gnueabi/bin


Index Nav: [Date Index] [Subject Index] [Author Index] [Thread Index]
Message Nav: [Date Prev] [Date Next] [Thread Prev] [Thread Next]