This is the mail archive of the gcc-testresults@gcc.gnu.org mailing list for the GCC project.


Index Nav: [Date Index] [Subject Index] [Author Index] [Thread Index]
Message Nav: [Date Prev] [Date Next] [Thread Prev] [Thread Next]
Other format: [Raw text]

Results for 4.5.0 20100311 (experimental) [trunk revision 157376] (GCC) testsuite on hppa64-hp-hpux11.11


Native configuration is hppa64-hp-hpux11.11

		=== g++ tests ===


Running target unix

		=== g++ Summary ===

# of expected passes		20951
# of expected failures		152
# of unsupported tests		237
/test/gnu/gcc/objdir/gcc/testsuite/g++/../../g++  version 4.5.0 20100311 (experimental) [trunk revision 157376] (GCC) 

		=== gcc tests ===


Running target unix
WARNING: program timed out.
FAIL: gcc.c-torture/compile/limits-fnargs.c  -O3 -g  (test for excess errors)
XPASS: gcc.dg/funcorder.c scan-assembler-not link_error,%r
FAIL: gcc.dg/pr34668-1.c (internal compiler error)
FAIL: gcc.dg/pr34668-1.c (test for excess errors)
WARNING: program timed out.
FAIL: gcc.dg/lto/20090116 c_lto_20090116_0.o-c_lto_20090116_0.o link,  (internal compiler error)
UNRESOLVED: gcc.dg/lto/20090116 c_lto_20090116_0.o-c_lto_20090116_0.o execute -O1 -fwhopr -fPIC
FAIL: gcc.dg/lto/20090313 c_lto_20090313_0.o-c_lto_20090313_0.o link
UNRESOLVED: gcc.dg/lto/20090313 c_lto_20090313_0.o-c_lto_20090313_0.o execute -O0 -fwhopr
FAIL: gcc.dg/lto/20090313 c_lto_20090313_0.o-c_lto_20090313_0.o link
UNRESOLVED: gcc.dg/lto/20090313 c_lto_20090313_0.o-c_lto_20090313_0.o execute -O2 -fwhopr
FAIL: gcc.dg/lto/20090313 c_lto_20090313_0.o-c_lto_20090313_0.o link
UNRESOLVED: gcc.dg/lto/20090313 c_lto_20090313_0.o-c_lto_20090313_0.o execute -O0 -flto
FAIL: gcc.dg/lto/20090313 c_lto_20090313_0.o-c_lto_20090313_0.o link
UNRESOLVED: gcc.dg/lto/20090313 c_lto_20090313_0.o-c_lto_20090313_0.o execute -O2 -flto

		=== gcc Summary ===

# of expected passes		61537
# of unexpected failures	8
# of unexpected successes	1
# of expected failures		89
# of unresolved testcases	5
# of unsupported tests		786
/test/gnu/gcc/objdir/gcc/xgcc  version 4.5.0 20100311 (experimental) [trunk revision 157376] (GCC) 

		=== gfortran tests ===


Running target unix
FAIL: gfortran.dg/dynamic_dispatch_1.f03  -O0  (test for excess errors)
WARNING: gfortran.dg/dynamic_dispatch_1.f03  -O0  compilation failed to produce executable
FAIL: gfortran.dg/dynamic_dispatch_1.f03  -O1  (test for excess errors)
WARNING: gfortran.dg/dynamic_dispatch_1.f03  -O1  compilation failed to produce executable
FAIL: gfortran.dg/dynamic_dispatch_1.f03  -O2  (test for excess errors)
WARNING: gfortran.dg/dynamic_dispatch_1.f03  -O2  compilation failed to produce executable
FAIL: gfortran.dg/dynamic_dispatch_1.f03  -O3 -fomit-frame-pointer  (test for excess errors)
WARNING: gfortran.dg/dynamic_dispatch_1.f03  -O3 -fomit-frame-pointer  compilation failed to produce executable
FAIL: gfortran.dg/dynamic_dispatch_1.f03  -O3 -fomit-frame-pointer -funroll-loops  (test for excess errors)
WARNING: gfortran.dg/dynamic_dispatch_1.f03  -O3 -fomit-frame-pointer -funroll-loops  compilation failed to produce executable
FAIL: gfortran.dg/dynamic_dispatch_1.f03  -O3 -fomit-frame-pointer -funroll-all-loops -finline-functions  (test for excess errors)
WARNING: gfortran.dg/dynamic_dispatch_1.f03  -O3 -fomit-frame-pointer -funroll-all-loops -finline-functions  compilation failed to produce executable
FAIL: gfortran.dg/dynamic_dispatch_1.f03  -O3 -g  (test for excess errors)
WARNING: gfortran.dg/dynamic_dispatch_1.f03  -O3 -g  compilation failed to produce executable
FAIL: gfortran.dg/dynamic_dispatch_1.f03  -Os  (test for excess errors)
WARNING: gfortran.dg/dynamic_dispatch_1.f03  -Os  compilation failed to produce executable
FAIL: gfortran.dg/dynamic_dispatch_3.f03  -O0  (test for excess errors)
WARNING: gfortran.dg/dynamic_dispatch_3.f03  -O0  compilation failed to produce executable
FAIL: gfortran.dg/dynamic_dispatch_3.f03  -O1  (test for excess errors)
WARNING: gfortran.dg/dynamic_dispatch_3.f03  -O1  compilation failed to produce executable
FAIL: gfortran.dg/dynamic_dispatch_3.f03  -O2  (test for excess errors)
WARNING: gfortran.dg/dynamic_dispatch_3.f03  -O2  compilation failed to produce executable
FAIL: gfortran.dg/dynamic_dispatch_3.f03  -O3 -fomit-frame-pointer  (test for excess errors)
WARNING: gfortran.dg/dynamic_dispatch_3.f03  -O3 -fomit-frame-pointer  compilation failed to produce executable
FAIL: gfortran.dg/dynamic_dispatch_3.f03  -O3 -fomit-frame-pointer -funroll-loops  (test for excess errors)
WARNING: gfortran.dg/dynamic_dispatch_3.f03  -O3 -fomit-frame-pointer -funroll-loops  compilation failed to produce executable
FAIL: gfortran.dg/dynamic_dispatch_3.f03  -O3 -fomit-frame-pointer -funroll-all-loops -finline-functions  (test for excess errors)
WARNING: gfortran.dg/dynamic_dispatch_3.f03  -O3 -fomit-frame-pointer -funroll-all-loops -finline-functions  compilation failed to produce executable
FAIL: gfortran.dg/dynamic_dispatch_3.f03  -O3 -g  (test for excess errors)
WARNING: gfortran.dg/dynamic_dispatch_3.f03  -O3 -g  compilation failed to produce executable
FAIL: gfortran.dg/dynamic_dispatch_3.f03  -Os  (test for excess errors)
WARNING: gfortran.dg/dynamic_dispatch_3.f03  -Os  compilation failed to produce executable
FAIL: gfortran.dg/dynamic_dispatch_4.f03  -O0  (test for excess errors)
WARNING: gfortran.dg/dynamic_dispatch_4.f03  -O0  compilation failed to produce executable
FAIL: gfortran.dg/dynamic_dispatch_4.f03  -O1  (test for excess errors)
WARNING: gfortran.dg/dynamic_dispatch_4.f03  -O1  compilation failed to produce executable
FAIL: gfortran.dg/dynamic_dispatch_4.f03  -O2  (test for excess errors)
WARNING: gfortran.dg/dynamic_dispatch_4.f03  -O2  compilation failed to produce executable
FAIL: gfortran.dg/dynamic_dispatch_4.f03  -O3 -fomit-frame-pointer  (test for excess errors)
WARNING: gfortran.dg/dynamic_dispatch_4.f03  -O3 -fomit-frame-pointer  compilation failed to produce executable
FAIL: gfortran.dg/dynamic_dispatch_4.f03  -O3 -fomit-frame-pointer -funroll-loops  (test for excess errors)
WARNING: gfortran.dg/dynamic_dispatch_4.f03  -O3 -fomit-frame-pointer -funroll-loops  compilation failed to produce executable
FAIL: gfortran.dg/dynamic_dispatch_4.f03  -O3 -fomit-frame-pointer -funroll-all-loops -finline-functions  (test for excess errors)
WARNING: gfortran.dg/dynamic_dispatch_4.f03  -O3 -fomit-frame-pointer -funroll-all-loops -finline-functions  compilation failed to produce executable
FAIL: gfortran.dg/dynamic_dispatch_4.f03  -O3 -g  (test for excess errors)
WARNING: gfortran.dg/dynamic_dispatch_4.f03  -O3 -g  compilation failed to produce executable
FAIL: gfortran.dg/dynamic_dispatch_4.f03  -Os  (test for excess errors)
WARNING: gfortran.dg/dynamic_dispatch_4.f03  -Os  compilation failed to produce executable
FAIL: gfortran.dg/dynamic_dispatch_6.f03  -O0  (test for excess errors)
WARNING: gfortran.dg/dynamic_dispatch_6.f03  -O0  compilation failed to produce executable
FAIL: gfortran.dg/dynamic_dispatch_6.f03  -O1  (test for excess errors)
WARNING: gfortran.dg/dynamic_dispatch_6.f03  -O1  compilation failed to produce executable
FAIL: gfortran.dg/dynamic_dispatch_6.f03  -O2  (test for excess errors)
WARNING: gfortran.dg/dynamic_dispatch_6.f03  -O2  compilation failed to produce executable
FAIL: gfortran.dg/dynamic_dispatch_6.f03  -O3 -fomit-frame-pointer  (test for excess errors)
WARNING: gfortran.dg/dynamic_dispatch_6.f03  -O3 -fomit-frame-pointer  compilation failed to produce executable
FAIL: gfortran.dg/dynamic_dispatch_6.f03  -O3 -fomit-frame-pointer -funroll-loops  (test for excess errors)
WARNING: gfortran.dg/dynamic_dispatch_6.f03  -O3 -fomit-frame-pointer -funroll-loops  compilation failed to produce executable
FAIL: gfortran.dg/dynamic_dispatch_6.f03  -O3 -fomit-frame-pointer -funroll-all-loops -finline-functions  (test for excess errors)
WARNING: gfortran.dg/dynamic_dispatch_6.f03  -O3 -fomit-frame-pointer -funroll-all-loops -finline-functions  compilation failed to produce executable
FAIL: gfortran.dg/dynamic_dispatch_6.f03  -O3 -g  (test for excess errors)
WARNING: gfortran.dg/dynamic_dispatch_6.f03  -O3 -g  compilation failed to produce executable
FAIL: gfortran.dg/dynamic_dispatch_6.f03  -Os  (test for excess errors)
WARNING: gfortran.dg/dynamic_dispatch_6.f03  -Os  compilation failed to produce executable

		=== gfortran Summary ===

# of expected passes		32689
# of unexpected failures	32
# of expected failures		21
# of unsupported tests		293
/test/gnu/gcc/objdir/gcc/testsuite/gfortran/../../gfortran  version 4.5.0 20100311 (experimental) [trunk revision 157376] (GCC) 

		=== obj-c++ tests ===


Running target unix
WARNING: obj-c++.dg/lookup-2.mm compilation failed to produce executable
WARNING: obj-c++.dg/try-catch-2.mm compilation failed to produce executable
WARNING: obj-c++.dg/try-catch-9.mm compilation failed to produce executable

		=== obj-c++ Summary ===

# of expected passes		430
# of expected failures		18
# of unsupported tests		13
/test/gnu/gcc/objdir/gcc/testsuite/obj-c++/../../g++  version 4.5.0 20100311 (experimental) [trunk revision 157376] (GCC) 

		=== objc tests ===


Running target unix

		=== objc Summary ===

# of expected passes		1865
# of expected failures		15
# of unsupported tests		25
/test/gnu/gcc/objdir/gcc/xgcc  version 4.5.0 20100311 (experimental) [trunk revision 157376] (GCC) 

		=== libgomp tests ===


Running target unix

		=== libgomp Summary ===

# of expected passes		2440
# of unsupported tests		9
		=== libstdc++ tests ===


Running target unix
FAIL: 26_numerics/headers/cmath/c99_classification_macros_c.cc (test for excess errors)
FAIL: ext/profile/all.cc (test for excess errors)

		=== libstdc++ Summary ===

# of expected passes		6242
# of unexpected failures	2
# of expected failures		88
# of unsupported tests		616

Compiler version: 4.5.0 20100311 (experimental) [trunk revision 157376] (GCC) 
Platform: hppa64-hp-hpux11.11
configure flags:Test Run By dave on Thu Mar 11 12:36:50 2010


Index Nav: [Date Index] [Subject Index] [Author Index] [Thread Index]
Message Nav: [Date Prev] [Date Next] [Thread Prev] [Thread Next]