This is the mail archive of the gcc-testresults@gcc.gnu.org mailing list for the GCC project.


Index Nav: [Date Index] [Subject Index] [Author Index] [Thread Index]
Message Nav: [Date Prev] [Date Next] [Thread Prev] [Thread Next]
Other format: [Raw text]

Results for 4.4.4 20100313 (prerelease) [gcc-4_4-branch revision 157419] (GCC) testsuite on i686-pc-linux-gnu


LAST_UPDATED: Sat Mar 13 06:12:13 UTC 2010 (revision 157419)

Native configuration is i686-pc-linux-gnu

		=== g++ tests ===


Running target unix

		=== g++ Summary ===

# of expected passes		20225
# of expected failures		157
# of unsupported tests		101
/export/gnu/import/svn/gcc-test/bld/gcc/testsuite/g++/../../g++  version 4.4.4 20100313 (prerelease) [gcc-4_4-branch revision 157419] (GCC) 

		=== gcc tests ===


Running target unix

		=== gcc Summary ===

# of expected passes		57929
# of expected failures		191
# of unsupported tests		443
/export/gnu/import/svn/gcc-test/bld/gcc/xgcc  version 4.4.4 20100313 (prerelease) [gcc-4_4-branch revision 157419] (GCC) 

		=== gfortran tests ===


Running target unix

		=== gfortran Summary ===

# of expected passes		30001
# of expected failures		10
# of unsupported tests		106
/export/gnu/import/svn/gcc-test/bld/gcc/testsuite/gfortran/../../gfortran  version 4.4.4 20100313 (prerelease) [gcc-4_4-branch revision 157419] (GCC) 

		=== objc tests ===


Running target unix

		=== objc Summary ===

# of expected passes		1874
# of expected failures		7
# of unsupported tests		24
/export/gnu/import/svn/gcc-test/bld/gcc/xgcc  version 4.4.4 20100313 (prerelease) [gcc-4_4-branch revision 157419] (GCC) 

		=== libffi tests ===


Running target unix

		=== libffi Summary ===

# of expected passes		1389
# of unsupported tests		10
		=== libgomp tests ===


Running target unix

		=== libgomp Summary ===

# of expected passes		2440
		=== libjava tests ===


Running target unix

		=== libjava Summary ===

# of expected passes		2574
		=== libmudflap tests ===


Running target unix
FAIL: libmudflap.c++/pass41-frag.cxx execution test
FAIL: libmudflap.c++/pass41-frag.cxx (-static) execution test
FAIL: libmudflap.c++/pass41-frag.cxx ( -O) execution test
FAIL: libmudflap.c++/pass41-frag.cxx (-O2) execution test
FAIL: libmudflap.c++/pass41-frag.cxx (-O3) execution test
FAIL: libmudflap.cth/pass39-frag.c (-O2) (rerun 1) execution test
FAIL: libmudflap.cth/pass39-frag.c (-O2) (rerun 1) output pattern test

		=== libmudflap Summary ===

# of expected passes		1887
# of unexpected failures	7
		=== libstdc++ tests ===


Running target unix

		=== libstdc++ Summary ===

# of expected passes		6498
# of expected failures		80
# of unsupported tests		20

Compiler version: 4.4.4 20100313 (prerelease) [gcc-4_4-branch revision 157419] (GCC) 
Platform: i686-pc-linux-gnu
configure flags: --enable-clocale=gnu --with-system-zlib --enable-shared --with-demangler-in-ld --with-fpmath=sse


Index Nav: [Date Index] [Subject Index] [Author Index] [Thread Index]
Message Nav: [Date Prev] [Date Next] [Thread Prev] [Thread Next]