This is the mail archive of the
gcc-testresults@gcc.gnu.org
mailing list for the GCC project.
Results for 4.5.0 20100311 (GCC) testsuite on sparc-sun-solaris2.9
- From: botcazou at eu dot adacore dot com (Eric Botcazou)
- To: gcc-testresults at gcc dot gnu dot org
- Date: Fri, 12 Mar 2010 23:40:07 +0100 (CET)
- Subject: Results for 4.5.0 20100311 (GCC) testsuite on sparc-sun-solaris2.9
Native configuration is sparc-sun-solaris2.9
=== gcc tests ===
Running target unix/
FAIL: gcc.c-torture/execute/pr38819.c execution, -O2
FAIL: gcc.c-torture/execute/pr38819.c execution, -O3 -fomit-frame-pointer
FAIL: gcc.c-torture/execute/pr38819.c execution, -O3 -fomit-frame-pointer -funroll-loops
FAIL: gcc.c-torture/execute/pr38819.c execution, -O3 -fomit-frame-pointer -funroll-all-loops -finline-functions
FAIL: gcc.c-torture/execute/pr38819.c execution, -O3 -g
FAIL: gcc.c-torture/execute/pr38819.c execution, -O2 -flto
FAIL: gcc.c-torture/execute/pr38819.c execution, -O2 -fwhopr
FAIL: gcc.dg/pr34668-1.c (internal compiler error)
FAIL: gcc.dg/pr34668-1.c (test for excess errors)
FAIL: gcc.dg/lto/20090210 c_lto_20090210_0.o-c_lto_20090210_1.o execute -O0 -fwhopr
FAIL: gcc.dg/lto/20090210 c_lto_20090210_0.o-c_lto_20090210_1.o execute -O2 -fwhopr
FAIL: gcc.dg/lto/20090210 c_lto_20090210_0.o-c_lto_20090210_1.o execute -O0 -flto
FAIL: gcc.dg/lto/20090210 c_lto_20090210_0.o-c_lto_20090210_1.o execute -O2 -flto
FAIL: gcc.dg/lto/20090729 c_lto_20090729_0.o-c_lto_20090729_1.o link
UNRESOLVED: gcc.dg/lto/20090729 c_lto_20090729_0.o-c_lto_20090729_1.o execute -w
FAIL: gcc.dg/vect/slp-multitypes-2.c execution test
=== gcc Summary for unix/ ===
# of expected passes 63756
# of unexpected failures 15
# of expected failures 195
# of unresolved testcases 1
# of unsupported tests 928
Running target unix//-m64
FAIL: gcc.dg/cpp/trad/include.c (internal compiler error)
FAIL: gcc.dg/cpp/trad/include.c (test for excess errors)
FAIL: gcc.dg/pr34668-1.c (internal compiler error)
FAIL: gcc.dg/pr34668-1.c (test for excess errors)
FAIL: gcc.dg/lto/20090210 c_lto_20090210_0.o-c_lto_20090210_1.o link
UNRESOLVED: gcc.dg/lto/20090210 c_lto_20090210_0.o-c_lto_20090210_1.o execute -O0 -fwhopr
FAIL: gcc.dg/lto/20090210 c_lto_20090210_0.o-c_lto_20090210_1.o link
UNRESOLVED: gcc.dg/lto/20090210 c_lto_20090210_0.o-c_lto_20090210_1.o execute -O2 -fwhopr
FAIL: gcc.dg/lto/20090210 c_lto_20090210_0.o-c_lto_20090210_1.o link
UNRESOLVED: gcc.dg/lto/20090210 c_lto_20090210_0.o-c_lto_20090210_1.o execute -O0 -flto
FAIL: gcc.dg/lto/20090210 c_lto_20090210_0.o-c_lto_20090210_1.o link
UNRESOLVED: gcc.dg/lto/20090210 c_lto_20090210_0.o-c_lto_20090210_1.o execute -O2 -flto
FAIL: gcc.dg/lto/20090729 c_lto_20090729_0.o-c_lto_20090729_1.o link
UNRESOLVED: gcc.dg/lto/20090729 c_lto_20090729_0.o-c_lto_20090729_1.o execute -w
=== gcc Summary for unix//-m64 ===
# of expected passes 63760
# of unexpected failures 9
# of expected failures 191
# of unresolved testcases 5
# of unsupported tests 927
=== gcc Summary ===
# of expected passes 127516
# of unexpected failures 24
# of expected failures 386
# of unresolved testcases 6
# of unsupported tests 1855
/nfs/nile/nile.build/botcazou/gcc-head/sparc-sun-solaris2.9/gcc/xgcc version 4.5.0 20100311 for GNAT Pro 6.4.0w (20100310) (GCC)
=== g++ tests ===
Running target unix/
FAIL: g++.dg/lto/20090303 cp_lto_20090303_0.o-cp_lto_20090303_0.o execute -fwhopr
XPASS: g++.old-deja/g++.other/init19.C execution test
=== g++ Summary for unix/ ===
# of expected passes 21820
# of unexpected failures 1
# of unexpected successes 1
# of expected failures 151
# of unsupported tests 233
Running target unix//-m64
FAIL: g++.dg/lto/20090303 cp_lto_20090303_0.o-cp_lto_20090303_0.o link
UNRESOLVED: g++.dg/lto/20090303 cp_lto_20090303_0.o-cp_lto_20090303_0.o execute -fwhopr
XPASS: g++.old-deja/g++.other/init19.C execution test
=== g++ Summary for unix//-m64 ===
# of expected passes 21780
# of unexpected failures 1
# of unexpected successes 1
# of expected failures 151
# of unresolved testcases 1
# of unsupported tests 234
=== g++ Summary ===
# of expected passes 43600
# of unexpected failures 2
# of unexpected successes 2
# of expected failures 302
# of unresolved testcases 1
# of unsupported tests 467
/nfs/nile/nile.build/botcazou/gcc-head/sparc-sun-solaris2.9/gcc/testsuite/g++/../../g++ version 4.5.0 20100311 for GNAT Pro 6.4.0w (20100310) (GCC)
=== gnat tests ===
Running target unix/
=== gnat Summary for unix/ ===
# of expected passes 754
# of expected failures 7
# of unsupported tests 1
Running target unix//-m64
FAIL: gnat.dg/socket1.adb execution test
=== gnat Summary for unix//-m64 ===
# of expected passes 753
# of unexpected failures 1
# of expected failures 7
# of unsupported tests 1
=== gnat Summary ===
# of expected passes 1507
# of unexpected failures 1
# of expected failures 14
# of unsupported tests 2
=== obj-c++ tests ===
Running target unix/
WARNING: obj-c++.dg/lookup-2.mm compilation failed to produce executable
WARNING: obj-c++.dg/try-catch-2.mm compilation failed to produce executable
WARNING: obj-c++.dg/try-catch-9.mm compilation failed to produce executable
=== obj-c++ Summary for unix/ ===
# of expected passes 438
# of expected failures 10
# of unsupported tests 13
Running target unix//-m64
WARNING: obj-c++.dg/lookup-2.mm compilation failed to produce executable
WARNING: obj-c++.dg/try-catch-2.mm compilation failed to produce executable
WARNING: obj-c++.dg/try-catch-9.mm compilation failed to produce executable
=== obj-c++ Summary for unix//-m64 ===
# of expected passes 430
# of expected failures 18
# of unsupported tests 13
=== obj-c++ Summary ===
# of expected passes 868
# of expected failures 28
# of unsupported tests 26
/nfs/nile/nile.build/botcazou/gcc-head/sparc-sun-solaris2.9/gcc/testsuite/obj-c++/../../g++ version 4.5.0 20100311 for GNAT Pro 6.4.0w (20100310) (GCC)
=== objc tests ===
Running target unix/
=== objc Summary for unix/ ===
# of expected passes 1867
# of expected failures 15
# of unsupported tests 24
Running target unix//-m64
=== objc Summary for unix//-m64 ===
# of expected passes 1867
# of expected failures 15
# of unsupported tests 24
=== objc Summary ===
# of expected passes 3734
# of expected failures 30
# of unsupported tests 48
/nfs/nile/nile.build/botcazou/gcc-head/sparc-sun-solaris2.9/gcc/xgcc version 4.5.0 20100311 for GNAT Pro 6.4.0w (20100310) (GCC)
=== libgomp tests ===
Running target unix/
=== libgomp Summary for unix/ ===
# of expected passes 2440
# of unsupported tests 9
Running target unix//-m64
=== libgomp Summary for unix//-m64 ===
# of expected passes 2440
# of unsupported tests 9
=== libgomp Summary ===
# of expected passes 4880
# of unsupported tests 18
=== libstdc++ tests ===
Running target unix/
FAIL: ext/profile/all.cc (test for excess errors)
=== libstdc++ Summary for unix/ ===
# of expected passes 6226
# of unexpected failures 1
# of expected failures 90
# of unsupported tests 630
Running target unix//-m64
FAIL: ext/profile/all.cc (test for excess errors)
=== libstdc++ Summary for unix//-m64 ===
# of expected passes 6226
# of unexpected failures 1
# of expected failures 90
# of unsupported tests 630
=== libstdc++ Summary ===
# of expected passes 12452
# of unexpected failures 2
# of expected failures 180
# of unsupported tests 1260
=== libstdc++ Summary ===
Compiler version: 4.5.0 20100311 for GNAT Pro 6.4.0w (20100310) (GCC)
Platform: sparc-sun-solaris2.9
configure flags: --prefix=/nile.build/botcazou/gcc-head/install_sparc --with-as=/nile.build/botcazou/gcc-head/install_sparc/bin/as --with-gmp=/nile.build/botcazou/support/sparc --with-mpfr=/nile.build/botcazou/support/sparc --with-mpc=/nile.build/botcazou/support/sparc --with-libelf=/nile.build/botcazou/support/sparc --enable-languages=c,c++,objc,obj-c++,fortran,ada --disable-libstdcxx-pch --disable-nls
BOOT_CFLAGS=-g -O2