This is the mail archive of the
gcc-testresults@gcc.gnu.org
mailing list for the GCC project.
Results for 4.3.5 4.5 20100310 (prerelease) (GCC) testsuite on s390x-ibm-linux-gnu
- From: Andreas Krebbel <Andreas dot Krebbel at de dot ibm dot com>
- To: gcc-testresults at gcc dot gnu dot org
- Date: Thu, 11 Mar 2010 09:06:04 +0100
- Subject: Results for 4.3.5 4.5 20100310 (prerelease) (GCC) testsuite on s390x-ibm-linux-gnu
LAST_UPDATED: Thu Mar 11 02:39:06 UTC 2010 (revision 157362M)
Native configuration is s390x-ibm-linux-gnu
=== g++ tests ===
Running target unix
=== g++ Summary ===
# of expected passes 17651
# of expected failures 92
# of unsupported tests 141
/31bit/build-extralong/BUILD/gcc/obj-s390x-redhat-linux/gcc/testsuite/g++/../../g++ version 4.3.5 20100310 (prerelease) (GCC)
=== gcc tests ===
Running target unix
FAIL: gcc.dg/uninit-13.c unconditional (test for warnings, line 8)
FAIL: gcc.dg/uninit-13.c (test for excess errors)
XPASS: gcc.dg/tree-ssa/20040204-1.c scan-tree-dump-times optimized "link_error" 0
=== gcc Summary ===
# of expected passes 46754
# of unexpected failures 2
# of unexpected successes 1
# of expected failures 91
# of untested testcases 35
# of unsupported tests 356
/31bit/build-extralong/BUILD/gcc/obj-s390x-redhat-linux/gcc/xgcc version 4.3.5 20100310 (prerelease) (GCC)
=== gfortran tests ===
Running target unix
=== gfortran Summary ===
# of expected passes 25050
# of expected failures 3
# of unsupported tests 20
/31bit/build-extralong/BUILD/gcc/obj-s390x-redhat-linux/gcc/testsuite/gfortran/../../gfortran version 4.3.5 20100310 (prerelease) (GCC)
=== obj-c++ tests ===
Running target unix
FAIL: obj-c++.dg/bitfield-1.mm (internal compiler error)
WARNING: obj-c++.dg/bitfield-1.mm compilation failed to produce executable
FAIL: obj-c++.dg/comp-types-10.mm (internal compiler error)
FAIL: obj-c++.dg/comp-types-10.mm (test for excess errors)
WARNING: obj-c++.dg/lookup-2.mm compilation failed to produce executable
WARNING: obj-c++.dg/try-catch-2.mm compilation failed to produce executable
FAIL: obj-c++.dg/try-catch-9.mm (test for excess errors)
WARNING: obj-c++.dg/try-catch-9.mm compilation failed to produce executable
=== obj-c++ Summary ===
# of expected passes 421
# of unexpected failures 4
# of expected failures 23
# of unsupported tests 13
/31bit/build-extralong/BUILD/gcc/obj-s390x-redhat-linux/gcc/testsuite/obj-c++/../../g++ version 4.3.5 20100310 (prerelease) (GCC)
=== objc tests ===
Running target unix
=== objc Summary ===
# of expected passes 1832
# of expected failures 7
# of unsupported tests 24
/31bit/build-extralong/BUILD/gcc/obj-s390x-redhat-linux/gcc/xgcc version 4.3.5 20100310 (prerelease) (GCC)
=== libffi tests ===
Running target unix
=== libffi Summary ===
# of expected passes 1389
# of unsupported tests 10
=== libgomp tests ===
Running target unix
=== libgomp Summary ===
# of expected passes 1763
=== libjava tests ===
Running target unix
=== libjava Summary ===
# of expected passes 2562
=== libmudflap tests ===
Running target unix
FAIL: libmudflap.c++/pass41-frag.cxx execution test
FAIL: libmudflap.c++/pass57-frag.cxx (test for excess errors)
FAIL: libmudflap.c++/pass41-frag.cxx (-static) execution test
FAIL: libmudflap.c++/pass57-frag.cxx (-static) (test for excess errors)
FAIL: libmudflap.c++/pass41-frag.cxx ( -O) execution test
FAIL: libmudflap.c++/pass57-frag.cxx ( -O) (test for excess errors)
FAIL: libmudflap.c++/pass41-frag.cxx (-O2) execution test
FAIL: libmudflap.c++/pass57-frag.cxx (-O2) (test for excess errors)
FAIL: libmudflap.c++/pass41-frag.cxx (-O3) execution test
FAIL: libmudflap.c++/pass57-frag.cxx (-O3) (test for excess errors)
=== libmudflap Summary ===
# of expected passes 1839
# of unexpected failures 10
=== libstdc++ tests ===
Running target unix
=== libstdc++ Summary ===
# of expected passes 5518
# of expected failures 60
# of unsupported tests 47
Compiler version: 4.3.5 20100310 (prerelease) (GCC)
Platform: s390x-ibm-linux-gnu
configure flags: --prefix=/usr --mandir=/usr/share/man --infodir=/usr/share/info --enable-shared --enable-threads=posix --enable-checking --with-system-zlib --enable-__cxa_atexit --with-long-double-128 --host=s390x-redhat-linux --build=s390x-redhat-linux --target=s390x-redhat-linux --enable-languages=c,c++,objc,obj-c++,java,fortran