This is the mail archive of the gcc-testresults@gcc.gnu.org mailing list for the GCC project.


Index Nav: [Date Index] [Subject Index] [Author Index] [Thread Index]
Message Nav: [Date Prev] [Date Next] [Thread Prev] [Thread Next]
Other format: [Raw text]

Results for 4.4.2 (GCC) testsuite on bfin-unknown-rtems4.10


LAST_UPDATED: Obtained from SVN: tags/gcc_4_4_2_release revision 152840

Target is bfin-unknown-rtems4.10
Host   is x86_64-unknown-linux-gnu

		=== gcc tests ===


Running target rtems-bfin-nosim
FAIL: gcc.c-torture/compile/mangle-1.c  -O0  (test for excess errors)
FAIL: gcc.c-torture/compile/mangle-1.c  -O1  (test for excess errors)
FAIL: gcc.c-torture/compile/mangle-1.c  -O2  (test for excess errors)
FAIL: gcc.c-torture/compile/mangle-1.c  -O3 -fomit-frame-pointer  (test for excess errors)
FAIL: gcc.c-torture/compile/mangle-1.c  -O3 -g  (test for excess errors)
FAIL: gcc.c-torture/compile/mangle-1.c  -Os  (test for excess errors)
FAIL: gcc.c-torture/compile/pr36238.c  -O2  (internal compiler error)
FAIL: gcc.c-torture/compile/pr36238.c  -O2  (test for excess errors)
FAIL: gcc.c-torture/compile/pr36238.c  -O3 -fomit-frame-pointer  (internal compiler error)
FAIL: gcc.c-torture/compile/pr36238.c  -O3 -fomit-frame-pointer  (test for excess errors)
FAIL: gcc.c-torture/compile/pr36238.c  -O3 -fomit-frame-pointer -funroll-loops  (internal compiler error)
FAIL: gcc.c-torture/compile/pr36238.c  -O3 -fomit-frame-pointer -funroll-loops  (test for excess errors)
FAIL: gcc.c-torture/compile/pr36238.c  -O3 -fomit-frame-pointer -funroll-all-loops -finline-functions  (internal compiler error)
FAIL: gcc.c-torture/compile/pr36238.c  -O3 -fomit-frame-pointer -funroll-all-loops -finline-functions  (test for excess errors)
FAIL: gcc.c-torture/compile/pr36238.c  -O3 -g  (internal compiler error)
FAIL: gcc.c-torture/compile/pr36238.c  -O3 -g  (test for excess errors)
FAIL: gcc.c-torture/compile/pr36238.c  -Os  (internal compiler error)
FAIL: gcc.c-torture/compile/pr36238.c  -Os  (test for excess errors)
FAIL: gcc.c-torture/execute/20020201-1.c compilation,  -Os 
UNRESOLVED: gcc.c-torture/execute/20020201-1.c execution,  -Os 
FAIL: gcc.c-torture/execute/20040629-1.c compilation,  -Os 
UNRESOLVED: gcc.c-torture/execute/20040629-1.c execution,  -Os 
FAIL: gcc.c-torture/execute/20040705-1.c compilation,  -Os 
UNRESOLVED: gcc.c-torture/execute/20040705-1.c execution,  -Os 
FAIL: gcc.c-torture/execute/20040705-2.c compilation,  -Os 
UNRESOLVED: gcc.c-torture/execute/20040705-2.c execution,  -Os 
FAIL: gcc.c-torture/execute/20040709-1.c compilation,  -Os 
UNRESOLVED: gcc.c-torture/execute/20040709-1.c execution,  -Os 
FAIL: gcc.c-torture/execute/20040709-2.c compilation,  -Os 
UNRESOLVED: gcc.c-torture/execute/20040709-2.c execution,  -Os 
FAIL: gcc.c-torture/execute/930921-1.c compilation,  -Os 
UNRESOLVED: gcc.c-torture/execute/930921-1.c execution,  -Os 
FAIL: gcc.c-torture/execute/cbrt.c compilation,  -Os 
UNRESOLVED: gcc.c-torture/execute/cbrt.c execution,  -Os 
FAIL: gcc.c-torture/execute/pr19606.c compilation,  -Os 
UNRESOLVED: gcc.c-torture/execute/pr19606.c execution,  -Os 
FAIL: gcc.c-torture/execute/pr27364.c compilation,  -Os 
UNRESOLVED: gcc.c-torture/execute/pr27364.c execution,  -Os 
FAIL: gcc.dg/cpp/_Pragma6.c -fno-show-column (test for excess errors)
FAIL: gcc.dg/20020312-2.c (test for excess errors)
WARNING: gcc.dg/20020312-2.c compilation failed to produce executable
FAIL: gcc.dg/20050607-1.c (test for excess errors)
FAIL: gcc.dg/ucnid-2.c (test for excess errors)
WARNING: gcc.dg/ucnid-2.c compilation failed to produce executable
FAIL: gcc.dg/ucnid-3.c (test for excess errors)
WARNING: gcc.dg/ucnid-3.c compilation failed to produce executable
FAIL: gcc.dg/ucnid-4.c (test for excess errors)
WARNING: gcc.dg/ucnid-4.c compilation failed to produce executable
XPASS: gcc.dg/tree-ssa/20040204-1.c scan-tree-dump-times optimized "link_error" 0
FAIL: gcc.dg/tree-ssa/pr36881.c scan-assembler-not CSWTCH
FAIL: gcc.dg/tree-ssa/pr36881.c scan-tree-dump switchconv "need runtime relocations"
FAIL: gcc.dg/tree-ssa/vrp47.c scan-tree-dump-times vrp1 "[xy][^ ]* !=" 0
FAIL: gcc.dg/tree-ssa/vrp47.c scan-tree-dump-times dom1 "x[^ ]* & y" 1
FAIL: gcc.dg/tree-ssa/vrp47.c scan-tree-dump-times vrp1 "x[^ ]* [|] y" 1

		=== gcc Summary ===

# of expected passes		48924
# of unexpected failures	39
# of unexpected successes	1
# of expected failures		106
# of unresolved testcases	10
# of unsupported tests		602
/users/joel/test-gcc/b-gcc1-bfin/gcc/xgcc  version 4.4.2 (GCC) 

Host   is x86_64-unknown-linux-gnu

		=== g++ tests ===


Running target rtems-bfin-nosim
FAIL: g++.dg/cpp/_Pragma1.C (test for excess errors)
FAIL: g++.dg/eh/simd-2.C (test for excess errors)
WARNING: g++.dg/eh/simd-2.C compilation failed to produce executable
FAIL: g++.dg/init/cleanup3.C scan-assembler-not _tcf
FAIL: g++.dg/opt/vt1.C scan-assembler-not section[^\\n\\r]*_ZTV1S[^\\n\\r]*"[^w"\\n\\r]*"
FAIL: g++.dg/other/ucnid-1.C (test for excess errors)
WARNING: g++.dg/other/ucnid-1.C compilation failed to produce executable
XPASS: g++.old-deja/g++.ext/arrnew2.C execution test

		=== g++ Summary ===

# of expected passes		18712
# of unexpected failures	5
# of unexpected successes	1
# of expected failures		154
# of unsupported tests		186
/users/joel/test-gcc/b-gcc1-bfin/gcc/testsuite/g++/../../g++  version 4.4.2 (GCC) 


Compiler version: 4.4.2 (GCC) 
Platform: bfin-unknown-rtems4.10
configure flags: --enable-threads=rtems --with-gnu-as --enable-multilib --enable-newlib-mb --enable-newlib-iconv --with-gnu-ld --with-newlib --verbose --with-system-zlib --disable-nls --enable-version-specific-runtime-libs --enable-languages=c,c++ --target=bfin-rtems4.10 --prefix=/users/joel/test-gcc/install-4.4.2


Index Nav: [Date Index] [Subject Index] [Author Index] [Thread Index]
Message Nav: [Date Prev] [Date Next] [Thread Prev] [Thread Next]