This is the mail archive of the
gcc-testresults@gcc.gnu.org
mailing list for the GCC project.
Results for 4.5.0 20100301 (experimental) [trunk revision 157131] (GCC) testsuite on hppa64-hp-hpux11.00
- From: John David Anglin <dave at hiauly2 dot hia dot nrc dot ca>
- To: dave at hiauly2 dot hia dot nrc dot ca, gcc-testresults at gcc dot gnu dot org
- Date: Thu, 4 Mar 2010 20:32:36 -0500 (EST)
- Subject: Results for 4.5.0 20100301 (experimental) [trunk revision 157131] (GCC) testsuite on hppa64-hp-hpux11.00
Native configuration is hppa64-hp-hpux11.00
=== g++ tests ===
Running target unix
UNRESOLVED: attribute_plugin.c compilation, -I. -I/xxx/gnu/gcc/gcc/gcc/testsuite -I/xxx/gnu/gcc/gcc/gcc/testsuite/../../gcc -I/home/gnu/gcc/objdir/gcc/testsuite/g++/../../../gcc -I/xxx/gnu/gcc/gcc/gcc/testsuite/../../include -I/xxx/gnu/gcc/gcc/gcc/testsuite/../../libcpp/include -I/opt/gnu64/gcc/gcc-4.5.0/include -DIN_GCC -fPIC -shared
UNRESOLVED: pragma_plugin.c compilation, -I. -I/xxx/gnu/gcc/gcc/gcc/testsuite -I/xxx/gnu/gcc/gcc/gcc/testsuite/../../gcc -I/home/gnu/gcc/objdir/gcc/testsuite/g++/../../../gcc -I/xxx/gnu/gcc/gcc/gcc/testsuite/../../include -I/xxx/gnu/gcc/gcc/gcc/testsuite/../../libcpp/include -I/opt/gnu64/gcc/gcc-4.5.0/include -DIN_GCC -fPIC -shared
UNRESOLVED: selfassign.c compilation, -I. -I/xxx/gnu/gcc/gcc/gcc/testsuite -I/xxx/gnu/gcc/gcc/gcc/testsuite/../../gcc -I/home/gnu/gcc/objdir/gcc/testsuite/g++/../../../gcc -I/xxx/gnu/gcc/gcc/gcc/testsuite/../../include -I/xxx/gnu/gcc/gcc/gcc/testsuite/../../libcpp/include -I/opt/gnu64/gcc/gcc-4.5.0/include -O -DIN_GCC -fPIC -shared
UNRESOLVED: dumb_plugin.c compilation, -I. -I/xxx/gnu/gcc/gcc/gcc/testsuite -I/xxx/gnu/gcc/gcc/gcc/testsuite/../../gcc -I/home/gnu/gcc/objdir/gcc/testsuite/g++/../../../gcc -I/xxx/gnu/gcc/gcc/gcc/testsuite/../../include -I/xxx/gnu/gcc/gcc/gcc/testsuite/../../libcpp/include -I/opt/gnu64/gcc/gcc-4.5.0/include -DIN_GCC -fPIC -shared
UNRESOLVED: header_plugin.c compilation, -I. -I/xxx/gnu/gcc/gcc/gcc/testsuite -I/xxx/gnu/gcc/gcc/gcc/testsuite/../../gcc -I/home/gnu/gcc/objdir/gcc/testsuite/g++/../../../gcc -I/xxx/gnu/gcc/gcc/gcc/testsuite/../../include -I/xxx/gnu/gcc/gcc/gcc/testsuite/../../libcpp/include -I/opt/gnu64/gcc/gcc-4.5.0/include -DIN_GCC -fPIC -shared
=== g++ Summary ===
# of expected passes 20194
# of expected failures 150
# of unresolved testcases 5
# of unsupported tests 234
/home/gnu/gcc/objdir/gcc/testsuite/g++/../../g++ version 4.5.0 20100301 (experimental) [trunk revision 157131] (GCC)
=== gcc tests ===
Running target unix
WARNING: program timed out.
FAIL: gcc.c-torture/compile/20001226-1.c -O3 -g (test for excess errors)
WARNING: program timed out.
FAIL: gcc.c-torture/compile/limits-fnargs.c -O2 (test for excess errors)
WARNING: program timed out.
FAIL: gcc.c-torture/compile/limits-fnargs.c -O3 -fomit-frame-pointer (test for excess errors)
WARNING: program timed out.
FAIL: gcc.c-torture/compile/limits-fnargs.c -O3 -g (test for excess errors)
WARNING: program timed out.
FAIL: gcc.c-torture/compile/limits-fndefn.c -O2 (test for excess errors)
WARNING: program timed out.
FAIL: gcc.c-torture/compile/limits-fndefn.c -O3 -fomit-frame-pointer (test for excess errors)
WARNING: program timed out.
FAIL: gcc.c-torture/compile/limits-fndefn.c -O3 -g (test for excess errors)
WARNING: program timed out.
FAIL: gcc.c-torture/compile/limits-structnest.c -O2 (test for excess errors)
WARNING: program timed out.
FAIL: gcc.c-torture/compile/limits-structnest.c -O3 -fomit-frame-pointer (test for excess errors)
WARNING: program timed out.
FAIL: gcc.c-torture/compile/limits-structnest.c -O3 -g (test for excess errors)
WARNING: program timed out.
FAIL: gcc.c-torture/compile/limits-structnest.c -Os (test for excess errors)
WARNING: program timed out.
FAIL: gcc.dg/c99-intconst-1.c (test for excess errors)
XPASS: gcc.dg/funcorder.c scan-assembler-not link_error,%r
FAIL: gcc.dg/pr34668-1.c (internal compiler error)
FAIL: gcc.dg/pr34668-1.c (test for excess errors)
WARNING: program timed out.
UNRESOLVED: selfassign.c compilation, -I. -I/xxx/gnu/gcc/gcc/gcc/testsuite -I/xxx/gnu/gcc/gcc/gcc/testsuite/../../gcc -I/home/gnu/gcc/objdir/gcc/testsuite/gcc/../../../gcc -I/xxx/gnu/gcc/gcc/gcc/testsuite/../../include -I/xxx/gnu/gcc/gcc/gcc/testsuite/../../libcpp/include -I/opt/gnu64/gcc/gcc-4.5.0/include -O -DIN_GCC -fPIC -shared
UNRESOLVED: ggcplug.c compilation, -I. -I/xxx/gnu/gcc/gcc/gcc/testsuite -I/xxx/gnu/gcc/gcc/gcc/testsuite/../../gcc -I/home/gnu/gcc/objdir/gcc/testsuite/gcc/../../../gcc -I/xxx/gnu/gcc/gcc/gcc/testsuite/../../include -I/xxx/gnu/gcc/gcc/gcc/testsuite/../../libcpp/include -I/opt/gnu64/gcc/gcc-4.5.0/include -O -DIN_GCC -fPIC -shared
UNRESOLVED: one_time_plugin.c compilation, -I. -I/xxx/gnu/gcc/gcc/gcc/testsuite -I/xxx/gnu/gcc/gcc/gcc/testsuite/../../gcc -I/home/gnu/gcc/objdir/gcc/testsuite/gcc/../../../gcc -I/xxx/gnu/gcc/gcc/gcc/testsuite/../../include -I/xxx/gnu/gcc/gcc/gcc/testsuite/../../libcpp/include -I/opt/gnu64/gcc/gcc-4.5.0/include -DIN_GCC -fPIC -shared
UNRESOLVED: start_unit_plugin.c compilation, -I. -I/xxx/gnu/gcc/gcc/gcc/testsuite -I/xxx/gnu/gcc/gcc/gcc/testsuite/../../gcc -I/home/gnu/gcc/objdir/gcc/testsuite/gcc/../../../gcc -I/xxx/gnu/gcc/gcc/gcc/testsuite/../../include -I/xxx/gnu/gcc/gcc/gcc/testsuite/../../libcpp/include -I/opt/gnu64/gcc/gcc-4.5.0/include -DIN_GCC -fPIC -shared
UNRESOLVED: finish_unit_plugin.c compilation, -I. -I/xxx/gnu/gcc/gcc/gcc/testsuite -I/xxx/gnu/gcc/gcc/gcc/testsuite/../../gcc -I/home/gnu/gcc/objdir/gcc/testsuite/gcc/../../../gcc -I/xxx/gnu/gcc/gcc/gcc/testsuite/../../include -I/xxx/gnu/gcc/gcc/gcc/testsuite/../../libcpp/include -I/opt/gnu64/gcc/gcc-4.5.0/include -DIN_GCC -fPIC -shared
FAIL: gcc.dg/tree-prof/pr34999.c compilation, -fprofile-use -D_PROFILE_USE
UNRESOLVED: gcc.dg/tree-prof/pr34999.c execution, -fprofile-use -D_PROFILE_USE
=== gcc Summary ===
# of expected passes 51871
# of unexpected failures 15
# of unexpected successes 1
# of expected failures 89
# of unresolved testcases 6
# of unsupported tests 687
/home/gnu/gcc/objdir/gcc/xgcc version 4.5.0 20100301 (experimental) [trunk revision 157131] (GCC)
=== gfortran tests ===
Running target unix
WARNING: program timed out.
FAIL: gfortran.dg/array_constructor_33.f90 -O (test for excess errors)
WARNING: program timed out.
FAIL: gfortran.dg/cray_pointers_2.f90 -O3 -fomit-frame-pointer (test for excess errors)
WARNING: gfortran.dg/cray_pointers_2.f90 -O3 -fomit-frame-pointer compilation failed to produce executable
WARNING: program timed out.
FAIL: gfortran.dg/cray_pointers_2.f90 -O3 -fomit-frame-pointer -funroll-loops (test for excess errors)
WARNING: gfortran.dg/cray_pointers_2.f90 -O3 -fomit-frame-pointer -funroll-loops compilation failed to produce executable
WARNING: program timed out.
FAIL: gfortran.dg/cray_pointers_2.f90 -O3 -fomit-frame-pointer -funroll-all-loops -finline-functions (test for excess errors)
WARNING: gfortran.dg/cray_pointers_2.f90 -O3 -fomit-frame-pointer -funroll-all-loops -finline-functions compilation failed to produce executable
WARNING: program timed out.
FAIL: gfortran.dg/cray_pointers_2.f90 -O3 -g (test for excess errors)
WARNING: gfortran.dg/cray_pointers_2.f90 -O3 -g compilation failed to produce executable
=== gfortran Summary ===
# of expected passes 32575
# of unexpected failures 5
# of expected failures 21
# of unsupported tests 277
/home/gnu/gcc/objdir/gcc/testsuite/gfortran/../../gfortran version 4.5.0 20100301 (experimental) [trunk revision 157131] (GCC)
=== obj-c++ tests ===
Running target unix
WARNING: obj-c++.dg/lookup-2.mm compilation failed to produce executable
WARNING: obj-c++.dg/try-catch-2.mm compilation failed to produce executable
WARNING: obj-c++.dg/try-catch-9.mm compilation failed to produce executable
=== obj-c++ Summary ===
# of expected passes 430
# of expected failures 18
# of unsupported tests 13
/home/gnu/gcc/objdir/gcc/testsuite/obj-c++/../../g++ version 4.5.0 20100301 (experimental) [trunk revision 157131] (GCC)
=== objc tests ===
Running target unix
=== objc Summary ===
# of expected passes 1865
# of expected failures 15
# of unsupported tests 25
/home/gnu/gcc/objdir/gcc/xgcc version 4.5.0 20100301 (experimental) [trunk revision 157131] (GCC)
=== libgomp tests ===
Running target unix
=== libgomp Summary ===
# of expected passes 2440
# of unsupported tests 9
=== libstdc++ tests ===
Running target unix
FAIL: 18_support/numeric_limits/lowest.cc execution test
FAIL: 21_strings/basic_string/requirements/typedefs.cc (test for excess errors)
FAIL: 26_numerics/headers/cmath/c99_classification_macros_c.cc (test for excess errors)
WARNING: program timed out.
FAIL: ext/pb_ds/regression/tree_data_map_rand.cc (test for excess errors)
WARNING: ext/pb_ds/regression/tree_data_map_rand.cc compilation failed to produce executable
WARNING: program timed out.
FAIL: ext/pb_ds/regression/tree_no_data_map_rand.cc (test for excess errors)
WARNING: ext/pb_ds/regression/tree_no_data_map_rand.cc compilation failed to produce executable
FAIL: ext/profile/all.cc (test for excess errors)
=== libstdc++ Summary ===
# of expected passes 5309
# of unexpected failures 6
# of expected failures 88
# of unsupported tests 461
Compiler version: 4.5.0 20100301 (experimental) [trunk revision 157131] (GCC)
Platform: hppa64-hp-hpux11.00
configure flags:Test Run By dave on Wed Mar 3 05:14:48 2010