This is the mail archive of the
gcc-testresults@gcc.gnu.org
mailing list for the GCC project.
Results for 4.5.0 20100303 (GCC) testsuite on sparc-sun-solaris2.9
- From: botcazou at eu dot adacore dot com (Eric Botcazou)
- To: gcc-testresults at gcc dot gnu dot org
- Date: Thu, 4 Mar 2010 00:19:49 +0100 (CET)
- Subject: Results for 4.5.0 20100303 (GCC) testsuite on sparc-sun-solaris2.9
=== acats tests ===
=== acats Summary ===
# of expected passes 2321
# of unexpected failures 0
Native configuration is sparc-sun-solaris2.9
=== gcc tests ===
Running target unix
FAIL: gcc.c-torture/execute/pr38819.c execution, -O2
FAIL: gcc.c-torture/execute/pr38819.c execution, -O3 -fomit-frame-pointer
FAIL: gcc.c-torture/execute/pr38819.c execution, -O3 -fomit-frame-pointer -funroll-loops
FAIL: gcc.c-torture/execute/pr38819.c execution, -O3 -fomit-frame-pointer -funroll-all-loops -finline-functions
FAIL: gcc.c-torture/execute/pr38819.c execution, -O3 -g
FAIL: gcc.c-torture/execute/pr38819.c execution, -O2 -flto
FAIL: gcc.c-torture/execute/pr38819.c execution, -O2 -fwhopr
FAIL: gcc.dg/lto/20090210 c_lto_20090210_0.o-c_lto_20090210_1.o execute -O0 -fwhopr
FAIL: gcc.dg/lto/20090210 c_lto_20090210_0.o-c_lto_20090210_1.o execute -O2 -fwhopr
FAIL: gcc.dg/lto/20090210 c_lto_20090210_0.o-c_lto_20090210_1.o execute -O0 -flto
FAIL: gcc.dg/lto/20090210 c_lto_20090210_0.o-c_lto_20090210_1.o execute -O2 -flto
FAIL: gcc.dg/lto/20090729 c_lto_20090729_0.o-c_lto_20090729_1.o link
UNRESOLVED: gcc.dg/lto/20090729 c_lto_20090729_0.o-c_lto_20090729_1.o execute -w
UNRESOLVED: selfassign.c compilation, -I. -I/nile.build/botcazou/gcc-head/src/gcc/testsuite -I/nile.build/botcazou/gcc-head/src/gcc/testsuite/../../gcc -I/nfs/nile/nile.build/botcazou/gcc-head/sparc-sun-solaris2.9/gcc/testsuite/gcc/../../../gcc -I/nile.build/botcazou/gcc-head/src/gcc/testsuite/../../include -I/nile.build/botcazou/gcc-head/src/gcc/testsuite/../../libcpp/include -I/nile.build/botcazou/support/sparc/include -I/nile.build/botcazou/support/sparc/include -I/nile.build/botcazou/support/sparc/include -O -DIN_GCC -fPIC -shared
UNRESOLVED: ggcplug.c compilation, -I. -I/nile.build/botcazou/gcc-head/src/gcc/testsuite -I/nile.build/botcazou/gcc-head/src/gcc/testsuite/../../gcc -I/nfs/nile/nile.build/botcazou/gcc-head/sparc-sun-solaris2.9/gcc/testsuite/gcc/../../../gcc -I/nile.build/botcazou/gcc-head/src/gcc/testsuite/../../include -I/nile.build/botcazou/gcc-head/src/gcc/testsuite/../../libcpp/include -I/nile.build/botcazou/support/sparc/include -I/nile.build/botcazou/support/sparc/include -I/nile.build/botcazou/support/sparc/include -O -DIN_GCC -fPIC -shared
UNRESOLVED: one_time_plugin.c compilation, -I. -I/nile.build/botcazou/gcc-head/src/gcc/testsuite -I/nile.build/botcazou/gcc-head/src/gcc/testsuite/../../gcc -I/nfs/nile/nile.build/botcazou/gcc-head/sparc-sun-solaris2.9/gcc/testsuite/gcc/../../../gcc -I/nile.build/botcazou/gcc-head/src/gcc/testsuite/../../include -I/nile.build/botcazou/gcc-head/src/gcc/testsuite/../../libcpp/include -I/nile.build/botcazou/support/sparc/include -I/nile.build/botcazou/support/sparc/include -I/nile.build/botcazou/support/sparc/include -DIN_GCC -fPIC -shared
UNRESOLVED: start_unit_plugin.c compilation, -I. -I/nile.build/botcazou/gcc-head/src/gcc/testsuite -I/nile.build/botcazou/gcc-head/src/gcc/testsuite/../../gcc -I/nfs/nile/nile.build/botcazou/gcc-head/sparc-sun-solaris2.9/gcc/testsuite/gcc/../../../gcc -I/nile.build/botcazou/gcc-head/src/gcc/testsuite/../../include -I/nile.build/botcazou/gcc-head/src/gcc/testsuite/../../libcpp/include -I/nile.build/botcazou/support/sparc/include -I/nile.build/botcazou/support/sparc/include -I/nile.build/botcazou/support/sparc/include -DIN_GCC -fPIC -shared
UNRESOLVED: finish_unit_plugin.c compilation, -I. -I/nile.build/botcazou/gcc-head/src/gcc/testsuite -I/nile.build/botcazou/gcc-head/src/gcc/testsuite/../../gcc -I/nfs/nile/nile.build/botcazou/gcc-head/sparc-sun-solaris2.9/gcc/testsuite/gcc/../../../gcc -I/nile.build/botcazou/gcc-head/src/gcc/testsuite/../../include -I/nile.build/botcazou/gcc-head/src/gcc/testsuite/../../libcpp/include -I/nile.build/botcazou/support/sparc/include -I/nile.build/botcazou/support/sparc/include -I/nile.build/botcazou/support/sparc/include -DIN_GCC -fPIC -shared
FAIL: gcc.dg/vect/slp-multitypes-2.c execution test
=== gcc Summary ===
# of expected passes 63679
# of unexpected failures 13
# of expected failures 195
# of unresolved testcases 6
# of unsupported tests 922
/nfs/nile/nile.build/botcazou/gcc-head/sparc-sun-solaris2.9/gcc/xgcc version 4.5.0 20100303 for GNAT Pro 6.4.0w (20100302) (GCC)
=== gfortran tests ===
Running target unix
FAIL: gfortran.dg/lto/20091015-1 f_lto_20091015-1_0.o-f_lto_20091015-1_2.o link
UNRESOLVED: gfortran.dg/lto/20091015-1 f_lto_20091015-1_0.o-f_lto_20091015-1_2.o execute -O0 -fwhopr
FAIL: gfortran.dg/lto/20091015-1 f_lto_20091015-1_0.o-f_lto_20091015-1_2.o link
UNRESOLVED: gfortran.dg/lto/20091015-1 f_lto_20091015-1_0.o-f_lto_20091015-1_2.o execute -O2 -fwhopr
FAIL: gfortran.dg/lto/20091015-1 f_lto_20091015-1_0.o-f_lto_20091015-1_2.o link
UNRESOLVED: gfortran.dg/lto/20091015-1 f_lto_20091015-1_0.o-f_lto_20091015-1_2.o execute -O0 -flto
FAIL: gfortran.dg/lto/20091015-1 f_lto_20091015-1_0.o-f_lto_20091015-1_2.o link
UNRESOLVED: gfortran.dg/lto/20091015-1 f_lto_20091015-1_0.o-f_lto_20091015-1_2.o execute -O2 -flto
=== gfortran Summary ===
# of expected passes 33278
# of unexpected failures 4
# of expected failures 24
# of unresolved testcases 4
# of unsupported tests 313
/nfs/nile/nile.build/botcazou/gcc-head/sparc-sun-solaris2.9/gcc/testsuite/gfortran/../../gfortran version 4.5.0 20100303 for GNAT Pro 6.4.0w (20100302) (GCC)
=== g++ tests ===
Running target unix
FAIL: g++.dg/lto/20090303 cp_lto_20090303_0.o-cp_lto_20090303_0.o execute -fwhopr
UNRESOLVED: attribute_plugin.c compilation, -I. -I/nile.build/botcazou/gcc-head/src/gcc/testsuite -I/nile.build/botcazou/gcc-head/src/gcc/testsuite/../../gcc -I/nfs/nile/nile.build/botcazou/gcc-head/sparc-sun-solaris2.9/gcc/testsuite/g++/../../../gcc -I/nile.build/botcazou/gcc-head/src/gcc/testsuite/../../include -I/nile.build/botcazou/gcc-head/src/gcc/testsuite/../../libcpp/include -I/nile.build/botcazou/support/sparc/include -I/nile.build/botcazou/support/sparc/include -I/nile.build/botcazou/support/sparc/include -DIN_GCC -fPIC -shared
UNRESOLVED: pragma_plugin.c compilation, -I. -I/nile.build/botcazou/gcc-head/src/gcc/testsuite -I/nile.build/botcazou/gcc-head/src/gcc/testsuite/../../gcc -I/nfs/nile/nile.build/botcazou/gcc-head/sparc-sun-solaris2.9/gcc/testsuite/g++/../../../gcc -I/nile.build/botcazou/gcc-head/src/gcc/testsuite/../../include -I/nile.build/botcazou/gcc-head/src/gcc/testsuite/../../libcpp/include -I/nile.build/botcazou/support/sparc/include -I/nile.build/botcazou/support/sparc/include -I/nile.build/botcazou/support/sparc/include -DIN_GCC -fPIC -shared
UNRESOLVED: selfassign.c compilation, -I. -I/nile.build/botcazou/gcc-head/src/gcc/testsuite -I/nile.build/botcazou/gcc-head/src/gcc/testsuite/../../gcc -I/nfs/nile/nile.build/botcazou/gcc-head/sparc-sun-solaris2.9/gcc/testsuite/g++/../../../gcc -I/nile.build/botcazou/gcc-head/src/gcc/testsuite/../../include -I/nile.build/botcazou/gcc-head/src/gcc/testsuite/../../libcpp/include -I/nile.build/botcazou/support/sparc/include -I/nile.build/botcazou/support/sparc/include -I/nile.build/botcazou/support/sparc/include -O -DIN_GCC -fPIC -shared
UNRESOLVED: dumb_plugin.c compilation, -I. -I/nile.build/botcazou/gcc-head/src/gcc/testsuite -I/nile.build/botcazou/gcc-head/src/gcc/testsuite/../../gcc -I/nfs/nile/nile.build/botcazou/gcc-head/sparc-sun-solaris2.9/gcc/testsuite/g++/../../../gcc -I/nile.build/botcazou/gcc-head/src/gcc/testsuite/../../include -I/nile.build/botcazou/gcc-head/src/gcc/testsuite/../../libcpp/include -I/nile.build/botcazou/support/sparc/include -I/nile.build/botcazou/support/sparc/include -I/nile.build/botcazou/support/sparc/include -DIN_GCC -fPIC -shared
UNRESOLVED: header_plugin.c compilation, -I. -I/nile.build/botcazou/gcc-head/src/gcc/testsuite -I/nile.build/botcazou/gcc-head/src/gcc/testsuite/../../gcc -I/nfs/nile/nile.build/botcazou/gcc-head/sparc-sun-solaris2.9/gcc/testsuite/g++/../../../gcc -I/nile.build/botcazou/gcc-head/src/gcc/testsuite/../../include -I/nile.build/botcazou/gcc-head/src/gcc/testsuite/../../libcpp/include -I/nile.build/botcazou/support/sparc/include -I/nile.build/botcazou/support/sparc/include -I/nile.build/botcazou/support/sparc/include -DIN_GCC -fPIC -shared
XPASS: g++.old-deja/g++.other/init19.C execution test
=== g++ Summary ===
# of expected passes 21756
# of unexpected failures 1
# of unexpected successes 1
# of expected failures 151
# of unresolved testcases 5
# of unsupported tests 230
/nfs/nile/nile.build/botcazou/gcc-head/sparc-sun-solaris2.9/gcc/testsuite/g++/../../g++ version 4.5.0 20100303 for GNAT Pro 6.4.0w (20100302) (GCC)
=== gnat tests ===
Running target unix
=== gnat Summary ===
# of expected passes 754
# of expected failures 7
# of unsupported tests 1
=== obj-c++ tests ===
Running target unix
XPASS: obj-c++.dg/comp-types-10.mm (test for excess errors)
WARNING: obj-c++.dg/lookup-2.mm compilation failed to produce executable
WARNING: obj-c++.dg/try-catch-2.mm compilation failed to produce executable
WARNING: obj-c++.dg/try-catch-9.mm compilation failed to produce executable
=== obj-c++ Summary ===
# of expected passes 436
# of unexpected successes 1
# of expected failures 9
# of unsupported tests 13
/nfs/nile/nile.build/botcazou/gcc-head/sparc-sun-solaris2.9/gcc/testsuite/obj-c++/../../g++ version 4.5.0 20100303 for GNAT Pro 6.4.0w (20100302) (GCC)
=== objc tests ===
Running target unix
=== objc Summary ===
# of expected passes 1867
# of expected failures 15
# of unsupported tests 24
/nfs/nile/nile.build/botcazou/gcc-head/sparc-sun-solaris2.9/gcc/xgcc version 4.5.0 20100303 for GNAT Pro 6.4.0w (20100302) (GCC)
=== libffi tests ===
Running target unix
=== libffi Summary ===
# of expected passes 1624
# of expected failures 10
# of unsupported tests 15
=== libgomp tests ===
Running target unix
=== libgomp Summary ===
# of expected passes 2440
# of unsupported tests 9
=== libjava tests ===
Running target unix
=== libjava Summary ===
# of expected passes 2574
=== libstdc++ tests ===
Running target unix
FAIL: ext/profile/all.cc (test for excess errors)
=== libstdc++ Summary ===
# of expected passes 6216
# of unexpected failures 1
# of expected failures 92
# of unsupported tests 630
=== libstdc++ Summary ===
Compiler version: 4.5.0 20100303 for GNAT Pro 6.4.0w (20100302) (GCC)
Platform: sparc-sun-solaris2.9
configure flags: --prefix=/nile.build/botcazou/gcc-head/install_sparc --with-as=/nile.build/botcazou/gcc-head/install_sparc/bin/as --with-gmp=/nile.build/botcazou/support/sparc --with-mpfr=/nile.build/botcazou/support/sparc --with-mpc=/nile.build/botcazou/support/sparc --with-libelf=/nile.build/botcazou/support/sparc --enable-languages=c,c++,objc,obj-c++,fortran,ada,java --disable-libstdcxx-pch --disable-nls --disable-multilib --enable-checking=release
BOOT_CFLAGS=-g -O2