This is the mail archive of the
gcc-testresults@gcc.gnu.org
mailing list for the GCC project.
Results for 4.5.0 20100228 (experimental) [trunk revision 157122] (GCC) testsuite on powerpc-apple-darwin9
- From: IainS <developer at sandoe-acoustics dot co dot uk>
- To: gcc-testresults at gcc dot gnu dot org
- Date: Mon, 1 Mar 2010 20:37:26 +0000
- Subject: Results for 4.5.0 20100228 (experimental) [trunk revision 157122] (GCC) testsuite on powerpc-apple-darwin9
Path: /opt/subversion/bin:/usr/local/gawk-3-1-6/bin:/usr/local/
dejagnu-1-4-4/bin:/opt/local/sbin:/opt/local/bin:/usr/bin:/bin:/usr/
sbin:/sbin:/usr/local/bin:/usr/X11/bin
uname -v : Darwin Kernel Version 9.8.0: Wed Jul 15 16:57:01 PDT 2009;
root:xnu-1228.15.4~1/RELEASE_PPC
arch : ppc machine : ppc970
box description: Dual 970MP
BOOTSTRAPped with gcc version 4.0.1 (Apple Inc. build 5493)
ld: @(#)PROGRAM:ld PROJECT:ld64-85.2.1
autoconf (GNU Autoconf) 2.65
automake (GNU automake) 1.11.1
dejagnu:
Expect version is 5.42.0
Tcl version is 8.4
Framework version is 1.4.4
gmp/mpfr/mpc built in tree
===========
LAST_UPDATED: Sun 28 Feb 2010 13:34:51 UTC (revision 157122)
Native configuration is powerpc-apple-darwin9
=== g++ tests ===
Running target unix/-m32
FAIL: g++.dg/abi/mangle11.C (test for warnings, line 10)
FAIL: g++.dg/abi/mangle11.C (test for excess errors)
FAIL: g++.dg/abi/mangle12.C (test for warnings, line 11)
FAIL: g++.dg/abi/mangle12.C (test for excess errors)
FAIL: g++.dg/abi/mangle17.C (test for warnings, line 8)
FAIL: g++.dg/abi/mangle17.C (test for warnings, line 11)
FAIL: g++.dg/abi/mangle17.C (test for excess errors)
FAIL: g++.dg/abi/mangle20-2.C (test for warnings, line 13)
FAIL: g++.dg/abi/mangle20-2.C (test for excess errors)
FAIL: g++.dg/eh/simd-3.C execution test
FAIL: g++.dg/eh/simd-4.C execution test
FAIL: g++.dg/ext/alignof2.C execution test
FAIL: g++.dg/ext/label13.C (test for excess errors)
WARNING: g++.dg/ext/label13.C compilation failed to produce executable
=== g++ Summary for unix/-m32 ===
# of expected passes 21067
# of unexpected failures 13
# of expected failures 148
# of unsupported tests 206
Running target unix/-m64
FAIL: tmpdir-g++.dg-struct-layout-1/t003 cp_compat_x_tst.o-
cp_compat_y_tst.o execute
FAIL: tmpdir-g++.dg-struct-layout-1/t006 cp_compat_x_tst.o-
cp_compat_y_tst.o execute
FAIL: tmpdir-g++.dg-struct-layout-1/t007 cp_compat_x_tst.o-
cp_compat_y_tst.o execute
FAIL: tmpdir-g++.dg-struct-layout-1/t008 cp_compat_x_tst.o-
cp_compat_y_tst.o execute
FAIL: tmpdir-g++.dg-struct-layout-1/t010 cp_compat_x_tst.o-
cp_compat_y_tst.o execute
FAIL: tmpdir-g++.dg-struct-layout-1/t011 cp_compat_x_tst.o-
cp_compat_y_tst.o execute
FAIL: tmpdir-g++.dg-struct-layout-1/t020 cp_compat_x_tst.o-
cp_compat_y_tst.o execute
FAIL: tmpdir-g++.dg-struct-layout-1/t026 cp_compat_x_tst.o-
cp_compat_y_tst.o execute
FAIL: tmpdir-g++.dg-struct-layout-1/t027 cp_compat_x_tst.o-
cp_compat_y_tst.o execute
FAIL: g++.dg/abi/mangle11.C (test for warnings, line 10)
FAIL: g++.dg/abi/mangle11.C (test for excess errors)
FAIL: g++.dg/abi/mangle12.C (test for warnings, line 11)
FAIL: g++.dg/abi/mangle12.C (test for excess errors)
FAIL: g++.dg/abi/mangle17.C (test for warnings, line 8)
FAIL: g++.dg/abi/mangle17.C (test for warnings, line 11)
FAIL: g++.dg/abi/mangle17.C (test for excess errors)
FAIL: g++.dg/abi/mangle20-2.C (test for warnings, line 13)
FAIL: g++.dg/abi/mangle20-2.C (test for excess errors)
FAIL: g++.dg/eh/simd-4.C execution test
FAIL: g++.dg/ext/label13.C (test for excess errors)
WARNING: g++.dg/ext/label13.C compilation failed to produce executable
=== g++ Summary for unix/-m64 ===
# of expected passes 21021
# of unexpected failures 20
# of expected failures 148
# of unsupported tests 207
=== g++ Summary ===
# of expected passes 42088
# of unexpected failures 33
# of expected failures 296
# of unsupported tests 413
/Volumes/ScratchCS/gcc-4-5-trunk-build/gcc/testsuite/g++/../../g++
version 4.5.0 20100228 (experimental) [trunk revision 157122] (GCC)
=== gcc tests ===
Running target unix/-m32
FAIL: gcc.dg/debug/dwarf2/aranges-fnsec-1.c scan-assembler DW_AT_ranges
FAIL: gcc.dg/and-1.c scan-assembler-not nand
FAIL: gcc.dg/pr34668-1.c (internal compiler error)
FAIL: gcc.dg/pr34668-1.c (test for excess errors)
FAIL: gcc.dg/sms-2.c scan-rtl-dump-times sms "SMS succeeded" 1
FAIL: gcc.dg/sms-3.c scan-rtl-dump-times sms "SMS succeeded" 1
FAIL: gcc.dg/sms-4.c scan-rtl-dump-times sms "SMS succeeded" 1
FAIL: gcc.dg/sms-5.c scan-rtl-dump-times sms "SMS succeeded" 1
FAIL: gcc.dg/sms-6.c scan-rtl-dump-times sms "SMS succeeded" 3
FAIL: gcc.dg/sms-7.c scan-rtl-dump-times sms "SMS succeeded" 3
FAIL: gcc.dg/sms-8.c scan-rtl-dump-times sms "SMS succeeded" 1
FAIL: gcc.dg/tree-ssa/pr42585.c scan-tree-dump-times optimized "struct
_fat_ptr _ans" 0
FAIL: gcc.dg/tree-ssa/pr42585.c scan-tree-dump-times optimized "struct
_fat_ptr _T2" 0
FAIL: gcc.dg/tree-ssa/vrp47.c scan-tree-dump-times vrp1 "[xy][^ ]* !=" 0
FAIL: gcc.dg/tree-ssa/vrp47.c scan-tree-dump-times dom1 "x[^ ]* & y" 1
FAIL: gcc.dg/vect/costmodel/ppc/costmodel-vect-31d.c scan-tree-dump-
times vect "vectorization not profitable" 1
FAIL: gcc.dg/vect/costmodel/ppc/costmodel-vect-68d.c scan-tree-dump-
times vect "vectorization not profitable" 1
FAIL: gcc.dg/vect/costmodel/ppc/costmodel-vect-76a.c scan-tree-dump-
times vect "vectorized 1 loops" 1
FAIL: gcc.dg/vect/costmodel/ppc/costmodel-vect-76b.c scan-tree-dump-
times vect "vectorization not profitable" 1
FAIL: gcc.dg/vect/pr35821-altivec.c scan-tree-dump-times vect
"vectorized 1 loops" 1
FAIL: gcc.dg/vect/section-anchors-pr27770.c (test for excess errors)
FAIL: gcc.dg/vect/section-anchors-vect-69.c (test for excess errors)
FAIL: gcc.dg/vect/section-anchors-vect-69.c scan-tree-dump-times vect
"Alignment of access forced using peeling" 4
FAIL: gcc.dg/vect/aligned-section-anchors-nest-1.c (test for excess
errors)
FAIL: gcc.dg/vect/aligned-section-anchors-nest-1.c scan-ipa-dump-times
increase_alignment "Increasing alignment of decl" 3: dump file does
not exist
FAIL: gcc.target/powerpc/405-dlmzb-strlen-1.c scan-assembler dlmzb\\\\.
FAIL: gcc.target/powerpc/440-dlmzb-strlen-1.c scan-assembler dlmzb\\\\.
FAIL: gcc.target/powerpc/asm-es-2.c scan-assembler asm1 3,4
FAIL: gcc.target/powerpc/asm-es-2.c scan-assembler asm2u 16\\\\(3\\\\)
FAIL: gcc.target/powerpc/asm-es-2.c scan-assembler asm3 0\\\\(3\\\\)
FAIL: gcc.target/powerpc/asm-es-2.c scan-assembler asm4 400\\\\(3\\\\)
=== gcc Summary for unix/-m32 ===
# of expected passes 56224
# of unexpected failures 31
# of expected failures 157
# of unsupported tests 784
Running target unix/-m64
FAIL: tmpdir-gcc.dg-struct-layout-1/t001 c_compat_x_tst.o-
c_compat_y_tst.o execute
FAIL: tmpdir-gcc.dg-struct-layout-1/t003 c_compat_x_tst.o-
c_compat_y_tst.o execute
FAIL: tmpdir-gcc.dg-struct-layout-1/t005 c_compat_x_tst.o-
c_compat_y_tst.o execute
FAIL: tmpdir-gcc.dg-struct-layout-1/t006 c_compat_x_tst.o-
c_compat_y_tst.o execute
FAIL: tmpdir-gcc.dg-struct-layout-1/t008 c_compat_x_tst.o-
c_compat_y_tst.o execute
FAIL: tmpdir-gcc.dg-struct-layout-1/t016 c_compat_x_tst.o-
c_compat_y_tst.o execute
FAIL: tmpdir-gcc.dg-struct-layout-1/t024 c_compat_x_tst.o-
c_compat_y_tst.o execute
FAIL: tmpdir-gcc.dg-struct-layout-1/t026 c_compat_x_tst.o-
c_compat_y_tst.o execute
FAIL: tmpdir-gcc.dg-struct-layout-1/t027 c_compat_x_tst.o-
c_compat_y_tst.o execute
FAIL: gcc.dg/debug/dwarf2/aranges-fnsec-1.c scan-assembler DW_AT_ranges
FAIL: gcc.dg/and-1.c scan-assembler-not nand
FAIL: gcc.dg/pr34668-1.c (internal compiler error)
FAIL: gcc.dg/pr34668-1.c (test for excess errors)
FAIL: gcc.dg/sms-2.c scan-rtl-dump-times sms "SMS succeeded" 1
FAIL: gcc.dg/sms-3.c scan-rtl-dump-times sms "SMS succeeded" 1
FAIL: gcc.dg/sms-5.c scan-rtl-dump-times sms "SMS succeeded" 1
FAIL: gcc.dg/sms-6.c scan-rtl-dump-times sms "SMS succeeded" 3
FAIL: gcc.dg/sms-7.c scan-rtl-dump-times sms "SMS succeeded" 3
FAIL: gcc.dg/sms-8.c scan-rtl-dump-times sms "SMS succeeded" 1
FAIL: gcc.dg/tree-ssa/pr42585.c scan-tree-dump-times optimized "struct
_fat_ptr _ans" 0
FAIL: gcc.dg/tree-ssa/pr42585.c scan-tree-dump-times optimized "struct
_fat_ptr _T2" 0
FAIL: gcc.dg/tree-ssa/vrp47.c scan-tree-dump-times vrp1 "[xy][^ ]* !=" 0
FAIL: gcc.dg/tree-ssa/vrp47.c scan-tree-dump-times dom1 "x[^ ]* & y" 1
FAIL: gcc.dg/vect/costmodel/ppc/costmodel-pr37194.c scan-tree-dump-
times vect "vectorization not profitable" 1
FAIL: gcc.dg/vect/costmodel/ppc/costmodel-pr37194.c scan-tree-dump-
times vect "vectorized 1 loops" 1
FAIL: gcc.dg/vect/costmodel/ppc/costmodel-vect-31d.c scan-tree-dump-
times vect "vectorization not profitable" 1
FAIL: gcc.dg/vect/costmodel/ppc/costmodel-vect-68d.c scan-tree-dump-
times vect "vectorization not profitable" 1
FAIL: gcc.dg/vect/costmodel/ppc/costmodel-vect-76a.c scan-tree-dump-
times vect "vectorized 1 loops" 1
FAIL: gcc.dg/vect/costmodel/ppc/costmodel-vect-76b.c scan-tree-dump-
times vect "vectorized 1 loops" 1
FAIL: gcc.dg/vect/pr35821-altivec.c scan-tree-dump-times vect
"vectorized 1 loops" 1
FAIL: gcc.dg/vect/pr42395.c (internal compiler error)
FAIL: gcc.dg/vect/pr42395.c (test for excess errors)
FAIL: gcc.dg/vect/section-anchors-pr27770.c (test for excess errors)
FAIL: gcc.dg/vect/section-anchors-vect-69.c (test for excess errors)
FAIL: gcc.dg/vect/section-anchors-vect-69.c scan-tree-dump-times vect
"Alignment of access forced using versioning" 4
FAIL: gcc.dg/vect/aligned-section-anchors-nest-1.c (test for excess
errors)
FAIL: gcc.dg/vect/aligned-section-anchors-nest-1.c scan-ipa-dump-times
increase_alignment "Increasing alignment of decl" 3: dump file does
not exist
FAIL: gcc.target/powerpc/asm-es-2.c scan-assembler asm1 3,4
FAIL: gcc.target/powerpc/asm-es-2.c scan-assembler asm2u 16\\\\(3\\\\)
FAIL: gcc.target/powerpc/asm-es-2.c scan-assembler asm3 0\\\\(3\\\\)
FAIL: gcc.target/powerpc/asm-es-2.c scan-assembler asm4 400\\\\(3\\\\)
FAIL: gcc.target/powerpc/optimize-bswapdi-3.c scan-assembler ldbrx
FAIL: gcc.target/powerpc/optimize-bswapdi-3.c scan-assembler stdbrx
FAIL: gcc.target/powerpc/ppc64-abi-1.c (test for excess errors)
WARNING: gcc.target/powerpc/ppc64-abi-1.c compilation failed to
produce executable
FAIL: gcc.target/powerpc/ppc64-double-1.c scan-assembler-not stfd
=== gcc Summary for unix/-m64 ===
# of expected passes 56093
# of unexpected failures 45
# of expected failures 165
# of unsupported tests 850
=== gcc Summary ===
# of expected passes 112317
# of unexpected failures 76
# of expected failures 322
# of unsupported tests 1634
/Volumes/ScratchCS/gcc-4-5-trunk-build/gcc/xgcc version 4.5.0
20100228 (experimental) [trunk revision 157122] (GCC)
=== gfortran tests ===
Running target unix/-m32
FAIL: gfortran.dg/large_real_kind_3.F90 -O0 execution test
FAIL: gfortran.fortran-torture/execute/where_2.f90 execution, -O3 -g
=== gfortran Summary for unix/-m32 ===
# of expected passes 33341
# of unexpected failures 2
# of expected failures 53
# of unsupported tests 167
Running target unix/-m64
FAIL: gfortran.dg/complex_intrinsic_5.f90 -O3 -fomit-frame-pointer -
funroll-loops execution test
FAIL: gfortran.dg/complex_intrinsic_5.f90 -O3 -fomit-frame-pointer -
funroll-all-loops -finline-functions execution test
FAIL: gfortran.dg/large_real_kind_3.F90 -O0 execution test
FAIL: gfortran.fortran-torture/execute/where_2.f90 execution, -O3 -g
=== gfortran Summary for unix/-m64 ===
# of expected passes 33521
# of unexpected failures 4
# of expected failures 59
# of unsupported tests 78
=== gfortran Summary ===
# of expected passes 66862
# of unexpected failures 6
# of expected failures 112
# of unsupported tests 245
/Volumes/ScratchCS/gcc-4-5-trunk-build/gcc/testsuite/gfortran/../../
gfortran version 4.5.0 20100228 (experimental) [trunk revision
157122] (GCC)
=== obj-c++ tests ===
Running target unix/-m32
XPASS: obj-c++.dg/comp-types-10.mm (test for excess errors)
FAIL: obj-c++.dg/const-str-10.mm (test for excess errors)
FAIL: obj-c++.dg/const-str-11.mm (test for excess errors)
FAIL: obj-c++.dg/const-str-3.mm (test for excess errors)
FAIL: obj-c++.dg/const-str-7.mm (test for excess errors)
FAIL: obj-c++.dg/const-str-8.mm (test for excess errors)
FAIL: obj-c++.dg/const-str-9.mm (test for excess errors)
XPASS: obj-c++.dg/cxx-ivars-2.mm execution test
FAIL: obj-c++.dg/cxx-ivars-3.mm (test for excess errors)
FAIL: obj-c++.dg/encode-4.mm (test for excess errors)
FAIL: obj-c++.dg/encode-5.mm (test for excess errors)
WARNING: obj-c++.dg/encode-5.mm compilation failed to produce executable
FAIL: obj-c++.dg/encode-6.mm (test for excess errors)
FAIL: obj-c++.dg/encode-7.mm (test for excess errors)
XPASS: obj-c++.dg/encode-8.mm execution test
XPASS: obj-c++.dg/isa-field-1.mm (test for excess errors)
XPASS: obj-c++.dg/lookup-2.mm (test for excess errors)
FAIL: obj-c++.dg/method-12.mm (test for excess errors)
FAIL: obj-c++.dg/proto-lossage-3.mm (test for excess errors)
WARNING: obj-c++.dg/proto-lossage-3.mm compilation failed to produce
executable
FAIL: obj-c++.dg/proto-qual-1.mm (test for excess errors)
WARNING: obj-c++.dg/proto-qual-1.mm compilation failed to produce
executable
ERROR: obj-c++.dg/stubify-2.mm: error executing dg-final: couldn't
open "stubify-2.mm.08.jump": no such file or directory
UNRESOLVED: obj-c++.dg/stubify-2.mm: error executing dg-final:
couldn't open "stubify-2.mm.08.jump": no such file or directory
FAIL: obj-c++.dg/template-4.mm (test for excess errors)
XPASS: obj-c++.dg/try-catch-2.mm (test for excess errors)
XPASS: obj-c++.dg/try-catch-9.mm (test for excess errors)
=== obj-c++ Summary for unix/-m32 ===
# of expected passes 451
# of unexpected failures 15
# of unexpected successes 7
# of expected failures 3
# of unresolved testcases 1
Running target unix/-m64
FAIL: obj-c++.dg/basic.mm (test for excess errors)
WARNING: obj-c++.dg/basic.mm compilation failed to produce executable
FAIL: obj-c++.dg/bitfield-2.mm (test for excess errors)
WARNING: obj-c++.dg/bitfield-2.mm compilation failed to produce
executable
XPASS: obj-c++.dg/comp-types-10.mm (test for excess errors)
FAIL: obj-c++.dg/const-str-10.mm (test for excess errors)
FAIL: obj-c++.dg/const-str-10.mm scan-assembler .long\
\t__NSConstantStringClassReference\\n\\t.long\\t.*\\n\\t.long\\t5\\n\
\t.data
FAIL: obj-c++.dg/const-str-11.mm (test for excess errors)
FAIL: obj-c++.dg/const-str-11.mm scan-assembler .long\
\t__XStrClassReference\\n\\t.long\\t.*\\n\\t.long\\t5\\n\\t.data
FAIL: obj-c++.dg/const-str-3.mm (test for excess errors)
WARNING: obj-c++.dg/const-str-3.mm compilation failed to produce
executable
FAIL: obj-c++.dg/const-str-7.mm (test for excess errors)
WARNING: obj-c++.dg/const-str-7.mm compilation failed to produce
executable
FAIL: obj-c++.dg/const-str-8.mm (test for excess errors)
WARNING: obj-c++.dg/const-str-8.mm compilation failed to produce
executable
FAIL: obj-c++.dg/cxx-ivars-1.mm (test for excess errors)
WARNING: obj-c++.dg/cxx-ivars-1.mm compilation failed to produce
executable
FAIL: obj-c++.dg/cxx-ivars-2.mm (test for excess errors)
WARNING: obj-c++.dg/cxx-ivars-2.mm compilation failed to produce
executable
FAIL: obj-c++.dg/cxx-ivars-3.mm (test for excess errors)
FAIL: obj-c++.dg/cxx-ivars-3.mm execution test
FAIL: obj-c++.dg/cxx-scope-1.mm (test for excess errors)
WARNING: obj-c++.dg/cxx-scope-1.mm compilation failed to produce
executable
FAIL: obj-c++.dg/defs.mm (test for excess errors)
WARNING: obj-c++.dg/defs.mm compilation failed to produce executable
FAIL: obj-c++.dg/encode-4.mm (test for excess errors)
WARNING: obj-c++.dg/encode-4.mm compilation failed to produce executable
FAIL: obj-c++.dg/encode-5.mm (test for excess errors)
WARNING: obj-c++.dg/encode-5.mm compilation failed to produce executable
FAIL: obj-c++.dg/encode-6.mm (test for excess errors)
WARNING: obj-c++.dg/encode-6.mm compilation failed to produce executable
FAIL: obj-c++.dg/encode-7.mm (test for excess errors)
XPASS: obj-c++.dg/encode-8.mm execution test
FAIL: obj-c++.dg/except-1.mm (test for excess errors)
WARNING: obj-c++.dg/except-1.mm compilation failed to produce executable
XPASS: obj-c++.dg/isa-field-1.mm (test for excess errors)
WARNING: obj-c++.dg/lookup-2.mm compilation failed to produce executable
FAIL: obj-c++.dg/method-10.mm (test for excess errors)
WARNING: obj-c++.dg/method-10.mm compilation failed to produce
executable
FAIL: obj-c++.dg/method-12.mm (test for excess errors)
FAIL: obj-c++.dg/method-17.mm (test for excess errors)
WARNING: obj-c++.dg/method-17.mm compilation failed to produce
executable
FAIL: obj-c++.dg/method-19.mm execution test
FAIL: obj-c++.dg/proto-lossage-3.mm (test for excess errors)
WARNING: obj-c++.dg/proto-lossage-3.mm compilation failed to produce
executable
FAIL: obj-c++.dg/proto-qual-1.mm (test for excess errors)
WARNING: obj-c++.dg/proto-qual-1.mm compilation failed to produce
executable
FAIL: obj-c++.dg/qual-types-1.mm (test for excess errors)
WARNING: obj-c++.dg/qual-types-1.mm compilation failed to produce
executable
ERROR: obj-c++.dg/stubify-2.mm: error executing dg-final: couldn't
open "stubify-2.mm.08.jump": no such file or directory
UNRESOLVED: obj-c++.dg/stubify-2.mm: error executing dg-final:
couldn't open "stubify-2.mm.08.jump": no such file or directory
FAIL: obj-c++.dg/template-1.mm (test for excess errors)
WARNING: obj-c++.dg/template-1.mm compilation failed to produce
executable
FAIL: obj-c++.dg/template-3.mm (test for excess errors)
WARNING: obj-c++.dg/template-3.mm compilation failed to produce
executable
WARNING: obj-c++.dg/try-catch-2.mm compilation failed to produce
executable
WARNING: obj-c++.dg/try-catch-9.mm compilation failed to produce
executable
FAIL: obj-c++.dg/va-meth-1.mm (test for excess errors)
WARNING: obj-c++.dg/va-meth-1.mm compilation failed to produce
executable
=== obj-c++ Summary for unix/-m64 ===
# of expected passes 403
# of unexpected failures 30
# of unexpected successes 3
# of expected failures 14
# of unresolved testcases 1
# of unsupported tests 2
=== obj-c++ Summary ===
# of expected passes 854
# of unexpected failures 45
# of unexpected successes 10
# of expected failures 17
# of unresolved testcases 2
# of unsupported tests 2
/Volumes/ScratchCS/gcc-4-5-trunk-build/gcc/testsuite/obj-c++/../../g+
+ version 4.5.0 20100228 (experimental) [trunk revision 157122] (GCC)
=== objc tests ===
Running target unix/-m32
FAIL: objc/execute/exceptions/catchall-1.m execution, -O3 -fomit-
frame-pointer -fnext-runtime
FAIL: objc/execute/exceptions/catchall-1.m execution, -O3 -g -fnext-
runtime
FAIL: objc/execute/exceptions/local-variables-1.m execution, -O3 -
fomit-frame-pointer -fnext-runtime
FAIL: objc/execute/exceptions/local-variables-1.m execution, -O3 -g -
fnext-runtime
FAIL: objc/execute/bycopy-1.m compilation, -O0 -fnext-runtime
UNRESOLVED: objc/execute/bycopy-1.m execution, -O0 -fnext-runtime
FAIL: objc/execute/bycopy-1.m compilation, -O1 -fnext-runtime
UNRESOLVED: objc/execute/bycopy-1.m execution, -O1 -fnext-runtime
FAIL: objc/execute/bycopy-1.m compilation, -O2 -fnext-runtime
UNRESOLVED: objc/execute/bycopy-1.m execution, -O2 -fnext-runtime
FAIL: objc/execute/bycopy-1.m compilation, -O3 -fomit-frame-pointer -
fnext-runtime
UNRESOLVED: objc/execute/bycopy-1.m execution, -O3 -fomit-frame-
pointer -fnext-runtime
FAIL: objc/execute/bycopy-1.m compilation, -O3 -g -fnext-runtime
UNRESOLVED: objc/execute/bycopy-1.m execution, -O3 -g -fnext-runtime
FAIL: objc/execute/bycopy-1.m compilation, -Os -fnext-runtime
UNRESOLVED: objc/execute/bycopy-1.m execution, -Os -fnext-runtime
FAIL: objc/execute/bycopy-2.m compilation, -O0 -fnext-runtime
UNRESOLVED: objc/execute/bycopy-2.m execution, -O0 -fnext-runtime
FAIL: objc/execute/bycopy-2.m compilation, -O1 -fnext-runtime
UNRESOLVED: objc/execute/bycopy-2.m execution, -O1 -fnext-runtime
FAIL: objc/execute/bycopy-2.m compilation, -O2 -fnext-runtime
UNRESOLVED: objc/execute/bycopy-2.m execution, -O2 -fnext-runtime
FAIL: objc/execute/bycopy-2.m compilation, -O3 -fomit-frame-pointer -
fnext-runtime
UNRESOLVED: objc/execute/bycopy-2.m execution, -O3 -fomit-frame-
pointer -fnext-runtime
FAIL: objc/execute/bycopy-2.m compilation, -O3 -g -fnext-runtime
UNRESOLVED: objc/execute/bycopy-2.m execution, -O3 -g -fnext-runtime
FAIL: objc/execute/bycopy-2.m compilation, -Os -fnext-runtime
UNRESOLVED: objc/execute/bycopy-2.m execution, -Os -fnext-runtime
FAIL: objc/execute/bycopy-3.m compilation, -O0 -fnext-runtime
UNRESOLVED: objc/execute/bycopy-3.m execution, -O0 -fnext-runtime
FAIL: objc/execute/bycopy-3.m compilation, -O1 -fnext-runtime
UNRESOLVED: objc/execute/bycopy-3.m execution, -O1 -fnext-runtime
FAIL: objc/execute/bycopy-3.m compilation, -O2 -fnext-runtime
UNRESOLVED: objc/execute/bycopy-3.m execution, -O2 -fnext-runtime
FAIL: objc/execute/bycopy-3.m compilation, -O3 -fomit-frame-pointer -
fnext-runtime
UNRESOLVED: objc/execute/bycopy-3.m execution, -O3 -fomit-frame-
pointer -fnext-runtime
FAIL: objc/execute/bycopy-3.m compilation, -O3 -g -fnext-runtime
UNRESOLVED: objc/execute/bycopy-3.m execution, -O3 -g -fnext-runtime
FAIL: objc/execute/bycopy-3.m compilation, -Os -fnext-runtime
UNRESOLVED: objc/execute/bycopy-3.m execution, -Os -fnext-runtime
FAIL: objc/execute/formal_protocol-5.m compilation, -O0 -fnext-runtime
UNRESOLVED: objc/execute/formal_protocol-5.m execution, -O0 -fnext-
runtime
FAIL: objc/execute/formal_protocol-5.m compilation, -O1 -fnext-runtime
UNRESOLVED: objc/execute/formal_protocol-5.m execution, -O1 -fnext-
runtime
FAIL: objc/execute/formal_protocol-5.m compilation, -O2 -fnext-runtime
UNRESOLVED: objc/execute/formal_protocol-5.m execution, -O2 -fnext-
runtime
FAIL: objc/execute/formal_protocol-5.m compilation, -O3 -fomit-frame-
pointer -fnext-runtime
UNRESOLVED: objc/execute/formal_protocol-5.m execution, -O3 -fomit-
frame-pointer -fnext-runtime
FAIL: objc/execute/formal_protocol-5.m compilation, -O3 -g -fnext-
runtime
UNRESOLVED: objc/execute/formal_protocol-5.m execution, -O3 -g -fnext-
runtime
FAIL: objc/execute/formal_protocol-5.m compilation, -Os -fnext-runtime
UNRESOLVED: objc/execute/formal_protocol-5.m execution, -Os -fnext-
runtime
FAIL: objc/execute/formal_protocol-6.m compilation, -O0 -fnext-runtime
UNRESOLVED: objc/execute/formal_protocol-6.m execution, -O0 -fnext-
runtime
FAIL: objc/execute/formal_protocol-6.m compilation, -O1 -fnext-runtime
UNRESOLVED: objc/execute/formal_protocol-6.m execution, -O1 -fnext-
runtime
FAIL: objc/execute/formal_protocol-6.m compilation, -O2 -fnext-runtime
UNRESOLVED: objc/execute/formal_protocol-6.m execution, -O2 -fnext-
runtime
FAIL: objc/execute/formal_protocol-6.m compilation, -O3 -fomit-frame-
pointer -fnext-runtime
UNRESOLVED: objc/execute/formal_protocol-6.m execution, -O3 -fomit-
frame-pointer -fnext-runtime
FAIL: objc/execute/formal_protocol-6.m compilation, -O3 -g -fnext-
runtime
UNRESOLVED: objc/execute/formal_protocol-6.m execution, -O3 -g -fnext-
runtime
FAIL: objc/execute/formal_protocol-6.m compilation, -Os -fnext-runtime
UNRESOLVED: objc/execute/formal_protocol-6.m execution, -Os -fnext-
runtime
FAIL: objc/execute/formal_protocol-7.m compilation, -O0 -fnext-runtime
UNRESOLVED: objc/execute/formal_protocol-7.m execution, -O0 -fnext-
runtime
FAIL: objc/execute/formal_protocol-7.m compilation, -O1 -fnext-runtime
UNRESOLVED: objc/execute/formal_protocol-7.m execution, -O1 -fnext-
runtime
FAIL: objc/execute/formal_protocol-7.m compilation, -O2 -fnext-runtime
UNRESOLVED: objc/execute/formal_protocol-7.m execution, -O2 -fnext-
runtime
FAIL: objc/execute/formal_protocol-7.m compilation, -O3 -fomit-frame-
pointer -fnext-runtime
UNRESOLVED: objc/execute/formal_protocol-7.m execution, -O3 -fomit-
frame-pointer -fnext-runtime
FAIL: objc/execute/formal_protocol-7.m compilation, -O3 -g -fnext-
runtime
UNRESOLVED: objc/execute/formal_protocol-7.m execution, -O3 -g -fnext-
runtime
FAIL: objc/execute/formal_protocol-7.m compilation, -Os -fnext-runtime
UNRESOLVED: objc/execute/formal_protocol-7.m execution, -Os -fnext-
runtime
FAIL: objc/execute/np-1.m compilation, -O0 -fnext-runtime
UNRESOLVED: objc/execute/np-1.m execution, -O0 -fnext-runtime
FAIL: objc/execute/np-1.m compilation, -O1 -fnext-runtime
UNRESOLVED: objc/execute/np-1.m execution, -O1 -fnext-runtime
FAIL: objc/execute/np-1.m compilation, -O2 -fnext-runtime
UNRESOLVED: objc/execute/np-1.m execution, -O2 -fnext-runtime
FAIL: objc/execute/np-1.m compilation, -O3 -fomit-frame-pointer -
fnext-runtime
UNRESOLVED: objc/execute/np-1.m execution, -O3 -fomit-frame-pointer -
fnext-runtime
FAIL: objc/execute/np-1.m compilation, -O3 -g -fnext-runtime
UNRESOLVED: objc/execute/np-1.m execution, -O3 -g -fnext-runtime
FAIL: objc/execute/np-1.m compilation, -Os -fnext-runtime
UNRESOLVED: objc/execute/np-1.m execution, -Os -fnext-runtime
FAIL: objc/execute/np-2.m compilation, -O0 -fnext-runtime
UNRESOLVED: objc/execute/np-2.m execution, -O0 -fnext-runtime
FAIL: objc/execute/np-2.m compilation, -O1 -fnext-runtime
UNRESOLVED: objc/execute/np-2.m execution, -O1 -fnext-runtime
FAIL: objc/execute/np-2.m compilation, -O2 -fnext-runtime
UNRESOLVED: objc/execute/np-2.m execution, -O2 -fnext-runtime
FAIL: objc/execute/np-2.m compilation, -O3 -fomit-frame-pointer -
fnext-runtime
UNRESOLVED: objc/execute/np-2.m execution, -O3 -fomit-frame-pointer -
fnext-runtime
FAIL: objc/execute/np-2.m compilation, -O3 -g -fnext-runtime
UNRESOLVED: objc/execute/np-2.m execution, -O3 -g -fnext-runtime
FAIL: objc/execute/np-2.m compilation, -Os -fnext-runtime
UNRESOLVED: objc/execute/np-2.m execution, -Os -fnext-runtime
FAIL: objc/execute/protocol-isEqual-1.m compilation, -O0 -fnext-runtime
UNRESOLVED: objc/execute/protocol-isEqual-1.m execution, -O0 -fnext-
runtime
FAIL: objc/execute/protocol-isEqual-1.m compilation, -O1 -fnext-runtime
UNRESOLVED: objc/execute/protocol-isEqual-1.m execution, -O1 -fnext-
runtime
FAIL: objc/execute/protocol-isEqual-1.m compilation, -O2 -fnext-runtime
UNRESOLVED: objc/execute/protocol-isEqual-1.m execution, -O2 -fnext-
runtime
FAIL: objc/execute/protocol-isEqual-1.m compilation, -O3 -fomit-frame-
pointer -fnext-runtime
UNRESOLVED: objc/execute/protocol-isEqual-1.m execution, -O3 -fomit-
frame-pointer -fnext-runtime
FAIL: objc/execute/protocol-isEqual-1.m compilation, -O3 -g -fnext-
runtime
UNRESOLVED: objc/execute/protocol-isEqual-1.m execution, -O3 -g -
fnext-runtime
FAIL: objc/execute/protocol-isEqual-1.m compilation, -Os -fnext-runtime
UNRESOLVED: objc/execute/protocol-isEqual-1.m execution, -Os -fnext-
runtime
FAIL: objc/execute/protocol-isEqual-2.m compilation, -O0 -fnext-runtime
UNRESOLVED: objc/execute/protocol-isEqual-2.m execution, -O0 -fnext-
runtime
FAIL: objc/execute/protocol-isEqual-2.m compilation, -O1 -fnext-runtime
UNRESOLVED: objc/execute/protocol-isEqual-2.m execution, -O1 -fnext-
runtime
FAIL: objc/execute/protocol-isEqual-2.m compilation, -O2 -fnext-runtime
UNRESOLVED: objc/execute/protocol-isEqual-2.m execution, -O2 -fnext-
runtime
FAIL: objc/execute/protocol-isEqual-2.m compilation, -O3 -fomit-frame-
pointer -fnext-runtime
UNRESOLVED: objc/execute/protocol-isEqual-2.m execution, -O3 -fomit-
frame-pointer -fnext-runtime
FAIL: objc/execute/protocol-isEqual-2.m compilation, -O3 -g -fnext-
runtime
UNRESOLVED: objc/execute/protocol-isEqual-2.m execution, -O3 -g -
fnext-runtime
FAIL: objc/execute/protocol-isEqual-2.m compilation, -Os -fnext-runtime
UNRESOLVED: objc/execute/protocol-isEqual-2.m execution, -Os -fnext-
runtime
FAIL: objc/execute/protocol-isEqual-3.m compilation, -O0 -fnext-runtime
UNRESOLVED: objc/execute/protocol-isEqual-3.m execution, -O0 -fnext-
runtime
FAIL: objc/execute/protocol-isEqual-3.m compilation, -O1 -fnext-runtime
UNRESOLVED: objc/execute/protocol-isEqual-3.m execution, -O1 -fnext-
runtime
FAIL: objc/execute/protocol-isEqual-3.m compilation, -O2 -fnext-runtime
UNRESOLVED: objc/execute/protocol-isEqual-3.m execution, -O2 -fnext-
runtime
FAIL: objc/execute/protocol-isEqual-3.m compilation, -O3 -fomit-frame-
pointer -fnext-runtime
UNRESOLVED: objc/execute/protocol-isEqual-3.m execution, -O3 -fomit-
frame-pointer -fnext-runtime
FAIL: objc/execute/protocol-isEqual-3.m compilation, -O3 -g -fnext-
runtime
UNRESOLVED: objc/execute/protocol-isEqual-3.m execution, -O3 -g -
fnext-runtime
FAIL: objc/execute/protocol-isEqual-3.m compilation, -Os -fnext-runtime
UNRESOLVED: objc/execute/protocol-isEqual-3.m execution, -Os -fnext-
runtime
FAIL: objc/execute/protocol-isEqual-4.m compilation, -O0 -fnext-runtime
UNRESOLVED: objc/execute/protocol-isEqual-4.m execution, -O0 -fnext-
runtime
FAIL: objc/execute/protocol-isEqual-4.m compilation, -O1 -fnext-runtime
UNRESOLVED: objc/execute/protocol-isEqual-4.m execution, -O1 -fnext-
runtime
FAIL: objc/execute/protocol-isEqual-4.m compilation, -O2 -fnext-runtime
UNRESOLVED: objc/execute/protocol-isEqual-4.m execution, -O2 -fnext-
runtime
FAIL: objc/execute/protocol-isEqual-4.m compilation, -O3 -fomit-frame-
pointer -fnext-runtime
UNRESOLVED: objc/execute/protocol-isEqual-4.m execution, -O3 -fomit-
frame-pointer -fnext-runtime
FAIL: objc/execute/protocol-isEqual-4.m compilation, -O3 -g -fnext-
runtime
UNRESOLVED: objc/execute/protocol-isEqual-4.m execution, -O3 -g -
fnext-runtime
FAIL: objc/execute/protocol-isEqual-4.m compilation, -Os -fnext-runtime
UNRESOLVED: objc/execute/protocol-isEqual-4.m execution, -Os -fnext-
runtime
FAIL: objc.dg/category-1.m (test for excess errors)
FAIL: objc.dg/const-str-10.m (test for excess errors)
FAIL: objc.dg/const-str-11.m (test for excess errors)
FAIL: objc.dg/const-str-3.m (test for excess errors)
FAIL: objc.dg/const-str-7.m (test for excess errors)
FAIL: objc.dg/const-str-8.m (test for excess errors)
FAIL: objc.dg/const-str-9.m (test for excess errors)
FAIL: objc.dg/encode-2.m (test for excess errors)
FAIL: objc.dg/encode-3.m (test for excess errors)
WARNING: objc.dg/encode-3.m compilation failed to produce executable
FAIL: objc.dg/encode-4.m (test for excess errors)
FAIL: objc.dg/encode-5.m (test for excess errors)
FAIL: objc.dg/headers.m (test for excess errors)
FAIL: objc.dg/method-6.m (test for excess errors)
FAIL: objc.dg/no-extra-load.m (test for excess errors)
ERROR: objc.dg/no-extra-load.m: error executing dg-final: couldn't
open "no-extra-load.s": no such file or directory
UNRESOLVED: objc.dg/no-extra-load.m: error executing dg-final:
couldn't open "no-extra-load.s": no such file or directory
FAIL: objc.dg/proto-lossage-3.m (test for excess errors)
WARNING: objc.dg/proto-lossage-3.m compilation failed to produce
executable
FAIL: objc.dg/proto-qual-1.m (test for excess errors)
WARNING: objc.dg/proto-qual-1.m compilation failed to produce executable
FAIL: objc.dg/type-size-2.m (test for excess errors)
FAIL: objc.dg-struct-layout-encoding-1/t001_main.m execution test
FAIL: objc.dg-struct-layout-encoding-1/t005_main.m execution test
FAIL: objc.dg-struct-layout-encoding-1/t009_main.m execution test
FAIL: objc.dg-struct-layout-encoding-1/t010_main.m execution test
FAIL: objc.dg-struct-layout-encoding-1/t013_main.m execution test
FAIL: objc.dg-struct-layout-encoding-1/t014_main.m execution test
FAIL: objc.dg-struct-layout-encoding-1/t016_main.m execution test
FAIL: objc.dg-struct-layout-encoding-1/t017_main.m execution test
FAIL: objc.dg-struct-layout-encoding-1/t018_main.m execution test
FAIL: objc.dg-struct-layout-encoding-1/t019_main.m execution test
FAIL: objc.dg-struct-layout-encoding-1/t020_main.m execution test
FAIL: objc.dg-struct-layout-encoding-1/t021_main.m execution test
FAIL: objc.dg-struct-layout-encoding-1/t023_main.m execution test
FAIL: objc.dg-struct-layout-encoding-1/t024_main.m execution test
=== objc Summary for unix/-m32 ===
# of expected passes 2965
# of unexpected failures 107
# of expected failures 25
# of unresolved testcases 73
# of unsupported tests 1
Running target unix/-m64
FAIL: objc/execute/exceptions/catchall-1.m compilation, -O0 -fnext-
runtime
UNRESOLVED: objc/execute/exceptions/catchall-1.m execution, -O0 -
fnext-runtime
FAIL: objc/execute/exceptions/catchall-1.m compilation, -O1 -fnext-
runtime
UNRESOLVED: objc/execute/exceptions/catchall-1.m execution, -O1 -
fnext-runtime
FAIL: objc/execute/exceptions/catchall-1.m compilation, -O2 -fnext-
runtime
UNRESOLVED: objc/execute/exceptions/catchall-1.m execution, -O2 -
fnext-runtime
FAIL: objc/execute/exceptions/catchall-1.m compilation, -O3 -fomit-
frame-pointer -fnext-runtime
UNRESOLVED: objc/execute/exceptions/catchall-1.m execution, -O3 -
fomit-frame-pointer -fnext-runtime
FAIL: objc/execute/exceptions/catchall-1.m compilation, -O3 -g -fnext-
runtime
UNRESOLVED: objc/execute/exceptions/catchall-1.m execution, -O3 -g -
fnext-runtime
FAIL: objc/execute/exceptions/catchall-1.m compilation, -Os -fnext-
runtime
UNRESOLVED: objc/execute/exceptions/catchall-1.m execution, -Os -
fnext-runtime
FAIL: objc/execute/exceptions/finally-1.m compilation, -O0 -fnext-
runtime
UNRESOLVED: objc/execute/exceptions/finally-1.m execution, -O0 -fnext-
runtime
FAIL: objc/execute/exceptions/finally-1.m compilation, -O1 -fnext-
runtime
UNRESOLVED: objc/execute/exceptions/finally-1.m execution, -O1 -fnext-
runtime
FAIL: objc/execute/exceptions/finally-1.m compilation, -O2 -fnext-
runtime
UNRESOLVED: objc/execute/exceptions/finally-1.m execution, -O2 -fnext-
runtime
FAIL: objc/execute/exceptions/finally-1.m compilation, -O3 -fomit-
frame-pointer -fnext-runtime
UNRESOLVED: objc/execute/exceptions/finally-1.m execution, -O3 -fomit-
frame-pointer -fnext-runtime
FAIL: objc/execute/exceptions/finally-1.m compilation, -O3 -g -fnext-
runtime
UNRESOLVED: objc/execute/exceptions/finally-1.m execution, -O3 -g -
fnext-runtime
FAIL: objc/execute/exceptions/finally-1.m compilation, -Os -fnext-
runtime
UNRESOLVED: objc/execute/exceptions/finally-1.m execution, -Os -fnext-
runtime
FAIL: objc/execute/exceptions/foward-1.m compilation, -O0 -fnext-
runtime
UNRESOLVED: objc/execute/exceptions/foward-1.m execution, -O0 -fnext-
runtime
FAIL: objc/execute/exceptions/foward-1.m compilation, -O1 -fnext-
runtime
UNRESOLVED: objc/execute/exceptions/foward-1.m execution, -O1 -fnext-
runtime
FAIL: objc/execute/exceptions/foward-1.m compilation, -O2 -fnext-
runtime
UNRESOLVED: objc/execute/exceptions/foward-1.m execution, -O2 -fnext-
runtime
FAIL: objc/execute/exceptions/foward-1.m compilation, -O3 -fomit-
frame-pointer -fnext-runtime
UNRESOLVED: objc/execute/exceptions/foward-1.m execution, -O3 -fomit-
frame-pointer -fnext-runtime
FAIL: objc/execute/exceptions/foward-1.m compilation, -O3 -fomit-
frame-pointer -funroll-loops -fnext-runtime
UNRESOLVED: objc/execute/exceptions/foward-1.m execution, -O3 -fomit-
frame-pointer -funroll-loops -fnext-runtime
FAIL: objc/execute/exceptions/foward-1.m compilation, -O3 -fomit-
frame-pointer -funroll-all-loops -finline-functions -fnext-runtime
UNRESOLVED: objc/execute/exceptions/foward-1.m execution, -O3 -fomit-
frame-pointer -funroll-all-loops -finline-functions -fnext-runtime
FAIL: objc/execute/exceptions/foward-1.m compilation, -O3 -g -fnext-
runtime
UNRESOLVED: objc/execute/exceptions/foward-1.m execution, -O3 -g -
fnext-runtime
FAIL: objc/execute/exceptions/foward-1.m compilation, -Os -fnext-
runtime
UNRESOLVED: objc/execute/exceptions/foward-1.m execution, -Os -fnext-
runtime
FAIL: objc/execute/exceptions/local-variables-1.m compilation, -O0 -
fnext-runtime
UNRESOLVED: objc/execute/exceptions/local-variables-1.m execution, -
O0 -fnext-runtime
FAIL: objc/execute/exceptions/local-variables-1.m compilation, -O1 -
fnext-runtime
UNRESOLVED: objc/execute/exceptions/local-variables-1.m execution, -
O1 -fnext-runtime
FAIL: objc/execute/exceptions/local-variables-1.m compilation, -O2 -
fnext-runtime
UNRESOLVED: objc/execute/exceptions/local-variables-1.m execution, -
O2 -fnext-runtime
FAIL: objc/execute/exceptions/local-variables-1.m compilation, -O3 -
fomit-frame-pointer -fnext-runtime
UNRESOLVED: objc/execute/exceptions/local-variables-1.m execution, -
O3 -fomit-frame-pointer -fnext-runtime
FAIL: objc/execute/exceptions/local-variables-1.m compilation, -O3 -g
-fnext-runtime
UNRESOLVED: objc/execute/exceptions/local-variables-1.m execution, -
O3 -g -fnext-runtime
FAIL: objc/execute/exceptions/local-variables-1.m compilation, -Os -
fnext-runtime
UNRESOLVED: objc/execute/exceptions/local-variables-1.m execution, -
Os -fnext-runtime
FAIL: objc/execute/exceptions/pr31281.m compilation, -O0 -fnext-runtime
UNRESOLVED: objc/execute/exceptions/pr31281.m execution, -O0 -fnext-
runtime
FAIL: objc/execute/exceptions/pr31281.m compilation, -O1 -fnext-runtime
UNRESOLVED: objc/execute/exceptions/pr31281.m execution, -O1 -fnext-
runtime
FAIL: objc/execute/exceptions/pr31281.m compilation, -O2 -fnext-runtime
UNRESOLVED: objc/execute/exceptions/pr31281.m execution, -O2 -fnext-
runtime
FAIL: objc/execute/exceptions/pr31281.m compilation, -O3 -fomit-frame-
pointer -fnext-runtime
UNRESOLVED: objc/execute/exceptions/pr31281.m execution, -O3 -fomit-
frame-pointer -fnext-runtime
FAIL: objc/execute/exceptions/pr31281.m compilation, -O3 -fomit-frame-
pointer -funroll-loops -fnext-runtime
UNRESOLVED: objc/execute/exceptions/pr31281.m execution, -O3 -fomit-
frame-pointer -funroll-loops -fnext-runtime
FAIL: objc/execute/exceptions/pr31281.m compilation, -O3 -fomit-frame-
pointer -funroll-all-loops -finline-functions -fnext-runtime
UNRESOLVED: objc/execute/exceptions/pr31281.m execution, -O3 -fomit-
frame-pointer -funroll-all-loops -finline-functions -fnext-runtime
FAIL: objc/execute/exceptions/pr31281.m compilation, -O3 -g -fnext-
runtime
UNRESOLVED: objc/execute/exceptions/pr31281.m execution, -O3 -g -
fnext-runtime
FAIL: objc/execute/exceptions/pr31281.m compilation, -Os -fnext-runtime
UNRESOLVED: objc/execute/exceptions/pr31281.m execution, -Os -fnext-
runtime
FAIL: objc/execute/exceptions/trivial.m compilation, -O0 -fnext-runtime
UNRESOLVED: objc/execute/exceptions/trivial.m execution, -O0 -fnext-
runtime
FAIL: objc/execute/exceptions/trivial.m compilation, -O1 -fnext-runtime
UNRESOLVED: objc/execute/exceptions/trivial.m execution, -O1 -fnext-
runtime
FAIL: objc/execute/exceptions/trivial.m compilation, -O2 -fnext-runtime
UNRESOLVED: objc/execute/exceptions/trivial.m execution, -O2 -fnext-
runtime
FAIL: objc/execute/exceptions/trivial.m compilation, -O3 -fomit-frame-
pointer -fnext-runtime
UNRESOLVED: objc/execute/exceptions/trivial.m execution, -O3 -fomit-
frame-pointer -fnext-runtime
FAIL: objc/execute/exceptions/trivial.m compilation, -O3 -g -fnext-
runtime
UNRESOLVED: objc/execute/exceptions/trivial.m execution, -O3 -g -
fnext-runtime
FAIL: objc/execute/exceptions/trivial.m compilation, -Os -fnext-runtime
UNRESOLVED: objc/execute/exceptions/trivial.m execution, -Os -fnext-
runtime
FAIL: objc/execute/IMP.m compilation, -O0 -fnext-runtime
UNRESOLVED: objc/execute/IMP.m execution, -O0 -fnext-runtime
FAIL: objc/execute/IMP.m compilation, -O1 -fnext-runtime
UNRESOLVED: objc/execute/IMP.m execution, -O1 -fnext-runtime
FAIL: objc/execute/IMP.m compilation, -O2 -fnext-runtime
UNRESOLVED: objc/execute/IMP.m execution, -O2 -fnext-runtime
FAIL: objc/execute/IMP.m compilation, -O3 -fomit-frame-pointer -fnext-
runtime
UNRESOLVED: objc/execute/IMP.m execution, -O3 -fomit-frame-pointer -
fnext-runtime
FAIL: objc/execute/IMP.m compilation, -O3 -g -fnext-runtime
UNRESOLVED: objc/execute/IMP.m execution, -O3 -g -fnext-runtime
FAIL: objc/execute/IMP.m compilation, -Os -fnext-runtime
UNRESOLVED: objc/execute/IMP.m execution, -Os -fnext-runtime
FAIL: objc/execute/_cmd.m compilation, -O0 -fnext-runtime
UNRESOLVED: objc/execute/_cmd.m execution, -O0 -fnext-runtime
FAIL: objc/execute/_cmd.m compilation, -O1 -fnext-runtime
UNRESOLVED: objc/execute/_cmd.m execution, -O1 -fnext-runtime
FAIL: objc/execute/_cmd.m compilation, -O2 -fnext-runtime
UNRESOLVED: objc/execute/_cmd.m execution, -O2 -fnext-runtime
FAIL: objc/execute/_cmd.m compilation, -O3 -fomit-frame-pointer -
fnext-runtime
UNRESOLVED: objc/execute/_cmd.m execution, -O3 -fomit-frame-pointer -
fnext-runtime
FAIL: objc/execute/_cmd.m compilation, -O3 -g -fnext-runtime
UNRESOLVED: objc/execute/_cmd.m execution, -O3 -g -fnext-runtime
FAIL: objc/execute/_cmd.m compilation, -Os -fnext-runtime
UNRESOLVED: objc/execute/_cmd.m execution, -Os -fnext-runtime
FAIL: objc/execute/accessing_ivars.m compilation, -O0 -fnext-runtime
UNRESOLVED: objc/execute/accessing_ivars.m execution, -O0 -fnext-
runtime
FAIL: objc/execute/accessing_ivars.m compilation, -O1 -fnext-runtime
UNRESOLVED: objc/execute/accessing_ivars.m execution, -O1 -fnext-
runtime
FAIL: objc/execute/accessing_ivars.m compilation, -O2 -fnext-runtime
UNRESOLVED: objc/execute/accessing_ivars.m execution, -O2 -fnext-
runtime
FAIL: objc/execute/accessing_ivars.m compilation, -O3 -fomit-frame-
pointer -fnext-runtime
UNRESOLVED: objc/execute/accessing_ivars.m execution, -O3 -fomit-
frame-pointer -fnext-runtime
FAIL: objc/execute/accessing_ivars.m compilation, -O3 -g -fnext-runtime
UNRESOLVED: objc/execute/accessing_ivars.m execution, -O3 -g -fnext-
runtime
FAIL: objc/execute/accessing_ivars.m compilation, -Os -fnext-runtime
UNRESOLVED: objc/execute/accessing_ivars.m execution, -Os -fnext-
runtime
FAIL: objc/execute/bf-1.m compilation, -O0 -fnext-runtime
UNRESOLVED: objc/execute/bf-1.m execution, -O0 -fnext-runtime
FAIL: objc/execute/bf-1.m compilation, -O1 -fnext-runtime
UNRESOLVED: objc/execute/bf-1.m execution, -O1 -fnext-runtime
FAIL: objc/execute/bf-1.m compilation, -O2 -fnext-runtime
UNRESOLVED: objc/execute/bf-1.m execution, -O2 -fnext-runtime
FAIL: objc/execute/bf-1.m compilation, -O3 -fomit-frame-pointer -
fnext-runtime
UNRESOLVED: objc/execute/bf-1.m execution, -O3 -fomit-frame-pointer -
fnext-runtime
FAIL: objc/execute/bf-1.m compilation, -O3 -g -fnext-runtime
UNRESOLVED: objc/execute/bf-1.m execution, -O3 -g -fnext-runtime
FAIL: objc/execute/bf-1.m compilation, -Os -fnext-runtime
UNRESOLVED: objc/execute/bf-1.m execution, -Os -fnext-runtime
FAIL: objc/execute/bf-10.m execution, -O0 -fgnu-runtime
FAIL: objc/execute/bf-10.m compilation, -O0 -fnext-runtime
UNRESOLVED: objc/execute/bf-10.m execution, -O0 -fnext-runtime
FAIL: objc/execute/bf-10.m execution, -O1 -fgnu-runtime
FAIL: objc/execute/bf-10.m compilation, -O1 -fnext-runtime
UNRESOLVED: objc/execute/bf-10.m execution, -O1 -fnext-runtime
FAIL: objc/execute/bf-10.m execution, -O2 -fgnu-runtime
FAIL: objc/execute/bf-10.m compilation, -O2 -fnext-runtime
UNRESOLVED: objc/execute/bf-10.m execution, -O2 -fnext-runtime
FAIL: objc/execute/bf-10.m execution, -O3 -fomit-frame-pointer -fgnu-
runtime
FAIL: objc/execute/bf-10.m compilation, -O3 -fomit-frame-pointer -
fnext-runtime
UNRESOLVED: objc/execute/bf-10.m execution, -O3 -fomit-frame-pointer -
fnext-runtime
FAIL: objc/execute/bf-10.m execution, -O3 -g -fgnu-runtime
FAIL: objc/execute/bf-10.m compilation, -O3 -g -fnext-runtime
UNRESOLVED: objc/execute/bf-10.m execution, -O3 -g -fnext-runtime
FAIL: objc/execute/bf-10.m execution, -Os -fgnu-runtime
FAIL: objc/execute/bf-10.m compilation, -Os -fnext-runtime
UNRESOLVED: objc/execute/bf-10.m execution, -Os -fnext-runtime
FAIL: objc/execute/bf-11.m compilation, -O0 -fnext-runtime
UNRESOLVED: objc/execute/bf-11.m execution, -O0 -fnext-runtime
FAIL: objc/execute/bf-11.m compilation, -O1 -fnext-runtime
UNRESOLVED: objc/execute/bf-11.m execution, -O1 -fnext-runtime
FAIL: objc/execute/bf-11.m compilation, -O2 -fnext-runtime
UNRESOLVED: objc/execute/bf-11.m execution, -O2 -fnext-runtime
FAIL: objc/execute/bf-11.m compilation, -O3 -fomit-frame-pointer -
fnext-runtime
UNRESOLVED: objc/execute/bf-11.m execution, -O3 -fomit-frame-pointer -
fnext-runtime
FAIL: objc/execute/bf-11.m compilation, -O3 -g -fnext-runtime
UNRESOLVED: objc/execute/bf-11.m execution, -O3 -g -fnext-runtime
FAIL: objc/execute/bf-11.m compilation, -Os -fnext-runtime
UNRESOLVED: objc/execute/bf-11.m execution, -Os -fnext-runtime
FAIL: objc/execute/bf-12.m compilation, -O0 -fnext-runtime
UNRESOLVED: objc/execute/bf-12.m execution, -O0 -fnext-runtime
FAIL: objc/execute/bf-12.m compilation, -O1 -fnext-runtime
UNRESOLVED: objc/execute/bf-12.m execution, -O1 -fnext-runtime
FAIL: objc/execute/bf-12.m compilation, -O2 -fnext-runtime
UNRESOLVED: objc/execute/bf-12.m execution, -O2 -fnext-runtime
FAIL: objc/execute/bf-12.m compilation, -O3 -fomit-frame-pointer -
fnext-runtime
UNRESOLVED: objc/execute/bf-12.m execution, -O3 -fomit-frame-pointer -
fnext-runtime
FAIL: objc/execute/bf-12.m compilation, -O3 -g -fnext-runtime
UNRESOLVED: objc/execute/bf-12.m execution, -O3 -g -fnext-runtime
FAIL: objc/execute/bf-12.m compilation, -Os -fnext-runtime
UNRESOLVED: objc/execute/bf-12.m execution, -Os -fnext-runtime
FAIL: objc/execute/bf-13.m compilation, -O0 -fnext-runtime
UNRESOLVED: objc/execute/bf-13.m execution, -O0 -fnext-runtime
FAIL: objc/execute/bf-13.m compilation, -O1 -fnext-runtime
UNRESOLVED: objc/execute/bf-13.m execution, -O1 -fnext-runtime
FAIL: objc/execute/bf-13.m compilation, -O2 -fnext-runtime
UNRESOLVED: objc/execute/bf-13.m execution, -O2 -fnext-runtime
FAIL: objc/execute/bf-13.m compilation, -O3 -fomit-frame-pointer -
fnext-runtime
UNRESOLVED: objc/execute/bf-13.m execution, -O3 -fomit-frame-pointer -
fnext-runtime
FAIL: objc/execute/bf-13.m compilation, -O3 -g -fnext-runtime
UNRESOLVED: objc/execute/bf-13.m execution, -O3 -g -fnext-runtime
FAIL: objc/execute/bf-13.m compilation, -Os -fnext-runtime
UNRESOLVED: objc/execute/bf-13.m execution, -Os -fnext-runtime
FAIL: objc/execute/bf-14.m execution, -O0 -fgnu-runtime
FAIL: objc/execute/bf-14.m compilation, -O0 -fnext-runtime
UNRESOLVED: objc/execute/bf-14.m execution, -O0 -fnext-runtime
FAIL: objc/execute/bf-14.m execution, -O1 -fgnu-runtime
FAIL: objc/execute/bf-14.m compilation, -O1 -fnext-runtime
UNRESOLVED: objc/execute/bf-14.m execution, -O1 -fnext-runtime
FAIL: objc/execute/bf-14.m execution, -O2 -fgnu-runtime
FAIL: objc/execute/bf-14.m compilation, -O2 -fnext-runtime
UNRESOLVED: objc/execute/bf-14.m execution, -O2 -fnext-runtime
FAIL: objc/execute/bf-14.m execution, -O3 -fomit-frame-pointer -fgnu-
runtime
FAIL: objc/execute/bf-14.m compilation, -O3 -fomit-frame-pointer -
fnext-runtime
UNRESOLVED: objc/execute/bf-14.m execution, -O3 -fomit-frame-pointer -
fnext-runtime
FAIL: objc/execute/bf-14.m execution, -O3 -g -fgnu-runtime
FAIL: objc/execute/bf-14.m compilation, -O3 -g -fnext-runtime
UNRESOLVED: objc/execute/bf-14.m execution, -O3 -g -fnext-runtime
FAIL: objc/execute/bf-14.m execution, -Os -fgnu-runtime
FAIL: objc/execute/bf-14.m compilation, -Os -fnext-runtime
UNRESOLVED: objc/execute/bf-14.m execution, -Os -fnext-runtime
FAIL: objc/execute/bf-15.m compilation, -O0 -fnext-runtime
UNRESOLVED: objc/execute/bf-15.m execution, -O0 -fnext-runtime
FAIL: objc/execute/bf-15.m compilation, -O1 -fnext-runtime
UNRESOLVED: objc/execute/bf-15.m execution, -O1 -fnext-runtime
FAIL: objc/execute/bf-15.m compilation, -O2 -fnext-runtime
UNRESOLVED: objc/execute/bf-15.m execution, -O2 -fnext-runtime
FAIL: objc/execute/bf-15.m compilation, -O3 -fomit-frame-pointer -
fnext-runtime
UNRESOLVED: objc/execute/bf-15.m execution, -O3 -fomit-frame-pointer -
fnext-runtime
FAIL: objc/execute/bf-15.m compilation, -O3 -g -fnext-runtime
UNRESOLVED: objc/execute/bf-15.m execution, -O3 -g -fnext-runtime
FAIL: objc/execute/bf-15.m compilation, -Os -fnext-runtime
UNRESOLVED: objc/execute/bf-15.m execution, -Os -fnext-runtime
FAIL: objc/execute/bf-16.m execution, -O0 -fgnu-runtime
FAIL: objc/execute/bf-16.m compilation, -O0 -fnext-runtime
UNRESOLVED: objc/execute/bf-16.m execution, -O0 -fnext-runtime
FAIL: objc/execute/bf-16.m execution, -O1 -fgnu-runtime
FAIL: objc/execute/bf-16.m compilation, -O1 -fnext-runtime
UNRESOLVED: objc/execute/bf-16.m execution, -O1 -fnext-runtime
FAIL: objc/execute/bf-16.m execution, -O2 -fgnu-runtime
FAIL: objc/execute/bf-16.m compilation, -O2 -fnext-runtime
UNRESOLVED: objc/execute/bf-16.m execution, -O2 -fnext-runtime
FAIL: objc/execute/bf-16.m execution, -O3 -fomit-frame-pointer -fgnu-
runtime
FAIL: objc/execute/bf-16.m compilation, -O3 -fomit-frame-pointer -
fnext-runtime
UNRESOLVED: objc/execute/bf-16.m execution, -O3 -fomit-frame-pointer -
fnext-runtime
FAIL: objc/execute/bf-16.m execution, -O3 -g -fgnu-runtime
FAIL: objc/execute/bf-16.m compilation, -O3 -g -fnext-runtime
UNRESOLVED: objc/execute/bf-16.m execution, -O3 -g -fnext-runtime
FAIL: objc/execute/bf-16.m execution, -Os -fgnu-runtime
FAIL: objc/execute/bf-16.m compilation, -Os -fnext-runtime
UNRESOLVED: objc/execute/bf-16.m execution, -Os -fnext-runtime
FAIL: objc/execute/bf-17.m execution, -O0 -fgnu-runtime
FAIL: objc/execute/bf-17.m compilation, -O0 -fnext-runtime
UNRESOLVED: objc/execute/bf-17.m execution, -O0 -fnext-runtime
FAIL: objc/execute/bf-17.m execution, -O1 -fgnu-runtime
FAIL: objc/execute/bf-17.m compilation, -O1 -fnext-runtime
UNRESOLVED: objc/execute/bf-17.m execution, -O1 -fnext-runtime
FAIL: objc/execute/bf-17.m execution, -O2 -fgnu-runtime
FAIL: objc/execute/bf-17.m compilation, -O2 -fnext-runtime
UNRESOLVED: objc/execute/bf-17.m execution, -O2 -fnext-runtime
FAIL: objc/execute/bf-17.m execution, -O3 -fomit-frame-pointer -fgnu-
runtime
FAIL: objc/execute/bf-17.m compilation, -O3 -fomit-frame-pointer -
fnext-runtime
UNRESOLVED: objc/execute/bf-17.m execution, -O3 -fomit-frame-pointer -
fnext-runtime
FAIL: objc/execute/bf-17.m execution, -O3 -g -fgnu-runtime
FAIL: objc/execute/bf-17.m compilation, -O3 -g -fnext-runtime
UNRESOLVED: objc/execute/bf-17.m execution, -O3 -g -fnext-runtime
FAIL: objc/execute/bf-17.m execution, -Os -fgnu-runtime
FAIL: objc/execute/bf-17.m compilation, -Os -fnext-runtime
UNRESOLVED: objc/execute/bf-17.m execution, -Os -fnext-runtime
FAIL: objc/execute/bf-18.m compilation, -O0 -fnext-runtime
UNRESOLVED: objc/execute/bf-18.m execution, -O0 -fnext-runtime
FAIL: objc/execute/bf-18.m compilation, -O1 -fnext-runtime
UNRESOLVED: objc/execute/bf-18.m execution, -O1 -fnext-runtime
FAIL: objc/execute/bf-18.m compilation, -O2 -fnext-runtime
UNRESOLVED: objc/execute/bf-18.m execution, -O2 -fnext-runtime
FAIL: objc/execute/bf-18.m compilation, -O3 -fomit-frame-pointer -
fnext-runtime
UNRESOLVED: objc/execute/bf-18.m execution, -O3 -fomit-frame-pointer -
fnext-runtime
FAIL: objc/execute/bf-18.m compilation, -O3 -g -fnext-runtime
UNRESOLVED: objc/execute/bf-18.m execution, -O3 -g -fnext-runtime
FAIL: objc/execute/bf-18.m compilation, -Os -fnext-runtime
UNRESOLVED: objc/execute/bf-18.m execution, -Os -fnext-runtime
FAIL: objc/execute/bf-19.m execution, -O0 -fgnu-runtime
FAIL: objc/execute/bf-19.m compilation, -O0 -fnext-runtime
UNRESOLVED: objc/execute/bf-19.m execution, -O0 -fnext-runtime
FAIL: objc/execute/bf-19.m execution, -O1 -fgnu-runtime
FAIL: objc/execute/bf-19.m compilation, -O1 -fnext-runtime
UNRESOLVED: objc/execute/bf-19.m execution, -O1 -fnext-runtime
FAIL: objc/execute/bf-19.m execution, -O2 -fgnu-runtime
FAIL: objc/execute/bf-19.m compilation, -O2 -fnext-runtime
UNRESOLVED: objc/execute/bf-19.m execution, -O2 -fnext-runtime
FAIL: objc/execute/bf-19.m execution, -O3 -fomit-frame-pointer -fgnu-
runtime
FAIL: objc/execute/bf-19.m compilation, -O3 -fomit-frame-pointer -
fnext-runtime
UNRESOLVED: objc/execute/bf-19.m execution, -O3 -fomit-frame-pointer -
fnext-runtime
FAIL: objc/execute/bf-19.m execution, -O3 -g -fgnu-runtime
FAIL: objc/execute/bf-19.m compilation, -O3 -g -fnext-runtime
UNRESOLVED: objc/execute/bf-19.m execution, -O3 -g -fnext-runtime
FAIL: objc/execute/bf-19.m execution, -Os -fgnu-runtime
FAIL: objc/execute/bf-19.m compilation, -Os -fnext-runtime
UNRESOLVED: objc/execute/bf-19.m execution, -Os -fnext-runtime
FAIL: objc/execute/bf-2.m compilation, -O0 -fnext-runtime
UNRESOLVED: objc/execute/bf-2.m execution, -O0 -fnext-runtime
FAIL: objc/execute/bf-2.m compilation, -O1 -fnext-runtime
UNRESOLVED: objc/execute/bf-2.m execution, -O1 -fnext-runtime
FAIL: objc/execute/bf-2.m compilation, -O2 -fnext-runtime
UNRESOLVED: objc/execute/bf-2.m execution, -O2 -fnext-runtime
FAIL: objc/execute/bf-2.m compilation, -O3 -fomit-frame-pointer -
fnext-runtime
UNRESOLVED: objc/execute/bf-2.m execution, -O3 -fomit-frame-pointer -
fnext-runtime
FAIL: objc/execute/bf-2.m compilation, -O3 -g -fnext-runtime
UNRESOLVED: objc/execute/bf-2.m execution, -O3 -g -fnext-runtime
FAIL: objc/execute/bf-2.m compilation, -Os -fnext-runtime
UNRESOLVED: objc/execute/bf-2.m execution, -Os -fnext-runtime
FAIL: objc/execute/bf-20.m compilation, -O0 -fnext-runtime
UNRESOLVED: objc/execute/bf-20.m execution, -O0 -fnext-runtime
FAIL: objc/execute/bf-20.m compilation, -O1 -fnext-runtime
UNRESOLVED: objc/execute/bf-20.m execution, -O1 -fnext-runtime
FAIL: objc/execute/bf-20.m compilation, -O2 -fnext-runtime
UNRESOLVED: objc/execute/bf-20.m execution, -O2 -fnext-runtime
FAIL: objc/execute/bf-20.m compilation, -O3 -fomit-frame-pointer -
fnext-runtime
UNRESOLVED: objc/execute/bf-20.m execution, -O3 -fomit-frame-pointer -
fnext-runtime
FAIL: objc/execute/bf-20.m compilation, -O3 -g -fnext-runtime
UNRESOLVED: objc/execute/bf-20.m execution, -O3 -g -fnext-runtime
FAIL: objc/execute/bf-20.m compilation, -Os -fnext-runtime
UNRESOLVED: objc/execute/bf-20.m execution, -Os -fnext-runtime
FAIL: objc/execute/bf-21.m compilation, -O0 -fnext-runtime
UNRESOLVED: objc/execute/bf-21.m execution, -O0 -fnext-runtime
FAIL: objc/execute/bf-21.m compilation, -O1 -fnext-runtime
UNRESOLVED: objc/execute/bf-21.m execution, -O1 -fnext-runtime
FAIL: objc/execute/bf-21.m compilation, -O2 -fnext-runtime
UNRESOLVED: objc/execute/bf-21.m execution, -O2 -fnext-runtime
FAIL: objc/execute/bf-21.m compilation, -O3 -fomit-frame-pointer -
fnext-runtime
UNRESOLVED: objc/execute/bf-21.m execution, -O3 -fomit-frame-pointer -
fnext-runtime
FAIL: objc/execute/bf-21.m compilation, -O3 -g -fnext-runtime
UNRESOLVED: objc/execute/bf-21.m execution, -O3 -g -fnext-runtime
FAIL: objc/execute/bf-21.m compilation, -Os -fnext-runtime
UNRESOLVED: objc/execute/bf-21.m execution, -Os -fnext-runtime
FAIL: objc/execute/bf-3.m compilation, -O0 -fnext-runtime
UNRESOLVED: objc/execute/bf-3.m execution, -O0 -fnext-runtime
FAIL: objc/execute/bf-3.m compilation, -O1 -fnext-runtime
UNRESOLVED: objc/execute/bf-3.m execution, -O1 -fnext-runtime
FAIL: objc/execute/bf-3.m compilation, -O2 -fnext-runtime
UNRESOLVED: objc/execute/bf-3.m execution, -O2 -fnext-runtime
FAIL: objc/execute/bf-3.m compilation, -O3 -fomit-frame-pointer -
fnext-runtime
UNRESOLVED: objc/execute/bf-3.m execution, -O3 -fomit-frame-pointer -
fnext-runtime
FAIL: objc/execute/bf-3.m compilation, -O3 -g -fnext-runtime
UNRESOLVED: objc/execute/bf-3.m execution, -O3 -g -fnext-runtime
FAIL: objc/execute/bf-3.m compilation, -Os -fnext-runtime
UNRESOLVED: objc/execute/bf-3.m execution, -Os -fnext-runtime
FAIL: objc/execute/bf-4.m compilation, -O0 -fnext-runtime
UNRESOLVED: objc/execute/bf-4.m execution, -O0 -fnext-runtime
FAIL: objc/execute/bf-4.m compilation, -O1 -fnext-runtime
UNRESOLVED: objc/execute/bf-4.m execution, -O1 -fnext-runtime
FAIL: objc/execute/bf-4.m compilation, -O2 -fnext-runtime
UNRESOLVED: objc/execute/bf-4.m execution, -O2 -fnext-runtime
FAIL: objc/execute/bf-4.m compilation, -O3 -fomit-frame-pointer -
fnext-runtime
UNRESOLVED: objc/execute/bf-4.m execution, -O3 -fomit-frame-pointer -
fnext-runtime
FAIL: objc/execute/bf-4.m compilation, -O3 -g -fnext-runtime
UNRESOLVED: objc/execute/bf-4.m execution, -O3 -g -fnext-runtime
FAIL: objc/execute/bf-4.m compilation, -Os -fnext-runtime
UNRESOLVED: objc/execute/bf-4.m execution, -Os -fnext-runtime
FAIL: objc/execute/bf-5.m execution, -O0 -fgnu-runtime
FAIL: objc/execute/bf-5.m compilation, -O0 -fnext-runtime
UNRESOLVED: objc/execute/bf-5.m execution, -O0 -fnext-runtime
FAIL: objc/execute/bf-5.m execution, -O1 -fgnu-runtime
FAIL: objc/execute/bf-5.m compilation, -O1 -fnext-runtime
UNRESOLVED: objc/execute/bf-5.m execution, -O1 -fnext-runtime
FAIL: objc/execute/bf-5.m execution, -O2 -fgnu-runtime
FAIL: objc/execute/bf-5.m compilation, -O2 -fnext-runtime
UNRESOLVED: objc/execute/bf-5.m execution, -O2 -fnext-runtime
FAIL: objc/execute/bf-5.m execution, -O3 -fomit-frame-pointer -fgnu-
runtime
FAIL: objc/execute/bf-5.m compilation, -O3 -fomit-frame-pointer -
fnext-runtime
UNRESOLVED: objc/execute/bf-5.m execution, -O3 -fomit-frame-pointer -
fnext-runtime
FAIL: objc/execute/bf-5.m execution, -O3 -g -fgnu-runtime
FAIL: objc/execute/bf-5.m compilation, -O3 -g -fnext-runtime
UNRESOLVED: objc/execute/bf-5.m execution, -O3 -g -fnext-runtime
FAIL: objc/execute/bf-5.m execution, -Os -fgnu-runtime
FAIL: objc/execute/bf-5.m compilation, -Os -fnext-runtime
UNRESOLVED: objc/execute/bf-5.m execution, -Os -fnext-runtime
FAIL: objc/execute/bf-6.m execution, -O0 -fgnu-runtime
FAIL: objc/execute/bf-6.m compilation, -O0 -fnext-runtime
UNRESOLVED: objc/execute/bf-6.m execution, -O0 -fnext-runtime
FAIL: objc/execute/bf-6.m execution, -O1 -fgnu-runtime
FAIL: objc/execute/bf-6.m compilation, -O1 -fnext-runtime
UNRESOLVED: objc/execute/bf-6.m execution, -O1 -fnext-runtime
FAIL: objc/execute/bf-6.m execution, -O2 -fgnu-runtime
FAIL: objc/execute/bf-6.m compilation, -O2 -fnext-runtime
UNRESOLVED: objc/execute/bf-6.m execution, -O2 -fnext-runtime
FAIL: objc/execute/bf-6.m execution, -O3 -fomit-frame-pointer -fgnu-
runtime
FAIL: objc/execute/bf-6.m compilation, -O3 -fomit-frame-pointer -
fnext-runtime
UNRESOLVED: objc/execute/bf-6.m execution, -O3 -fomit-frame-pointer -
fnext-runtime
FAIL: objc/execute/bf-6.m execution, -O3 -g -fgnu-runtime
FAIL: objc/execute/bf-6.m compilation, -O3 -g -fnext-runtime
UNRESOLVED: objc/execute/bf-6.m execution, -O3 -g -fnext-runtime
FAIL: objc/execute/bf-6.m execution, -Os -fgnu-runtime
FAIL: objc/execute/bf-6.m compilation, -Os -fnext-runtime
UNRESOLVED: objc/execute/bf-6.m execution, -Os -fnext-runtime
FAIL: objc/execute/bf-7.m execution, -O0 -fgnu-runtime
FAIL: objc/execute/bf-7.m compilation, -O0 -fnext-runtime
UNRESOLVED: objc/execute/bf-7.m execution, -O0 -fnext-runtime
FAIL: objc/execute/bf-7.m execution, -O1 -fgnu-runtime
FAIL: objc/execute/bf-7.m compilation, -O1 -fnext-runtime
UNRESOLVED: objc/execute/bf-7.m execution, -O1 -fnext-runtime
FAIL: objc/execute/bf-7.m execution, -O2 -fgnu-runtime
FAIL: objc/execute/bf-7.m compilation, -O2 -fnext-runtime
UNRESOLVED: objc/execute/bf-7.m execution, -O2 -fnext-runtime
FAIL: objc/execute/bf-7.m execution, -O3 -fomit-frame-pointer -fgnu-
runtime
FAIL: objc/execute/bf-7.m compilation, -O3 -fomit-frame-pointer -
fnext-runtime
UNRESOLVED: objc/execute/bf-7.m execution, -O3 -fomit-frame-pointer -
fnext-runtime
FAIL: objc/execute/bf-7.m execution, -O3 -g -fgnu-runtime
FAIL: objc/execute/bf-7.m compilation, -O3 -g -fnext-runtime
UNRESOLVED: objc/execute/bf-7.m execution, -O3 -g -fnext-runtime
FAIL: objc/execute/bf-7.m execution, -Os -fgnu-runtime
FAIL: objc/execute/bf-7.m compilation, -Os -fnext-runtime
UNRESOLVED: objc/execute/bf-7.m execution, -Os -fnext-runtime
FAIL: objc/execute/bf-8.m execution, -O0 -fgnu-runtime
FAIL: objc/execute/bf-8.m compilation, -O0 -fnext-runtime
UNRESOLVED: objc/execute/bf-8.m execution, -O0 -fnext-runtime
FAIL: objc/execute/bf-8.m execution, -O1 -fgnu-runtime
FAIL: objc/execute/bf-8.m compilation, -O1 -fnext-runtime
UNRESOLVED: objc/execute/bf-8.m execution, -O1 -fnext-runtime
FAIL: objc/execute/bf-8.m execution, -O2 -fgnu-runtime
FAIL: objc/execute/bf-8.m compilation, -O2 -fnext-runtime
UNRESOLVED: objc/execute/bf-8.m execution, -O2 -fnext-runtime
FAIL: objc/execute/bf-8.m execution, -O3 -fomit-frame-pointer -fgnu-
runtime
FAIL: objc/execute/bf-8.m compilation, -O3 -fomit-frame-pointer -
fnext-runtime
UNRESOLVED: objc/execute/bf-8.m execution, -O3 -fomit-frame-pointer -
fnext-runtime
FAIL: objc/execute/bf-8.m execution, -O3 -g -fgnu-runtime
FAIL: objc/execute/bf-8.m compilation, -O3 -g -fnext-runtime
UNRESOLVED: objc/execute/bf-8.m execution, -O3 -g -fnext-runtime
FAIL: objc/execute/bf-8.m execution, -Os -fgnu-runtime
FAIL: objc/execute/bf-8.m compilation, -Os -fnext-runtime
UNRESOLVED: objc/execute/bf-8.m execution, -Os -fnext-runtime
FAIL: objc/execute/bf-9.m execution, -O0 -fgnu-runtime
FAIL: objc/execute/bf-9.m compilation, -O0 -fnext-runtime
UNRESOLVED: objc/execute/bf-9.m execution, -O0 -fnext-runtime
FAIL: objc/execute/bf-9.m execution, -O1 -fgnu-runtime
FAIL: objc/execute/bf-9.m compilation, -O1 -fnext-runtime
UNRESOLVED: objc/execute/bf-9.m execution, -O1 -fnext-runtime
FAIL: objc/execute/bf-9.m execution, -O2 -fgnu-runtime
FAIL: objc/execute/bf-9.m compilation, -O2 -fnext-runtime
UNRESOLVED: objc/execute/bf-9.m execution, -O2 -fnext-runtime
FAIL: objc/execute/bf-9.m execution, -O3 -fomit-frame-pointer -fgnu-
runtime
FAIL: objc/execute/bf-9.m compilation, -O3 -fomit-frame-pointer -
fnext-runtime
UNRESOLVED: objc/execute/bf-9.m execution, -O3 -fomit-frame-pointer -
fnext-runtime
FAIL: objc/execute/bf-9.m execution, -O3 -g -fgnu-runtime
FAIL: objc/execute/bf-9.m compilation, -O3 -g -fnext-runtime
UNRESOLVED: objc/execute/bf-9.m execution, -O3 -g -fnext-runtime
FAIL: objc/execute/bf-9.m execution, -Os -fgnu-runtime
FAIL: objc/execute/bf-9.m compilation, -Os -fnext-runtime
UNRESOLVED: objc/execute/bf-9.m execution, -Os -fnext-runtime
FAIL: objc/execute/bycopy-1.m compilation, -O0 -fnext-runtime
UNRESOLVED: objc/execute/bycopy-1.m execution, -O0 -fnext-runtime
FAIL: objc/execute/bycopy-1.m compilation, -O1 -fnext-runtime
UNRESOLVED: objc/execute/bycopy-1.m execution, -O1 -fnext-runtime
FAIL: objc/execute/bycopy-1.m compilation, -O2 -fnext-runtime
UNRESOLVED: objc/execute/bycopy-1.m execution, -O2 -fnext-runtime
FAIL: objc/execute/bycopy-1.m compilation, -O3 -fomit-frame-pointer -
fnext-runtime
UNRESOLVED: objc/execute/bycopy-1.m execution, -O3 -fomit-frame-
pointer -fnext-runtime
FAIL: objc/execute/bycopy-1.m compilation, -O3 -g -fnext-runtime
UNRESOLVED: objc/execute/bycopy-1.m execution, -O3 -g -fnext-runtime
FAIL: objc/execute/bycopy-1.m compilation, -Os -fnext-runtime
UNRESOLVED: objc/execute/bycopy-1.m execution, -Os -fnext-runtime
FAIL: objc/execute/bycopy-2.m compilation, -O0 -fnext-runtime
UNRESOLVED: objc/execute/bycopy-2.m execution, -O0 -fnext-runtime
FAIL: objc/execute/bycopy-2.m compilation, -O1 -fnext-runtime
UNRESOLVED: objc/execute/bycopy-2.m execution, -O1 -fnext-runtime
FAIL: objc/execute/bycopy-2.m compilation, -O2 -fnext-runtime
UNRESOLVED: objc/execute/bycopy-2.m execution, -O2 -fnext-runtime
FAIL: objc/execute/bycopy-2.m compilation, -O3 -fomit-frame-pointer -
fnext-runtime
UNRESOLVED: objc/execute/bycopy-2.m execution, -O3 -fomit-frame-
pointer -fnext-runtime
FAIL: objc/execute/bycopy-2.m compilation, -O3 -g -fnext-runtime
UNRESOLVED: objc/execute/bycopy-2.m execution, -O3 -g -fnext-runtime
FAIL: objc/execute/bycopy-2.m compilation, -Os -fnext-runtime
UNRESOLVED: objc/execute/bycopy-2.m execution, -Os -fnext-runtime
FAIL: objc/execute/bycopy-3.m compilation, -O0 -fnext-runtime
UNRESOLVED: objc/execute/bycopy-3.m execution, -O0 -fnext-runtime
FAIL: objc/execute/bycopy-3.m compilation, -O1 -fnext-runtime
UNRESOLVED: objc/execute/bycopy-3.m execution, -O1 -fnext-runtime
FAIL: objc/execute/bycopy-3.m compilation, -O2 -fnext-runtime
UNRESOLVED: objc/execute/bycopy-3.m execution, -O2 -fnext-runtime
FAIL: objc/execute/bycopy-3.m compilation, -O3 -fomit-frame-pointer -
fnext-runtime
UNRESOLVED: objc/execute/bycopy-3.m execution, -O3 -fomit-frame-
pointer -fnext-runtime
FAIL: objc/execute/bycopy-3.m compilation, -O3 -g -fnext-runtime
UNRESOLVED: objc/execute/bycopy-3.m execution, -O3 -g -fnext-runtime
FAIL: objc/execute/bycopy-3.m compilation, -Os -fnext-runtime
UNRESOLVED: objc/execute/bycopy-3.m execution, -Os -fnext-runtime
FAIL: objc/execute/cascading-1.m compilation, -O0 -fnext-runtime
UNRESOLVED: objc/execute/cascading-1.m execution, -O0 -fnext-runtime
FAIL: objc/execute/cascading-1.m compilation, -O1 -fnext-runtime
UNRESOLVED: objc/execute/cascading-1.m execution, -O1 -fnext-runtime
FAIL: objc/execute/cascading-1.m compilation, -O2 -fnext-runtime
UNRESOLVED: objc/execute/cascading-1.m execution, -O2 -fnext-runtime
FAIL: objc/execute/cascading-1.m compilation, -O3 -fomit-frame-
pointer -fnext-runtime
UNRESOLVED: objc/execute/cascading-1.m execution, -O3 -fomit-frame-
pointer -fnext-runtime
FAIL: objc/execute/cascading-1.m compilation, -O3 -g -fnext-runtime
UNRESOLVED: objc/execute/cascading-1.m execution, -O3 -g -fnext-runtime
FAIL: objc/execute/cascading-1.m compilation, -Os -fnext-runtime
UNRESOLVED: objc/execute/cascading-1.m execution, -Os -fnext-runtime
FAIL: objc/execute/class-1.m compilation, -O0 -fnext-runtime
UNRESOLVED: objc/execute/class-1.m execution, -O0 -fnext-runtime
FAIL: objc/execute/class-1.m compilation, -O1 -fnext-runtime
UNRESOLVED: objc/execute/class-1.m execution, -O1 -fnext-runtime
FAIL: objc/execute/class-1.m compilation, -O2 -fnext-runtime
UNRESOLVED: objc/execute/class-1.m execution, -O2 -fnext-runtime
FAIL: objc/execute/class-1.m compilation, -O3 -fomit-frame-pointer -
fnext-runtime
UNRESOLVED: objc/execute/class-1.m execution, -O3 -fomit-frame-
pointer -fnext-runtime
FAIL: objc/execute/class-1.m compilation, -O3 -g -fnext-runtime
UNRESOLVED: objc/execute/class-1.m execution, -O3 -g -fnext-runtime
FAIL: objc/execute/class-1.m compilation, -Os -fnext-runtime
UNRESOLVED: objc/execute/class-1.m execution, -Os -fnext-runtime
FAIL: objc/execute/class-10.m compilation, -O0 -fnext-runtime
UNRESOLVED: objc/execute/class-10.m execution, -O0 -fnext-runtime
FAIL: objc/execute/class-10.m compilation, -O1 -fnext-runtime
UNRESOLVED: objc/execute/class-10.m execution, -O1 -fnext-runtime
FAIL: objc/execute/class-10.m compilation, -O2 -fnext-runtime
UNRESOLVED: objc/execute/class-10.m execution, -O2 -fnext-runtime
FAIL: objc/execute/class-10.m compilation, -O3 -fomit-frame-pointer -
fnext-runtime
UNRESOLVED: objc/execute/class-10.m execution, -O3 -fomit-frame-
pointer -fnext-runtime
FAIL: objc/execute/class-10.m compilation, -O3 -g -fnext-runtime
UNRESOLVED: objc/execute/class-10.m execution, -O3 -g -fnext-runtime
FAIL: objc/execute/class-10.m compilation, -Os -fnext-runtime
UNRESOLVED: objc/execute/class-10.m execution, -Os -fnext-runtime
FAIL: objc/execute/class-11.m compilation, -O0 -fnext-runtime
UNRESOLVED: objc/execute/class-11.m execution, -O0 -fnext-runtime
FAIL: objc/execute/class-11.m compilation, -O1 -fnext-runtime
UNRESOLVED: objc/execute/class-11.m execution, -O1 -fnext-runtime
FAIL: objc/execute/class-11.m compilation, -O2 -fnext-runtime
UNRESOLVED: objc/execute/class-11.m execution, -O2 -fnext-runtime
FAIL: objc/execute/class-11.m compilation, -O3 -fomit-frame-pointer -
fnext-runtime
UNRESOLVED: objc/execute/class-11.m execution, -O3 -fomit-frame-
pointer -fnext-runtime
FAIL: objc/execute/class-11.m compilation, -O3 -g -fnext-runtime
UNRESOLVED: objc/execute/class-11.m execution, -O3 -g -fnext-runtime
FAIL: objc/execute/class-11.m compilation, -Os -fnext-runtime
UNRESOLVED: objc/execute/class-11.m execution, -Os -fnext-runtime
FAIL: objc/execute/class-12.m compilation, -O0 -fnext-runtime
UNRESOLVED: objc/execute/class-12.m execution, -O0 -fnext-runtime
FAIL: objc/execute/class-12.m compilation, -O1 -fnext-runtime
UNRESOLVED: objc/execute/class-12.m execution, -O1 -fnext-runtime
FAIL: objc/execute/class-12.m compilation, -O2 -fnext-runtime
UNRESOLVED: objc/execute/class-12.m execution, -O2 -fnext-runtime
FAIL: objc/execute/class-12.m compilation, -O3 -fomit-frame-pointer -
fnext-runtime
UNRESOLVED: objc/execute/class-12.m execution, -O3 -fomit-frame-
pointer -fnext-runtime
FAIL: objc/execute/class-12.m compilation, -O3 -g -fnext-runtime
UNRESOLVED: objc/execute/class-12.m execution, -O3 -g -fnext-runtime
FAIL: objc/execute/class-12.m compilation, -Os -fnext-runtime
UNRESOLVED: objc/execute/class-12.m execution, -Os -fnext-runtime
FAIL: objc/execute/class-13.m compilation, -O0 -fnext-runtime
UNRESOLVED: objc/execute/class-13.m execution, -O0 -fnext-runtime
FAIL: objc/execute/class-13.m compilation, -O1 -fnext-runtime
UNRESOLVED: objc/execute/class-13.m execution, -O1 -fnext-runtime
FAIL: objc/execute/class-13.m compilation, -O2 -fnext-runtime
UNRESOLVED: objc/execute/class-13.m execution, -O2 -fnext-runtime
FAIL: objc/execute/class-13.m compilation, -O3 -fomit-frame-pointer -
fnext-runtime
UNRESOLVED: objc/execute/class-13.m execution, -O3 -fomit-frame-
pointer -fnext-runtime
FAIL: objc/execute/class-13.m compilation, -O3 -g -fnext-runtime
UNRESOLVED: objc/execute/class-13.m execution, -O3 -g -fnext-runtime
FAIL: objc/execute/class-13.m compilation, -Os -fnext-runtime
UNRESOLVED: objc/execute/class-13.m execution, -Os -fnext-runtime
FAIL: objc/execute/class-14.m compilation, -O0 -fnext-runtime
UNRESOLVED: objc/execute/class-14.m execution, -O0 -fnext-runtime
FAIL: objc/execute/class-14.m compilation, -O1 -fnext-runtime
UNRESOLVED: objc/execute/class-14.m execution, -O1 -fnext-runtime
FAIL: objc/execute/class-14.m compilation, -O2 -fnext-runtime
UNRESOLVED: objc/execute/class-14.m execution, -O2 -fnext-runtime
FAIL: objc/execute/class-14.m compilation, -O3 -fomit-frame-pointer -
fnext-runtime
UNRESOLVED: objc/execute/class-14.m execution, -O3 -fomit-frame-
pointer -fnext-runtime
FAIL: objc/execute/class-14.m compilation, -O3 -g -fnext-runtime
UNRESOLVED: objc/execute/class-14.m execution, -O3 -g -fnext-runtime
FAIL: objc/execute/class-14.m compilation, -Os -fnext-runtime
UNRESOLVED: objc/execute/class-14.m execution, -Os -fnext-runtime
FAIL: objc/execute/class-2.m compilation, -O0 -fnext-runtime
UNRESOLVED: objc/execute/class-2.m execution, -O0 -fnext-runtime
FAIL: objc/execute/class-2.m compilation, -O1 -fnext-runtime
UNRESOLVED: objc/execute/class-2.m execution, -O1 -fnext-runtime
FAIL: objc/execute/class-2.m compilation, -O2 -fnext-runtime
UNRESOLVED: objc/execute/class-2.m execution, -O2 -fnext-runtime
FAIL: objc/execute/class-2.m compilation, -O3 -fomit-frame-pointer -
fnext-runtime
UNRESOLVED: objc/execute/class-2.m execution, -O3 -fomit-frame-
pointer -fnext-runtime
FAIL: objc/execute/class-2.m compilation, -O3 -g -fnext-runtime
UNRESOLVED: objc/execute/class-2.m execution, -O3 -g -fnext-runtime
FAIL: objc/execute/class-2.m compilation, -Os -fnext-runtime
UNRESOLVED: objc/execute/class-2.m execution, -Os -fnext-runtime
FAIL: objc/execute/class-3.m compilation, -O0 -fnext-runtime
UNRESOLVED: objc/execute/class-3.m execution, -O0 -fnext-runtime
FAIL: objc/execute/class-3.m compilation, -O1 -fnext-runtime
UNRESOLVED: objc/execute/class-3.m execution, -O1 -fnext-runtime
FAIL: objc/execute/class-3.m compilation, -O2 -fnext-runtime
UNRESOLVED: objc/execute/class-3.m execution, -O2 -fnext-runtime
FAIL: objc/execute/class-3.m compilation, -O3 -fomit-frame-pointer -
fnext-runtime
UNRESOLVED: objc/execute/class-3.m execution, -O3 -fomit-frame-
pointer -fnext-runtime
FAIL: objc/execute/class-3.m compilation, -O3 -g -fnext-runtime
UNRESOLVED: objc/execute/class-3.m execution, -O3 -g -fnext-runtime
FAIL: objc/execute/class-3.m compilation, -Os -fnext-runtime
UNRESOLVED: objc/execute/class-3.m execution, -Os -fnext-runtime
FAIL: objc/execute/class-4.m compilation, -O0 -fnext-runtime
UNRESOLVED: objc/execute/class-4.m execution, -O0 -fnext-runtime
FAIL: objc/execute/class-4.m compilation, -O1 -fnext-runtime
UNRESOLVED: objc/execute/class-4.m execution, -O1 -fnext-runtime
FAIL: objc/execute/class-4.m compilation, -O2 -fnext-runtime
UNRESOLVED: objc/execute/class-4.m execution, -O2 -fnext-runtime
FAIL: objc/execute/class-4.m compilation, -O3 -fomit-frame-pointer -
fnext-runtime
UNRESOLVED: objc/execute/class-4.m execution, -O3 -fomit-frame-
pointer -fnext-runtime
FAIL: objc/execute/class-4.m compilation, -O3 -g -fnext-runtime
UNRESOLVED: objc/execute/class-4.m execution, -O3 -g -fnext-runtime
FAIL: objc/execute/class-4.m compilation, -Os -fnext-runtime
UNRESOLVED: objc/execute/class-4.m execution, -Os -fnext-runtime
FAIL: objc/execute/class-5.m compilation, -O0 -fnext-runtime
UNRESOLVED: objc/execute/class-5.m execution, -O0 -fnext-runtime
FAIL: objc/execute/class-5.m compilation, -O1 -fnext-runtime
UNRESOLVED: objc/execute/class-5.m execution, -O1 -fnext-runtime
FAIL: objc/execute/class-5.m compilation, -O2 -fnext-runtime
UNRESOLVED: objc/execute/class-5.m execution, -O2 -fnext-runtime
FAIL: objc/execute/class-5.m compilation, -O3 -fomit-frame-pointer -
fnext-runtime
UNRESOLVED: objc/execute/class-5.m execution, -O3 -fomit-frame-
pointer -fnext-runtime
FAIL: objc/execute/class-5.m compilation, -O3 -g -fnext-runtime
UNRESOLVED: objc/execute/class-5.m execution, -O3 -g -fnext-runtime
FAIL: objc/execute/class-5.m compilation, -Os -fnext-runtime
UNRESOLVED: objc/execute/class-5.m execution, -Os -fnext-runtime
FAIL: objc/execute/class-6.m compilation, -O0 -fnext-runtime
UNRESOLVED: objc/execute/class-6.m execution, -O0 -fnext-runtime
FAIL: objc/execute/class-6.m compilation, -O1 -fnext-runtime
UNRESOLVED: objc/execute/class-6.m execution, -O1 -fnext-runtime
FAIL: objc/execute/class-6.m compilation, -O2 -fnext-runtime
UNRESOLVED: objc/execute/class-6.m execution, -O2 -fnext-runtime
FAIL: objc/execute/class-6.m compilation, -O3 -fomit-frame-pointer -
fnext-runtime
UNRESOLVED: objc/execute/class-6.m execution, -O3 -fomit-frame-
pointer -fnext-runtime
FAIL: objc/execute/class-6.m compilation, -O3 -g -fnext-runtime
UNRESOLVED: objc/execute/class-6.m execution, -O3 -g -fnext-runtime
FAIL: objc/execute/class-6.m compilation, -Os -fnext-runtime
UNRESOLVED: objc/execute/class-6.m execution, -Os -fnext-runtime
FAIL: objc/execute/class-7.m compilation, -O0 -fnext-runtime
UNRESOLVED: objc/execute/class-7.m execution, -O0 -fnext-runtime
FAIL: objc/execute/class-7.m compilation, -O1 -fnext-runtime
UNRESOLVED: objc/execute/class-7.m execution, -O1 -fnext-runtime
FAIL: objc/execute/class-7.m compilation, -O2 -fnext-runtime
UNRESOLVED: objc/execute/class-7.m execution, -O2 -fnext-runtime
FAIL: objc/execute/class-7.m compilation, -O3 -fomit-frame-pointer -
fnext-runtime
UNRESOLVED: objc/execute/class-7.m execution, -O3 -fomit-frame-
pointer -fnext-runtime
FAIL: objc/execute/class-7.m compilation, -O3 -g -fnext-runtime
UNRESOLVED: objc/execute/class-7.m execution, -O3 -g -fnext-runtime
FAIL: objc/execute/class-7.m compilation, -Os -fnext-runtime
UNRESOLVED: objc/execute/class-7.m execution, -Os -fnext-runtime
FAIL: objc/execute/class-8.m compilation, -O0 -fnext-runtime
UNRESOLVED: objc/execute/class-8.m execution, -O0 -fnext-runtime
FAIL: objc/execute/class-8.m compilation, -O1 -fnext-runtime
UNRESOLVED: objc/execute/class-8.m execution, -O1 -fnext-runtime
FAIL: objc/execute/class-8.m compilation, -O2 -fnext-runtime
UNRESOLVED: objc/execute/class-8.m execution, -O2 -fnext-runtime
FAIL: objc/execute/class-8.m compilation, -O3 -fomit-frame-pointer -
fnext-runtime
UNRESOLVED: objc/execute/class-8.m execution, -O3 -fomit-frame-
pointer -fnext-runtime
FAIL: objc/execute/class-8.m compilation, -O3 -g -fnext-runtime
UNRESOLVED: objc/execute/class-8.m execution, -O3 -g -fnext-runtime
FAIL: objc/execute/class-8.m compilation, -Os -fnext-runtime
UNRESOLVED: objc/execute/class-8.m execution, -Os -fnext-runtime
FAIL: objc/execute/class-9.m compilation, -O0 -fnext-runtime
UNRESOLVED: objc/execute/class-9.m execution, -O0 -fnext-runtime
FAIL: objc/execute/class-9.m compilation, -O1 -fnext-runtime
UNRESOLVED: objc/execute/class-9.m execution, -O1 -fnext-runtime
FAIL: objc/execute/class-9.m compilation, -O2 -fnext-runtime
UNRESOLVED: objc/execute/class-9.m execution, -O2 -fnext-runtime
FAIL: objc/execute/class-9.m compilation, -O3 -fomit-frame-pointer -
fnext-runtime
UNRESOLVED: objc/execute/class-9.m execution, -O3 -fomit-frame-
pointer -fnext-runtime
FAIL: objc/execute/class-9.m compilation, -O3 -g -fnext-runtime
UNRESOLVED: objc/execute/class-9.m execution, -O3 -g -fnext-runtime
FAIL: objc/execute/class-9.m compilation, -Os -fnext-runtime
UNRESOLVED: objc/execute/class-9.m execution, -Os -fnext-runtime
FAIL: objc/execute/class_self-1.m execution, -O0 -fnext-runtime
FAIL: objc/execute/class_self-1.m execution, -O1 -fnext-runtime
FAIL: objc/execute/class_self-1.m execution, -O2 -fnext-runtime
FAIL: objc/execute/class_self-1.m execution, -O3 -fomit-frame-pointer
-fnext-runtime
FAIL: objc/execute/class_self-1.m execution, -O3 -g -fnext-runtime
FAIL: objc/execute/class_self-1.m execution, -Os -fnext-runtime
FAIL: objc/execute/class_self-2.m execution, -O0 -fnext-runtime
FAIL: objc/execute/class_self-2.m execution, -O1 -fnext-runtime
FAIL: objc/execute/class_self-2.m execution, -O2 -fnext-runtime
FAIL: objc/execute/class_self-2.m execution, -O3 -fomit-frame-pointer
-fnext-runtime
FAIL: objc/execute/class_self-2.m execution, -O3 -g -fnext-runtime
FAIL: objc/execute/class_self-2.m execution, -Os -fnext-runtime
FAIL: objc/execute/compatibility_alias.m compilation, -O0 -fnext-
runtime
UNRESOLVED: objc/execute/compatibility_alias.m execution, -O0 -fnext-
runtime
FAIL: objc/execute/compatibility_alias.m compilation, -O1 -fnext-
runtime
UNRESOLVED: objc/execute/compatibility_alias.m execution, -O1 -fnext-
runtime
FAIL: objc/execute/compatibility_alias.m compilation, -O2 -fnext-
runtime
UNRESOLVED: objc/execute/compatibility_alias.m execution, -O2 -fnext-
runtime
FAIL: objc/execute/compatibility_alias.m compilation, -O3 -fomit-
frame-pointer -fnext-runtime
UNRESOLVED: objc/execute/compatibility_alias.m execution, -O3 -fomit-
frame-pointer -fnext-runtime
FAIL: objc/execute/compatibility_alias.m compilation, -O3 -g -fnext-
runtime
UNRESOLVED: objc/execute/compatibility_alias.m execution, -O3 -g -
fnext-runtime
FAIL: objc/execute/compatibility_alias.m compilation, -Os -fnext-
runtime
UNRESOLVED: objc/execute/compatibility_alias.m execution, -Os -fnext-
runtime
FAIL: objc/execute/enumeration-1.m compilation, -O0 -fnext-runtime
UNRESOLVED: objc/execute/enumeration-1.m execution, -O0 -fnext-runtime
FAIL: objc/execute/enumeration-1.m compilation, -O1 -fnext-runtime
UNRESOLVED: objc/execute/enumeration-1.m execution, -O1 -fnext-runtime
FAIL: objc/execute/enumeration-1.m compilation, -O2 -fnext-runtime
UNRESOLVED: objc/execute/enumeration-1.m execution, -O2 -fnext-runtime
FAIL: objc/execute/enumeration-1.m compilation, -O3 -fomit-frame-
pointer -fnext-runtime
UNRESOLVED: objc/execute/enumeration-1.m execution, -O3 -fomit-frame-
pointer -fnext-runtime
FAIL: objc/execute/enumeration-1.m compilation, -O3 -g -fnext-runtime
UNRESOLVED: objc/execute/enumeration-1.m execution, -O3 -g -fnext-
runtime
FAIL: objc/execute/enumeration-1.m compilation, -Os -fnext-runtime
UNRESOLVED: objc/execute/enumeration-1.m execution, -Os -fnext-runtime
FAIL: objc/execute/enumeration-2.m compilation, -O0 -fnext-runtime
UNRESOLVED: objc/execute/enumeration-2.m execution, -O0 -fnext-runtime
FAIL: objc/execute/enumeration-2.m compilation, -O1 -fnext-runtime
UNRESOLVED: objc/execute/enumeration-2.m execution, -O1 -fnext-runtime
FAIL: objc/execute/enumeration-2.m compilation, -O2 -fnext-runtime
UNRESOLVED: objc/execute/enumeration-2.m execution, -O2 -fnext-runtime
FAIL: objc/execute/enumeration-2.m compilation, -O3 -fomit-frame-
pointer -fnext-runtime
UNRESOLVED: objc/execute/enumeration-2.m execution, -O3 -fomit-frame-
pointer -fnext-runtime
FAIL: objc/execute/enumeration-2.m compilation, -O3 -g -fnext-runtime
UNRESOLVED: objc/execute/enumeration-2.m execution, -O3 -g -fnext-
runtime
FAIL: objc/execute/enumeration-2.m compilation, -Os -fnext-runtime
UNRESOLVED: objc/execute/enumeration-2.m execution, -Os -fnext-runtime
FAIL: objc/execute/formal_protocol-1.m compilation, -O0 -fnext-runtime
UNRESOLVED: objc/execute/formal_protocol-1.m execution, -O0 -fnext-
runtime
FAIL: objc/execute/formal_protocol-1.m compilation, -O1 -fnext-runtime
UNRESOLVED: objc/execute/formal_protocol-1.m execution, -O1 -fnext-
runtime
FAIL: objc/execute/formal_protocol-1.m compilation, -O2 -fnext-runtime
UNRESOLVED: objc/execute/formal_protocol-1.m execution, -O2 -fnext-
runtime
FAIL: objc/execute/formal_protocol-1.m compilation, -O3 -fomit-frame-
pointer -fnext-runtime
UNRESOLVED: objc/execute/formal_protocol-1.m execution, -O3 -fomit-
frame-pointer -fnext-runtime
FAIL: objc/execute/formal_protocol-1.m compilation, -O3 -g -fnext-
runtime
UNRESOLVED: objc/execute/formal_protocol-1.m execution, -O3 -g -fnext-
runtime
FAIL: objc/execute/formal_protocol-1.m compilation, -Os -fnext-runtime
UNRESOLVED: objc/execute/formal_protocol-1.m execution, -Os -fnext-
runtime
FAIL: objc/execute/formal_protocol-2.m compilation, -O0 -fnext-runtime
UNRESOLVED: objc/execute/formal_protocol-2.m execution, -O0 -fnext-
runtime
FAIL: objc/execute/formal_protocol-2.m compilation, -O1 -fnext-runtime
UNRESOLVED: objc/execute/formal_protocol-2.m execution, -O1 -fnext-
runtime
FAIL: objc/execute/formal_protocol-2.m compilation, -O2 -fnext-runtime
UNRESOLVED: objc/execute/formal_protocol-2.m execution, -O2 -fnext-
runtime
FAIL: objc/execute/formal_protocol-2.m compilation, -O3 -fomit-frame-
pointer -fnext-runtime
UNRESOLVED: objc/execute/formal_protocol-2.m execution, -O3 -fomit-
frame-pointer -fnext-runtime
FAIL: objc/execute/formal_protocol-2.m compilation, -O3 -g -fnext-
runtime
UNRESOLVED: objc/execute/formal_protocol-2.m execution, -O3 -g -fnext-
runtime
FAIL: objc/execute/formal_protocol-2.m compilation, -Os -fnext-runtime
UNRESOLVED: objc/execute/formal_protocol-2.m execution, -Os -fnext-
runtime
FAIL: objc/execute/formal_protocol-3.m compilation, -O0 -fnext-runtime
UNRESOLVED: objc/execute/formal_protocol-3.m execution, -O0 -fnext-
runtime
FAIL: objc/execute/formal_protocol-3.m compilation, -O1 -fnext-runtime
UNRESOLVED: objc/execute/formal_protocol-3.m execution, -O1 -fnext-
runtime
FAIL: objc/execute/formal_protocol-3.m compilation, -O2 -fnext-runtime
UNRESOLVED: objc/execute/formal_protocol-3.m execution, -O2 -fnext-
runtime
FAIL: objc/execute/formal_protocol-3.m compilation, -O3 -fomit-frame-
pointer -fnext-runtime
UNRESOLVED: objc/execute/formal_protocol-3.m execution, -O3 -fomit-
frame-pointer -fnext-runtime
FAIL: objc/execute/formal_protocol-3.m compilation, -O3 -g -fnext-
runtime
UNRESOLVED: objc/execute/formal_protocol-3.m execution, -O3 -g -fnext-
runtime
FAIL: objc/execute/formal_protocol-3.m compilation, -Os -fnext-runtime
UNRESOLVED: objc/execute/formal_protocol-3.m execution, -Os -fnext-
runtime
FAIL: objc/execute/formal_protocol-4.m compilation, -O0 -fnext-runtime
UNRESOLVED: objc/execute/formal_protocol-4.m execution, -O0 -fnext-
runtime
FAIL: objc/execute/formal_protocol-4.m compilation, -O1 -fnext-runtime
UNRESOLVED: objc/execute/formal_protocol-4.m execution, -O1 -fnext-
runtime
FAIL: objc/execute/formal_protocol-4.m compilation, -O2 -fnext-runtime
UNRESOLVED: objc/execute/formal_protocol-4.m execution, -O2 -fnext-
runtime
FAIL: objc/execute/formal_protocol-4.m compilation, -O3 -fomit-frame-
pointer -fnext-runtime
UNRESOLVED: objc/execute/formal_protocol-4.m execution, -O3 -fomit-
frame-pointer -fnext-runtime
FAIL: objc/execute/formal_protocol-4.m compilation, -O3 -g -fnext-
runtime
UNRESOLVED: objc/execute/formal_protocol-4.m execution, -O3 -g -fnext-
runtime
FAIL: objc/execute/formal_protocol-4.m compilation, -Os -fnext-runtime
UNRESOLVED: objc/execute/formal_protocol-4.m execution, -Os -fnext-
runtime
FAIL: objc/execute/formal_protocol-5.m compilation, -O0 -fnext-runtime
UNRESOLVED: objc/execute/formal_protocol-5.m execution, -O0 -fnext-
runtime
FAIL: objc/execute/formal_protocol-5.m compilation, -O1 -fnext-runtime
UNRESOLVED: objc/execute/formal_protocol-5.m execution, -O1 -fnext-
runtime
FAIL: objc/execute/formal_protocol-5.m compilation, -O2 -fnext-runtime
UNRESOLVED: objc/execute/formal_protocol-5.m execution, -O2 -fnext-
runtime
FAIL: objc/execute/formal_protocol-5.m compilation, -O3 -fomit-frame-
pointer -fnext-runtime
UNRESOLVED: objc/execute/formal_protocol-5.m execution, -O3 -fomit-
frame-pointer -fnext-runtime
FAIL: objc/execute/formal_protocol-5.m compilation, -O3 -g -fnext-
runtime
UNRESOLVED: objc/execute/formal_protocol-5.m execution, -O3 -g -fnext-
runtime
FAIL: objc/execute/formal_protocol-5.m compilation, -Os -fnext-runtime
UNRESOLVED: objc/execute/formal_protocol-5.m execution, -Os -fnext-
runtime
FAIL: objc/execute/formal_protocol-6.m compilation, -O0 -fnext-runtime
UNRESOLVED: objc/execute/formal_protocol-6.m execution, -O0 -fnext-
runtime
FAIL: objc/execute/formal_protocol-6.m compilation, -O1 -fnext-runtime
UNRESOLVED: objc/execute/formal_protocol-6.m execution, -O1 -fnext-
runtime
FAIL: objc/execute/formal_protocol-6.m compilation, -O2 -fnext-runtime
UNRESOLVED: objc/execute/formal_protocol-6.m execution, -O2 -fnext-
runtime
FAIL: objc/execute/formal_protocol-6.m compilation, -O3 -fomit-frame-
pointer -fnext-runtime
UNRESOLVED: objc/execute/formal_protocol-6.m execution, -O3 -fomit-
frame-pointer -fnext-runtime
FAIL: objc/execute/formal_protocol-6.m compilation, -O3 -g -fnext-
runtime
UNRESOLVED: objc/execute/formal_protocol-6.m execution, -O3 -g -fnext-
runtime
FAIL: objc/execute/formal_protocol-6.m compilation, -Os -fnext-runtime
UNRESOLVED: objc/execute/formal_protocol-6.m execution, -Os -fnext-
runtime
FAIL: objc/execute/formal_protocol-7.m compilation, -O0 -fnext-runtime
UNRESOLVED: objc/execute/formal_protocol-7.m execution, -O0 -fnext-
runtime
FAIL: objc/execute/formal_protocol-7.m compilation, -O1 -fnext-runtime
UNRESOLVED: objc/execute/formal_protocol-7.m execution, -O1 -fnext-
runtime
FAIL: objc/execute/formal_protocol-7.m compilation, -O2 -fnext-runtime
UNRESOLVED: objc/execute/formal_protocol-7.m execution, -O2 -fnext-
runtime
FAIL: objc/execute/formal_protocol-7.m compilation, -O3 -fomit-frame-
pointer -fnext-runtime
UNRESOLVED: objc/execute/formal_protocol-7.m execution, -O3 -fomit-
frame-pointer -fnext-runtime
FAIL: objc/execute/formal_protocol-7.m compilation, -O3 -g -fnext-
runtime
UNRESOLVED: objc/execute/formal_protocol-7.m execution, -O3 -g -fnext-
runtime
FAIL: objc/execute/formal_protocol-7.m compilation, -Os -fnext-runtime
UNRESOLVED: objc/execute/formal_protocol-7.m execution, -Os -fnext-
runtime
FAIL: objc/execute/function-message-1.m compilation, -O0 -fnext-runtime
UNRESOLVED: objc/execute/function-message-1.m execution, -O0 -fnext-
runtime
FAIL: objc/execute/function-message-1.m compilation, -O1 -fnext-runtime
UNRESOLVED: objc/execute/function-message-1.m execution, -O1 -fnext-
runtime
FAIL: objc/execute/function-message-1.m compilation, -O2 -fnext-runtime
UNRESOLVED: objc/execute/function-message-1.m execution, -O2 -fnext-
runtime
FAIL: objc/execute/function-message-1.m compilation, -O3 -fomit-frame-
pointer -fnext-runtime
UNRESOLVED: objc/execute/function-message-1.m execution, -O3 -fomit-
frame-pointer -fnext-runtime
FAIL: objc/execute/function-message-1.m compilation, -O3 -g -fnext-
runtime
UNRESOLVED: objc/execute/function-message-1.m execution, -O3 -g -
fnext-runtime
FAIL: objc/execute/function-message-1.m compilation, -Os -fnext-runtime
UNRESOLVED: objc/execute/function-message-1.m execution, -Os -fnext-
runtime
FAIL: objc/execute/initialize.m execution, -O0 -fnext-runtime
FAIL: objc/execute/initialize.m execution, -O1 -fnext-runtime
FAIL: objc/execute/initialize.m execution, -O2 -fnext-runtime
FAIL: objc/execute/initialize.m execution, -O3 -fomit-frame-pointer -
fnext-runtime
FAIL: objc/execute/initialize.m execution, -O3 -g -fnext-runtime
FAIL: objc/execute/initialize.m execution, -Os -fnext-runtime
FAIL: objc/execute/load-2.m execution, -O0 -fnext-runtime
FAIL: objc/execute/load-2.m execution, -O1 -fnext-runtime
FAIL: objc/execute/load-2.m execution, -O2 -fnext-runtime
FAIL: objc/execute/load-2.m execution, -O3 -fomit-frame-pointer -
fnext-runtime
FAIL: objc/execute/load-2.m execution, -O3 -g -fnext-runtime
FAIL: objc/execute/load-2.m execution, -Os -fnext-runtime
FAIL: objc/execute/load-3.m compilation, -O0 -fnext-runtime
UNRESOLVED: objc/execute/load-3.m execution, -O0 -fnext-runtime
FAIL: objc/execute/load-3.m compilation, -O1 -fnext-runtime
UNRESOLVED: objc/execute/load-3.m execution, -O1 -fnext-runtime
FAIL: objc/execute/load-3.m compilation, -O2 -fnext-runtime
UNRESOLVED: objc/execute/load-3.m execution, -O2 -fnext-runtime
FAIL: objc/execute/load-3.m compilation, -O3 -fomit-frame-pointer -
fnext-runtime
UNRESOLVED: objc/execute/load-3.m execution, -O3 -fomit-frame-pointer
-fnext-runtime
FAIL: objc/execute/load-3.m compilation, -O3 -fomit-frame-pointer -
funroll-loops -fnext-runtime
UNRESOLVED: objc/execute/load-3.m execution, -O3 -fomit-frame-pointer
-funroll-loops -fnext-runtime
FAIL: objc/execute/load-3.m compilation, -O3 -fomit-frame-pointer -
funroll-all-loops -finline-functions -fnext-runtime
UNRESOLVED: objc/execute/load-3.m execution, -O3 -fomit-frame-pointer
-funroll-all-loops -finline-functions -fnext-runtime
FAIL: objc/execute/load-3.m compilation, -O3 -g -fnext-runtime
UNRESOLVED: objc/execute/load-3.m execution, -O3 -g -fnext-runtime
FAIL: objc/execute/load-3.m compilation, -Os -fnext-runtime
UNRESOLVED: objc/execute/load-3.m execution, -Os -fnext-runtime
FAIL: objc/execute/load.m execution, -O0 -fnext-runtime
FAIL: objc/execute/load.m execution, -O1 -fnext-runtime
FAIL: objc/execute/load.m execution, -O2 -fnext-runtime
FAIL: objc/execute/load.m execution, -O3 -fomit-frame-pointer -fnext-
runtime
FAIL: objc/execute/load.m execution, -O3 -g -fnext-runtime
FAIL: objc/execute/load.m execution, -Os -fnext-runtime
FAIL: objc/execute/many_args_method.m execution, -O0 -fnext-runtime
FAIL: objc/execute/many_args_method.m execution, -O1 -fnext-runtime
FAIL: objc/execute/many_args_method.m execution, -O2 -fnext-runtime
FAIL: objc/execute/many_args_method.m execution, -O3 -fomit-frame-
pointer -fnext-runtime
FAIL: objc/execute/many_args_method.m execution, -O3 -g -fnext-runtime
FAIL: objc/execute/many_args_method.m execution, -Os -fnext-runtime
FAIL: objc/execute/nested-3.m execution, -O0 -fnext-runtime
FAIL: objc/execute/nested-3.m execution, -O1 -fnext-runtime
FAIL: objc/execute/nested-3.m execution, -O2 -fnext-runtime
FAIL: objc/execute/nested-3.m execution, -O3 -fomit-frame-pointer -
fnext-runtime
FAIL: objc/execute/nested-3.m execution, -O3 -g -fnext-runtime
FAIL: objc/execute/nested-3.m execution, -Os -fnext-runtime
FAIL: objc/execute/nested-func-1.m compilation, -O0 -fnext-runtime
UNRESOLVED: objc/execute/nested-func-1.m execution, -O0 -fnext-runtime
FAIL: objc/execute/nested-func-1.m compilation, -O1 -fnext-runtime
UNRESOLVED: objc/execute/nested-func-1.m execution, -O1 -fnext-runtime
FAIL: objc/execute/nested-func-1.m compilation, -O2 -fnext-runtime
UNRESOLVED: objc/execute/nested-func-1.m execution, -O2 -fnext-runtime
FAIL: objc/execute/nested-func-1.m compilation, -O3 -fomit-frame-
pointer -fnext-runtime
UNRESOLVED: objc/execute/nested-func-1.m execution, -O3 -fomit-frame-
pointer -fnext-runtime
FAIL: objc/execute/nested-func-1.m compilation, -O3 -g -fnext-runtime
UNRESOLVED: objc/execute/nested-func-1.m execution, -O3 -g -fnext-
runtime
FAIL: objc/execute/nested-func-1.m compilation, -Os -fnext-runtime
UNRESOLVED: objc/execute/nested-func-1.m execution, -Os -fnext-runtime
FAIL: objc/execute/no_clash.m compilation, -O0 -fnext-runtime
UNRESOLVED: objc/execute/no_clash.m execution, -O0 -fnext-runtime
FAIL: objc/execute/no_clash.m compilation, -O1 -fnext-runtime
UNRESOLVED: objc/execute/no_clash.m execution, -O1 -fnext-runtime
FAIL: objc/execute/no_clash.m compilation, -O2 -fnext-runtime
UNRESOLVED: objc/execute/no_clash.m execution, -O2 -fnext-runtime
FAIL: objc/execute/no_clash.m compilation, -O3 -fomit-frame-pointer -
fnext-runtime
UNRESOLVED: objc/execute/no_clash.m execution, -O3 -fomit-frame-
pointer -fnext-runtime
FAIL: objc/execute/no_clash.m compilation, -O3 -g -fnext-runtime
UNRESOLVED: objc/execute/no_clash.m execution, -O3 -g -fnext-runtime
FAIL: objc/execute/no_clash.m compilation, -Os -fnext-runtime
UNRESOLVED: objc/execute/no_clash.m execution, -Os -fnext-runtime
FAIL: objc/execute/np-1.m compilation, -O0 -fnext-runtime
UNRESOLVED: objc/execute/np-1.m execution, -O0 -fnext-runtime
FAIL: objc/execute/np-1.m compilation, -O1 -fnext-runtime
UNRESOLVED: objc/execute/np-1.m execution, -O1 -fnext-runtime
FAIL: objc/execute/np-1.m compilation, -O2 -fnext-runtime
UNRESOLVED: objc/execute/np-1.m execution, -O2 -fnext-runtime
FAIL: objc/execute/np-1.m compilation, -O3 -fomit-frame-pointer -
fnext-runtime
UNRESOLVED: objc/execute/np-1.m execution, -O3 -fomit-frame-pointer -
fnext-runtime
FAIL: objc/execute/np-1.m compilation, -O3 -g -fnext-runtime
UNRESOLVED: objc/execute/np-1.m execution, -O3 -g -fnext-runtime
FAIL: objc/execute/np-1.m compilation, -Os -fnext-runtime
UNRESOLVED: objc/execute/np-1.m execution, -Os -fnext-runtime
FAIL: objc/execute/np-2.m compilation, -O0 -fnext-runtime
UNRESOLVED: objc/execute/np-2.m execution, -O0 -fnext-runtime
FAIL: objc/execute/np-2.m compilation, -O1 -fnext-runtime
UNRESOLVED: objc/execute/np-2.m execution, -O1 -fnext-runtime
FAIL: objc/execute/np-2.m compilation, -O2 -fnext-runtime
UNRESOLVED: objc/execute/np-2.m execution, -O2 -fnext-runtime
FAIL: objc/execute/np-2.m compilation, -O3 -fomit-frame-pointer -
fnext-runtime
UNRESOLVED: objc/execute/np-2.m execution, -O3 -fomit-frame-pointer -
fnext-runtime
FAIL: objc/execute/np-2.m compilation, -O3 -g -fnext-runtime
UNRESOLVED: objc/execute/np-2.m execution, -O3 -g -fnext-runtime
FAIL: objc/execute/np-2.m compilation, -Os -fnext-runtime
UNRESOLVED: objc/execute/np-2.m execution, -Os -fnext-runtime
FAIL: objc/execute/object_is_class.m compilation, -O0 -fnext-runtime
UNRESOLVED: objc/execute/object_is_class.m execution, -O0 -fnext-
runtime
FAIL: objc/execute/object_is_class.m compilation, -O1 -fnext-runtime
UNRESOLVED: objc/execute/object_is_class.m execution, -O1 -fnext-
runtime
FAIL: objc/execute/object_is_class.m compilation, -O2 -fnext-runtime
UNRESOLVED: objc/execute/object_is_class.m execution, -O2 -fnext-
runtime
FAIL: objc/execute/object_is_class.m compilation, -O3 -fomit-frame-
pointer -fnext-runtime
UNRESOLVED: objc/execute/object_is_class.m execution, -O3 -fomit-
frame-pointer -fnext-runtime
FAIL: objc/execute/object_is_class.m compilation, -O3 -g -fnext-runtime
UNRESOLVED: objc/execute/object_is_class.m execution, -O3 -g -fnext-
runtime
FAIL: objc/execute/object_is_class.m compilation, -Os -fnext-runtime
UNRESOLVED: objc/execute/object_is_class.m execution, -Os -fnext-
runtime
FAIL: objc/execute/object_is_meta_class.m compilation, -O0 -fnext-
runtime
UNRESOLVED: objc/execute/object_is_meta_class.m execution, -O0 -fnext-
runtime
FAIL: objc/execute/object_is_meta_class.m compilation, -O1 -fnext-
runtime
UNRESOLVED: objc/execute/object_is_meta_class.m execution, -O1 -fnext-
runtime
FAIL: objc/execute/object_is_meta_class.m compilation, -O2 -fnext-
runtime
UNRESOLVED: objc/execute/object_is_meta_class.m execution, -O2 -fnext-
runtime
FAIL: objc/execute/object_is_meta_class.m compilation, -O3 -fomit-
frame-pointer -fnext-runtime
UNRESOLVED: objc/execute/object_is_meta_class.m execution, -O3 -fomit-
frame-pointer -fnext-runtime
FAIL: objc/execute/object_is_meta_class.m compilation, -O3 -g -fnext-
runtime
UNRESOLVED: objc/execute/object_is_meta_class.m execution, -O3 -g -
fnext-runtime
FAIL: objc/execute/object_is_meta_class.m compilation, -Os -fnext-
runtime
UNRESOLVED: objc/execute/object_is_meta_class.m execution, -Os -fnext-
runtime
FAIL: objc/execute/private.m compilation, -O0 -fnext-runtime
UNRESOLVED: objc/execute/private.m execution, -O0 -fnext-runtime
FAIL: objc/execute/private.m compilation, -O1 -fnext-runtime
UNRESOLVED: objc/execute/private.m execution, -O1 -fnext-runtime
FAIL: objc/execute/private.m compilation, -O2 -fnext-runtime
UNRESOLVED: objc/execute/private.m execution, -O2 -fnext-runtime
FAIL: objc/execute/private.m compilation, -O3 -fomit-frame-pointer -
fnext-runtime
UNRESOLVED: objc/execute/private.m execution, -O3 -fomit-frame-
pointer -fnext-runtime
FAIL: objc/execute/private.m compilation, -O3 -g -fnext-runtime
UNRESOLVED: objc/execute/private.m execution, -O3 -g -fnext-runtime
FAIL: objc/execute/private.m compilation, -Os -fnext-runtime
UNRESOLVED: objc/execute/private.m execution, -Os -fnext-runtime
FAIL: objc/execute/protocol-isEqual-1.m compilation, -O0 -fnext-runtime
UNRESOLVED: objc/execute/protocol-isEqual-1.m execution, -O0 -fnext-
runtime
FAIL: objc/execute/protocol-isEqual-1.m compilation, -O1 -fnext-runtime
UNRESOLVED: objc/execute/protocol-isEqual-1.m execution, -O1 -fnext-
runtime
FAIL: objc/execute/protocol-isEqual-1.m compilation, -O2 -fnext-runtime
UNRESOLVED: objc/execute/protocol-isEqual-1.m execution, -O2 -fnext-
runtime
FAIL: objc/execute/protocol-isEqual-1.m compilation, -O3 -fomit-frame-
pointer -fnext-runtime
UNRESOLVED: objc/execute/protocol-isEqual-1.m execution, -O3 -fomit-
frame-pointer -fnext-runtime
FAIL: objc/execute/protocol-isEqual-1.m compilation, -O3 -g -fnext-
runtime
UNRESOLVED: objc/execute/protocol-isEqual-1.m execution, -O3 -g -
fnext-runtime
FAIL: objc/execute/protocol-isEqual-1.m compilation, -Os -fnext-runtime
UNRESOLVED: objc/execute/protocol-isEqual-1.m execution, -Os -fnext-
runtime
FAIL: objc/execute/protocol-isEqual-2.m compilation, -O0 -fnext-runtime
UNRESOLVED: objc/execute/protocol-isEqual-2.m execution, -O0 -fnext-
runtime
FAIL: objc/execute/protocol-isEqual-2.m compilation, -O1 -fnext-runtime
UNRESOLVED: objc/execute/protocol-isEqual-2.m execution, -O1 -fnext-
runtime
FAIL: objc/execute/protocol-isEqual-2.m compilation, -O2 -fnext-runtime
UNRESOLVED: objc/execute/protocol-isEqual-2.m execution, -O2 -fnext-
runtime
FAIL: objc/execute/protocol-isEqual-2.m compilation, -O3 -fomit-frame-
pointer -fnext-runtime
UNRESOLVED: objc/execute/protocol-isEqual-2.m execution, -O3 -fomit-
frame-pointer -fnext-runtime
FAIL: objc/execute/protocol-isEqual-2.m compilation, -O3 -g -fnext-
runtime
UNRESOLVED: objc/execute/protocol-isEqual-2.m execution, -O3 -g -
fnext-runtime
FAIL: objc/execute/protocol-isEqual-2.m compilation, -Os -fnext-runtime
UNRESOLVED: objc/execute/protocol-isEqual-2.m execution, -Os -fnext-
runtime
FAIL: objc/execute/protocol-isEqual-3.m compilation, -O0 -fnext-runtime
UNRESOLVED: objc/execute/protocol-isEqual-3.m execution, -O0 -fnext-
runtime
FAIL: objc/execute/protocol-isEqual-3.m compilation, -O1 -fnext-runtime
UNRESOLVED: objc/execute/protocol-isEqual-3.m execution, -O1 -fnext-
runtime
FAIL: objc/execute/protocol-isEqual-3.m compilation, -O2 -fnext-runtime
UNRESOLVED: objc/execute/protocol-isEqual-3.m execution, -O2 -fnext-
runtime
FAIL: objc/execute/protocol-isEqual-3.m compilation, -O3 -fomit-frame-
pointer -fnext-runtime
UNRESOLVED: objc/execute/protocol-isEqual-3.m execution, -O3 -fomit-
frame-pointer -fnext-runtime
FAIL: objc/execute/protocol-isEqual-3.m compilation, -O3 -g -fnext-
runtime
UNRESOLVED: objc/execute/protocol-isEqual-3.m execution, -O3 -g -
fnext-runtime
FAIL: objc/execute/protocol-isEqual-3.m compilation, -Os -fnext-runtime
UNRESOLVED: objc/execute/protocol-isEqual-3.m execution, -Os -fnext-
runtime
FAIL: objc/execute/protocol-isEqual-4.m compilation, -O0 -fnext-runtime
UNRESOLVED: objc/execute/protocol-isEqual-4.m execution, -O0 -fnext-
runtime
FAIL: objc/execute/protocol-isEqual-4.m compilation, -O1 -fnext-runtime
UNRESOLVED: objc/execute/protocol-isEqual-4.m execution, -O1 -fnext-
runtime
FAIL: objc/execute/protocol-isEqual-4.m compilation, -O2 -fnext-runtime
UNRESOLVED: objc/execute/protocol-isEqual-4.m execution, -O2 -fnext-
runtime
FAIL: objc/execute/protocol-isEqual-4.m compilation, -O3 -fomit-frame-
pointer -fnext-runtime
UNRESOLVED: objc/execute/protocol-isEqual-4.m execution, -O3 -fomit-
frame-pointer -fnext-runtime
FAIL: objc/execute/protocol-isEqual-4.m compilation, -O3 -g -fnext-
runtime
UNRESOLVED: objc/execute/protocol-isEqual-4.m execution, -O3 -g -
fnext-runtime
FAIL: objc/execute/protocol-isEqual-4.m compilation, -Os -fnext-runtime
UNRESOLVED: objc/execute/protocol-isEqual-4.m execution, -Os -fnext-
runtime
FAIL: objc/execute/redefining_self.m execution, -O0 -fnext-runtime
FAIL: objc/execute/redefining_self.m execution, -O1 -fnext-runtime
FAIL: objc/execute/redefining_self.m execution, -O2 -fnext-runtime
FAIL: objc/execute/redefining_self.m execution, -O3 -fomit-frame-
pointer -fnext-runtime
FAIL: objc/execute/redefining_self.m execution, -O3 -g -fnext-runtime
FAIL: objc/execute/redefining_self.m execution, -Os -fnext-runtime
FAIL: objc/execute/root_methods.m compilation, -O0 -fnext-runtime
UNRESOLVED: objc/execute/root_methods.m execution, -O0 -fnext-runtime
FAIL: objc/execute/root_methods.m compilation, -O1 -fnext-runtime
UNRESOLVED: objc/execute/root_methods.m execution, -O1 -fnext-runtime
FAIL: objc/execute/root_methods.m compilation, -O2 -fnext-runtime
UNRESOLVED: objc/execute/root_methods.m execution, -O2 -fnext-runtime
FAIL: objc/execute/root_methods.m compilation, -O3 -fomit-frame-
pointer -fnext-runtime
UNRESOLVED: objc/execute/root_methods.m execution, -O3 -fomit-frame-
pointer -fnext-runtime
FAIL: objc/execute/root_methods.m compilation, -O3 -g -fnext-runtime
UNRESOLVED: objc/execute/root_methods.m execution, -O3 -g -fnext-
runtime
FAIL: objc/execute/root_methods.m compilation, -Os -fnext-runtime
UNRESOLVED: objc/execute/root_methods.m execution, -Os -fnext-runtime
FAIL: objc/execute/static-1.m execution, -O0 -fnext-runtime
FAIL: objc/execute/static-1.m execution, -O1 -fnext-runtime
FAIL: objc/execute/static-1.m execution, -O2 -fnext-runtime
FAIL: objc/execute/static-1.m execution, -O3 -fomit-frame-pointer -
fnext-runtime
FAIL: objc/execute/static-1.m execution, -O3 -g -fnext-runtime
FAIL: objc/execute/static-1.m execution, -Os -fnext-runtime
FAIL: objc/execute/static-2.m execution, -O0 -fnext-runtime
FAIL: objc/execute/static-2.m execution, -O1 -fnext-runtime
FAIL: objc/execute/static-2.m execution, -O2 -fnext-runtime
FAIL: objc/execute/static-2.m execution, -O3 -fomit-frame-pointer -
fnext-runtime
FAIL: objc/execute/static-2.m execution, -O3 -g -fnext-runtime
FAIL: objc/execute/static-2.m execution, -Os -fnext-runtime
FAIL: objc/execute/string1.m compilation, -O0 -fnext-runtime
UNRESOLVED: objc/execute/string1.m execution, -O0 -fnext-runtime
FAIL: objc/execute/string1.m compilation, -O1 -fnext-runtime
UNRESOLVED: objc/execute/string1.m execution, -O1 -fnext-runtime
FAIL: objc/execute/string1.m compilation, -O2 -fnext-runtime
UNRESOLVED: objc/execute/string1.m execution, -O2 -fnext-runtime
FAIL: objc/execute/string1.m compilation, -O3 -fomit-frame-pointer -
fnext-runtime
UNRESOLVED: objc/execute/string1.m execution, -O3 -fomit-frame-
pointer -fnext-runtime
FAIL: objc/execute/string1.m compilation, -O3 -g -fnext-runtime
UNRESOLVED: objc/execute/string1.m execution, -O3 -g -fnext-runtime
FAIL: objc/execute/string1.m compilation, -Os -fnext-runtime
UNRESOLVED: objc/execute/string1.m execution, -Os -fnext-runtime
FAIL: objc/execute/string2.m compilation, -O0 -fnext-runtime
UNRESOLVED: objc/execute/string2.m execution, -O0 -fnext-runtime
FAIL: objc/execute/string2.m compilation, -O1 -fnext-runtime
UNRESOLVED: objc/execute/string2.m execution, -O1 -fnext-runtime
FAIL: objc/execute/string2.m compilation, -O2 -fnext-runtime
UNRESOLVED: objc/execute/string2.m execution, -O2 -fnext-runtime
FAIL: objc/execute/string2.m compilation, -O3 -fomit-frame-pointer -
fnext-runtime
UNRESOLVED: objc/execute/string2.m execution, -O3 -fomit-frame-
pointer -fnext-runtime
FAIL: objc/execute/string2.m compilation, -O3 -g -fnext-runtime
UNRESOLVED: objc/execute/string2.m execution, -O3 -g -fnext-runtime
FAIL: objc/execute/string2.m compilation, -Os -fnext-runtime
UNRESOLVED: objc/execute/string2.m execution, -Os -fnext-runtime
FAIL: objc/execute/string3.m compilation, -O0 -fnext-runtime
UNRESOLVED: objc/execute/string3.m execution, -O0 -fnext-runtime
FAIL: objc/execute/string3.m compilation, -O1 -fnext-runtime
UNRESOLVED: objc/execute/string3.m execution, -O1 -fnext-runtime
FAIL: objc/execute/string3.m compilation, -O2 -fnext-runtime
UNRESOLVED: objc/execute/string3.m execution, -O2 -fnext-runtime
FAIL: objc/execute/string3.m compilation, -O3 -fomit-frame-pointer -
fnext-runtime
UNRESOLVED: objc/execute/string3.m execution, -O3 -fomit-frame-
pointer -fnext-runtime
FAIL: objc/execute/string3.m compilation, -O3 -g -fnext-runtime
UNRESOLVED: objc/execute/string3.m execution, -O3 -g -fnext-runtime
FAIL: objc/execute/string3.m compilation, -Os -fnext-runtime
UNRESOLVED: objc/execute/string3.m execution, -Os -fnext-runtime
FAIL: objc/execute/string4.m compilation, -O0 -fnext-runtime
UNRESOLVED: objc/execute/string4.m execution, -O0 -fnext-runtime
FAIL: objc/execute/string4.m compilation, -O1 -fnext-runtime
UNRESOLVED: objc/execute/string4.m execution, -O1 -fnext-runtime
FAIL: objc/execute/string4.m compilation, -O2 -fnext-runtime
UNRESOLVED: objc/execute/string4.m execution, -O2 -fnext-runtime
FAIL: objc/execute/string4.m compilation, -O3 -fomit-frame-pointer -
fnext-runtime
UNRESOLVED: objc/execute/string4.m execution, -O3 -fomit-frame-
pointer -fnext-runtime
FAIL: objc/execute/string4.m compilation, -O3 -g -fnext-runtime
UNRESOLVED: objc/execute/string4.m execution, -O3 -g -fnext-runtime
FAIL: objc/execute/string4.m compilation, -Os -fnext-runtime
UNRESOLVED: objc/execute/string4.m execution, -Os -fnext-runtime
FAIL: objc/execute/trivial.m compilation, -O0 -fnext-runtime
UNRESOLVED: objc/execute/trivial.m execution, -O0 -fnext-runtime
FAIL: objc/execute/trivial.m compilation, -O1 -fnext-runtime
UNRESOLVED: objc/execute/trivial.m execution, -O1 -fnext-runtime
FAIL: objc/execute/trivial.m compilation, -O2 -fnext-runtime
UNRESOLVED: objc/execute/trivial.m execution, -O2 -fnext-runtime
FAIL: objc/execute/trivial.m compilation, -O3 -fomit-frame-pointer -
fnext-runtime
UNRESOLVED: objc/execute/trivial.m execution, -O3 -fomit-frame-
pointer -fnext-runtime
FAIL: objc/execute/trivial.m compilation, -O3 -g -fnext-runtime
UNRESOLVED: objc/execute/trivial.m execution, -O3 -g -fnext-runtime
FAIL: objc/execute/trivial.m compilation, -Os -fnext-runtime
UNRESOLVED: objc/execute/trivial.m execution, -Os -fnext-runtime
FAIL: objc/execute/va_method.m execution, -O0 -fnext-runtime
FAIL: objc/execute/va_method.m execution, -O1 -fnext-runtime
FAIL: objc/execute/va_method.m execution, -O2 -fnext-runtime
FAIL: objc/execute/va_method.m execution, -O3 -fomit-frame-pointer -
fnext-runtime
FAIL: objc/execute/va_method.m execution, -O3 -fomit-frame-pointer -
funroll-loops -fnext-runtime
FAIL: objc/execute/va_method.m execution, -O3 -fomit-frame-pointer -
funroll-all-loops -finline-functions -fnext-runtime
FAIL: objc/execute/va_method.m execution, -O3 -g -fnext-runtime
FAIL: objc/execute/va_method.m execution, -Os -fnext-runtime
FAIL: objc.dg/bitfield-1.m (test for excess errors)
WARNING: objc.dg/bitfield-1.m compilation failed to produce executable
FAIL: objc.dg/call-super-1.m (test for excess errors)
WARNING: objc.dg/call-super-1.m compilation failed to produce executable
FAIL: objc.dg/call-super-3.m (test for excess errors)
WARNING: objc.dg/call-super-3.m compilation failed to produce executable
FAIL: objc.dg/category-1.m (test for excess errors)
WARNING: objc.dg/category-1.m compilation failed to produce executable
FAIL: objc.dg/const-str-10.m (test for excess errors)
FAIL: objc.dg/const-str-10.m scan-assembler .long\
\t__NSConstantStringClassReference\\n\\t.long\\t.*\\n\\t.long\\t5\\n\
\t.data
FAIL: objc.dg/const-str-11.m (test for excess errors)
FAIL: objc.dg/const-str-11.m scan-assembler .long\
\t__XStrClassReference\\n\\t.long\\t.*\\n\\t.long\\t5\\n\\t.data
FAIL: objc.dg/const-str-3.m (test for excess errors)
WARNING: objc.dg/const-str-3.m compilation failed to produce executable
FAIL: objc.dg/const-str-7.m (test for excess errors)
WARNING: objc.dg/const-str-7.m compilation failed to produce executable
FAIL: objc.dg/const-str-8.m (test for excess errors)
WARNING: objc.dg/const-str-8.m compilation failed to produce executable
FAIL: objc.dg/const-str-9.m (test for excess errors)
FAIL: objc.dg/const-str-9.m scan-assembler .long\
\t__NSConstantStringClassReference\\n\\t.long\\t.*\\n\\t.long\\t5\\n\
\t.data
FAIL: objc.dg/defs.m (test for excess errors)
WARNING: objc.dg/defs.m compilation failed to produce executable
FAIL: objc.dg/desig-init-1.m (test for excess errors)
WARNING: objc.dg/desig-init-1.m compilation failed to produce executable
FAIL: objc.dg/encode-2.m (test for excess errors)
WARNING: objc.dg/encode-2.m compilation failed to produce executable
FAIL: objc.dg/encode-3.m (test for excess errors)
WARNING: objc.dg/encode-3.m compilation failed to produce executable
FAIL: objc.dg/encode-4.m (test for excess errors)
WARNING: objc.dg/encode-4.m compilation failed to produce executable
FAIL: objc.dg/encode-5.m (test for excess errors)
FAIL: objc.dg/encode-8.m execution test
FAIL: objc.dg/fix-and-continue-1.m (test for excess errors)
WARNING: objc.dg/fix-and-continue-1.m compilation failed to produce
executable
FAIL: objc.dg/func-ptr-1.m (test for excess errors)
WARNING: objc.dg/func-ptr-1.m compilation failed to produce executable
FAIL: objc.dg/func-ptr-2.m (test for excess errors)
WARNING: objc.dg/func-ptr-2.m compilation failed to produce executable
FAIL: objc.dg/headers.m (test for excess errors)
FAIL: objc.dg/lookup-1.m (test for excess errors)
WARNING: objc.dg/lookup-1.m compilation failed to produce executable
FAIL: objc.dg/method-10.m (test for excess errors)
WARNING: objc.dg/method-10.m compilation failed to produce executable
FAIL: objc.dg/method-13.m execution test
FAIL: objc.dg/method-3.m (test for excess errors)
WARNING: objc.dg/method-3.m compilation failed to produce executable
FAIL: objc.dg/method-6.m (test for excess errors)
FAIL: objc.dg/next-runtime-1.m scan-assembler L_OBJC_MODULES:\\n[ \
\t]*.long\\t6\\n
FAIL: objc.dg/no-extra-load.m (test for excess errors)
ERROR: objc.dg/no-extra-load.m: error executing dg-final: couldn't
open "no-extra-load.s": no such file or directory
UNRESOLVED: objc.dg/no-extra-load.m: error executing dg-final:
couldn't open "no-extra-load.s": no such file or directory
FAIL: objc.dg/proto-lossage-3.m (test for excess errors)
WARNING: objc.dg/proto-lossage-3.m compilation failed to produce
executable
FAIL: objc.dg/proto-qual-1.m (test for excess errors)
WARNING: objc.dg/proto-qual-1.m compilation failed to produce executable
FAIL: objc.dg/sizeof-1.m (test for excess errors)
WARNING: objc.dg/sizeof-1.m compilation failed to produce executable
FAIL: objc.dg/stret-1.m (test for excess errors)
WARNING: objc.dg/stret-1.m compilation failed to produce executable
FAIL: objc.dg/stret-2.m scan-assembler objc_msgSend_stret
FAIL: objc.dg/stret-2.m scan-assembler objc_msgSendSuper_stret
FAIL: objc.dg/stret-2.m scan-assembler-not objc_msgSend[^_S]
FAIL: objc.dg/stret-2.m scan-assembler-not objc_msgSendSuper[^_]
FAIL: objc.dg/super-class-3.m (test for excess errors)
WARNING: objc.dg/super-class-3.m compilation failed to produce
executable
FAIL: objc.dg/symtab-1.m scan-assembler L_OBJC_SYMBOLS.*:\\n\\t.long\
\t0\\n\\t.long\\t0\\n\\t.short\\t2\\n\\t.short\\t0\\n\\t.long\
\tL_OBJC_CLASS_Derived.*\\n\\t.long\\tL_OBJC_CLASS_Base.*\\n
FAIL: objc.dg/type-size-2.m (test for excess errors)
FAIL: objc.dg/type-size-2.m execution test
FAIL: objc.dg/va-meth-1.m (test for excess errors)
WARNING: objc.dg/va-meth-1.m compilation failed to produce executable
FAIL: objc.dg/zero-link-3.m (test for excess errors)
WARNING: objc.dg/zero-link-3.m compilation failed to produce executable
FAIL: objc.dg-struct-layout-encoding-1/t001_main.m execution test
FAIL: objc.dg-struct-layout-encoding-1/t005_main.m execution test
FAIL: objc.dg-struct-layout-encoding-1/t009_main.m execution test
FAIL: objc.dg-struct-layout-encoding-1/t010_main.m execution test
FAIL: objc.dg-struct-layout-encoding-1/t013_main.m execution test
FAIL: objc.dg-struct-layout-encoding-1/t014_main.m execution test
FAIL: objc.dg-struct-layout-encoding-1/t016_main.m execution test
FAIL: objc.dg-struct-layout-encoding-1/t017_main.m execution test
FAIL: objc.dg-struct-layout-encoding-1/t018_main.m execution test
FAIL: objc.dg-struct-layout-encoding-1/t019_main.m execution test
FAIL: objc.dg-struct-layout-encoding-1/t020_main.m execution test
FAIL: objc.dg-struct-layout-encoding-1/t021_main.m execution test
FAIL: objc.dg-struct-layout-encoding-1/t023_main.m execution test
FAIL: objc.dg-struct-layout-encoding-1/t024_main.m execution test
FAIL: objc.dg/special/unclaimed-category-1.m unclaimed-category-1a.o
(test for excess errors)
FAIL: objc.dg/special/unclaimed-category-1.m unclaimed-category-1a.o
execution test
=== objc Summary for unix/-m64 ===
# of expected passes 1995
# of unexpected failures 657
# of expected failures 25
# of unresolved testcases 469
# of unsupported tests 2
=== objc Summary ===
# of expected passes 4960
# of unexpected failures 764
# of expected failures 50
# of unresolved testcases 542
# of unsupported tests 3
/Volumes/ScratchCS/gcc-4-5-trunk-build/gcc/xgcc version 4.5.0
20100228 (experimental) [trunk revision 157122] (GCC)
=== libgomp tests ===
Running target unix/-m32
=== libgomp Summary for unix/-m32 ===
# of expected passes 2454
# of unsupported tests 2
Running target unix/-m64
=== libgomp Summary for unix/-m64 ===
# of expected passes 2454
# of unsupported tests 2
=== libgomp Summary ===
# of expected passes 4908
# of unsupported tests 4
=== libstdc++ tests ===
Running target unix/-m32
XPASS: 21_strings/basic_string/element_access/char/21674.cc execution
test
XPASS: 21_strings/basic_string/element_access/wchar_t/21674.cc
execution test
FAIL: ext/mt_allocator/deallocate_global_thread-1.cc execution test
FAIL: ext/mt_allocator/deallocate_global_thread-3.cc execution test
=== libstdc++ Summary for unix/-m32 ===
# of expected passes 6362
# of unexpected failures 2
# of unexpected successes 2
# of expected failures 89
# of unsupported tests 541
Running target unix/-m64
XPASS: 21_strings/basic_string/element_access/char/21674.cc execution
test
XPASS: 21_strings/basic_string/element_access/wchar_t/21674.cc
execution test
FAIL: ext/mt_allocator/deallocate_global_thread-1.cc execution test
FAIL: ext/mt_allocator/deallocate_global_thread-3.cc execution test
=== libstdc++ Summary for unix/-m64 ===
# of expected passes 6360
# of unexpected failures 2
# of unexpected successes 2
# of expected failures 89
# of unsupported tests 542
=== libstdc++ Summary ===
# of expected passes 12722
# of unexpected failures 4
# of unexpected successes 4
# of expected failures 178
# of unsupported tests 1083
Compiler version: 4.5.0 20100228 (experimental) [trunk revision
157122] (GCC)
Platform: powerpc-apple-darwin9
configure flags: --prefix=/Volumes/ScratchCS/gcc-4-5-install --
target=powerpc-apple-darwin9 --host=powerpc-apple-darwin9 --
build=powerpc-apple-darwin9 --enable-languages=c,objc,c++,obj-c+
+,fortran --enable-version-specific-runtime-libs --enable-threads --
enable-checking=yes --program-suffix=-4.5trunk --with-libiconv-prefix=/
usr --with-system-zlib