This is the mail archive of the gcc-testresults@gcc.gnu.org mailing list for the GCC project.


Index Nav: [Date Index] [Subject Index] [Author Index] [Thread Index]
Message Nav: [Date Prev] [Date Next] [Thread Prev] [Thread Next]
Other format: [Raw text]

Results for 4.5.0 20100301 (experimental) [trunk revision 157132] (GCC) testsuite on powerpc-unknown-linux-gnu


LAST_UPDATED: Mon Mar  1 08:42:40 UTC 2010 (revision 157132)

		=== acats tests ===

		=== acats Summary ===
# of expected passes		2321
# of unexpected failures	0
Native configuration is powerpc-unknown-linux-gnu

		=== gcc tests ===


Running target unix
FAIL: gcc.dg/and-1.c scan-assembler-not nand
FAIL: gcc.dg/pr34668-1.c (internal compiler error)
FAIL: gcc.dg/pr34668-1.c (test for excess errors)
FAIL: gcc.dg/sms-2.c scan-rtl-dump-times sms "SMS succeeded" 1
FAIL: gcc.dg/sms-3.c scan-rtl-dump-times sms "SMS succeeded" 1
FAIL: gcc.dg/sms-4.c scan-rtl-dump-times sms "SMS succeeded" 1
FAIL: gcc.dg/sms-5.c scan-rtl-dump-times sms "SMS succeeded" 1
FAIL: gcc.dg/sms-6.c scan-rtl-dump-times sms "SMS succeeded" 3
FAIL: gcc.dg/sms-7.c scan-rtl-dump-times sms "SMS succeeded" 3
FAIL: gcc.dg/sms-8.c scan-rtl-dump-times sms "SMS succeeded" 1
XPASS: gcc.dg/guality/example.c  -O0  execution test
XPASS: gcc.dg/guality/example.c  -O1  execution test
XPASS: gcc.dg/guality/guality.c  -O0  execution test
XPASS: gcc.dg/guality/guality.c  -O1  execution test
XPASS: gcc.dg/guality/pr41353-1.c  -O0  line 28 j == 28 + 37
XPASS: gcc.dg/guality/pr41447-1.c  -O0  execution test
XPASS: gcc.dg/guality/pr41616-1.c  -O0  execution test
FAIL: gcc.dg/guality/pr43077-1.c  -O1  line 42 c == 3
FAIL: gcc.dg/guality/pr43077-1.c  -O2  line 42 c == 3
FAIL: gcc.dg/guality/pr43077-1.c  -O3 -fomit-frame-pointer  line 42 c == 3
FAIL: gcc.dg/guality/pr43077-1.c  -O3 -g  line 42 c == 3
FAIL: gcc.dg/guality/pr43077-1.c  -Os  line 42 c == 3
FAIL: gcc.dg/guality/vla-1.c  -O0  line 17 sizeof (a) == 6
FAIL: gcc.dg/guality/vla-1.c  -O0  line 24 sizeof (a) == 17 * sizeof (short)
FAIL: gcc.dg/guality/vla-1.c  -O1  line 17 sizeof (a) == 6
FAIL: gcc.dg/guality/vla-1.c  -O1  line 24 sizeof (a) == 17 * sizeof (short)
FAIL: gcc.dg/guality/vla-1.c  -O2  line 17 sizeof (a) == 6
FAIL: gcc.dg/guality/vla-1.c  -O2  line 24 sizeof (a) == 17 * sizeof (short)
FAIL: gcc.dg/guality/vla-1.c  -O3 -fomit-frame-pointer  line 17 sizeof (a) == 6
FAIL: gcc.dg/guality/vla-1.c  -O3 -fomit-frame-pointer  line 24 sizeof (a) == 17 * sizeof (short)
FAIL: gcc.dg/guality/vla-1.c  -O3 -g  line 17 sizeof (a) == 6
FAIL: gcc.dg/guality/vla-1.c  -O3 -g  line 24 sizeof (a) == 17 * sizeof (short)
FAIL: gcc.dg/guality/vla-1.c  -Os  line 17 sizeof (a) == 6
FAIL: gcc.dg/guality/vla-1.c  -Os  line 24 sizeof (a) == 17 * sizeof (short)
FAIL: gcc.dg/tree-ssa/pr42585.c scan-tree-dump-times optimized "struct _fat_ptr _ans" 0
FAIL: gcc.dg/tree-ssa/pr42585.c scan-tree-dump-times optimized "struct _fat_ptr _T2" 0
FAIL: gcc.dg/tree-ssa/vrp47.c scan-tree-dump-times vrp1 "[xy][^ ]* !=" 0
FAIL: gcc.dg/tree-ssa/vrp47.c scan-tree-dump-times dom1 "x[^ ]* & y" 1
FAIL: gcc.dg/vect/costmodel/ppc/costmodel-vect-31d.c scan-tree-dump-times vect "vectorization not profitable" 1
FAIL: gcc.dg/vect/costmodel/ppc/costmodel-vect-68d.c scan-tree-dump-times vect "vectorization not profitable" 1
FAIL: gcc.dg/vect/costmodel/ppc/costmodel-vect-76a.c scan-tree-dump-times vect "vectorized 1 loops" 1
FAIL: gcc.dg/vect/costmodel/ppc/costmodel-vect-76b.c scan-tree-dump-times vect "vectorization not profitable" 1
FAIL: gcc.dg/vect/pr35821-altivec.c scan-tree-dump-times vect "vectorized 1 loops" 1
FAIL: gcc.target/powerpc/405-dlmzb-strlen-1.c scan-assembler dlmzb\\\\. 
FAIL: gcc.target/powerpc/440-dlmzb-strlen-1.c scan-assembler dlmzb\\\\. 
FAIL: gcc.target/powerpc/popcount-2.c scan-assembler popcntw
FAIL: gcc.target/powerpc/ppc64-double-1.c scan-assembler-not stfd

		=== gcc Summary ===

# of expected passes		57730
# of unexpected failures	40
# of unexpected successes	7
# of expected failures		184
# of unsupported tests		793
/home/guerby/build/gcc/xgcc  version 4.5.0 20100301 (experimental) [trunk revision 157132] (GCC) 

		=== gfortran tests ===


Running target unix
FAIL: gfortran.dg/complex_intrinsic_5.f90  -O0  execution test
FAIL: gfortran.dg/complex_intrinsic_5.f90  -O1  execution test
FAIL: gfortran.dg/complex_intrinsic_5.f90  -O2  execution test
FAIL: gfortran.dg/complex_intrinsic_5.f90  -O3 -fomit-frame-pointer  execution test
FAIL: gfortran.dg/complex_intrinsic_5.f90  -O3 -fomit-frame-pointer -funroll-loops  execution test
FAIL: gfortran.dg/complex_intrinsic_5.f90  -O3 -fomit-frame-pointer -funroll-all-loops -finline-functions  execution test
FAIL: gfortran.dg/complex_intrinsic_5.f90  -O3 -g  execution test
FAIL: gfortran.dg/complex_intrinsic_5.f90  -Os  execution test

		=== gfortran Summary ===

# of expected passes		33210
# of unexpected failures	8
# of expected failures		22
# of unsupported tests		289
/home/guerby/build/gcc/testsuite/gfortran/../../gfortran  version 4.5.0 20100301 (experimental) [trunk revision 157132] (GCC) 

		=== gnat tests ===


Running target unix

		=== gnat Summary ===

# of expected passes		753
# of expected failures		7
# of unsupported tests		1
		=== libgomp tests ===


Running target unix

		=== libgomp Summary ===

# of expected passes		1711
		=== libmudflap tests ===


Running target unix
FAIL: libmudflap.c/pass54-frag.c execution test
FAIL: libmudflap.c/pass54-frag.c execution test
FAIL: libmudflap.c/pass54-frag.c (-static) execution test
FAIL: libmudflap.c/pass54-frag.c (-static) execution test
FAIL: libmudflap.c/fail31-frag.c (-O3) crash test
FAIL: libmudflap.c/fail31-frag.c (-O3) output pattern test
FAIL: libmudflap.c/pass45-frag.c (-O3) execution test
FAIL: libmudflap.c/pass45-frag.c (-O3) output pattern test
FAIL: libmudflap.c/pass45-frag.c (-O3) execution test
FAIL: libmudflap.c/pass45-frag.c (-O3) output pattern test

		=== libmudflap Summary ===

# of expected passes		1730
# of unexpected failures	10
# of unsupported tests		2

Compiler version: 4.5.0 20100301 (experimental) [trunk revision 157132] (GCC) 
Platform: powerpc-unknown-linux-gnu
configure flags: --prefix=/n/53/guerby/install-trunk --enable-languages=c,fortran,ada --enable-__cxa_atexit --disable-nls --enable-threads=posix --with-gmp=/opt/cfarm/gmp-4.2.4 --with-mpfr=/opt/cfarm/mpfr-2.4.1 --with-mpc=/opt/cfarm/mpc-0.8 --enable-stage1-checking=release


Index Nav: [Date Index] [Subject Index] [Author Index] [Thread Index]
Message Nav: [Date Prev] [Date Next] [Thread Prev] [Thread Next]