This is the mail archive of the
gcc-testresults@gcc.gnu.org
mailing list for the GCC project.
Results for 4.5.0 20100219 (experimental) [trunk revision 156672] (GCC) testsuite on xtensa-unknown-elf
- From: Sterling Augustine <sterling at rees dot hq dot tensilica dot com>
- To: gcc-testresults at gcc dot gnu dot org
- Date: Mon, 22 Feb 2010 09:13:29 -0800
- Subject: Results for 4.5.0 20100219 (experimental) [trunk revision 156672] (GCC) testsuite on xtensa-unknown-elf
LAST_UPDATED: Wed Feb 10 22:17:28 UTC 2010 (revision 156672)
Target is xtensa-unknown-elf
Host is i686-pc-linux-gnu
=== g++ tests ===
Running target xtensa-sim
FAIL: g++.dg/abi/packed1.C (test for excess errors)
FAIL: g++.old-deja/g++.jason/thunk3.C (test for excess errors)
UNRESOLVED: g++.old-deja/g++.jason/thunk3.C compilation failed to produce executable
=== g++ Summary ===
# of expected passes 20500
# of unexpected failures 2
# of expected failures 145
# of unresolved testcases 1
# of unsupported tests 222
/fac/vol6/software/sterling/fsf/build-xtensa/gcc/gcc/testsuite/g++/../../g++ version 4.5.0 20100219 (experimental) [trunk revision 156672] (GCC)
Host is xtensa-unknown-elf
=== libstdc++ tests ===
Running target xtensa-sim
FAIL: 17_intro/headers/c++200x/all_no_exceptions.cc (test for excess errors)
FAIL: 17_intro/headers/c++200x/all_no_rtti.cc (test for excess errors)
FAIL: 17_intro/headers/c++200x/all_pedantic_errors.cc (test for excess errors)
FAIL: 20_util/hash/requirements/explicit_instantiation.cc (test for excess errors)
FAIL: 21_strings/basic_string/cons/char/1.cc execution test
FAIL: 21_strings/basic_string/insert/char/1.cc execution test
FAIL: 21_strings/basic_string/requirements/typedefs.cc (test for excess errors)
FAIL: 22_locale/time_put/put/char/1.cc execution test
FAIL: 23_containers/vector/profile/vector.cc execution test
FAIL: 26_numerics/headers/cmath/25913.cc (test for excess errors)
FAIL: 26_numerics/headers/cmath/c99_classification_macros_c++.cc (test for excess errors)
FAIL: 26_numerics/headers/random/types_std_c++0x.cc (test for excess errors)
FAIL: 27_io/basic_filebuf/sgetn/char/1-in.cc execution test
FAIL: 27_io/basic_filebuf/sgetn/char/1-io.cc execution test
FAIL: 27_io/basic_filebuf/sgetn/char/2-in.cc execution test
FAIL: 27_io/basic_filebuf/sgetn/char/2-io.cc execution test
FAIL: 27_io/basic_istream/readsome/char/6746-2.cc execution test
FAIL: 27_io/objects/char/6.cc execution test
FAIL: ext/profile/all.cc (test for excess errors)
FAIL: ext/throw_allocator/variadic_construct.cc (test for excess errors)
UNRESOLVED: ext/throw_allocator/variadic_construct.cc compilation failed to produce executable
FAIL: ext/throw_value/cons.cc (test for excess errors)
UNRESOLVED: ext/throw_value/cons.cc compilation failed to produce executable
=== libstdc++ Summary ===
# of expected passes 4835
# of unexpected failures 21
# of expected failures 77
# of unresolved testcases 2
# of unsupported tests 488
Compiler version: 4.5.0 20100219 (experimental) [trunk revision 156672] (GCC)
Platform: xtensa-unknown-elf
configure flags: --target=xtensa-elf --prefix=/fac/vol6/software/sterling/fsf/install-xtensa/ --disable-shared --with-as=/fac/vol6/software/sterling/fsf/install-xtensa//bin/xtensa-elf-as --with-ld=/fac/vol6/software/sterling/fsf/install-xtensa//bin/xtensa-elf-ld --with-gxx-include-dir=/fac/vol6/software/sterling/fsf/install-xtensa//xtensa-elf/include/c++ --with-gmp=/fac/vol6/software/sterling/fsf/install-native/ --with-mpfr=/fac/vol6/software/sterling/fsf/install-native/ --with-newlib target_alias=xtensa-elf CC_FOR_TARGET=xtensa-elf-gcc --enable-languages=c,c++ --no-create --no-recursion