This is the mail archive of the
gcc-testresults@gcc.gnu.org
mailing list for the GCC project.
Results for 4.5.0 20100211 (experimental) [trunk revision 156672] (GCC) gcc testsuite on xtensa-unknown-elf
- From: Sterling Augustine <sterling at rees dot hq dot tensilica dot com>
- To: gcc-testresults at gcc dot gnu dot org
- Date: Fri, 12 Feb 2010 15:48:15 -0800
- Subject: Results for 4.5.0 20100211 (experimental) [trunk revision 156672] (GCC) gcc testsuite on xtensa-unknown-elf
LAST_UPDATED: Wed Feb 10 22:17:28 UTC 2010 (revision 156672)
Target is xtensa-unknown-elf
Host is i686-pc-linux-gnu
=== gcc tests ===
Running target xtensa-sim
FAIL: gcc.c-torture/compile/limits-exprparen.c -O0 (test for excess errors)
FAIL: gcc.c-torture/compile/limits-exprparen.c -O1 (test for excess errors)
FAIL: gcc.c-torture/compile/limits-exprparen.c -O2 (test for excess errors)
FAIL: gcc.c-torture/compile/limits-exprparen.c -O3 -fomit-frame-pointer (test for excess errors)
FAIL: gcc.c-torture/compile/limits-exprparen.c -O3 -g (test for excess errors)
FAIL: gcc.c-torture/compile/limits-exprparen.c -Os (test for excess errors)
FAIL: gcc.c-torture/execute/pr38819.c execution, -O2
FAIL: gcc.c-torture/execute/pr38819.c execution, -O3 -fomit-frame-pointer
FAIL: gcc.c-torture/execute/pr38819.c execution, -O3 -fomit-frame-pointer -funroll-loops
FAIL: gcc.c-torture/execute/pr38819.c execution, -O3 -fomit-frame-pointer -funroll-all-loops -finline-functions
FAIL: gcc.c-torture/execute/pr38819.c execution, -O3 -g
FAIL: tmpdir-gcc.dg-struct-layout-1/t002 c_compat_x_tst.o-c_compat_y_tst.o link
UNRESOLVED: tmpdir-gcc.dg-struct-layout-1/t002 c_compat_x_tst.o-c_compat_y_tst.o execute
FAIL: tmpdir-gcc.dg-struct-layout-1/t024 c_compat_x_tst.o-c_compat_y_tst.o link
UNRESOLVED: tmpdir-gcc.dg-struct-layout-1/t024 c_compat_x_tst.o-c_compat_y_tst.o execute
FAIL: tmpdir-gcc.dg-struct-layout-1/t025 c_compat_x_tst.o-c_compat_y_tst.o link
UNRESOLVED: tmpdir-gcc.dg-struct-layout-1/t025 c_compat_x_tst.o-c_compat_y_tst.o execute
FAIL: tmpdir-gcc.dg-struct-layout-1/t026 c_compat_x_tst.o-c_compat_y_tst.o link
UNRESOLVED: tmpdir-gcc.dg-struct-layout-1/t026 c_compat_x_tst.o-c_compat_y_tst.o execute
FAIL: tmpdir-gcc.dg-struct-layout-1/t027 c_compat_x_tst.o-c_compat_y_tst.o link
UNRESOLVED: tmpdir-gcc.dg-struct-layout-1/t027 c_compat_x_tst.o-c_compat_y_tst.o execute
FAIL: tmpdir-gcc.dg-struct-layout-1/t028 c_compat_x_tst.o-c_compat_y_tst.o link
UNRESOLVED: tmpdir-gcc.dg-struct-layout-1/t028 c_compat_x_tst.o-c_compat_y_tst.o execute
FAIL: gcc.dg/c99-stdint-1.c (test for excess errors)
FAIL: gcc.dg/c99-stdint-5.c (test for excess errors)
FAIL: gcc.dg/c99-stdint-6.c (test for excess errors)
FAIL: gcc.dg/c99-stdint-7.c (test for excess errors)
FAIL: gcc.dg/intmax_t-1.c (test for errors, line )
FAIL: gcc.dg/pr34668-1.c (internal compiler error)
FAIL: gcc.dg/pr34668-1.c (test for excess errors)
FAIL: gcc.dg/tree-ssa/pr42585.c scan-tree-dump-times optimized "struct _fat_ptr _ans" 0
FAIL: gcc.dg/tree-ssa/pr42585.c scan-tree-dump-times optimized "struct _fat_ptr _T2" 0
FAIL: gcc.dg/tree-ssa/ssa-ccp-25.c scan-tree-dump ccp1 "&a\\[[iD]\\."
FAIL: gcc.dg/tree-ssa/ssa-ccp-25.c scan-tree-dump forwprop1 "= a\\[[iD]\\."
=== gcc Summary ===
# of expected passes 52245
# of unexpected failures 28
# of expected failures 80
# of unresolved testcases 6
# of unsupported tests 715
/fac/vol6/software/sterling/fsf/build-xtensa/gcc/gcc/xgcc version 4.5.0 20100211 (experimental) [trunk revision 156672] (GCC)
Compiler version: 4.5.0 20100211 (experimental) [trunk revision 156672] (GCC) gcc
Platform: xtensa-unknown-elf
configure flags: --target=xtensa-elf --prefix=/fac/vol6/software/sterling/fsf/install-xtensa/ --enable-languages=c,c++ --disable-shared --with-as=/fac/vol6/software/sterling/fsf/install-xtensa//bin/xtensa-elf-as --with-ld=/fac/vol6/software/sterling/fsf/install-xtensa//bin/xtensa-elf-ld --with-gxx-include-dir=/fac/vol6/software/sterling/fsf/install-xtensa//xtensa-elf/include/c++ --with-gmp=/fac/vol6/software/sterling/fsf/install-native/ --with-mpfr=/fac/vol6/software/sterling/fsf/install-native/ --with-newlib