This is the mail archive of the gcc-testresults@gcc.gnu.org mailing list for the GCC project.


Index Nav: [Date Index] [Subject Index] [Author Index] [Thread Index]
Message Nav: [Date Prev] [Date Next] [Thread Prev] [Thread Next]
Other format: [Raw text]

Results for 4.4.3 (GCC) testsuite on i386-pc-solaris2.10


OS: Solaris 10 10/08

Built with:
GNU as 2.19.1
native ld (127128-11)
gmp 4.3.1
mpfr 2.4.2rc1


Bootstrap compiler:
Reading specs from /opt/csw/gcc4/lib/gcc/i386-pc-solaris2.8/4.0.2/specs
Target: i386-pc-solaris2.8
Configured with: ../sources/gcc-4.0.2/configure --prefix=/opt/csw/gcc4 --with-local-prefix=/opt/csw --with-gnu-as --with-as=/opt/csw/bin/gas --without-gnu-ld --with-ld=/usr/ccs/bin/ld --enable-threads=posix --enable-shared --enable-multilib --enable-nls --with-included-gettext --with-libiconv-prefix=/opt/csw --with-x --enable-java-awt=xlib --with-system-zlib --enable-languages=c,c++,f95,java,objc,ada
Thread model: posix
gcc version 4.0.2

LAST_UPDATED: Obtained from SVN: tags/gcc_4_4_3_release revision 156151

		=== acats tests ===

		=== acats Summary ===
# of expected passes		2315
# of unexpected failures	0
Native configuration is i386-pc-solaris2.10

		=== gcc tests ===


Running target unix
XPASS: gcc.dg/ucnid-2.c (test for excess errors)
XPASS: gcc.dg/ucnid-3.c (test for excess errors)
XPASS: gcc.dg/ucnid-4.c (test for excess errors)
FAIL: gcc.dg/visibility-d.c scan-not-hidden 
FAIL: gcc.dg/visibility-d.c scan-not-hidden 
FAIL: gcc.dg/visibility-d.c scan-not-hidden 
FAIL: gcc.dg/visibility-d.c scan-not-hidden 
FAIL: gcc.dg/visibility-d.c scan-not-hidden 
FAIL: gcc.dg/visibility-d.c scan-not-hidden 
FAIL: gcc.dg/visibility-d.c scan-not-hidden 
FAIL: gcc.dg/visibility-d.c scan-not-hidden 
FAIL: gcc.dg/visibility-d.c scan-not-hidden 
FAIL: gcc.dg/visibility-d.c scan-not-hidden 
FAIL: gcc.dg/visibility-d.c scan-not-hidden 
FAIL: gcc.dg/visibility-d.c scan-not-hidden 
FAIL: gcc.dg/visibility-d.c scan-not-hidden 
FAIL: gcc.dg/visibility-d.c scan-not-hidden 
FAIL: gcc.dg/visibility-d.c scan-not-hidden 
FAIL: gcc.dg/visibility-d.c scan-not-hidden 
FAIL: gcc.dg/visibility-d.c scan-not-hidden 
FAIL: gcc.dg/visibility-d.c scan-not-hidden 
FAIL: gcc.dg/visibility-d.c scan-not-hidden 
FAIL: gcc.dg/visibility-d.c scan-not-hidden 
FAIL: gcc.dg/visibility-d.c scan-not-hidden 
FAIL: gcc.dg/visibility-d.c scan-not-hidden 
FAIL: gcc.dg/visibility-d.c scan-not-hidden 
FAIL: gcc.dg/visibility-d.c scan-not-hidden 
FAIL: gcc.dg/visibility-d.c scan-not-hidden 
FAIL: gcc.dg/visibility-d.c scan-not-hidden 
FAIL: gcc.dg/visibility-d.c scan-not-hidden 
FAIL: gcc.dg/visibility-d.c scan-not-hidden 
FAIL: gcc.dg/visibility-d.c scan-not-hidden 
FAIL: gcc.dg/visibility-d.c scan-not-hidden 
XPASS: largefile.c -O0 -g (test for excess errors)
FAIL: gcc.dg/pch/largefile.c -O0 -g assembly comparison
XPASS: largefile.c  -O0  (test for excess errors)
FAIL: gcc.dg/pch/largefile.c  -O0  assembly comparison
XPASS: largefile.c  -O1  (test for excess errors)
FAIL: gcc.dg/pch/largefile.c  -O1  assembly comparison
XPASS: largefile.c  -O2  (test for excess errors)
FAIL: gcc.dg/pch/largefile.c  -O2  assembly comparison
XPASS: largefile.c  -O3 -fomit-frame-pointer  (test for excess errors)
FAIL: gcc.dg/pch/largefile.c  -O3 -fomit-frame-pointer  assembly comparison
XPASS: largefile.c  -O3 -g  (test for excess errors)
FAIL: gcc.dg/pch/largefile.c  -O3 -g  assembly comparison
XPASS: largefile.c  -Os  (test for excess errors)
FAIL: gcc.dg/pch/largefile.c  -Os  assembly comparison
FAIL: gcc.dg/torture/fp-int-convert-float128-timode.c  -O0  (test for excess errors)
WARNING: gcc.dg/torture/fp-int-convert-float128-timode.c  -O0  compilation failed to produce executable
FAIL: gcc.dg/torture/fp-int-convert-float128-timode.c  -O1  (test for excess errors)
WARNING: gcc.dg/torture/fp-int-convert-float128-timode.c  -O1  compilation failed to produce executable
FAIL: gcc.dg/torture/fp-int-convert-float128-timode.c  -O2  (test for excess errors)
WARNING: gcc.dg/torture/fp-int-convert-float128-timode.c  -O2  compilation failed to produce executable
FAIL: gcc.dg/torture/fp-int-convert-float128-timode.c  -O3 -fomit-frame-pointer  (test for excess errors)
WARNING: gcc.dg/torture/fp-int-convert-float128-timode.c  -O3 -fomit-frame-pointer  compilation failed to produce executable
FAIL: gcc.dg/torture/fp-int-convert-float128-timode.c  -O3 -g  (test for excess errors)
WARNING: gcc.dg/torture/fp-int-convert-float128-timode.c  -O3 -g  compilation failed to produce executable
FAIL: gcc.dg/torture/fp-int-convert-float128-timode.c  -Os  (test for excess errors)
WARNING: gcc.dg/torture/fp-int-convert-float128-timode.c  -Os  compilation failed to produce executable
FAIL: gcc.dg/torture/fp-int-convert-float128.c  -O0  (test for excess errors)
WARNING: gcc.dg/torture/fp-int-convert-float128.c  -O0  compilation failed to produce executable
FAIL: gcc.dg/torture/fp-int-convert-float128.c  -O1  (test for excess errors)
WARNING: gcc.dg/torture/fp-int-convert-float128.c  -O1  compilation failed to produce executable
FAIL: gcc.dg/torture/fp-int-convert-float128.c  -O2  (test for excess errors)
WARNING: gcc.dg/torture/fp-int-convert-float128.c  -O2  compilation failed to produce executable
FAIL: gcc.dg/torture/fp-int-convert-float128.c  -O3 -fomit-frame-pointer  (test for excess errors)
WARNING: gcc.dg/torture/fp-int-convert-float128.c  -O3 -fomit-frame-pointer  compilation failed to produce executable
FAIL: gcc.dg/torture/fp-int-convert-float128.c  -O3 -g  (test for excess errors)
WARNING: gcc.dg/torture/fp-int-convert-float128.c  -O3 -g  compilation failed to produce executable
FAIL: gcc.dg/torture/fp-int-convert-float128.c  -Os  (test for excess errors)
WARNING: gcc.dg/torture/fp-int-convert-float128.c  -Os  compilation failed to produce executable
XPASS: gcc.dg/tree-ssa/20040204-1.c scan-tree-dump-times optimized "link_error" 0
FAIL: gcc.dg/tree-ssa/ltrans-1.c scan-tree-dump-times ltrans "converted loop nest to perfect loop nest" 1
FAIL: gcc.dg/tree-ssa/ltrans-1.c scan-tree-dump-times ltrans "transformed loop" 1
FAIL: gcc.dg/tree-ssa/ltrans-3.c scan-tree-dump-times ltrans "transformed loop" 1
FAIL: gcc.dg/tree-ssa/ltrans-4.c scan-tree-dump-times ltrans "transformed loop" 1
FAIL: gcc.dg/tree-ssa/ltrans-5.c scan-tree-dump-times ltrans "transformed loop" 1
FAIL: gcc.dg/tree-ssa/ltrans-6.c scan-tree-dump-times ltrans "transformed loop" 1
FAIL: gcc.dg/tree-ssa/ltrans-8.c scan-tree-dump-times ltrans "transformed loop" 1
FAIL: gcc.dg/tree-ssa/vrp47.c scan-tree-dump-times vrp1 "[xy][^ ]* !=" 0
FAIL: gcc.dg/tree-ssa/vrp47.c scan-tree-dump-times dom1 "x[^ ]* & y" 1
FAIL: gcc.dg/tree-ssa/vrp47.c scan-tree-dump-times vrp1 "x[^ ]* [|] y" 1
FAIL: gcc.target/i386/abi-2.c scan-assembler-times ymm0 1
FAIL: gcc.target/i386/avx-vmovntdq-256-1.c (test for excess errors)
WARNING: gcc.target/i386/avx-vmovntdq-256-1.c compilation failed to produce executable
FAIL: gcc.target/i386/avx-vmovntpd-256-1.c (test for excess errors)
WARNING: gcc.target/i386/avx-vmovntpd-256-1.c compilation failed to produce executable
FAIL: gcc.target/i386/avx-vmovntps-256-1.c (test for excess errors)
WARNING: gcc.target/i386/avx-vmovntps-256-1.c compilation failed to produce executable
FAIL: gcc.target/i386/pr22076.c scan-assembler-times movq 3
FAIL: gcc.target/i386/pr22076.c scan-assembler-not movl

		=== gcc Summary for unix ===

# of expected passes		56580
# of unexpected failures	65
# of unexpected successes	11
# of expected failures		197
# of unsupported tests		516

Running target unix/-m64
FAIL: gcc.dg/cpp/trad/include.c -fno-show-column (internal compiler error)
FAIL: gcc.dg/cpp/trad/include.c -fno-show-column (test for excess errors)
FAIL: gcc.dg/nest.c (test for excess errors)
WARNING: gcc.dg/nest.c compilation failed to produce executable
FAIL: gcc.dg/nested-func-4.c (test for excess errors)
WARNING: gcc.dg/nested-func-4.c compilation failed to produce executable
FAIL: gcc.dg/pr32450.c (test for excess errors)
WARNING: gcc.dg/pr32450.c compilation failed to produce executable
XPASS: gcc.dg/ucnid-2.c (test for excess errors)
XPASS: gcc.dg/ucnid-3.c (test for excess errors)
XPASS: gcc.dg/ucnid-4.c (test for excess errors)
FAIL: gcc.dg/visibility-d.c scan-not-hidden 
FAIL: gcc.dg/visibility-d.c scan-not-hidden 
FAIL: gcc.dg/visibility-d.c scan-not-hidden 
FAIL: gcc.dg/visibility-d.c scan-not-hidden 
FAIL: gcc.dg/visibility-d.c scan-not-hidden 
FAIL: gcc.dg/visibility-d.c scan-not-hidden 
FAIL: gcc.dg/visibility-d.c scan-not-hidden 
FAIL: gcc.dg/visibility-d.c scan-not-hidden 
FAIL: gcc.dg/visibility-d.c scan-not-hidden 
FAIL: gcc.dg/visibility-d.c scan-not-hidden 
FAIL: gcc.dg/visibility-d.c scan-not-hidden 
FAIL: gcc.dg/visibility-d.c scan-not-hidden 
FAIL: gcc.dg/visibility-d.c scan-not-hidden 
FAIL: gcc.dg/visibility-d.c scan-not-hidden 
FAIL: gcc.dg/visibility-d.c scan-not-hidden 
FAIL: gcc.dg/visibility-d.c scan-not-hidden 
FAIL: gcc.dg/visibility-d.c scan-not-hidden 
FAIL: gcc.dg/visibility-d.c scan-not-hidden 
FAIL: gcc.dg/visibility-d.c scan-not-hidden 
FAIL: gcc.dg/visibility-d.c scan-not-hidden 
FAIL: gcc.dg/visibility-d.c scan-not-hidden 
FAIL: gcc.dg/visibility-d.c scan-not-hidden 
FAIL: gcc.dg/visibility-d.c scan-not-hidden 
FAIL: gcc.dg/visibility-d.c scan-not-hidden 
FAIL: gcc.dg/visibility-d.c scan-not-hidden 
FAIL: gcc.dg/visibility-d.c scan-not-hidden 
FAIL: gcc.dg/visibility-d.c scan-not-hidden 
FAIL: gcc.dg/visibility-d.c scan-not-hidden 
FAIL: gcc.dg/visibility-d.c scan-not-hidden 
FAIL: gcc.dg/visibility-d.c scan-not-hidden 
XPASS: largefile.c -O0 -g (test for excess errors)
FAIL: gcc.dg/pch/largefile.c -O0 -g assembly comparison
XPASS: largefile.c  -O0  (test for excess errors)
FAIL: gcc.dg/pch/largefile.c  -O0  assembly comparison
XPASS: largefile.c  -O1  (test for excess errors)
FAIL: gcc.dg/pch/largefile.c  -O1  assembly comparison
XPASS: largefile.c  -O2  (test for excess errors)
FAIL: gcc.dg/pch/largefile.c  -O2  assembly comparison
XPASS: largefile.c  -O3 -fomit-frame-pointer  (test for excess errors)
FAIL: gcc.dg/pch/largefile.c  -O3 -fomit-frame-pointer  assembly comparison
XPASS: largefile.c  -O3 -g  (test for excess errors)
FAIL: gcc.dg/pch/largefile.c  -O3 -g  assembly comparison
XPASS: largefile.c  -Os  (test for excess errors)
FAIL: gcc.dg/pch/largefile.c  -Os  assembly comparison
FAIL: gcc.dg/torture/fp-int-convert-float128-timode.c  -O0  (test for excess errors)
WARNING: gcc.dg/torture/fp-int-convert-float128-timode.c  -O0  compilation failed to produce executable
FAIL: gcc.dg/torture/fp-int-convert-float128-timode.c  -O1  (test for excess errors)
WARNING: gcc.dg/torture/fp-int-convert-float128-timode.c  -O1  compilation failed to produce executable
FAIL: gcc.dg/torture/fp-int-convert-float128-timode.c  -O2  (test for excess errors)
WARNING: gcc.dg/torture/fp-int-convert-float128-timode.c  -O2  compilation failed to produce executable
FAIL: gcc.dg/torture/fp-int-convert-float128-timode.c  -O3 -fomit-frame-pointer  (test for excess errors)
WARNING: gcc.dg/torture/fp-int-convert-float128-timode.c  -O3 -fomit-frame-pointer  compilation failed to produce executable
FAIL: gcc.dg/torture/fp-int-convert-float128-timode.c  -O3 -g  (test for excess errors)
WARNING: gcc.dg/torture/fp-int-convert-float128-timode.c  -O3 -g  compilation failed to produce executable
FAIL: gcc.dg/torture/fp-int-convert-float128-timode.c  -Os  (test for excess errors)
WARNING: gcc.dg/torture/fp-int-convert-float128-timode.c  -Os  compilation failed to produce executable
FAIL: gcc.dg/torture/fp-int-convert-float128.c  -O0  (test for excess errors)
WARNING: gcc.dg/torture/fp-int-convert-float128.c  -O0  compilation failed to produce executable
FAIL: gcc.dg/torture/fp-int-convert-float128.c  -O1  (test for excess errors)
WARNING: gcc.dg/torture/fp-int-convert-float128.c  -O1  compilation failed to produce executable
FAIL: gcc.dg/torture/fp-int-convert-float128.c  -O2  (test for excess errors)
WARNING: gcc.dg/torture/fp-int-convert-float128.c  -O2  compilation failed to produce executable
FAIL: gcc.dg/torture/fp-int-convert-float128.c  -O3 -fomit-frame-pointer  (test for excess errors)
WARNING: gcc.dg/torture/fp-int-convert-float128.c  -O3 -fomit-frame-pointer  compilation failed to produce executable
FAIL: gcc.dg/torture/fp-int-convert-float128.c  -O3 -g  (test for excess errors)
WARNING: gcc.dg/torture/fp-int-convert-float128.c  -O3 -g  compilation failed to produce executable
FAIL: gcc.dg/torture/fp-int-convert-float128.c  -Os  (test for excess errors)
WARNING: gcc.dg/torture/fp-int-convert-float128.c  -Os  compilation failed to produce executable
FAIL: gcc.target/i386/avx-vmovntdq-256-1.c (test for excess errors)
WARNING: gcc.target/i386/avx-vmovntdq-256-1.c compilation failed to produce executable
FAIL: gcc.target/i386/avx-vmovntpd-256-1.c (test for excess errors)
WARNING: gcc.target/i386/avx-vmovntpd-256-1.c compilation failed to produce executable
FAIL: gcc.target/i386/avx-vmovntps-256-1.c (test for excess errors)
WARNING: gcc.target/i386/avx-vmovntps-256-1.c compilation failed to produce executable
FAIL: gcc.target/x86_64/abi/test_passing_structs.c compilation,  -O0 
UNRESOLVED: gcc.target/x86_64/abi/test_passing_structs.c execution,  -O0 
FAIL: gcc.target/x86_64/abi/test_passing_structs.c compilation,  -O1 
UNRESOLVED: gcc.target/x86_64/abi/test_passing_structs.c execution,  -O1 
FAIL: gcc.target/x86_64/abi/test_passing_structs.c compilation,  -O2 
UNRESOLVED: gcc.target/x86_64/abi/test_passing_structs.c execution,  -O2 
FAIL: gcc.target/x86_64/abi/test_passing_structs.c compilation,  -O3 -fomit-frame-pointer 
UNRESOLVED: gcc.target/x86_64/abi/test_passing_structs.c execution,  -O3 -fomit-frame-pointer 
FAIL: gcc.target/x86_64/abi/test_passing_structs.c compilation,  -O3 -fomit-frame-pointer -funroll-loops 
UNRESOLVED: gcc.target/x86_64/abi/test_passing_structs.c execution,  -O3 -fomit-frame-pointer -funroll-loops 
FAIL: gcc.target/x86_64/abi/test_passing_structs.c compilation,  -O3 -fomit-frame-pointer -funroll-all-loops -finline-functions 
UNRESOLVED: gcc.target/x86_64/abi/test_passing_structs.c execution,  -O3 -fomit-frame-pointer -funroll-all-loops -finline-functions 
FAIL: gcc.target/x86_64/abi/test_passing_structs.c compilation,  -O3 -g 
UNRESOLVED: gcc.target/x86_64/abi/test_passing_structs.c execution,  -O3 -g 
FAIL: gcc.target/x86_64/abi/test_passing_structs.c compilation,  -Os 
UNRESOLVED: gcc.target/x86_64/abi/test_passing_structs.c execution,  -Os 

		=== gcc Summary for unix/-m64 ===

# of expected passes		56241
# of unexpected failures	65
# of unexpected successes	10
# of expected failures		197
# of unresolved testcases	8
# of unsupported tests		799

		=== gcc Summary ===

# of expected passes		112821
# of unexpected failures	130
# of unexpected successes	21
# of expected failures		394
# of unresolved testcases	8
# of unsupported tests		1315
/export/home/tgc/tmp/gcc443_all_native/gcc/xgcc  version 4.4.3 (GCC) 

		=== gfortran tests ===


Running target unix
FAIL: gfortran.dg/array_constructor_23.f  -O3 -fomit-frame-pointer  execution test
FAIL: gfortran.dg/array_constructor_23.f  -O3 -fomit-frame-pointer -funroll-loops  execution test
FAIL: gfortran.dg/array_constructor_23.f  -O3 -fomit-frame-pointer -funroll-all-loops -finline-functions  execution test
FAIL: gfortran.dg/array_constructor_23.f  -O3 -g  execution test
FAIL: gfortran.dg/ltrans-7.f90  -O  scan-tree-dump-times ltrans "transformed loop" 1

		=== gfortran Summary for unix ===

# of expected passes		29770
# of unexpected failures	5
# of expected failures		10
# of unsupported tests		121

Running target unix/-m64

		=== gfortran Summary for unix/-m64 ===

# of expected passes		29920
# of expected failures		10
# of unsupported tests		52

		=== gfortran Summary ===

# of expected passes		59690
# of unexpected failures	5
# of expected failures		20
# of unsupported tests		173
/export/home/tgc/tmp/gcc443_all_native/gcc/testsuite/gfortran/../../gfortran  version 4.4.3 (GCC) 

		=== g++ tests ===


Running target unix
FAIL: g++.dg/ext/visibility/fvisibility-inlines-hidden-2.C scan-not-hidden 
FAIL: g++.dg/ext/visibility/fvisibility-inlines-hidden-3.C scan-not-hidden 
FAIL: g++.dg/ext/visibility/fvisibility-inlines-hidden-3.C scan-not-hidden 
FAIL: g++.dg/ext/visibility/fvisibility-override1.C scan-not-hidden 
FAIL: g++.dg/ext/visibility/fvisibility-override2.C scan-not-hidden 
FAIL: g++.dg/ext/visibility/guard1.C scan-not-hidden 
FAIL: g++.dg/ext/visibility/ms-compat-1.C scan-not-hidden 
FAIL: g++.dg/ext/visibility/ms-compat-1.C scan-not-hidden 
FAIL: g++.dg/ext/visibility/ms-compat-1.C scan-not-hidden 
FAIL: g++.dg/ext/visibility/namespace1.C scan-not-hidden 
FAIL: g++.dg/ext/visibility/new1.C scan-not-hidden 
FAIL: g++.dg/ext/visibility/template1.C scan-not-hidden 
FAIL: g++.dg/ext/visibility/template1.C scan-not-hidden 
FAIL: g++.dg/ext/visibility/template2.C scan-not-hidden 
FAIL: g++.dg/ext/visibility/template2.C scan-not-hidden 
FAIL: g++.dg/ext/visibility/template3.C scan-not-hidden 
FAIL: g++.dg/ext/visibility/template3.C scan-not-hidden 
FAIL: g++.dg/ext/visibility/template4.C scan-not-hidden 
FAIL: g++.dg/ext/visibility/template4.C scan-not-hidden 
FAIL: g++.dg/ext/visibility/template4.C scan-not-hidden 
FAIL: g++.dg/ext/visibility/template4.C scan-not-hidden 
FAIL: g++.dg/ext/visibility/template6.C scan-not-hidden 
FAIL: g++.dg/ext/visibility/typeinfo1.C scan-not-hidden 
FAIL: g++.dg/ext/visibility/typeinfo1.C scan-not-hidden 
FAIL: g++.dg/ext/visibility/typeinfo2.C scan-not-hidden 
FAIL: g++.dg/ext/visibility/typeinfo3.C scan-not-hidden 
FAIL: g++.dg/ext/visibility/typeinfo3.C scan-not-hidden 
FAIL: g++.dg/ext/visibility/warn3.C scan-not-hidden 
XPASS: g++.dg/other/ucnid-1.C (test for excess errors)
FAIL: g++.old-deja/g++.mike/visibility-1.C scan-not-hidden 
XPASS: g++.old-deja/g++.oliva/dwarf2.C (test for excess errors)
XPASS: g++.old-deja/g++.oliva/dwarf3.C (test for excess errors)
XPASS: g++.old-deja/g++.other/init19.C execution test

		=== g++ Summary for unix ===

# of expected passes		20005
# of unexpected failures	29
# of unexpected successes	4
# of expected failures		157
# of unsupported tests		135

Running target unix/-m64
FAIL: g++.dg/ext/visibility/fvisibility-inlines-hidden-2.C scan-not-hidden 
FAIL: g++.dg/ext/visibility/fvisibility-inlines-hidden-3.C scan-not-hidden 
FAIL: g++.dg/ext/visibility/fvisibility-inlines-hidden-3.C scan-not-hidden 
FAIL: g++.dg/ext/visibility/fvisibility-override1.C scan-not-hidden 
FAIL: g++.dg/ext/visibility/fvisibility-override2.C scan-not-hidden 
FAIL: g++.dg/ext/visibility/guard1.C scan-not-hidden 
FAIL: g++.dg/ext/visibility/ms-compat-1.C scan-not-hidden 
FAIL: g++.dg/ext/visibility/ms-compat-1.C scan-not-hidden 
FAIL: g++.dg/ext/visibility/ms-compat-1.C scan-not-hidden 
FAIL: g++.dg/ext/visibility/namespace1.C scan-not-hidden 
FAIL: g++.dg/ext/visibility/new1.C scan-not-hidden 
FAIL: g++.dg/ext/visibility/template1.C scan-not-hidden 
FAIL: g++.dg/ext/visibility/template1.C scan-not-hidden 
FAIL: g++.dg/ext/visibility/template2.C scan-not-hidden 
FAIL: g++.dg/ext/visibility/template2.C scan-not-hidden 
FAIL: g++.dg/ext/visibility/template3.C scan-not-hidden 
FAIL: g++.dg/ext/visibility/template3.C scan-not-hidden 
FAIL: g++.dg/ext/visibility/template4.C scan-not-hidden 
FAIL: g++.dg/ext/visibility/template4.C scan-not-hidden 
FAIL: g++.dg/ext/visibility/template4.C scan-not-hidden 
FAIL: g++.dg/ext/visibility/template4.C scan-not-hidden 
FAIL: g++.dg/ext/visibility/template6.C scan-not-hidden 
FAIL: g++.dg/ext/visibility/typeinfo1.C scan-not-hidden 
FAIL: g++.dg/ext/visibility/typeinfo1.C scan-not-hidden 
FAIL: g++.dg/ext/visibility/typeinfo2.C scan-not-hidden 
FAIL: g++.dg/ext/visibility/typeinfo3.C scan-not-hidden 
FAIL: g++.dg/ext/visibility/typeinfo3.C scan-not-hidden 
FAIL: g++.dg/ext/visibility/warn3.C scan-not-hidden 
XPASS: g++.dg/other/ucnid-1.C (test for excess errors)
FAIL: g++.dg/tls/static-1.C execution test
FAIL: g++.old-deja/g++.law/profile1.C (test for excess errors)
WARNING: g++.old-deja/g++.law/profile1.C compilation failed to produce executable
FAIL: g++.old-deja/g++.mike/visibility-1.C scan-not-hidden 
XPASS: g++.old-deja/g++.oliva/dwarf2.C (test for excess errors)
XPASS: g++.old-deja/g++.oliva/dwarf3.C (test for excess errors)
XPASS: g++.old-deja/g++.other/init19.C execution test

		=== g++ Summary for unix/-m64 ===

# of expected passes		19698
# of unexpected failures	31
# of unexpected successes	4
# of expected failures		157
# of unsupported tests		280

		=== g++ Summary ===

# of expected passes		39703
# of unexpected failures	60
# of unexpected successes	8
# of expected failures		314
# of unsupported tests		415
/export/home/tgc/tmp/gcc443_all_native/gcc/testsuite/g++/../../g++  version 4.4.3 (GCC) 

		=== gnat tests ===


Running target unix

		=== gnat Summary for unix ===

# of expected passes		615
# of expected failures		6

Running target unix/-m64

		=== gnat Summary for unix/-m64 ===

# of expected passes		615
# of expected failures		6

		=== gnat Summary ===

# of expected passes		1230
# of expected failures		12
		=== obj-c++ tests ===


Running target unix
XPASS: obj-c++.dg/comp-types-10.mm (test for excess errors)
WARNING: obj-c++.dg/lookup-2.mm compilation failed to produce executable
WARNING: obj-c++.dg/try-catch-2.mm compilation failed to produce executable
WARNING: obj-c++.dg/try-catch-9.mm compilation failed to produce executable

		=== obj-c++ Summary for unix ===

# of expected passes		436
# of unexpected successes	1
# of expected failures		9
# of unsupported tests		13

Running target unix/-m64
XPASS: obj-c++.dg/comp-types-10.mm (test for excess errors)
WARNING: obj-c++.dg/lookup-2.mm compilation failed to produce executable
WARNING: obj-c++.dg/try-catch-2.mm compilation failed to produce executable
WARNING: obj-c++.dg/try-catch-9.mm compilation failed to produce executable

		=== obj-c++ Summary for unix/-m64 ===

# of expected passes		425
# of unexpected successes	1
# of expected failures		20
# of unsupported tests		13

		=== obj-c++ Summary ===

# of expected passes		861
# of unexpected successes	2
# of expected failures		29
# of unsupported tests		26
/export/home/tgc/tmp/gcc443_all_native/gcc/testsuite/obj-c++/../../g++  version 4.4.3 (GCC) 

		=== objc tests ===


Running target unix

		=== objc Summary for unix ===

# of expected passes		1874
# of expected failures		7
# of unsupported tests		24

Running target unix/-m64
FAIL: objc/execute/forward-1.m execution,  -O0 -fgnu-runtime
FAIL: objc/execute/forward-1.m execution,  -O1 -fgnu-runtime
FAIL: objc/execute/forward-1.m execution,  -O2 -fgnu-runtime
FAIL: objc/execute/forward-1.m execution,  -O3 -fomit-frame-pointer -fgnu-runtime
FAIL: objc/execute/forward-1.m execution,  -O3 -fomit-frame-pointer -funroll-loops -fgnu-runtime
FAIL: objc/execute/forward-1.m execution,  -O3 -fomit-frame-pointer -funroll-all-loops -finline-functions -fgnu-runtime
FAIL: objc/execute/forward-1.m execution,  -O3 -g -fgnu-runtime
FAIL: objc/execute/forward-1.m execution,  -Os -fgnu-runtime

		=== objc Summary for unix/-m64 ===

# of expected passes		1866
# of unexpected failures	8
# of expected failures		7
# of unsupported tests		24

		=== objc Summary ===

# of expected passes		3740
# of unexpected failures	8
# of expected failures		14
# of unsupported tests		48
/export/home/tgc/tmp/gcc443_all_native/gcc/xgcc  version 4.4.3 (GCC) 

		=== libffi tests ===


Running target unix

		=== libffi Summary for unix ===

# of expected passes		1389
# of unsupported tests		10

Running target unix/-m64
FAIL: libffi.special/unwindtest.cc  -shared-libgcc -lstdc++ execution test
FAIL: libffi.special/unwindtest_ffi_call.cc  -shared-libgcc -lstdc++ execution test
FAIL: libffi.special/unwindtest.cc  -shared-libgcc -lstdc++ execution test
FAIL: libffi.special/unwindtest_ffi_call.cc  -shared-libgcc -lstdc++ execution test
FAIL: libffi.special/unwindtest.cc  -shared-libgcc -lstdc++ execution test
FAIL: libffi.special/unwindtest_ffi_call.cc  -shared-libgcc -lstdc++ execution test
FAIL: libffi.special/unwindtest.cc  -shared-libgcc -lstdc++ execution test
FAIL: libffi.special/unwindtest_ffi_call.cc  -shared-libgcc -lstdc++ execution test

		=== libffi Summary for unix/-m64 ===

# of expected passes		1373
# of unexpected failures	8
# of unsupported tests		10

		=== libffi Summary ===

# of expected passes		2762
# of unexpected failures	8
# of unsupported tests		20
		=== libgomp tests ===


Running target unix

		=== libgomp Summary for unix ===

# of expected passes		2420
# of unsupported tests		2

Running target unix/-m64
FAIL: libgomp.c/copyin-3.c execution test
FAIL: libgomp.c/nqueens-1.c execution test
FAIL: libgomp.c/pr24455.c execution test
FAIL: libgomp.c++/ctor-10.C  -O0  execution test
FAIL: libgomp.c++/ctor-10.C  -O1  execution test
FAIL: libgomp.c++/ctor-10.C  -O2  execution test
FAIL: libgomp.c++/ctor-10.C  -O3 -fomit-frame-pointer  execution test
FAIL: libgomp.c++/ctor-10.C  -O3 -fomit-frame-pointer -funroll-loops  execution test
FAIL: libgomp.c++/ctor-10.C  -O3 -fomit-frame-pointer -funroll-all-loops -finline-functions  execution test
FAIL: libgomp.c++/ctor-10.C  -O3 -g  execution test
FAIL: libgomp.c++/ctor-10.C  -Os  execution test
FAIL: libgomp.c++/pr24455.C  -O0  execution test
FAIL: libgomp.c++/pr24455.C  -O1  execution test
FAIL: libgomp.c++/pr24455.C  -O2  execution test
FAIL: libgomp.c++/pr24455.C  -O3 -fomit-frame-pointer  execution test
FAIL: libgomp.c++/pr24455.C  -O3 -fomit-frame-pointer -funroll-loops  execution test
FAIL: libgomp.c++/pr24455.C  -O3 -fomit-frame-pointer -funroll-all-loops -finline-functions  execution test
FAIL: libgomp.c++/pr24455.C  -O3 -g  execution test
FAIL: libgomp.c++/pr24455.C  -Os  execution test
FAIL: libgomp.fortran/appendix-a/a.22.8.f90  -O0  execution test
FAIL: libgomp.fortran/appendix-a/a.22.8.f90  -O1  execution test
FAIL: libgomp.fortran/appendix-a/a.22.8.f90  -O2  execution test
FAIL: libgomp.fortran/appendix-a/a.22.8.f90  -O3 -fomit-frame-pointer  execution test
FAIL: libgomp.fortran/appendix-a/a.22.8.f90  -O3 -fomit-frame-pointer -funroll-loops  execution test
FAIL: libgomp.fortran/appendix-a/a.22.8.f90  -O3 -fomit-frame-pointer -funroll-all-loops -finline-functions  execution test
FAIL: libgomp.fortran/appendix-a/a.22.8.f90  -O3 -g  execution test
FAIL: libgomp.fortran/appendix-a/a.22.8.f90  -Os  execution test
FAIL: libgomp.fortran/threadprivate1.f90  -O0  execution test
FAIL: libgomp.fortran/threadprivate1.f90  -O1  execution test
FAIL: libgomp.fortran/threadprivate1.f90  -O2  execution test
FAIL: libgomp.fortran/threadprivate1.f90  -O3 -fomit-frame-pointer  execution test
FAIL: libgomp.fortran/threadprivate1.f90  -O3 -fomit-frame-pointer -funroll-loops  execution test
FAIL: libgomp.fortran/threadprivate1.f90  -O3 -fomit-frame-pointer -funroll-all-loops -finline-functions  execution test
FAIL: libgomp.fortran/threadprivate1.f90  -O3 -g  execution test
FAIL: libgomp.fortran/threadprivate1.f90  -Os  execution test
FAIL: libgomp.fortran/threadprivate2.f90  -O0  execution test
FAIL: libgomp.fortran/threadprivate2.f90  -O1  execution test
FAIL: libgomp.fortran/threadprivate2.f90  -O2  execution test
FAIL: libgomp.fortran/threadprivate2.f90  -O3 -fomit-frame-pointer  execution test
FAIL: libgomp.fortran/threadprivate2.f90  -O3 -fomit-frame-pointer -funroll-loops  execution test
FAIL: libgomp.fortran/threadprivate2.f90  -O3 -fomit-frame-pointer -funroll-all-loops -finline-functions  execution test
FAIL: libgomp.fortran/threadprivate2.f90  -O3 -g  execution test
FAIL: libgomp.fortran/threadprivate2.f90  -Os  execution test

		=== libgomp Summary for unix/-m64 ===

# of expected passes		2377
# of unexpected failures	43
# of unsupported tests		2

		=== libgomp Summary ===

# of expected passes		4797
# of unexpected failures	43
# of unsupported tests		4
		=== libjava tests ===


Running target unix
FAIL: Throw_2 execution - source compiled test
FAIL: Throw_2 -findirect-dispatch execution - source compiled test
FAIL: Throw_2 -O3 execution - source compiled test
FAIL: Throw_2 -O3 -findirect-dispatch execution - source compiled test

		=== libjava Summary for unix ===

# of expected passes		2566
# of unexpected failures	4
# of untested testcases		4

Running target unix/-m64
FAIL: /export/home/tgc/tmp/gcc-4.4.3/libjava/testsuite/libjava.jar/TestClosureGC.jar execution - gij test
FAIL: /export/home/tgc/tmp/gcc-4.4.3/libjava/testsuite/libjava.jar/simple.jar execution - gij test
FAIL: PR15133 execution - gij test
FAIL: PR18116 execution - gij test
FAIL: PR28178 execution - gij test
FAIL: bytebuffer execution - gij test
FAIL: calls execution - gij test
FAIL: cxxtest execution - gij test
FAIL: directbuffer execution - gij test
FAIL: field execution - gij test
FAIL: final_method execution - gij test
FAIL: findclass execution - gij test
FAIL: findclass2 execution - gij test
FAIL: iface execution - gij test
FAIL: init execution - gij test
FAIL: invoke execution - gij test
FAIL: jniutf execution - gij test
FAIL: martin execution - gij test
FAIL: noclass execution - gij test
FAIL: overload execution - gij test
FAIL: pr11951 run
FAIL: pr18278 execution - gij test
FAIL: pr23739 execution - gij test
FAIL: register execution - gij test
FAIL: register2 execution - gij test
FAIL: simple_int execution - gij test
FAIL: throwit execution - gij test
FAIL: virtual execution - gij test
FAIL: PR16923 run
FAIL: pr29812 execution - gij test
FAIL: getargssize run
FAIL: getlocalvartable run
FAIL: getstacktrace run
FAIL: ExtraClassLoader execution - source compiled test
FAIL: ExtraClassLoader -findirect-dispatch execution - source compiled test
FAIL: ExtraClassLoader -O3 execution - source compiled test
FAIL: ExtraClassLoader -O3 -findirect-dispatch execution - source compiled test
FAIL: ProxyTest execution - source compiled test
FAIL: ProxyTest -findirect-dispatch execution - source compiled test
FAIL: ProxyTest -O3 execution - source compiled test
FAIL: ProxyTest -O3 -findirect-dispatch execution - source compiled test
FAIL: TestProxy execution - source compiled test
FAIL: TestProxy -findirect-dispatch execution - source compiled test
FAIL: TestProxy -O3 execution - source compiled test
FAIL: TestProxy -O3 -findirect-dispatch execution - source compiled test
FAIL: Throw_2 execution - source compiled test
FAIL: Throw_2 -findirect-dispatch execution - source compiled test
FAIL: Throw_2 -O3 execution - source compiled test
FAIL: Throw_2 -O3 -findirect-dispatch execution - source compiled test
FAIL: invokethrow execution - source compiled test
FAIL: invokethrow -findirect-dispatch execution - source compiled test
FAIL: invokethrow -O3 execution - source compiled test
FAIL: invokethrow -O3 -findirect-dispatch execution - source compiled test
FAIL: /export/home/tgc/tmp/gcc443_all_native/i386-pc-solaris2.10/libjava/testsuite/TestEarlyGC.exe execution - /export/home/tgc/tmp/gcc443_all_native/i386-pc-solaris2.10/libjava/testsuite/TestEarlyGC.exe

		=== libjava Summary for unix/-m64 ===

# of expected passes		2469
# of unexpected failures	54
# of untested testcases		54

		=== libjava Summary ===

# of expected passes		5035
# of unexpected failures	58
# of untested testcases		58
		=== libstdc++ tests ===


Running target unix
FAIL: ext/enc_filebuf/char/13598.cc execution test

		=== libstdc++ Summary for unix ===

# of expected passes		5769
# of unexpected failures	1
# of expected failures		81
# of unsupported tests		390

Running target unix/-m64
XPASS: 22_locale/num_put/put/char/14220.cc execution test
XPASS: 22_locale/num_put/put/wchar_t/14220.cc execution test
FAIL: ext/enc_filebuf/char/13598.cc execution test

		=== libstdc++ Summary for unix/-m64 ===

# of expected passes		5778
# of unexpected failures	1
# of unexpected successes	2
# of expected failures		79
# of unsupported tests		385

		=== libstdc++ Summary ===

# of expected passes		11547
# of unexpected failures	2
# of unexpected successes	2
# of expected failures		160
# of unsupported tests		775

Compiler version: 4.4.3 (GCC) 
Platform: i386-pc-solaris2.10
configure flags: --prefix=/usr/tgcware/gcc-4.4.3 --with-local-prefix=/usr/tgcware/gcc-4.4.3 --with-gnu-as --with-as=/opt/csw/bin/gas --without-gnu-ld --with-ld=/usr/ccs/bin/ld --enable-threads=posix --enable-shared --with-gmp=/opt/csw --with-mpfr=/opt/csw --disable-nls --with-x --enable-java-awt=xlib --with-system-zlib --enable-languages=c,ada,c++,fortran,java,objc,obj-c++


Index Nav: [Date Index] [Subject Index] [Author Index] [Thread Index]
Message Nav: [Date Prev] [Date Next] [Thread Prev] [Thread Next]