This is the mail archive of the
gcc-testresults@gcc.gnu.org
mailing list for the GCC project.
[cygwin-improvements] Results for 4.5.0 20100121 (experimental) (GCC) testsuite on i686-pc-cygwin
- From: Dave Korn <dave dot korn dot cygwin at googlemail dot com>
- To: gcc-testresults at gcc dot gnu dot org
- Date: Fri, 29 Jan 2010 12:42:31 +0000
- Subject: [cygwin-improvements] Results for 4.5.0 20100121 (experimental) (GCC) testsuite on i686-pc-cygwin
Merged up to HEAD@156105. Regressions to investigate.
Revision: 156345
Native configuration is i686-pc-cygwin
=== g++ tests ===
Running target unix
FAIL: g++.dg/abi/local1.C execution test
FAIL: g++.dg/abi/thunk5.C scan-assembler weak.*ZTv
FAIL: g++.dg/cpp0x/pr31443.C (test for excess errors)
FAIL: g++.dg/cpp0x/pr31444.C (test for errors, line 4)
FAIL: g++.dg/cpp0x/pr31444.C (test for errors, line 9)
FAIL: g++.dg/cpp0x/pr31444.C (test for excess errors)
FAIL: g++.dg/eh/weak1.C execution test
FAIL: g++.dg/ext/dllimport7.C C++ specific error (test for errors, line 24)
FAIL: g++.dg/ext/selectany1.C scan-assembler-dem \\nguard variable for x:
FAIL: g++.dg/init/cleanup3.C scan-assembler-not _tcf
FAIL: g++.dg/template/error45.C (test for excess errors)
FAIL: g++.old-deja/g++.eh/badalloc1.C execution test
XPASS: g++.old-deja/g++.ext/attrib5.C execution test
FAIL: g++.old-deja/g++.other/init5.C execution test
=== g++ Summary ===
# of expected passes 22784
# of unexpected failures 13
# of unexpected successes 1
# of expected failures 147
# of unsupported tests 268
/gnu/gcc/obj-cygwin-improvements/gcc/testsuite/g++/../../g++ version 4.5.0
20100121 (experimental) (GCC)
=== gcc tests ===
Running target unix
FAIL: gcc.dg/cpp/_Pragma3.c (test for excess errors)
FAIL: gcc.dg/alias-7.c execution test
FAIL: gcc.dg/pr34668-1.c (internal compiler error)
FAIL: gcc.dg/pr34668-1.c (test for excess errors)
FAIL: gcc.dg/graphite/run-id-1.c execution test
FAIL: largefile.c (test for excess errors)
FAIL: gcc.dg/pch/largefile.c -O0 -g assembly comparison
FAIL: largefile.c (test for excess errors)
FAIL: gcc.dg/pch/largefile.c -O0 assembly comparison
FAIL: largefile.c (test for excess errors)
FAIL: gcc.dg/pch/largefile.c -O1 assembly comparison
FAIL: largefile.c (test for excess errors)
FAIL: gcc.dg/pch/largefile.c -O2 assembly comparison
FAIL: largefile.c (test for excess errors)
FAIL: gcc.dg/pch/largefile.c -O3 -fomit-frame-pointer assembly comparison
FAIL: largefile.c (test for excess errors)
FAIL: gcc.dg/pch/largefile.c -O3 -g assembly comparison
FAIL: largefile.c (test for excess errors)
FAIL: gcc.dg/pch/largefile.c -Os assembly comparison
FAIL: gcc.dg/tree-ssa/pr27781.c scan-tree-dump optimized "func \\(\\);"
FAIL: gcc.dg/tree-ssa/pr36881.c scan-assembler-not CSWTCH
FAIL: gcc.dg/tree-ssa/pr36881.c scan-tree-dump switchconv "need runtime
relocations"
FAIL: gcc.dg/tree-ssa/ssa-store-ccp-2.c scan-tree-dump-times optimized
"conststaticvariable" 1
FAIL: gcc.dg/tree-ssa/ssa-store-ccp-4.c scan-tree-dump-times optimized
"conststaticvariable" 1
FAIL: gcc.target/i386/pr25993.c (test for excess errors)
FAIL: gcc.target/i386/pr32000-2.c (test for excess errors)
WARNING: gcc.target/i386/pr32000-2.c compilation failed to produce executable
FAIL: gcc.target/i386/pr37843-4.c scan-assembler jmp[\\\\t ]*foo
FAIL: gcc.target/i386/pr40906-1.c (test for excess errors)
FAIL: gcc.target/i386/pr40906-2.c (test for excess errors)
XPASS: gcc.target/i386/push-1.c scan-assembler-not movups
FAIL: gcc.target/i386/stackalign/return-3.c (test for excess errors)
FAIL: gcc.target/i386/stackalign/return-3.c (test for excess errors)
FAIL: gcc.target/i386/stackalign/return-3.c (test for excess errors)
FAIL: gcc.target/i386/stackalign/return-3.c (test for excess errors)
=== gcc Summary ===
# of expected passes 64293
# of unexpected failures 33
# of unexpected successes 1
# of expected failures 173
# of unsupported tests 717
/gnu/gcc/obj-cygwin-improvements/gcc/xgcc version 4.5.0 20100121
(experimental) (GCC)
=== gfortran tests ===
Running target unix
FAIL: gfortran.dg/atan2_1.f90 execution test
FAIL: gfortran.dg/guality/pr41558.f90 (test for excess errors)
WARNING: gfortran.dg/guality/pr41558.f90 compilation failed to produce executable
FAIL: gfortran.dg/guality/pr41558.f90 (test for excess errors)
WARNING: gfortran.dg/guality/pr41558.f90 compilation failed to produce executable
FAIL: gfortran.dg/vect/fast-math-mgrid-resid.f scan-tree-dump-times optimized
"vect_var[^\\n]*\\+ " 13
=== gfortran Summary ===
# of expected passes 22739
# of unexpected failures 4
# of expected failures 34
# of unsupported tests 278
/gnu/gcc/obj-cygwin-improvements/gcc/testsuite/gfortran/../../gfortran
version 4.5.0 20100121 (experimental) (GCC)
=== obj-c++ tests ===
Running target unix
WARNING: obj-c++.dg/lookup-2.mm compilation failed to produce executable
WARNING: obj-c++.dg/try-catch-2.mm compilation failed to produce executable
WARNING: obj-c++.dg/try-catch-9.mm compilation failed to produce executable
=== obj-c++ Summary ===
# of expected passes 438
# of expected failures 10
# of unsupported tests 13
/gnu/gcc/obj-cygwin-improvements/gcc/testsuite/obj-c++/../../g++ version
4.5.0 20100121 (experimental) (GCC)
=== objc tests ===
Running target unix
=== objc Summary ===
# of expected passes 1967
# of expected failures 7
# of unsupported tests 24
/gnu/gcc/obj-cygwin-improvements/gcc/xgcc version 4.5.0 20100121
(experimental) (GCC)
Compiler version: 4.5.0 20100121 (experimental) (GCC)
Platform: i686-pc-cygwin
configure flags: --prefix=/opt/gcc-tools -v --with-gmp=/usr --with-mpfr=/usr
--enable-bootstrap --enable-version-specific-runtime-libs --enable-static
--enable-shared --enable-shared-libgcc --disable-__cxa_atexit --with-gnu-ld
--with-gnu-as --with-dwarf2 --disable-sjlj-exceptions --disable-symvers
--enable-libjava --enable-interpreter --program-suffix=-4 --enable-libgomp
--disable-libssp --disable-libada --enable-threads=posix --with-arch=i686
--with-tune=generic CC=gcc-4 CXX=g++-4 CC_FOR_TARGET=gcc-4
CXX_FOR_TARGET=g++-4 --with-ecj-jar=/usr/share/java/ecj.jar
--disable-win32-registry --disable-libgcj-debug --disable-lto
--disable-graphite --enable-languages=c,c++,fortran,java,objc,obj-c++
--no-create --no-recursion