This is the mail archive of the
gcc-testresults@gcc.gnu.org
mailing list for the GCC project.
Results for 4.5.0 20100126 (experimental) (GCC) g++ testsuite on i686-pc-cygwin
- From: Dave Korn <dave dot korn dot cygwin at googlemail dot com>
- To: gcc-testresults at gcc dot gnu dot org
- Date: Wed, 27 Jan 2010 22:30:22 +0000
- Subject: Results for 4.5.0 20100126 (experimental) (GCC) g++ testsuite on i686-pc-cygwin
Revision: 156253
Native configuration is i686-pc-cygwin
=== g++ tests ===
Running target unix
FAIL: g++.dg/abi/local1.C execution test
FAIL: g++.dg/abi/thunk5.C scan-assembler weak.*ZTv
FAIL: g++.dg/eh/weak1.C execution test
FAIL: g++.dg/ext/dllimport7.C C++ specific error (test for errors, line 24)
FAIL: g++.dg/ext/selectany1.C scan-assembler-dem \\nguard variable for x:
FAIL: g++.dg/init/cleanup3.C scan-assembler-not _tcf
FAIL: g++.old-deja/g++.eh/badalloc1.C execution test
XPASS: g++.old-deja/g++.ext/attrib5.C execution test
FAIL: g++.old-deja/g++.other/init5.C execution test
=== g++ Summary ===
# of expected passes 22788
# of unexpected failures 8
# of unexpected successes 1
# of expected failures 147
# of unsupported tests 281
/gnu/gcc/obj3/gcc/testsuite/g++/../../g++ version 4.5.0 20100126
(experimental) (GCC)
Compiler version: 4.5.0 20100126 (experimental) (GCC) g++
Platform: i686-pc-cygwin
configure flags: --prefix=/opt/gcc-tools -v --with-gmp=/usr --with-mpfr=/usr
--disable-bootstrap --enable-version-specific-runtime-libs --enable-static
--enable-shared --enable-shared-libgcc --disable-__cxa_atexit --with-gnu-ld
--with-gnu-as --with-dwarf2 --disable-sjlj-exceptions --disable-symvers
--enable-libjava --enable-interpreter --program-suffix=-4 --disable-libssp
--disable-libada --enable-threads=posix --with-arch=i686 --with-tune=generic
CC=gcc-4 CXX=g++-4 CC_FOR_TARGET=gcc-4 CXX_FOR_TARGET=g++-4
--with-ecj-jar=/usr/share/java/ecj.jar --disable-win32-registry
--disable-libgcj-debug --disable-lto --disable-graphite --disable-libgomp
--enable-languages=c,c++