This is the mail archive of the
gcc-testresults@gcc.gnu.org
mailing list for the GCC project.
Results for 4.5.0 20100124 (GCC) testsuite on sparc-sun-solaris2.9
- From: botcazou at eu dot adacore dot com (Eric Botcazou)
- To: gcc-testresults at gcc dot gnu dot org
- Date: Tue, 26 Jan 2010 07:13:03 +0100 (CET)
- Subject: Results for 4.5.0 20100124 (GCC) testsuite on sparc-sun-solaris2.9
=== acats tests ===
=== acats Summary ===
# of expected passes 2321
# of unexpected failures 0
Native configuration is sparc-sun-solaris2.9
=== gcc tests ===
Running target unix
WARNING: program timed out.
FAIL: gcc.c-torture/compile/20001226-1.c -O3 -g (test for excess errors)
FAIL: gcc.c-torture/execute/pr38819.c execution, -O2
FAIL: gcc.c-torture/execute/pr38819.c execution, -O3 -fomit-frame-pointer
FAIL: gcc.c-torture/execute/pr38819.c execution, -O3 -fomit-frame-pointer -funroll-loops
FAIL: gcc.c-torture/execute/pr38819.c execution, -O3 -fomit-frame-pointer -funroll-all-loops -finline-functions
FAIL: gcc.c-torture/execute/pr38819.c execution, -O3 -g
FAIL: gcc.c-torture/execute/pr38819.c execution, -O2 -flto
FAIL: gcc.c-torture/execute/pr38819.c execution, -O2 -fwhopr
FAIL: gcc.dg/pr34668-1.c (internal compiler error)
FAIL: gcc.dg/pr34668-1.c (test for excess errors)
XPASS: gcc.dg/ucnid-11.c (test for excess errors)
XPASS: gcc.dg/ucnid-12.c (test for excess errors)
XPASS: gcc.dg/ucnid-2.c (test for excess errors)
XPASS: gcc.dg/ucnid-3.c (test for excess errors)
XPASS: gcc.dg/ucnid-4.c (test for excess errors)
FAIL: gcc.dg/lto/20081201-2 c_lto_20081201-2_0.o-c_lto_20081201-2_1.o execute -O3 -fwhopr
FAIL: gcc.dg/lto/20090729 c_lto_20090729_0.o-c_lto_20090729_1.o link
UNRESOLVED: gcc.dg/lto/20090729 c_lto_20090729_0.o-c_lto_20090729_1.o execute -w
FAIL: gcc.dg/vect/slp-multitypes-2.c execution test
=== gcc Summary ===
# of expected passes 63351
# of unexpected failures 13
# of unexpected successes 5
# of expected failures 194
# of unresolved testcases 1
# of unsupported tests 925
/nfs/nile/nile.build/botcazou/gcc-head/sparc-sun-solaris2.9/gcc/xgcc version 4.5.0 20100124 for GNAT Pro 6.4.0w (20100123) (GCC)
=== gfortran tests ===
Running target unix
XPASS: gfortran.dg/pr25923.f90 -O (test for warnings, line 13)
FAIL: gfortran.dg/lto/20091015-1 f_lto_20091015-1_0.o-f_lto_20091015-1_2.o link
UNRESOLVED: gfortran.dg/lto/20091015-1 f_lto_20091015-1_0.o-f_lto_20091015-1_2.o execute -O0 -fwhopr
FAIL: gfortran.dg/lto/20091015-1 f_lto_20091015-1_0.o-f_lto_20091015-1_2.o link
UNRESOLVED: gfortran.dg/lto/20091015-1 f_lto_20091015-1_0.o-f_lto_20091015-1_2.o execute -O2 -fwhopr
FAIL: gfortran.dg/lto/20091015-1 f_lto_20091015-1_0.o-f_lto_20091015-1_2.o link
UNRESOLVED: gfortran.dg/lto/20091015-1 f_lto_20091015-1_0.o-f_lto_20091015-1_2.o execute -O0 -flto
FAIL: gfortran.dg/lto/20091015-1 f_lto_20091015-1_0.o-f_lto_20091015-1_2.o link
UNRESOLVED: gfortran.dg/lto/20091015-1 f_lto_20091015-1_0.o-f_lto_20091015-1_2.o execute -O2 -flto
=== gfortran Summary ===
# of expected passes 33025
# of unexpected failures 4
# of unexpected successes 1
# of expected failures 24
# of unresolved testcases 4
# of unsupported tests 313
/nfs/nile/nile.build/botcazou/gcc-head/sparc-sun-solaris2.9/gcc/testsuite/gfortran/../../gfortran version 4.5.0 20100124 for GNAT Pro 6.4.0w (20100123) (GCC)
=== g++ tests ===
Running target unix
XPASS: g++.dg/other/ucnid-1.C (test for excess errors)
XPASS: g++.old-deja/g++.other/init19.C execution test
=== g++ Summary ===
# of expected passes 21445
# of unexpected successes 2
# of expected failures 148
# of unsupported tests 225
/nfs/nile/nile.build/botcazou/gcc-head/sparc-sun-solaris2.9/gcc/testsuite/g++/../../g++ version 4.5.0 20100124 for GNAT Pro 6.4.0w (20100123) (GCC)
=== gnat tests ===
Running target unix
=== gnat Summary ===
# of expected passes 749
# of expected failures 7
# of unsupported tests 1
=== obj-c++ tests ===
Running target unix
WARNING: obj-c++.dg/lookup-2.mm compilation failed to produce executable
WARNING: obj-c++.dg/try-catch-2.mm compilation failed to produce executable
WARNING: obj-c++.dg/try-catch-9.mm compilation failed to produce executable
=== obj-c++ Summary ===
# of expected passes 438
# of expected failures 10
# of unsupported tests 13
/nfs/nile/nile.build/botcazou/gcc-head/sparc-sun-solaris2.9/gcc/testsuite/obj-c++/../../g++ version 4.5.0 20100124 for GNAT Pro 6.4.0w (20100123) (GCC)
=== objc tests ===
Running target unix
FAIL: objc/execute/forward-1.m execution, -O0 -fgnu-runtime
FAIL: objc/execute/forward-1.m execution, -O1 -fgnu-runtime
FAIL: objc/execute/forward-1.m execution, -O2 -fgnu-runtime
FAIL: objc/execute/forward-1.m execution, -O3 -fomit-frame-pointer -fgnu-runtime
FAIL: objc/execute/forward-1.m execution, -O3 -fomit-frame-pointer -funroll-loops -fgnu-runtime
FAIL: objc/execute/forward-1.m execution, -O3 -fomit-frame-pointer -funroll-all-loops -finline-functions -fgnu-runtime
FAIL: objc/execute/forward-1.m execution, -O3 -g -fgnu-runtime
FAIL: objc/execute/forward-1.m execution, -Os -fgnu-runtime
=== objc Summary ===
# of expected passes 1867
# of unexpected failures 8
# of expected failures 7
# of unsupported tests 24
/nfs/nile/nile.build/botcazou/gcc-head/sparc-sun-solaris2.9/gcc/xgcc version 4.5.0 20100124 for GNAT Pro 6.4.0w (20100123) (GCC)
=== libgomp tests ===
Running target unix
=== libgomp Summary ===
# of expected passes 2424
# of unsupported tests 9
=== libstdc++ tests ===
Running target unix
FAIL: ext/new_allocator/deallocate_global.cc execution test
FAIL: ext/profile/all.cc (test for excess errors)
FAIL: ext/throw_allocator/deallocate_global.cc execution test
=== libstdc++ Summary ===
# of expected passes 6134
# of unexpected failures 3
# of expected failures 92
# of unsupported tests 603
=== libstdc++ Summary ===
Compiler version: 4.5.0 20100124 for GNAT Pro 6.4.0w (20100123) (GCC)
Platform: sparc-sun-solaris2.9
configure flags: --prefix=/nile.build/botcazou/gcc-head/install_sparc --with-as=/nile.build/botcazou/gcc-head/install_sparc/bin/as --with-gmp=/nile.build/botcazou/support/sparc --with-mpfr=/nile.build/botcazou/support/sparc --with-mpc=/nile.build/botcazou/support/sparc --with-libelf=/nile.build/botcazou/support/sparc --enable-languages=c,c++,objc,obj-c++,fortran,ada --disable-libstdcxx-pch --disable-nls
BOOT_CFLAGS=-g -O2