This is the mail archive of the gcc-testresults@gcc.gnu.org mailing list for the GCC project.


Index Nav: [Date Index] [Subject Index] [Author Index] [Thread Index]
Message Nav: [Date Prev] [Date Next] [Thread Prev] [Thread Next]
Other format: [Raw text]

Results for 4.4.3 (GCC) testsuite on hppa64-hp-hpux11.11


LAST_UPDATED: Fri Jan 22 09:06:36 UTC 2010 (revision 156168)

Native configuration is hppa64-hp-hpux11.11

		=== g++ tests ===


Running target unix
FAIL: g++.dg/debug/dwarf2/pubnames-1.C scan-assembler-times "main".*external name 1
FAIL: g++.dg/debug/dwarf2/typedef1.C scan-assembler-times DW_AT_name: "foo<1u>" 1
FAIL: g++.dg/debug/dwarf2/typedef1.C scan-assembler-times DW_AT_name: "typedef foo<1u>::type type" 1

		=== g++ Summary ===

# of expected passes		18548
# of unexpected failures	3
# of expected failures		158
# of unsupported tests		204
/mnt/gnu/gcc/objdir/gcc/testsuite/g++/../../g++  version 4.4.3 (GCC) 

		=== gcc tests ===


Running target unix
FAIL: gcc.c-torture/compile/pr42559.c  -O1  (internal compiler error)
FAIL: gcc.c-torture/compile/pr42559.c  -O1  (test for excess errors)
FAIL: gcc.c-torture/compile/pr42559.c  -O2  (internal compiler error)
FAIL: gcc.c-torture/compile/pr42559.c  -O2  (test for excess errors)
FAIL: gcc.c-torture/compile/pr42559.c  -O3 -fomit-frame-pointer  (internal compiler error)
FAIL: gcc.c-torture/compile/pr42559.c  -O3 -fomit-frame-pointer  (test for excess errors)
FAIL: gcc.c-torture/compile/pr42559.c  -O3 -g  (internal compiler error)
FAIL: gcc.c-torture/compile/pr42559.c  -O3 -g  (test for excess errors)
FAIL: gcc.c-torture/compile/pr42559.c  -Os  (internal compiler error)
FAIL: gcc.c-torture/compile/pr42559.c  -Os  (test for excess errors)
FAIL: gcc.dg/debug/dwarf2/inline2.c scan-assembler-times \\(DIE \\(.*?\\) DW_TAG_inlined_subroutine 6
FAIL: gcc.dg/debug/dwarf2/inline2.c scan-assembler-times \\(DIE \\(.*?\\) DW_TAG_lexical_block 6
XPASS: gcc.dg/funcorder.c scan-assembler-not link_error,%r
FAIL: gcc.dg/torture/pr41555.c  -O0  (test for excess errors)
WARNING: gcc.dg/torture/pr41555.c  -O0  compilation failed to produce executable
FAIL: gcc.dg/torture/pr41555.c  -O1  (test for excess errors)
WARNING: gcc.dg/torture/pr41555.c  -O1  compilation failed to produce executable
FAIL: gcc.dg/torture/pr41555.c  -O2  (test for excess errors)
WARNING: gcc.dg/torture/pr41555.c  -O2  compilation failed to produce executable
FAIL: gcc.dg/torture/pr41555.c  -O3 -fomit-frame-pointer  (test for excess errors)
WARNING: gcc.dg/torture/pr41555.c  -O3 -fomit-frame-pointer  compilation failed to produce executable
FAIL: gcc.dg/torture/pr41555.c  -O3 -fomit-frame-pointer -funroll-loops  (test for excess errors)
WARNING: gcc.dg/torture/pr41555.c  -O3 -fomit-frame-pointer -funroll-loops  compilation failed to produce executable
FAIL: gcc.dg/torture/pr41555.c  -O3 -fomit-frame-pointer -funroll-all-loops -finline-functions  (test for excess errors)
WARNING: gcc.dg/torture/pr41555.c  -O3 -fomit-frame-pointer -funroll-all-loops -finline-functions  compilation failed to produce executable
FAIL: gcc.dg/torture/pr41555.c  -O3 -g  (test for excess errors)
WARNING: gcc.dg/torture/pr41555.c  -O3 -g  compilation failed to produce executable
FAIL: gcc.dg/torture/pr41555.c  -Os  (test for excess errors)
WARNING: gcc.dg/torture/pr41555.c  -Os  compilation failed to produce executable

		=== gcc Summary ===

# of expected passes		48892
# of unexpected failures	20
# of unexpected successes	1
# of expected failures		117
# of unsupported tests		616
/mnt/gnu/gcc/objdir/gcc/xgcc  version 4.4.3 (GCC) 

		=== gfortran tests ===


Running target unix
FAIL: gfortran.dg/nint_2.f90  -O0  execution test

		=== gfortran Summary ===

# of expected passes		28842
# of unexpected failures	1
# of expected failures		10
# of unsupported tests		268
/mnt/gnu/gcc/objdir/gcc/testsuite/gfortran/../../gfortran  version 4.4.3 (GCC) 

		=== obj-c++ tests ===


Running target unix
XPASS: obj-c++.dg/comp-types-10.mm (test for excess errors)
WARNING: obj-c++.dg/lookup-2.mm compilation failed to produce executable
WARNING: obj-c++.dg/try-catch-2.mm compilation failed to produce executable
WARNING: obj-c++.dg/try-catch-9.mm compilation failed to produce executable

		=== obj-c++ Summary ===

# of expected passes		425
# of unexpected successes	1
# of expected failures		20
# of unsupported tests		13
/mnt/gnu/gcc/objdir/gcc/testsuite/obj-c++/../../g++  version 4.4.3 (GCC) 

		=== objc tests ===


Running target unix

		=== objc Summary ===

# of expected passes		1864
# of expected failures		15
# of unsupported tests		25
/mnt/gnu/gcc/objdir/gcc/xgcc  version 4.4.3 (GCC) 

		=== libgomp tests ===


Running target unix

		=== libgomp Summary ===

# of expected passes		2406
# of unsupported tests		9
		=== libstdc++ tests ===


Running target unix

		=== libstdc++ Summary ===

# of expected passes		5491
# of expected failures		71
# of unsupported tests		528

Compiler version: 4.4.3 (GCC) 
Platform: hppa64-hp-hpux11.11
configure flags: --with-gnu-as --with-as=/opt/gnu64/bin/as --with-ld=/usr/ccs/bin/ld --enable-shared --with-local-prefix=/opt/gnu64 --prefix=/opt/gnu64/gcc/gcc-4.4.3 --build=hppa64-hp-hpux11.11 --enable-threads=posix --disable-nls --with-gmp=/opt/gnu64/gcc/gcc-4.4.3 -enable-languages=c,c++,objc,obj-c++,fortran


Index Nav: [Date Index] [Subject Index] [Author Index] [Thread Index]
Message Nav: [Date Prev] [Date Next] [Thread Prev] [Thread Next]