This is the mail archive of the gcc-testresults@gcc.gnu.org mailing list for the GCC project.


Index Nav: [Date Index] [Subject Index] [Author Index] [Thread Index]
Message Nav: [Date Prev] [Date Next] [Thread Prev] [Thread Next]
Other format: [Raw text]

Results for 4.5.0 20100122 (experimental) [trunk revision 156168] (GCC) testsuite on hppa2.0w-hp-hpux11.11


		=== acats tests ===

		=== acats Summary ===
# of expected passes		2321
# of unexpected failures	0
Native configuration is hppa2.0w-hp-hpux11.11

		=== g++ tests ===


Running target unix
FAIL: g++.dg/abi/packed1.C execution test
FAIL: g++.dg/torture/pr34099.C  -O1  (internal compiler error)
FAIL: g++.dg/torture/pr34099.C  -O1  (test for excess errors)
WARNING: g++.dg/torture/pr34099.C  -O1  compilation failed to produce executable
FAIL: g++.dg/torture/pr34099.C  -O2  (internal compiler error)
FAIL: g++.dg/torture/pr34099.C  -O2  (test for excess errors)
WARNING: g++.dg/torture/pr34099.C  -O2  compilation failed to produce executable
FAIL: g++.dg/torture/pr34099.C  -O3 -fomit-frame-pointer  (internal compiler error)
FAIL: g++.dg/torture/pr34099.C  -O3 -fomit-frame-pointer  (test for excess errors)
WARNING: g++.dg/torture/pr34099.C  -O3 -fomit-frame-pointer  compilation failed to produce executable
FAIL: g++.dg/torture/pr34099.C  -O3 -fomit-frame-pointer -funroll-loops  (internal compiler error)
FAIL: g++.dg/torture/pr34099.C  -O3 -fomit-frame-pointer -funroll-loops  (test for excess errors)
WARNING: g++.dg/torture/pr34099.C  -O3 -fomit-frame-pointer -funroll-loops  compilation failed to produce executable
FAIL: g++.dg/torture/pr34099.C  -O3 -fomit-frame-pointer -funroll-all-loops -finline-functions  (internal compiler error)
FAIL: g++.dg/torture/pr34099.C  -O3 -fomit-frame-pointer -funroll-all-loops -finline-functions  (test for excess errors)
WARNING: g++.dg/torture/pr34099.C  -O3 -fomit-frame-pointer -funroll-all-loops -finline-functions  compilation failed to produce executable
FAIL: g++.dg/torture/pr34099.C  -O3 -g  (internal compiler error)
FAIL: g++.dg/torture/pr34099.C  -O3 -g  (test for excess errors)
WARNING: g++.dg/torture/pr34099.C  -O3 -g  compilation failed to produce executable
FAIL: g++.dg/torture/pr34099.C  -Os  execution test

		=== g++ Summary ===

# of expected passes		19578
# of unexpected failures	14
# of expected failures		147
# of unsupported tests		284
/test/gnu/gcc/objdir/gcc/testsuite/g++/../../g++  version 4.5.0 20100122 (experimental) [trunk revision 156168] (GCC) 

		=== gcc tests ===


Running target unix
FAIL: gcc.c-torture/execute/pr42248.c compilation,  -O1  (internal compiler error)
UNRESOLVED: gcc.c-torture/execute/pr42248.c execution,  -O1 
FAIL: gcc.c-torture/execute/pr42248.c compilation,  -O2  (internal compiler error)
UNRESOLVED: gcc.c-torture/execute/pr42248.c execution,  -O2 
FAIL: gcc.c-torture/execute/pr42248.c compilation,  -O3 -fomit-frame-pointer  (internal compiler error)
UNRESOLVED: gcc.c-torture/execute/pr42248.c execution,  -O3 -fomit-frame-pointer 
FAIL: gcc.c-torture/execute/pr42248.c compilation,  -O3 -g  (internal compiler error)
UNRESOLVED: gcc.c-torture/execute/pr42248.c execution,  -O3 -g 
FAIL: gcc.c-torture/execute/pr42248.c compilation,  -Os  (internal compiler error)
UNRESOLVED: gcc.c-torture/execute/pr42248.c execution,  -Os 
FAIL: gcc.dg/pr34668-1.c (internal compiler error)
FAIL: gcc.dg/pr34668-1.c (test for excess errors)
WARNING: program timed out.

		=== gcc Summary ===

# of expected passes		51641
# of unexpected failures	7
# of expected failures		86
# of unresolved testcases	5
# of unsupported tests		757
/test/gnu/gcc/objdir/gcc/xgcc  version 4.5.0 20100122 (experimental) [trunk revision 156168] (GCC) 

		=== gfortran tests ===


Running target unix
XPASS: gfortran.dg/pr25923.f90  -O   (test for warnings, line 13)
FAIL: gfortran.dg/pr41928.f90  -O  (internal compiler error)
FAIL: gfortran.dg/pr41928.f90  -O  (test for excess errors)

		=== gfortran Summary ===

# of expected passes		32356
# of unexpected failures	2
# of unexpected successes	1
# of expected failures		21
# of unsupported tests		305
/test/gnu/gcc/objdir/gcc/testsuite/gfortran/../../gfortran  version 4.5.0 20100122 (experimental) [trunk revision 156168] (GCC) 

		=== gnat tests ===


Running target unix

		=== gnat Summary ===

# of expected passes		749
# of expected failures		7
# of unsupported tests		1
		=== obj-c++ tests ===


Running target unix
WARNING: obj-c++.dg/lookup-2.mm compilation failed to produce executable
WARNING: obj-c++.dg/try-catch-2.mm compilation failed to produce executable
WARNING: obj-c++.dg/try-catch-9.mm compilation failed to produce executable

		=== obj-c++ Summary ===

# of expected passes		436
# of expected failures		10
# of unsupported tests		14
/test/gnu/gcc/objdir/gcc/testsuite/obj-c++/../../g++  version 4.5.0 20100122 (experimental) [trunk revision 156168] (GCC) 

		=== objc tests ===


Running target unix

		=== objc Summary ===

# of expected passes		1861
# of expected failures		15
# of unsupported tests		27
/test/gnu/gcc/objdir/gcc/xgcc  version 4.5.0 20100122 (experimental) [trunk revision 156168] (GCC) 

		=== libffi tests ===


Running target unix

		=== libffi Summary ===

# of expected passes		1624
# of expected failures		10
# of unsupported tests		15
		=== libgomp tests ===


Running target unix
FAIL: libgomp.fortran/vla6.f90  -O0  execution test

		=== libgomp Summary ===

# of expected passes		2423
# of unexpected failures	1
# of unsupported tests		9
		=== libjava tests ===


Running target unix
FAIL: LargeFile execution - source compiled test
FAIL: LargeFile -findirect-dispatch execution - source compiled test
FAIL: LargeFile -O3 execution - source compiled test
FAIL: LargeFile -O3 -findirect-dispatch execution - source compiled test

		=== libjava Summary ===

# of expected passes		2566
# of unexpected failures	4
# of untested testcases		4
		=== libstdc++ tests ===


Running target unix
FAIL: 26_numerics/headers/cmath/c99_classification_macros_c.cc (test for excess errors)
FAIL: ext/new_allocator/deallocate_global.cc execution test
FAIL: ext/profile/all.cc (test for excess errors)
FAIL: ext/throw_allocator/deallocate_global.cc execution test

		=== libstdc++ Summary ===

# of expected passes		6150
# of unexpected failures	4
# of expected failures		90
# of unsupported tests		605

Compiler version: 4.5.0 20100122 (experimental) [trunk revision 156168] (GCC) 
Platform: hppa2.0w-hp-hpux11.11
configure flags:		=== acats configuration ===


Index Nav: [Date Index] [Subject Index] [Author Index] [Thread Index]
Message Nav: [Date Prev] [Date Next] [Thread Prev] [Thread Next]