This is the mail archive of the gcc-testresults@gcc.gnu.org mailing list for the GCC project.


Index Nav: [Date Index] [Subject Index] [Author Index] [Thread Index]
Message Nav: [Date Prev] [Date Next] [Thread Prev] [Thread Next]
Other format: [Raw text]

Results for 4.5.0 20100123 (experimental) [trunk revision 156187] (GCC) testsuite on hppa2.0-unknown-linux-gnu


LAST_UPDATED: Sat Jan 23 05:30:22 UTC 2010 (revision 156187)

		=== acats tests ===

		=== acats Summary ===
# of expected passes		2321
# of unexpected failures	0
Native configuration is hppa2.0-unknown-linux-gnu

		=== gcc tests ===


Running target unix
WARNING: program timed out.
FAIL: gcc.c-torture/compile/20001226-1.c  -O3 -g  (test for excess errors)
FAIL: gcc.c-torture/execute/pr42248.c compilation,  -O1  (internal compiler error)
UNRESOLVED: gcc.c-torture/execute/pr42248.c execution,  -O1 
FAIL: gcc.c-torture/execute/pr42248.c compilation,  -O2  (internal compiler error)
UNRESOLVED: gcc.c-torture/execute/pr42248.c execution,  -O2 
FAIL: gcc.c-torture/execute/pr42248.c compilation,  -O3 -fomit-frame-pointer  (internal compiler error)
UNRESOLVED: gcc.c-torture/execute/pr42248.c execution,  -O3 -fomit-frame-pointer 
FAIL: gcc.c-torture/execute/pr42248.c compilation,  -O3 -g  (internal compiler error)
UNRESOLVED: gcc.c-torture/execute/pr42248.c execution,  -O3 -g 
FAIL: gcc.c-torture/execute/pr42248.c compilation,  -Os  (internal compiler error)
UNRESOLVED: gcc.c-torture/execute/pr42248.c execution,  -Os 
FAIL: gcc.dg/pr34668-1.c (internal compiler error)
FAIL: gcc.dg/pr34668-1.c (test for excess errors)
XPASS: gcc.dg/guality/example.c  -O0  execution test
XPASS: gcc.dg/guality/example.c  -O1  execution test
XPASS: gcc.dg/guality/example.c  -O2  execution test
XPASS: gcc.dg/guality/example.c  -Os  execution test
XPASS: gcc.dg/guality/pr41353-1.c  -O0  line 28 j == 28 + 37
XPASS: gcc.dg/guality/pr41447-1.c  -O0  execution test
XPASS: gcc.dg/guality/pr41616-1.c  -O0  execution test
XPASS: gcc.dg/tree-ssa/loop-1.c scan-assembler-times foo 5

		=== gcc Summary ===

# of expected passes		53136
# of unexpected failures	8
# of unexpected successes	8
# of expected failures		116
# of unresolved testcases	5
# of unsupported tests		707
/home/guerby/build/gcc/xgcc  version 4.5.0 20100123 (experimental) [trunk revision 156187] (GCC) 

		=== gnat tests ===


Running target unix

		=== gnat Summary ===

# of expected passes		749
# of expected failures		7
# of unsupported tests		1
		=== libgomp tests ===


Running target unix

		=== libgomp Summary ===

# of expected passes		248
# of unsupported tests		7
		=== libmudflap tests ===


Running target unix
FAIL: libmudflap.c/fail31-frag.c (-O3) crash test
FAIL: libmudflap.c/fail31-frag.c (-O3) output pattern test
FAIL: libmudflap.c/pass45-frag.c (-O3) execution test
FAIL: libmudflap.c/pass45-frag.c (-O3) output pattern test
FAIL: libmudflap.c/pass45-frag.c (-O3) execution test
FAIL: libmudflap.c/pass45-frag.c (-O3) output pattern test
WARNING: program timed out.
FAIL: libmudflap.cth/pass40-frag.c execution test
FAIL: libmudflap.cth/pass40-frag.c output pattern test
WARNING: program timed out.
FAIL: libmudflap.cth/pass40-frag.c (-static -DSTATIC) execution test
WARNING: program timed out.
FAIL: libmudflap.cth/pass40-frag.c (-O2) execution test
FAIL: libmudflap.cth/pass40-frag.c (-O2) output pattern test
WARNING: program timed out.
FAIL: libmudflap.cth/pass40-frag.c (-O3) execution test
FAIL: libmudflap.cth/pass40-frag.c (-O3) output pattern test

		=== libmudflap Summary ===

# of expected passes		1727
# of unexpected failures	13
# of unsupported tests		2

Compiler version: 4.5.0 20100123 (experimental) [trunk revision 156187] (GCC) 
Platform: hppa2.0-unknown-linux-gnu
configure flags: --prefix=/n/61/guerby/install-trunk --enable-languages=c,ada --enable-__cxa_atexit --disable-nls --enable-threads=posix --with-gmp=/opt/cfarm/gmp-4.2.4 --with-mpfr=/opt/cfarm/mpfr-2.4.1 --with-mpc=/opt/cfarm/mpc-0.8


Index Nav: [Date Index] [Subject Index] [Author Index] [Thread Index]
Message Nav: [Date Prev] [Date Next] [Thread Prev] [Thread Next]