This is the mail archive of the
gcc-testresults@gcc.gnu.org
mailing list for the GCC project.
Results for 4.4.4 20100122 (prerelease) [gcc-4_4-branch revision 156181] (GCC) gcc testsuite on powerpc-unknown-eabisim
- From: Mike Stein <mstein dot lists at googlemail dot com>
- To: gcc-testresults at gcc dot gnu dot org
- Date: Sat, 23 Jan 2010 23:55:20 +0100
- Subject: Results for 4.4.4 20100122 (prerelease) [gcc-4_4-branch revision 156181] (GCC) gcc testsuite on powerpc-unknown-eabisim
- Reply-to: gcc at gcc dot gnu dot org
Debian 5 on x86_64
cross tool versions:
GNU assembler (GNU Binutils) 2.19.51.20090307
GNU gdb (GDB) 6.8.50.20090307-cvs
GNU ld (GNU Binutils) 2.19.51.20090307
GNU Make 3.81
expect version 5.43.0
host gcc version: gcc (GCC) 4.5.0 20100122 (experimental) [trunk revision 156181]
LAST_UPDATED: Fri Jan 22 23:08:20 UTC 2010 (revision 156181)
Target is powerpc-unknown-eabisim
Host is x86_64-unknown-linux-gnu
=== gcc tests ===
Running target powerpc-sim
FAIL: gcc.c-torture/execute/builtins/fprintf.c execution, -O0
FAIL: gcc.c-torture/execute/builtins/fprintf.c execution, -O1
FAIL: gcc.c-torture/execute/builtins/fprintf.c execution, -O2
FAIL: gcc.c-torture/execute/builtins/fprintf.c execution, -O3 -fomit-frame-pointer
FAIL: gcc.c-torture/execute/builtins/fprintf.c execution, -O3 -g
FAIL: gcc.c-torture/execute/builtins/fputs.c execution, -O0
FAIL: gcc.c-torture/execute/builtins/fputs.c execution, -O1
FAIL: gcc.c-torture/execute/builtins/fputs.c execution, -O2
FAIL: gcc.c-torture/execute/builtins/fputs.c execution, -O3 -g
FAIL: gcc.c-torture/execute/builtins/fputs.c execution, -Os
FAIL: gcc.c-torture/execute/builtins/printf.c execution, -O0
FAIL: gcc.c-torture/execute/builtins/printf.c execution, -O1
FAIL: gcc.c-torture/execute/builtins/printf.c execution, -O2
FAIL: gcc.c-torture/execute/builtins/printf.c execution, -O3 -fomit-frame-pointer
FAIL: gcc.c-torture/execute/builtins/printf.c execution, -O3 -g
FAIL: gcc.c-torture/execute/20020406-1.c execution, -O0
FAIL: gcc.c-torture/execute/20020406-1.c execution, -O1
FAIL: gcc.c-torture/execute/20020406-1.c execution, -O3 -fomit-frame-pointer
FAIL: gcc.c-torture/execute/20020406-1.c execution, -O3 -fomit-frame-pointer -funroll-loops
FAIL: gcc.c-torture/execute/20020406-1.c execution, -O3 -fomit-frame-pointer -funroll-all-loops -finline-functions
FAIL: gcc.c-torture/execute/20020406-1.c execution, -O3 -g
FAIL: gcc.c-torture/execute/fprintf-1.c execution, -O0
FAIL: gcc.c-torture/execute/fprintf-1.c execution, -O1
FAIL: gcc.c-torture/execute/fprintf-1.c execution, -O2
FAIL: gcc.c-torture/execute/fprintf-1.c execution, -O3 -fomit-frame-pointer
FAIL: gcc.c-torture/execute/fprintf-1.c execution, -O3 -g
FAIL: gcc.c-torture/execute/fprintf-1.c execution, -Os
FAIL: gcc.c-torture/execute/fprintf-chk-1.c execution, -O0
FAIL: gcc.c-torture/execute/fprintf-chk-1.c execution, -O1
FAIL: gcc.c-torture/execute/fprintf-chk-1.c execution, -O2
FAIL: gcc.c-torture/execute/fprintf-chk-1.c execution, -O3 -fomit-frame-pointer
FAIL: gcc.c-torture/execute/nest-align-1.c execution, -O0
FAIL: gcc.c-torture/execute/nest-align-1.c execution, -O1
FAIL: gcc.c-torture/execute/nest-align-1.c execution, -O2
FAIL: gcc.c-torture/execute/nest-align-1.c execution, -Os
FAIL: gcc.c-torture/execute/printf-1.c execution, -O0
FAIL: gcc.c-torture/execute/printf-1.c execution, -O2
FAIL: gcc.c-torture/execute/printf-1.c execution, -O3 -fomit-frame-pointer
FAIL: gcc.c-torture/execute/printf-1.c execution, -O3 -g
FAIL: gcc.c-torture/execute/printf-1.c execution, -Os
FAIL: gcc.c-torture/execute/printf-chk-1.c execution, -O0
FAIL: gcc.c-torture/execute/printf-chk-1.c execution, -O1
FAIL: gcc.c-torture/execute/va-arg-21.c execution, -O0
FAIL: gcc.c-torture/execute/va-arg-21.c execution, -O1
FAIL: gcc.c-torture/execute/va-arg-21.c execution, -O2
FAIL: gcc.c-torture/execute/va-arg-21.c execution, -O3 -fomit-frame-pointer
FAIL: gcc.c-torture/execute/va-arg-21.c execution, -O3 -fomit-frame-pointer -funroll-loops
FAIL: gcc.c-torture/execute/va-arg-21.c execution, -O3 -fomit-frame-pointer -funroll-all-loops -finline-functions
FAIL: gcc.c-torture/execute/va-arg-21.c execution, -O3 -g
FAIL: gcc.c-torture/execute/vfprintf-1.c execution, -O0
FAIL: gcc.c-torture/execute/vfprintf-1.c execution, -O3 -g
FAIL: gcc.c-torture/execute/vfprintf-1.c execution, -Os
FAIL: gcc.c-torture/execute/vfprintf-chk-1.c execution, -O0
FAIL: gcc.c-torture/execute/vfprintf-chk-1.c execution, -O1
FAIL: gcc.c-torture/execute/vfprintf-chk-1.c execution, -O2
FAIL: gcc.c-torture/execute/vfprintf-chk-1.c execution, -O3 -fomit-frame-pointer
FAIL: gcc.c-torture/execute/vprintf-1.c execution, -O1
FAIL: gcc.c-torture/execute/vprintf-1.c execution, -O2
FAIL: gcc.c-torture/execute/vprintf-1.c execution, -O3 -fomit-frame-pointer
FAIL: gcc.c-torture/execute/vprintf-1.c execution, -O3 -g
FAIL: gcc.c-torture/execute/vprintf-1.c execution, -Os
FAIL: gcc.c-torture/execute/vprintf-chk-1.c execution, -O0
FAIL: gcc.c-torture/execute/vprintf-chk-1.c execution, -O1
FAIL: gcc.c-torture/execute/vprintf-chk-1.c execution, -O2
FAIL: gcc.c-torture/execute/vprintf-chk-1.c execution, -O3 -fomit-frame-pointer
FAIL: gcc.c-torture/execute/vprintf-chk-1.c execution, -Os
FAIL: gcc.c-torture/execute/ieee/inf-1.c execution, -O0
WARNING: Could not compile gcc.dg/compat/struct-layout-1 generator
FAIL: gcc.dg/packed-array.c execution test
FAIL: gcc.dg/packed-vla.c execution test
FAIL: gcc.dg/matrix/matrix-5.c execution test
FAIL: gcc.target/powerpc/20020118-1.c execution test
FAIL: gcc.target/powerpc/ppc64-double-1.c scan-assembler-not stfd
=== gcc Summary ===
# of expected passes 51915
# of unexpected failures 72
# of expected failures 191
# of unsupported tests 643
/home/mstein/sim/gcc-4_4-branch/powerpc-eabisim/build/gcc/xgcc version 4.4.4 20100122 (prerelease) [gcc-4_4-branch revision 156181] (GCC)
Compiler version: 4.4.4 20100122 (prerelease) [gcc-4_4-branch revision 156181] (GCC) gcc
Platform: powerpc-unknown-eabisim
configure flags: --target=powerpc-eabisim --prefix=/home/mstein/cross-local/powerpc-eabisim --enable-languages=c --disable-nls --disable-build-warnings --with-sysroot=/home/mstein/cross-local/powerpc-eabisim --with-build-sysroot=/home/mstein/cross-local/powerpc-eabisim --with-ld=/home/mstein/cross-local/powerpc-eabisim/usr/bin/ld --with-as=/home/mstein/cross-local/powerpc-eabisim/usr/bin/as --disable-libssp --with-mpfr=/opt/cfarm/mpfr-2.3.2