This is the mail archive of the gcc-testresults@gcc.gnu.org mailing list for the GCC project.


Index Nav: [Date Index] [Subject Index] [Author Index] [Thread Index]
Message Nav: [Date Prev] [Date Next] [Thread Prev] [Thread Next]
Other format: [Raw text]

Results for 4.5.0 20100123 (experimental) [trunk revision 156189] (GCC) testsuite on ia64-unknown-linux-gnu


LAST_UPDATED: Sat Jan 23 12:11:24 UTC 2010 (revision 156189)

Native configuration is ia64-unknown-linux-gnu

		=== g++ tests ===


Running target unix
FAIL: g++.dg/abi/packed1.C execution test

		=== g++ Summary ===

# of expected passes		20835
# of unexpected failures	1
# of expected failures		147
# of unsupported tests		180
/export/gnu/import/svn/gcc-test/bld/gcc/testsuite/g++/../../g++  version 4.5.0 20100123 (experimental) [trunk revision 156189] (GCC) 

		=== gcc tests ===


Running target unix
FAIL: gcc.c-torture/compile/limits-exprparen.c  -O0  (test for excess errors)
FAIL: gcc.c-torture/compile/limits-exprparen.c  -O1  (test for excess errors)
FAIL: gcc.c-torture/compile/limits-exprparen.c  -O2  (test for excess errors)
FAIL: gcc.c-torture/compile/limits-exprparen.c  -O3 -fomit-frame-pointer  (test for excess errors)
FAIL: gcc.c-torture/compile/limits-exprparen.c  -O3 -g  (test for excess errors)
FAIL: gcc.c-torture/compile/limits-exprparen.c  -Os  (test for excess errors)
FAIL: gcc.c-torture/compile/limits-exprparen.c  -O2 -flto  (test for excess errors)
FAIL: gcc.c-torture/compile/limits-exprparen.c  -O2 -fwhopr  (test for excess errors)
FAIL: gcc.c-torture/execute/vector-2.c execution,  -O2 -flto 
FAIL: gcc.c-torture/execute/vector-2.c execution,  -O2 -fwhopr 
FAIL: gcc.dg/builtin-apply4.c execution test
FAIL: gcc.dg/pr34668-1.c (internal compiler error)
FAIL: gcc.dg/pr34668-1.c (test for excess errors)
FAIL: gcc.dg/lto/20091216-1 c_lto_20091216-1_0.o assemble, -O0 -fwhopr
UNRESOLVED: gcc.dg/lto/20091216-1 c_lto_20091216-1_0.o-c_lto_20091216-1_0.o link -O0 -fwhopr
UNRESOLVED: gcc.dg/lto/20091216-1 c_lto_20091216-1_0.o-c_lto_20091216-1_0.o execute -O0 -fwhopr
FAIL: gcc.dg/lto/20091216-1 c_lto_20091216-1_0.o assemble, -O2 -fwhopr
UNRESOLVED: gcc.dg/lto/20091216-1 c_lto_20091216-1_0.o-c_lto_20091216-1_0.o link -O2 -fwhopr
UNRESOLVED: gcc.dg/lto/20091216-1 c_lto_20091216-1_0.o-c_lto_20091216-1_0.o execute -O2 -fwhopr
FAIL: gcc.dg/lto/20091216-1 c_lto_20091216-1_0.o assemble, -O0 -flto
UNRESOLVED: gcc.dg/lto/20091216-1 c_lto_20091216-1_0.o-c_lto_20091216-1_0.o link -O0 -flto
UNRESOLVED: gcc.dg/lto/20091216-1 c_lto_20091216-1_0.o-c_lto_20091216-1_0.o execute -O0 -flto
FAIL: gcc.dg/lto/20091216-1 c_lto_20091216-1_0.o assemble, -O2 -flto
UNRESOLVED: gcc.dg/lto/20091216-1 c_lto_20091216-1_0.o-c_lto_20091216-1_0.o link -O2 -flto
UNRESOLVED: gcc.dg/lto/20091216-1 c_lto_20091216-1_0.o-c_lto_20091216-1_0.o execute -O2 -flto
XPASS: gcc.dg/tree-ssa/loop-1.c scan-assembler-times foo 5

		=== gcc Summary ===

# of expected passes		62884
# of unexpected failures	17
# of unexpected successes	1
# of expected failures		221
# of unresolved testcases	8
# of unsupported tests		674
/export/gnu/import/svn/gcc-test/bld/gcc/xgcc  version 4.5.0 20100123 (experimental) [trunk revision 156189] (GCC) 

		=== gfortran tests ===


Running target unix
XPASS: gfortran.dg/pr25923.f90  -O   (test for warnings, line 13)
FAIL: gfortran.dg/lto/pr40725 f_lto_pr40725_0.o-f_lto_pr40725_1.o execute -O2 -fwhopr
FAIL: gfortran.dg/lto/pr40725 f_lto_pr40725_0.o-f_lto_pr40725_1.o execute -O2 -flto

		=== gfortran Summary ===

# of expected passes		33565
# of unexpected failures	2
# of unexpected successes	1
# of expected failures		30
# of unsupported tests		46
/export/gnu/import/svn/gcc-test/bld/gcc/testsuite/gfortran/../../gfortran  version 4.5.0 20100123 (experimental) [trunk revision 156189] (GCC) 

		=== objc tests ===


Running target unix

		=== objc Summary ===

# of expected passes		1865
# of expected failures		15
# of unsupported tests		25
/export/gnu/import/svn/gcc-test/bld/gcc/xgcc  version 4.5.0 20100123 (experimental) [trunk revision 156189] (GCC) 

		=== libffi tests ===


Running target unix

		=== libffi Summary ===

# of expected passes		1624
# of expected failures		10
# of unsupported tests		15
		=== libgomp tests ===


Running target unix

		=== libgomp Summary ===

# of expected passes		2442
		=== libjava tests ===


Running target unix
FAIL: getlocalvartable output
FAIL: Throw_3 -O3 output - source compiled test
FAIL: Throw_3 -O3 -findirect-dispatch output - source compiled test

		=== libjava Summary ===

# of expected passes		2571
# of unexpected failures	3
		=== libmudflap tests ===


Running target unix
FAIL: libmudflap.c/pass54-frag.c execution test
FAIL: libmudflap.c/pass54-frag.c execution test
FAIL: libmudflap.c/pass54-frag.c (-static) execution test
FAIL: libmudflap.c/pass54-frag.c (-static) execution test
FAIL: libmudflap.c/fail31-frag.c (-O3) crash test
FAIL: libmudflap.c/fail31-frag.c (-O3) output pattern test
FAIL: libmudflap.c/pass45-frag.c (-O3) execution test
FAIL: libmudflap.c/pass45-frag.c (-O3) output pattern test
FAIL: libmudflap.c/pass45-frag.c (-O3) execution test
FAIL: libmudflap.c/pass45-frag.c (-O3) output pattern test
FAIL: libmudflap.c++/pass41-frag.cxx execution test
FAIL: libmudflap.c++/pass41-frag.cxx (-static) execution test
FAIL: libmudflap.c++/pass41-frag.cxx ( -O) execution test
FAIL: libmudflap.c++/pass41-frag.cxx (-O2) execution test
FAIL: libmudflap.c++/pass41-frag.cxx (-O3) execution test

		=== libmudflap Summary ===

# of expected passes		1879
# of unexpected failures	15
		=== libstdc++ tests ===


Running target unix

		=== libstdc++ Summary ===

# of expected passes		7291
# of expected failures		95
# of unsupported tests		13

Compiler version: 4.5.0 20100123 (experimental) [trunk revision 156189] (GCC) 
Platform: ia64-unknown-linux-gnu
configure flags: --enable-clocale=gnu --with-system-zlib --enable-shared --with-demangler-in-ld


Index Nav: [Date Index] [Subject Index] [Author Index] [Thread Index]
Message Nav: [Date Prev] [Date Next] [Thread Prev] [Thread Next]