This is the mail archive of the gcc-testresults@gcc.gnu.org mailing list for the GCC project.


Index Nav: [Date Index] [Subject Index] [Author Index] [Thread Index]
Message Nav: [Date Prev] [Date Next] [Thread Prev] [Thread Next]
Other format: [Raw text]

Results for 4.5.0 20100123 (experimental) (GCC) testsuite on i686-pc-linux-gnu


This build run by an automatic regression tester.
See <http://glutton.geoffk.org/HEAD/> for more information.

Date: 2010-01-23T14:40:15Z
Revision: 156191
URL: svn://gcc.gnu.org/svn/gcc/trunk
Status: regress-1
Prev-Endtime: 2010-01-23T13:59:44Z

Native configuration is i686-pc-linux-gnu

		=== g++ tests ===


Running target unix

		=== g++ Summary ===

# of expected passes		21798
# of expected failures		145
# of unsupported tests		114
/home/regress/tbox/native/build/gcc/testsuite/g++/../../g++  version 4.5.0 20100123 (experimental) (GCC) 

		=== gcc tests ===


Running target unix
FAIL: gcc.dg/pr34668-1.c (internal compiler error)
FAIL: gcc.dg/pr34668-1.c (test for excess errors)
XPASS: gcc.dg/guality/example.c  -O0  execution test
XPASS: gcc.dg/guality/pr41353-1.c  -O0  line 28 j == 28 + 37
FAIL: gcc.dg/guality/pr41353-1.c  -O1  line 28 i1 == 2 * 37
FAIL: gcc.dg/guality/pr41353-1.c  -O1  line 28 i2 == 3 * 37
FAIL: gcc.dg/guality/pr41353-1.c  -O2  line 28 i1 == 2 * 37
FAIL: gcc.dg/guality/pr41353-1.c  -O2  line 28 i2 == 3 * 37
FAIL: gcc.dg/guality/pr41353-1.c  -O3 -fomit-frame-pointer  line 28 i1 == 2 * 37
FAIL: gcc.dg/guality/pr41353-1.c  -O3 -fomit-frame-pointer  line 28 i2 == 3 * 37
FAIL: gcc.dg/guality/pr41353-1.c  -O3 -g  line 28 i1 == 2 * 37
FAIL: gcc.dg/guality/pr41353-1.c  -O3 -g  line 28 i2 == 3 * 37
FAIL: gcc.dg/guality/pr41353-1.c  -Os  line 28 i1 == 2 * 37
FAIL: gcc.dg/guality/pr41353-1.c  -Os  line 28 i2 == 3 * 37
XPASS: gcc.dg/guality/pr41447-1.c  -O0  execution test
XPASS: gcc.dg/guality/pr41616-1.c  -O0  execution test

		=== gcc Summary ===

# of expected passes		60054
# of unexpected failures	12
# of unexpected successes	4
# of expected failures		202
# of unsupported tests		1052
/home/regress/tbox/native/build/gcc/xgcc  version 4.5.0 20100123 (experimental) (GCC) 

		=== gfortran tests ===


Running target unix
XPASS: gfortran.dg/pr25923.f90  -O   (test for warnings, line 13)

		=== gfortran Summary ===

# of expected passes		33345
# of unexpected successes	1
# of expected failures		21
# of unsupported tests		129
/home/regress/tbox/native/build/gcc/testsuite/gfortran/../../gfortran  version 4.5.0 20100123 (experimental) (GCC) 

		=== objc tests ===


Running target unix

		=== objc Summary ===

# of expected passes		1875
# of expected failures		7
# of unsupported tests		24
/home/regress/tbox/native/build/gcc/xgcc  version 4.5.0 20100123 (experimental) (GCC) 

		=== libffi tests ===


Running target unix

		=== libffi Summary ===

# of expected passes		1624
# of expected failures		10
# of unsupported tests		15
		=== libgomp tests ===


Running target unix

		=== libgomp Summary ===

# of expected passes		2442
		=== libjava tests ===


Running target unix

		=== libjava Summary ===

# of expected passes		2574
		=== libmudflap tests ===


Running target unix
FAIL: libmudflap.c/fail31-frag.c (-O3) output pattern test
FAIL: libmudflap.c/pass45-frag.c (-O3) execution test
FAIL: libmudflap.c/pass45-frag.c (-O3) output pattern test
FAIL: libmudflap.c/pass45-frag.c (-O3) execution test
FAIL: libmudflap.c/pass45-frag.c (-O3) output pattern test
FAIL: libmudflap.c++/pass41-frag.cxx execution test
FAIL: libmudflap.c++/pass41-frag.cxx (-static) execution test
FAIL: libmudflap.c++/pass41-frag.cxx ( -O) execution test
FAIL: libmudflap.c++/pass41-frag.cxx (-O2) execution test
FAIL: libmudflap.c++/pass41-frag.cxx (-O3) execution test

		=== libmudflap Summary ===

# of expected passes		1884
# of unexpected failures	10
		=== libstdc++ tests ===


Running target unix

		=== libstdc++ Summary ===

# of expected passes		7151
# of expected failures		93
# of unsupported tests		86

Compiler version: 4.5.0 20100123 (experimental) (GCC) 
Platform: i686-pc-linux-gnu
configure flags: --prefix=/home/regress/tbox/objs --target=i686-pc-linux-gnu


Index Nav: [Date Index] [Subject Index] [Author Index] [Thread Index]
Message Nav: [Date Prev] [Date Next] [Thread Prev] [Thread Next]