This is the mail archive of the gcc-testresults@gcc.gnu.org mailing list for the GCC project.


Index Nav: [Date Index] [Subject Index] [Author Index] [Thread Index]
Message Nav: [Date Prev] [Date Next] [Thread Prev] [Thread Next]
Other format: [Raw text]

Results for 4.4.2 (GCC) testsuite on i386-pc-solaris2.10


Build info :
----------------------------------------
$ uname -a
SunOS unknown 5.10 Generic_141445-09 i86pc i386 i86pc

$ cat /etc/release
                       Solaris 10 10/09 s10x_u8wos_08a X86
           Copyright 2009 Sun Microsystems, Inc.  All Rights Reserved.
                        Use is subject to license terms.
                           Assembled 16 September 2009

$ /usr/sfw/bin/gas --version
GNU assembler 2.15
Copyright 2002 Free Software Foundation, Inc.
This program is free software; you may redistribute it under the terms of
the GNU General Public License.  This program has absolutely no warranty.
This assembler was configured for a target of `i386-pc-solaris2.10'.

$ /usr/ccs/bin/ld -V
ld: Software Generation Utilities - Solaris Link Editors: 5.10-1.497

$ psrinfo -pv
The physical processor has 1 virtual processor (0)
 x86 (AuthenticAMD family 16 model 2 step 3 clock 2200 MHz)
       AMD Phenom(tm) 9550 Quad-Core Processor

Bootstraped with :

$ /usr/sfw/bin/gcc -v
Reading specs from /usr/sfw/lib/gcc/i386-pc-solaris2.10/3.4.3/specs
Configured with:
/builds/sfw10-gate/usr/src/cmd/gcc/gcc-3.4.3/configure
--prefix=/usr/sfw --with-as=/usr/sfw/bin/gas --with-gnu-as
--with-ld=/usr/ccs/bin/ld --without-gnu-ld --enable-languages=c,c++
--enable-shared
Thread model: posix
gcc version 3.4.3 (csl-sol210-3_4-branch+sol_rpath)

----------------------------------------

LAST_UPDATED: Obtained from SVN: tags/gcc_4_4_2_release revision 152840

Native configuration is i386-pc-solaris2.10

                === g++ tests ===


Running target unix
FAIL: g++.dg/ext/visibility/fvisibility-inlines-hidden-2.C scan-not-hidden
FAIL: g++.dg/ext/visibility/fvisibility-inlines-hidden-3.C scan-not-hidden
FAIL: g++.dg/ext/visibility/fvisibility-inlines-hidden-3.C scan-not-hidden
FAIL: g++.dg/ext/visibility/fvisibility-override1.C scan-not-hidden
FAIL: g++.dg/ext/visibility/fvisibility-override2.C scan-not-hidden
FAIL: g++.dg/ext/visibility/guard1.C scan-not-hidden
FAIL: g++.dg/ext/visibility/ms-compat-1.C scan-not-hidden
FAIL: g++.dg/ext/visibility/ms-compat-1.C scan-not-hidden
FAIL: g++.dg/ext/visibility/ms-compat-1.C scan-not-hidden
FAIL: g++.dg/ext/visibility/namespace1.C scan-not-hidden
FAIL: g++.dg/ext/visibility/new1.C scan-not-hidden
FAIL: g++.dg/ext/visibility/template1.C scan-not-hidden
FAIL: g++.dg/ext/visibility/template1.C scan-not-hidden
FAIL: g++.dg/ext/visibility/template2.C scan-not-hidden
FAIL: g++.dg/ext/visibility/template2.C scan-not-hidden
FAIL: g++.dg/ext/visibility/template3.C scan-not-hidden
FAIL: g++.dg/ext/visibility/template3.C scan-not-hidden
FAIL: g++.dg/ext/visibility/template4.C scan-not-hidden
FAIL: g++.dg/ext/visibility/template4.C scan-not-hidden
FAIL: g++.dg/ext/visibility/template4.C scan-not-hidden
FAIL: g++.dg/ext/visibility/template4.C scan-not-hidden
FAIL: g++.dg/ext/visibility/template6.C scan-not-hidden
FAIL: g++.dg/ext/visibility/typeinfo1.C scan-not-hidden
FAIL: g++.dg/ext/visibility/typeinfo1.C scan-not-hidden
FAIL: g++.dg/ext/visibility/typeinfo2.C scan-not-hidden
FAIL: g++.dg/ext/visibility/typeinfo3.C scan-not-hidden
FAIL: g++.dg/ext/visibility/typeinfo3.C scan-not-hidden
FAIL: g++.dg/ext/visibility/warn3.C scan-not-hidden
XPASS: g++.dg/other/ucnid-1.C (test for excess errors)
FAIL: g++.old-deja/g++.mike/visibility-1.C scan-not-hidden
XPASS: g++.old-deja/g++.oliva/dwarf2.C (test for excess errors)
XPASS: g++.old-deja/g++.oliva/dwarf3.C (test for excess errors)
XPASS: g++.old-deja/g++.other/init19.C execution test

                === g++ Summary ===

# of expected passes            19835
# of unexpected failures        29
# of unexpected successes       4
# of expected failures          157
# of unsupported tests          135
/export/home/jo/gccbuild/gcc/gcc/testsuite/g++/../../g++  version 4.4.2 (GCC)

                === gcc tests ===


Running target unix
XPASS: gcc.dg/ucnid-2.c (test for excess errors)
XPASS: gcc.dg/ucnid-3.c (test for excess errors)
XPASS: gcc.dg/ucnid-4.c (test for excess errors)
FAIL: gcc.dg/visibility-d.c scan-not-hidden
FAIL: gcc.dg/visibility-d.c scan-not-hidden
FAIL: gcc.dg/visibility-d.c scan-not-hidden
FAIL: gcc.dg/visibility-d.c scan-not-hidden
FAIL: gcc.dg/visibility-d.c scan-not-hidden
FAIL: gcc.dg/visibility-d.c scan-not-hidden
FAIL: gcc.dg/visibility-d.c scan-not-hidden
FAIL: gcc.dg/visibility-d.c scan-not-hidden
FAIL: gcc.dg/visibility-d.c scan-not-hidden
FAIL: gcc.dg/visibility-d.c scan-not-hidden
FAIL: gcc.dg/visibility-d.c scan-not-hidden
FAIL: gcc.dg/visibility-d.c scan-not-hidden
FAIL: gcc.dg/visibility-d.c scan-not-hidden
FAIL: gcc.dg/visibility-d.c scan-not-hidden
FAIL: gcc.dg/visibility-d.c scan-not-hidden
FAIL: gcc.dg/visibility-d.c scan-not-hidden
FAIL: gcc.dg/visibility-d.c scan-not-hidden
FAIL: gcc.dg/visibility-d.c scan-not-hidden
FAIL: gcc.dg/visibility-d.c scan-not-hidden
FAIL: gcc.dg/visibility-d.c scan-not-hidden
FAIL: gcc.dg/visibility-d.c scan-not-hidden
FAIL: gcc.dg/visibility-d.c scan-not-hidden
FAIL: gcc.dg/visibility-d.c scan-not-hidden
FAIL: gcc.dg/visibility-d.c scan-not-hidden
FAIL: gcc.dg/visibility-d.c scan-not-hidden
FAIL: gcc.dg/visibility-d.c scan-not-hidden
FAIL: gcc.dg/visibility-d.c scan-not-hidden
FAIL: gcc.dg/visibility-d.c scan-not-hidden
FAIL: gcc.dg/visibility-d.c scan-not-hidden
FAIL: gcc.dg/visibility-d.c scan-not-hidden
XPASS: largefile.c -O0 -g (test for excess errors)
FAIL: gcc.dg/pch/largefile.c -O0 -g assembly comparison
XPASS: largefile.c  -O0  (test for excess errors)
FAIL: gcc.dg/pch/largefile.c  -O0  assembly comparison
XPASS: largefile.c  -O1  (test for excess errors)
FAIL: gcc.dg/pch/largefile.c  -O1  assembly comparison
XPASS: largefile.c  -O2  (test for excess errors)
FAIL: gcc.dg/pch/largefile.c  -O2  assembly comparison
XPASS: largefile.c  -O3 -fomit-frame-pointer  (test for excess errors)
FAIL: gcc.dg/pch/largefile.c  -O3 -fomit-frame-pointer  assembly comparison
XPASS: largefile.c  -O3 -g  (test for excess errors)
FAIL: gcc.dg/pch/largefile.c  -O3 -g  assembly comparison
XPASS: largefile.c  -Os  (test for excess errors)
FAIL: gcc.dg/pch/largefile.c  -Os  assembly comparison
FAIL: gcc.dg/torture/fp-int-convert-float128-timode.c  -O0  (test for
excess errors)
WARNING: gcc.dg/torture/fp-int-convert-float128-timode.c  -O0
compilation failed to produce executable
FAIL: gcc.dg/torture/fp-int-convert-float128-timode.c  -O1  (test for
excess errors)
WARNING: gcc.dg/torture/fp-int-convert-float128-timode.c  -O1
compilation failed to produce executable
FAIL: gcc.dg/torture/fp-int-convert-float128-timode.c  -O2  (test for
excess errors)
WARNING: gcc.dg/torture/fp-int-convert-float128-timode.c  -O2
compilation failed to produce executable
FAIL: gcc.dg/torture/fp-int-convert-float128-timode.c  -O3
-fomit-frame-pointer  (test for excess errors)
WARNING: gcc.dg/torture/fp-int-convert-float128-timode.c  -O3
-fomit-frame-pointer  compilation failed to produce executable
FAIL: gcc.dg/torture/fp-int-convert-float128-timode.c  -O3 -g  (test
for excess errors)
WARNING: gcc.dg/torture/fp-int-convert-float128-timode.c  -O3 -g
compilation failed to produce executable
FAIL: gcc.dg/torture/fp-int-convert-float128-timode.c  -Os  (test for
excess errors)
WARNING: gcc.dg/torture/fp-int-convert-float128-timode.c  -Os
compilation failed to produce executable
FAIL: gcc.dg/torture/fp-int-convert-float128.c  -O0  (test for excess errors)
WARNING: gcc.dg/torture/fp-int-convert-float128.c  -O0  compilation
failed to produce executable
FAIL: gcc.dg/torture/fp-int-convert-float128.c  -O1  (test for excess errors)
WARNING: gcc.dg/torture/fp-int-convert-float128.c  -O1  compilation
failed to produce executable
FAIL: gcc.dg/torture/fp-int-convert-float128.c  -O2  (test for excess errors)
WARNING: gcc.dg/torture/fp-int-convert-float128.c  -O2  compilation
failed to produce executable
FAIL: gcc.dg/torture/fp-int-convert-float128.c  -O3
-fomit-frame-pointer  (test for excess errors)
WARNING: gcc.dg/torture/fp-int-convert-float128.c  -O3
-fomit-frame-pointer  compilation failed to produce executable
FAIL: gcc.dg/torture/fp-int-convert-float128.c  -O3 -g  (test for excess errors)
WARNING: gcc.dg/torture/fp-int-convert-float128.c  -O3 -g  compilation
failed to produce executable
FAIL: gcc.dg/torture/fp-int-convert-float128.c  -Os  (test for excess errors)
WARNING: gcc.dg/torture/fp-int-convert-float128.c  -Os  compilation
failed to produce executable
XPASS: gcc.dg/tree-ssa/20040204-1.c scan-tree-dump-times optimized
"link_error" 0
FAIL: gcc.dg/tree-ssa/ltrans-1.c scan-tree-dump-times ltrans
"converted loop nest to perfect loop nest" 1
FAIL: gcc.dg/tree-ssa/ltrans-1.c scan-tree-dump-times ltrans
"transformed loop" 1
FAIL: gcc.dg/tree-ssa/ltrans-3.c scan-tree-dump-times ltrans
"transformed loop" 1
FAIL: gcc.dg/tree-ssa/ltrans-4.c scan-tree-dump-times ltrans
"transformed loop" 1
FAIL: gcc.dg/tree-ssa/ltrans-5.c scan-tree-dump-times ltrans
"transformed loop" 1
FAIL: gcc.dg/tree-ssa/ltrans-6.c scan-tree-dump-times ltrans
"transformed loop" 1
FAIL: gcc.dg/tree-ssa/ltrans-8.c scan-tree-dump-times ltrans
"transformed loop" 1
FAIL: gcc.dg/tree-ssa/vrp47.c scan-tree-dump-times vrp1 "[xy][^ ]* !=" 0
FAIL: gcc.dg/tree-ssa/vrp47.c scan-tree-dump-times dom1 "x[^ ]* & y" 1
FAIL: gcc.dg/tree-ssa/vrp47.c scan-tree-dump-times vrp1 "x[^ ]* [|] y" 1
FAIL: gcc.target/i386/abi-2.c scan-assembler-times ymm0 1
FAIL: gcc.target/i386/avx-vmovntdq-256-1.c (test for excess errors)
WARNING: gcc.target/i386/avx-vmovntdq-256-1.c compilation failed to
produce executable
FAIL: gcc.target/i386/avx-vmovntpd-256-1.c (test for excess errors)
WARNING: gcc.target/i386/avx-vmovntpd-256-1.c compilation failed to
produce executable
FAIL: gcc.target/i386/avx-vmovntps-256-1.c (test for excess errors)
WARNING: gcc.target/i386/avx-vmovntps-256-1.c compilation failed to
produce executable
FAIL: gcc.target/i386/pr22076.c scan-assembler-times movq 3
FAIL: gcc.target/i386/pr22076.c scan-assembler-not movl

                === gcc Summary ===

# of expected passes            56097
# of unexpected failures        65
# of unexpected successes       11
# of expected failures          197
# of unsupported tests          517
/export/home/jo/gccbuild/gcc/gcc/xgcc  version 4.4.2 (GCC)

                === gfortran tests ===


Running target unix
FAIL: gfortran.dg/array_constructor_23.f  -O3 -fomit-frame-pointer
execution test
FAIL: gfortran.dg/array_constructor_23.f  -O3 -fomit-frame-pointer
-funroll-loops  execution test
FAIL: gfortran.dg/array_constructor_23.f  -O3 -fomit-frame-pointer
-funroll-all-loops -finline-functions  execution test
FAIL: gfortran.dg/array_constructor_23.f  -O3 -g  execution test
FAIL: gfortran.dg/ltrans-7.f90  -O  scan-tree-dump-times ltrans
"transformed loop" 1

                === gfortran Summary ===

# of expected passes            29641
# of unexpected failures        5
# of expected failures          10
# of unsupported tests          121
/export/home/jo/gccbuild/gcc/gcc/testsuite/gfortran/../../gfortran
version 4.4.2 (GCC)

                === libgomp tests ===


Running target unix

                === libgomp Summary ===

# of expected passes            2402
# of unsupported tests          2
                === libstdc++ tests ===


Running target unix
FAIL: ext/enc_filebuf/char/13598.cc execution test

                === libstdc++ Summary ===

# of expected passes            5764
# of unexpected failures        1
# of expected failures          81
# of unsupported tests          390

Compiler version: 4.4.2 (GCC)
Platform: i386-pc-solaris2.10
configure flags: --prefix=/export/home/jo/local
--build=i386-pc-solaris2.10 --enable-languages=c,c++,fortran
--with-gmp=/export/home/jo/local --with-mpfr=/export/home/jo/local
--disable-nls --enable-checking=release --enable-werror=no
--enable-multilib --with-system-zlib --enable-bootstrap --with-gnu-as
--with-as=/opt/csw/bin/gas --without-gnu-ld --with-ld=/usr/ccs/bin/ld


Index Nav: [Date Index] [Subject Index] [Author Index] [Thread Index]
Message Nav: [Date Prev] [Date Next] [Thread Prev] [Thread Next]