This is the mail archive of the
gcc-testresults@gcc.gnu.org
mailing list for the GCC project.
Results for 4.5.0 20100116 (experimental) (GCC) testsuite on i686-pc-cygwin
- From: Dave Korn <dave dot korn dot cygwin at googlemail dot com>
- To: gcc-testresults at gcc dot gnu dot org
- Date: Mon, 18 Jan 2010 08:33:16 +0000
- Subject: Results for 4.5.0 20100116 (experimental) (GCC) testsuite on i686-pc-cygwin
[ NB: Tested C++ only. Timeout and FAIL on
27_io/basic_ostringstream/rdbuf/wchar_t/2832.cc is false positive caused by
operator error. ]
Revision: 155967
Native configuration is i686-pc-cygwin
=== g++ tests ===
Running target unix
FAIL: g++.dg/abi/local1.C execution test
FAIL: g++.dg/abi/thunk5.C scan-assembler weak.*ZTv
FAIL: g++.dg/eh/weak1.C execution test
FAIL: g++.dg/ext/dllimport7.C C++ specific error (test for errors, line 24)
FAIL: g++.dg/ext/selectany1.C scan-assembler-dem \\nguard variable for x:
FAIL: g++.dg/init/cleanup3.C scan-assembler-not _tcf
FAIL: g++.old-deja/g++.eh/badalloc1.C execution test
XPASS: g++.old-deja/g++.ext/attrib5.C execution test
FAIL: g++.old-deja/g++.other/init5.C execution test
=== g++ Summary ===
# of expected passes 22765
# of unexpected failures 8
# of unexpected successes 1
# of expected failures 147
# of unsupported tests 268
/gnu/gcc/obj-clean/gcc/testsuite/g++/../../g++ version 4.5.0 20100116
(experimental) (GCC)
=== libstdc++ tests ===
Running target unix
FAIL: 22_locale/codecvt/encoding/wchar_t/1.cc execution test
FAIL: 22_locale/codecvt/encoding/wchar_t/1.cc execution test
FAIL: 22_locale/codecvt/encoding/wchar_t/1.cc execution test
FAIL: 22_locale/codecvt/max_length/wchar_t/1.cc execution test
FAIL: 22_locale/codecvt/max_length/wchar_t/1.cc execution test
FAIL: 22_locale/codecvt/max_length/wchar_t/1.cc execution test
FAIL: 22_locale/ctype/scan/wchar_t/1.cc execution test
FAIL: 22_locale/ctype/scan/wchar_t/1.cc execution test
FAIL: 22_locale/ctype/scan/wchar_t/1.cc execution test
XPASS: 26_numerics/headers/cmath/c99_classification_macros_c.cc (test for
excess errors)
XPASS: 26_numerics/headers/cmath/c99_classification_macros_c.cc (test for
excess errors)
FAIL: 27_io/basic_filebuf/seekoff/wchar_t/3.cc execution test
FAIL: 27_io/basic_filebuf/seekoff/wchar_t/3.cc execution test
FAIL: 27_io/basic_filebuf/seekoff/wchar_t/3.cc execution test
FAIL: 27_io/basic_filebuf/seekpos/char/1-io.cc execution test
FAIL: 27_io/basic_filebuf/seekpos/char/1-io.cc execution test
FAIL: 27_io/basic_filebuf/seekpos/char/2-io.cc execution test
FAIL: 27_io/basic_filebuf/seekpos/char/2-io.cc execution test
FAIL: 27_io/basic_filebuf/seekpos/wchar_t/1.cc execution test
FAIL: 27_io/basic_filebuf/seekpos/wchar_t/1.cc execution test
FAIL: 27_io/basic_filebuf/seekpos/wchar_t/1.cc execution test
FAIL: 27_io/basic_istream/seekg/wchar_t/fstream.cc execution test
FAIL: 27_io/basic_istream/seekg/wchar_t/fstream.cc execution test
FAIL: 27_io/basic_istream/seekg/wchar_t/fstream.cc execution test
FAIL: 27_io/basic_istream/tellg/wchar_t/fstream.cc execution test
FAIL: 27_io/basic_istream/tellg/wchar_t/fstream.cc execution test
FAIL: 27_io/basic_istream/tellg/wchar_t/fstream.cc execution test
FAIL: 27_io/basic_ostream/inserters_arithmetic/wchar_t/4402.cc execution test
FAIL: 27_io/basic_ostream/inserters_arithmetic/wchar_t/4402.cc execution test
FAIL: 27_io/basic_ostream/inserters_arithmetic/wchar_t/4402.cc execution test
FAIL: 27_io/basic_ostringstream/rdbuf/wchar_t/2832.cc (test for excess errors)
WARNING: 27_io/basic_ostringstream/rdbuf/wchar_t/2832.cc compilation failed to
produce executable
FAIL: ext/bitmap_allocator/variadic_construct.cc execution test
FAIL: ext/codecvt/wchar_t.cc execution test
WARNING: program timed out.
FAIL: tr1/2_general_utilities/shared_ptr/thread/mutex_weaktoshared.cc
execution test
FAIL: tr1/2_general_utilities/shared_ptr/thread/mutex_weaktoshared.cc
execution test
FAIL: tr1/2_general_utilities/shared_ptr/thread/mutex_weaktoshared.cc
execution test
=== libstdc++ Summary ===
# of expected passes 14626
# of unexpected failures 34
# of unexpected successes 2
# of expected failures 203
# of unsupported tests 1464
=== libstdc++ Summary ===
Compiler version: 4.5.0 20100116 (experimental) (GCC)
Platform: i686-pc-cygwin
configure flags: --prefix=/opt/gcc-tools -v --with-gmp=/usr --with-mpfr=/usr
--enable-bootstrap --enable-version-specific-runtime-libs --enable-static
--enable-shared --enable-shared-libgcc --disable-__cxa_atexit --with-gnu-ld
--with-gnu-as --with-dwarf2 --disable-sjlj-exceptions --disable-symvers
--enable-libjava --enable-interpreter --program-suffix=-4 --enable-libgomp
--disable-libssp --disable-libada --enable-threads=posix --with-arch=i686
--with-tune=generic CC=gcc-4 CXX=g++-4 CC_FOR_TARGET=gcc-4
CXX_FOR_TARGET=g++-4 --with-ecj-jar=/usr/share/java/ecj.jar
--disable-win32-registry --disable-libgcj-debug --disable-lto
--disable-graphite --enable-languages=c,c++,fortran,java,objc,obj-c++