This is the mail archive of the
gcc-testresults@gcc.gnu.org
mailing list for the GCC project.
Results for 4.5.0 20100105 (experimental) (GCC) testsuite on ia64-hp-hpux11.23
- From: Steve Ellcey <sje at cup dot hp dot com>
- To: gcc-testresults at gcc dot gnu dot org
- Date: Tue, 5 Jan 2010 04:43:24 -0800 (PST)
- Subject: Results for 4.5.0 20100105 (experimental) (GCC) testsuite on ia64-hp-hpux11.23
Native configuration is ia64-hp-hpux11.23
=== g++ tests ===
Running target unix/-milp32
=== g++ Summary for unix/-milp32 ===
# of expected passes 20046
# of expected failures 151
# of unsupported tests 198
Running target unix/-mlp64
=== g++ Summary for unix/-mlp64 ===
# of expected passes 20007
# of expected failures 151
# of unsupported tests 199
=== g++ Summary ===
# of expected passes 40053
# of expected failures 302
# of unsupported tests 397
/proj/opensrc_nobackup/nightly2/build-ia64-hp-hpux11.23-trunk/obj_gcc/gcc/testsuite/g++/../../g++ version 4.5.0 20100105 (experimental) (GCC)
=== gcc tests ===
Running target unix/-milp32
XPASS: gcc.dg/Wunreachable-8.c (test for bogus messages, line 7)
FAIL: gcc.dg/builtin-apply4.c execution test
FAIL: gcc.dg/pr34668-1.c (internal compiler error)
FAIL: gcc.dg/pr34668-1.c (test for excess errors)
FAIL: gcc.dg/torture/pr26565.c -O1 execution test
FAIL: gcc.dg/torture/pr26565.c -O2 execution test
FAIL: gcc.dg/torture/pr26565.c -Os execution test
=== gcc Summary for unix/-milp32 ===
# of expected passes 52982
# of unexpected successes 1
# of unexpected failures 6
# of expected failures 224
# of unsupported tests 676
Running target unix/-mlp64
XPASS: gcc.dg/Wunreachable-8.c (test for bogus messages, line 7)
FAIL: gcc.dg/builtin-apply4.c execution test
FAIL: gcc.dg/pr34668-1.c (internal compiler error)
FAIL: gcc.dg/pr34668-1.c (test for excess errors)
FAIL: gcc.dg/torture/pr26565.c -O1 execution test
FAIL: gcc.dg/torture/pr26565.c -O2 execution test
FAIL: gcc.dg/torture/pr26565.c -Os execution test
=== gcc Summary for unix/-mlp64 ===
# of expected passes 52997
# of unexpected successes 1
# of unexpected failures 6
# of expected failures 225
# of unsupported tests 665
=== gcc Summary ===
# of expected passes 105979
# of unexpected failures 12
# of unexpected successes 2
# of expected failures 449
# of unsupported tests 1341
/proj/opensrc_nobackup/nightly2/build-ia64-hp-hpux11.23-trunk/obj_gcc/gcc/xgcc version 4.5.0 20100105 (experimental) (GCC)
=== gfortran tests ===
Running target unix/-milp32
=== gfortran Summary for unix/-milp32 ===
# of expected passes 33223
# of expected failures 31
# of unsupported tests 70
Running target unix/-mlp64
WARNING: program timed out.
FAIL: gfortran.dg/vect/fast-math-pr38968.f90 execution test
=== gfortran Summary for unix/-mlp64 ===
# of expected passes 33222
# of unexpected failures 1
# of expected failures 31
# of unsupported tests 70
=== gfortran Summary ===
# of expected passes 66445
# of unexpected failures 1
# of expected failures 62
# of unsupported tests 140
/proj/opensrc_nobackup/nightly2/build-ia64-hp-hpux11.23-trunk/obj_gcc/gcc/testsuite/gfortran/../../gfortran version 4.5.0 20100105 (experimental) (GCC)
=== libgomp tests ===
Running target unix/-mlp64
FAIL: libgomp.fortran/recursion1.f90 -O0 execution test
FAIL: libgomp.fortran/recursion1.f90 -O1 execution test
FAIL: libgomp.fortran/recursion1.f90 -O2 execution test
FAIL: libgomp.fortran/recursion1.f90 -O3 -fomit-frame-pointer execution test
FAIL: libgomp.fortran/recursion1.f90 -O3 -fomit-frame-pointer -funroll-loops execution test
FAIL: libgomp.fortran/recursion1.f90 -O3 -fomit-frame-pointer -funroll-all-loops -finline-functions execution test
FAIL: libgomp.fortran/recursion1.f90 -O3 -g execution test
FAIL: libgomp.fortran/recursion1.f90 -Os execution test
=== libgomp Summary for unix/-mlp64 ===
# of expected passes 2430
# of unexpected failures 8
# of unsupported tests 2
Running target unix/-milp32
FAIL: libgomp.fortran/recursion1.f90 -O0 execution test
FAIL: libgomp.fortran/recursion1.f90 -O1 execution test
FAIL: libgomp.fortran/recursion1.f90 -O2 execution test
FAIL: libgomp.fortran/recursion1.f90 -O3 -fomit-frame-pointer execution test
FAIL: libgomp.fortran/recursion1.f90 -O3 -fomit-frame-pointer -funroll-loops execution test
FAIL: libgomp.fortran/recursion1.f90 -O3 -fomit-frame-pointer -funroll-all-loops -finline-functions execution test
FAIL: libgomp.fortran/recursion1.f90 -O3 -g execution test
FAIL: libgomp.fortran/recursion1.f90 -Os execution test
=== libgomp Summary for unix/-milp32 ===
# of expected passes 2430
# of unexpected failures 8
# of unsupported tests 2
=== libgomp Summary ===
# of expected passes 4860
# of unexpected failures 16
# of unsupported tests 4
=== libstdc++ tests ===
Running target unix/-milp32
XPASS: 22_locale/collate/hash/char/1.cc (test for excess errors)
XPASS: 22_locale/collate/requirements/base_classes.cc (test for excess errors)
XPASS: 22_locale/collate/transform/wchar_t/28277.cc (test for excess errors)
XPASS: 22_locale/collate_byname/requirements/base_classes.cc (test for excess errors)
FAIL: 27_io/objects/wchar_t/7.cc execution test
FAIL: 27_io/objects/wchar_t/9661-1.cc execution test
FAIL: ext/codecvt/wchar_t.cc execution test
FAIL: ext/new_allocator/deallocate_global.cc execution test
FAIL: ext/throw_allocator/deallocate_global.cc execution test
WARNING: program timed out.
WARNING: program timed out.
=== libstdc++ Summary for unix/-milp32 ===
# of expected passes 6079
# of unexpected successes 4
# of unexpected failures 5
# of expected failures 89
# of unsupported tests 603
Running target unix/-mlp64
XPASS: 22_locale/collate/hash/char/1.cc (test for excess errors)
XPASS: 22_locale/collate/requirements/base_classes.cc (test for excess errors)
XPASS: 22_locale/collate/transform/wchar_t/28277.cc (test for excess errors)
XPASS: 22_locale/collate_byname/requirements/base_classes.cc (test for excess errors)
FAIL: 27_io/objects/wchar_t/7.cc execution test
FAIL: 27_io/objects/wchar_t/9661-1.cc execution test
FAIL: ext/codecvt/wchar_t.cc execution test
FAIL: ext/new_allocator/deallocate_global.cc execution test
FAIL: ext/throw_allocator/deallocate_global.cc execution test
WARNING: program timed out.
WARNING: program timed out.
=== libstdc++ Summary for unix/-mlp64 ===
# of expected passes 6079
# of unexpected successes 4
# of unexpected failures 5
# of expected failures 89
# of unsupported tests 603
=== libstdc++ Summary ===
# of expected passes 12158
# of unexpected failures 10
# of unexpected successes 8
# of expected failures 178
# of unsupported tests 1206
=== libstdc++ Summary ===
Compiler version: 4.5.0 20100105 (experimental) (GCC)
Platform: ia64-hp-hpux11.23
configure flags: --host=ia64-hp-hpux11.23 --build=ia64-hp-hpux11.23 --prefix=/proj/opensrc_nobackup/nightly2/gcc-ia64-hp-hpux11.23-trunk --with-local-prefix=/proj/opensrc_nobackup/nightly2/gcc-ia64-hp-hpux11.23-trunk --disable-nls --with-gmp=/proj/opensrc/be/ia64-hp-hpux11.23 --with-mpfr=/proj/opensrc/be/ia64-hp-hpux11.23 --disable-libmudflap --enable-libunwind-exceptions SED=/usr/bin/sed --enable-languages=c,c++,fortran