This is the mail archive of the
gcc-testresults@gcc.gnu.org
mailing list for the GCC project.
Results for 4.4.3 20100105 (prerelease) [gcc-4_4-branch revision 155642] (GCC) testsuite on i686-pc-linux-gnu
- From: hjl at gnu-3 dot sc dot intel dot com (H.J. Lu (ia32))
- To: gcc-testresults at gcc dot gnu dot org
- Date: Tue, 5 Jan 2010 03:20:44 -0800 (PST)
- Subject: Results for 4.4.3 20100105 (prerelease) [gcc-4_4-branch revision 155642] (GCC) testsuite on i686-pc-linux-gnu
LAST_UPDATED: Tue Jan 5 09:11:49 UTC 2010 (revision 155642)
Native configuration is i686-pc-linux-gnu
=== g++ tests ===
Running target unix
=== g++ Summary ===
# of expected passes 20093
# of expected failures 156
# of unsupported tests 100
/export/gnu/import/svn/gcc-test/bld/gcc/testsuite/g++/../../g++ version 4.4.3 20100105 (prerelease) [gcc-4_4-branch revision 155642] (GCC)
=== gcc tests ===
Running target unix
=== gcc Summary ===
# of expected passes 57599
# of expected failures 191
# of unsupported tests 442
/export/gnu/import/svn/gcc-test/bld/gcc/xgcc version 4.4.3 20100105 (prerelease) [gcc-4_4-branch revision 155642] (GCC)
=== gfortran tests ===
Running target unix
=== gfortran Summary ===
# of expected passes 29807
# of expected failures 10
# of unsupported tests 105
/export/gnu/import/svn/gcc-test/bld/gcc/testsuite/gfortran/../../gfortran version 4.4.3 20100105 (prerelease) [gcc-4_4-branch revision 155642] (GCC)
=== objc tests ===
Running target unix
=== objc Summary ===
# of expected passes 1874
# of expected failures 7
# of unsupported tests 24
/export/gnu/import/svn/gcc-test/bld/gcc/xgcc version 4.4.3 20100105 (prerelease) [gcc-4_4-branch revision 155642] (GCC)
=== libffi tests ===
Running target unix
=== libffi Summary ===
# of expected passes 1389
# of unsupported tests 10
=== libgomp tests ===
Running target unix
=== libgomp Summary ===
# of expected passes 2424
=== libjava tests ===
Running target unix
=== libjava Summary ===
# of expected passes 2574
=== libmudflap tests ===
Running target unix
FAIL: libmudflap.c++/pass41-frag.cxx execution test
FAIL: libmudflap.c++/pass41-frag.cxx (-static) execution test
FAIL: libmudflap.c++/pass41-frag.cxx (-O2) execution test
FAIL: libmudflap.c++/pass41-frag.cxx (-O3) execution test
=== libmudflap Summary ===
# of expected passes 1890
# of unexpected failures 4
=== libstdc++ tests ===
Running target unix
XPASS: 26_numerics/headers/cmath/c99_classification_macros_c.cc (test for excess errors)
=== libstdc++ Summary ===
# of expected passes 6498
# of unexpected successes 1
# of expected failures 79
# of unsupported tests 20
Compiler version: 4.4.3 20100105 (prerelease) [gcc-4_4-branch revision 155642] (GCC)
Platform: i686-pc-linux-gnu
configure flags: --enable-clocale=gnu --with-system-zlib --enable-shared --with-demangler-in-ld