This is the mail archive of the
gcc-testresults@gcc.gnu.org
mailing list for the GCC project.
Results for 4.5.0 20091226 (experimental) [trunk revision 155473] (Debian 4.5-20091226-1) testsuite on sparc-unknown-linux-gnu
- From: Matthias Klose <doko at debian dot org>
- To: gcc-testresults at gcc dot gnu dot org
- Cc: debian-gcc at lists dot debian dot org
- Date: Sun, 27 Dec 2009 17:54:31 +0000
- Subject: Results for 4.5.0 20091226 (experimental) [trunk revision 155473] (Debian 4.5-20091226-1) testsuite on sparc-unknown-linux-gnu
- Reply-to: Matthias Klose <doko at debian dot org>
LAST_UPDATED: Sat Dec 26 14:28:29 UTC 2009 (revision 155473)
Target: sparc-linux-gnu
gcc version 4.5.0 20091226 (experimental) [trunk revision 155473] (Debian 4.5-20091226-1)
Native configuration is sparc-unknown-linux-gnu
=== g++ tests ===
Running target unix
FAIL: g++.dg/abi/guard2.C scan-assembler _ZGVZN1A1fEvE1i,comdat
FAIL: g++.dg/lto/20081109 cp_lto_20081109_0.o-cp_lto_20081109_1.o link
UNRESOLVED: g++.dg/lto/20081109 cp_lto_20081109_0.o-cp_lto_20081109_1.o execute -O0 -fwhopr
FAIL: g++.dg/lto/20081109 cp_lto_20081109_0.o-cp_lto_20081109_1.o link
UNRESOLVED: g++.dg/lto/20081109 cp_lto_20081109_0.o-cp_lto_20081109_1.o execute -O2 -fwhopr
FAIL: g++.dg/lto/20081109 cp_lto_20081109_0.o-cp_lto_20081109_1.o link
UNRESOLVED: g++.dg/lto/20081109 cp_lto_20081109_0.o-cp_lto_20081109_1.o execute -O0 -flto
FAIL: g++.dg/lto/20081109 cp_lto_20081109_0.o-cp_lto_20081109_1.o link
UNRESOLVED: g++.dg/lto/20081109 cp_lto_20081109_0.o-cp_lto_20081109_1.o execute -O2 -flto
FAIL: g++.dg/lto/20081118-1 cp_lto_20081118-1_0.o-cp_lto_20081118-1_1.o link
UNRESOLVED: g++.dg/lto/20081118-1 cp_lto_20081118-1_0.o-cp_lto_20081118-1_1.o execute -O2 -fwhopr
FAIL: g++.dg/lto/20081118-1 cp_lto_20081118-1_0.o-cp_lto_20081118-1_1.o link
UNRESOLVED: g++.dg/lto/20081118-1 cp_lto_20081118-1_0.o-cp_lto_20081118-1_1.o execute -O2 -flto
FAIL: g++.dg/lto/20081127 cp_lto_20081127_0.o-cp_lto_20081127_1.o link
UNRESOLVED: g++.dg/lto/20081127 cp_lto_20081127_0.o-cp_lto_20081127_1.o execute -O0 -fwhopr
FAIL: g++.dg/lto/20081127 cp_lto_20081127_0.o-cp_lto_20081127_1.o link
UNRESOLVED: g++.dg/lto/20081127 cp_lto_20081127_0.o-cp_lto_20081127_1.o execute -O0 -flto
FAIL: g++.dg/lto/20081203 cp_lto_20081203_0.o-cp_lto_20081203_1.o link
UNRESOLVED: g++.dg/lto/20081203 cp_lto_20081203_0.o-cp_lto_20081203_1.o execute -O2 -fwhopr
FAIL: g++.dg/lto/20081203 cp_lto_20081203_0.o-cp_lto_20081203_1.o link
UNRESOLVED: g++.dg/lto/20081203 cp_lto_20081203_0.o-cp_lto_20081203_1.o execute -O2 -flto
FAIL: g++.dg/lto/20081204-2 cp_lto_20081204-2_0.o-cp_lto_20081204-2_1.o link
UNRESOLVED: g++.dg/lto/20081204-2 cp_lto_20081204-2_0.o-cp_lto_20081204-2_1.o execute -fwhopr -O3
FAIL: g++.dg/lto/20081209 cp_lto_20081209_0.o-cp_lto_20081209_1.o link
UNRESOLVED: g++.dg/lto/20081209 cp_lto_20081209_0.o-cp_lto_20081209_1.o execute -O2 -fwhopr
FAIL: g++.dg/lto/20081209 cp_lto_20081209_0.o-cp_lto_20081209_1.o link
UNRESOLVED: g++.dg/lto/20081209 cp_lto_20081209_0.o-cp_lto_20081209_1.o execute -O2 -flto
FAIL: g++.dg/lto/20081211-1 cp_lto_20081211-1_0.o-cp_lto_20081211-1_1.o link
UNRESOLVED: g++.dg/lto/20081211-1 cp_lto_20081211-1_0.o-cp_lto_20081211-1_1.o execute -O2 -fwhopr
FAIL: g++.dg/lto/20081211-1 cp_lto_20081211-1_0.o-cp_lto_20081211-1_1.o link
UNRESOLVED: g++.dg/lto/20081211-1 cp_lto_20081211-1_0.o-cp_lto_20081211-1_1.o execute -O2 -flto
FAIL: g++.dg/lto/20090302 cp_lto_20090302_0.o-cp_lto_20090302_1.o link
UNRESOLVED: g++.dg/lto/20090302 cp_lto_20090302_0.o-cp_lto_20090302_1.o execute -fPIC -fwhopr -r -nostdlib
FAIL: g++.dg/lto/20090303 cp_lto_20090303_0.o-cp_lto_20090303_0.o execute -fwhopr
FAIL: g++.dg/lto/20090311 cp_lto_20090311_0.o-cp_lto_20090311_1.o link
UNRESOLVED: g++.dg/lto/20090311 cp_lto_20090311_0.o-cp_lto_20090311_1.o execute -O2 -fwhopr
FAIL: g++.dg/lto/20090311 cp_lto_20090311_0.o-cp_lto_20090311_1.o link
UNRESOLVED: g++.dg/lto/20090311 cp_lto_20090311_0.o-cp_lto_20090311_1.o execute -O2 -flto
FAIL: g++.dg/lto/20090312 cp_lto_20090312_0.o-cp_lto_20090312_1.o link
UNRESOLVED: g++.dg/lto/20090312 cp_lto_20090312_0.o-cp_lto_20090312_1.o execute -O0 -fwhopr
FAIL: g++.dg/lto/20090312 cp_lto_20090312_0.o-cp_lto_20090312_1.o link
UNRESOLVED: g++.dg/lto/20090312 cp_lto_20090312_0.o-cp_lto_20090312_1.o execute -O2 -fwhopr
FAIL: g++.dg/lto/20090312 cp_lto_20090312_0.o-cp_lto_20090312_1.o link
UNRESOLVED: g++.dg/lto/20090312 cp_lto_20090312_0.o-cp_lto_20090312_1.o execute -O0 -flto
FAIL: g++.dg/lto/20090312 cp_lto_20090312_0.o-cp_lto_20090312_1.o link
UNRESOLVED: g++.dg/lto/20090312 cp_lto_20090312_0.o-cp_lto_20090312_1.o execute -O2 -flto
FAIL: g++.dg/lto/20090313 cp_lto_20090313_0.o-cp_lto_20090313_1.o link
UNRESOLVED: g++.dg/lto/20090313 cp_lto_20090313_0.o-cp_lto_20090313_1.o execute -fwhopr -fPIC
FAIL: g++.dg/lto/20091026-1 cp_lto_20091026-1_0.o-cp_lto_20091026-1_1.o link
UNRESOLVED: g++.dg/lto/20091026-1 cp_lto_20091026-1_0.o-cp_lto_20091026-1_1.o execute -O2 -fwhopr
FAIL: g++.dg/lto/20091026-1 cp_lto_20091026-1_0.o-cp_lto_20091026-1_1.o link
UNRESOLVED: g++.dg/lto/20091026-1 cp_lto_20091026-1_0.o-cp_lto_20091026-1_1.o execute -O2 -flto
=== g++ Summary for unix ===
# of expected passes 21494
# of unexpected failures 27
# of expected failures 147
# of unresolved testcases 25
# of unsupported tests 166
Running target unix/-fstack-protector
FAIL: g++.dg/abi/guard2.C scan-assembler _ZGVZN1A1fEvE1i,comdat
FAIL: g++.dg/lto/20081109 cp_lto_20081109_0.o-cp_lto_20081109_1.o link
UNRESOLVED: g++.dg/lto/20081109 cp_lto_20081109_0.o-cp_lto_20081109_1.o execute -O0 -fwhopr
FAIL: g++.dg/lto/20081109 cp_lto_20081109_0.o-cp_lto_20081109_1.o link
UNRESOLVED: g++.dg/lto/20081109 cp_lto_20081109_0.o-cp_lto_20081109_1.o execute -O2 -fwhopr
FAIL: g++.dg/lto/20081109 cp_lto_20081109_0.o-cp_lto_20081109_1.o link
UNRESOLVED: g++.dg/lto/20081109 cp_lto_20081109_0.o-cp_lto_20081109_1.o execute -O0 -flto
FAIL: g++.dg/lto/20081109 cp_lto_20081109_0.o-cp_lto_20081109_1.o link
UNRESOLVED: g++.dg/lto/20081109 cp_lto_20081109_0.o-cp_lto_20081109_1.o execute -O2 -flto
FAIL: g++.dg/lto/20081118-1 cp_lto_20081118-1_0.o-cp_lto_20081118-1_1.o link
UNRESOLVED: g++.dg/lto/20081118-1 cp_lto_20081118-1_0.o-cp_lto_20081118-1_1.o execute -O2 -fwhopr
FAIL: g++.dg/lto/20081118-1 cp_lto_20081118-1_0.o-cp_lto_20081118-1_1.o link
UNRESOLVED: g++.dg/lto/20081118-1 cp_lto_20081118-1_0.o-cp_lto_20081118-1_1.o execute -O2 -flto
FAIL: g++.dg/lto/20081127 cp_lto_20081127_0.o-cp_lto_20081127_1.o link
UNRESOLVED: g++.dg/lto/20081127 cp_lto_20081127_0.o-cp_lto_20081127_1.o execute -O0 -fwhopr
FAIL: g++.dg/lto/20081127 cp_lto_20081127_0.o-cp_lto_20081127_1.o link
UNRESOLVED: g++.dg/lto/20081127 cp_lto_20081127_0.o-cp_lto_20081127_1.o execute -O0 -flto
FAIL: g++.dg/lto/20081203 cp_lto_20081203_0.o-cp_lto_20081203_1.o link
UNRESOLVED: g++.dg/lto/20081203 cp_lto_20081203_0.o-cp_lto_20081203_1.o execute -O2 -fwhopr
FAIL: g++.dg/lto/20081203 cp_lto_20081203_0.o-cp_lto_20081203_1.o link
UNRESOLVED: g++.dg/lto/20081203 cp_lto_20081203_0.o-cp_lto_20081203_1.o execute -O2 -flto
FAIL: g++.dg/lto/20081204-2 cp_lto_20081204-2_0.o-cp_lto_20081204-2_1.o link
UNRESOLVED: g++.dg/lto/20081204-2 cp_lto_20081204-2_0.o-cp_lto_20081204-2_1.o execute -fwhopr -O3
FAIL: g++.dg/lto/20081209 cp_lto_20081209_0.o-cp_lto_20081209_1.o link
UNRESOLVED: g++.dg/lto/20081209 cp_lto_20081209_0.o-cp_lto_20081209_1.o execute -O2 -fwhopr
FAIL: g++.dg/lto/20081209 cp_lto_20081209_0.o-cp_lto_20081209_1.o link
UNRESOLVED: g++.dg/lto/20081209 cp_lto_20081209_0.o-cp_lto_20081209_1.o execute -O2 -flto
FAIL: g++.dg/lto/20081211-1 cp_lto_20081211-1_0.o-cp_lto_20081211-1_1.o link
UNRESOLVED: g++.dg/lto/20081211-1 cp_lto_20081211-1_0.o-cp_lto_20081211-1_1.o execute -O2 -fwhopr
FAIL: g++.dg/lto/20081211-1 cp_lto_20081211-1_0.o-cp_lto_20081211-1_1.o link
UNRESOLVED: g++.dg/lto/20081211-1 cp_lto_20081211-1_0.o-cp_lto_20081211-1_1.o execute -O2 -flto
FAIL: g++.dg/lto/20090302 cp_lto_20090302_0.o-cp_lto_20090302_1.o link
UNRESOLVED: g++.dg/lto/20090302 cp_lto_20090302_0.o-cp_lto_20090302_1.o execute -fPIC -fwhopr -r -nostdlib
FAIL: g++.dg/lto/20090303 cp_lto_20090303_0.o-cp_lto_20090303_0.o execute -fwhopr
FAIL: g++.dg/lto/20090311 cp_lto_20090311_0.o-cp_lto_20090311_1.o link
UNRESOLVED: g++.dg/lto/20090311 cp_lto_20090311_0.o-cp_lto_20090311_1.o execute -O2 -fwhopr
FAIL: g++.dg/lto/20090311 cp_lto_20090311_0.o-cp_lto_20090311_1.o link
UNRESOLVED: g++.dg/lto/20090311 cp_lto_20090311_0.o-cp_lto_20090311_1.o execute -O2 -flto
FAIL: g++.dg/lto/20090312 cp_lto_20090312_0.o-cp_lto_20090312_1.o link
UNRESOLVED: g++.dg/lto/20090312 cp_lto_20090312_0.o-cp_lto_20090312_1.o execute -O0 -fwhopr
FAIL: g++.dg/lto/20090312 cp_lto_20090312_0.o-cp_lto_20090312_1.o link
UNRESOLVED: g++.dg/lto/20090312 cp_lto_20090312_0.o-cp_lto_20090312_1.o execute -O2 -fwhopr
FAIL: g++.dg/lto/20090312 cp_lto_20090312_0.o-cp_lto_20090312_1.o link
UNRESOLVED: g++.dg/lto/20090312 cp_lto_20090312_0.o-cp_lto_20090312_1.o execute -O0 -flto
FAIL: g++.dg/lto/20090312 cp_lto_20090312_0.o-cp_lto_20090312_1.o link
UNRESOLVED: g++.dg/lto/20090312 cp_lto_20090312_0.o-cp_lto_20090312_1.o execute -O2 -flto
FAIL: g++.dg/lto/20090313 cp_lto_20090313_0.o-cp_lto_20090313_1.o link
UNRESOLVED: g++.dg/lto/20090313 cp_lto_20090313_0.o-cp_lto_20090313_1.o execute -fwhopr -fPIC
FAIL: g++.dg/lto/20091026-1 cp_lto_20091026-1_0.o-cp_lto_20091026-1_1.o link
UNRESOLVED: g++.dg/lto/20091026-1 cp_lto_20091026-1_0.o-cp_lto_20091026-1_1.o execute -O2 -fwhopr
FAIL: g++.dg/lto/20091026-1 cp_lto_20091026-1_0.o-cp_lto_20091026-1_1.o link
UNRESOLVED: g++.dg/lto/20091026-1 cp_lto_20091026-1_0.o-cp_lto_20091026-1_1.o execute -O2 -flto
=== g++ Summary for unix/-fstack-protector ===
# of expected passes 21494
# of unexpected failures 27
# of expected failures 147
# of unresolved testcases 25
# of unsupported tests 166
Running target unix/-m64
FAIL: g++.dg/abi/guard2.C scan-assembler _ZGVZN1A1fEvE1i,comdat
FAIL: g++.dg/graphite/pr42130.C execution test
FAIL: g++.dg/lto/20090303 cp_lto_20090303_0.o-cp_lto_20090303_0.o execute -fwhopr
=== g++ Summary for unix/-m64 ===
# of expected passes 21495
# of unexpected failures 3
# of expected failures 147
# of unsupported tests 167
=== g++ Summary ===
# of expected passes 64483
# of unexpected failures 57
# of expected failures 441
# of unresolved testcases 50
# of unsupported tests 499
/home/packages/gcc/4.5/gcc-4.5-4.5-20091226/build/gcc/testsuite/g++/../../g++ version 4.5.0 20091226 (experimental) [trunk revision 155473] (Debian 4.5-20091226-1)
=== gcc tests ===
Running target unix
WARNING: program timed out.
FAIL: gcc.c-torture/compile/20001226-1.c -O3 -g (test for excess errors)
FAIL: gcc.c-torture/execute/builtins/complex-1.c compilation, -O2 -flto
UNRESOLVED: gcc.c-torture/execute/builtins/complex-1.c execution, -O2 -flto
FAIL: gcc.c-torture/execute/builtins/complex-1.c compilation, -O2 -fwhopr
UNRESOLVED: gcc.c-torture/execute/builtins/complex-1.c execution, -O2 -fwhopr
FAIL: gcc.c-torture/execute/builtins/fprintf.c compilation, -O2 -flto
UNRESOLVED: gcc.c-torture/execute/builtins/fprintf.c execution, -O2 -flto
FAIL: gcc.c-torture/execute/builtins/fprintf.c compilation, -O2 -fwhopr
UNRESOLVED: gcc.c-torture/execute/builtins/fprintf.c execution, -O2 -fwhopr
FAIL: gcc.c-torture/execute/builtins/memchr.c compilation, -O2 -flto
UNRESOLVED: gcc.c-torture/execute/builtins/memchr.c execution, -O2 -flto
FAIL: gcc.c-torture/execute/builtins/memchr.c compilation, -O2 -fwhopr
UNRESOLVED: gcc.c-torture/execute/builtins/memchr.c execution, -O2 -fwhopr
FAIL: gcc.c-torture/execute/builtins/printf.c compilation, -O2 -flto
UNRESOLVED: gcc.c-torture/execute/builtins/printf.c execution, -O2 -flto
FAIL: gcc.c-torture/execute/builtins/printf.c compilation, -O2 -fwhopr
UNRESOLVED: gcc.c-torture/execute/builtins/printf.c execution, -O2 -fwhopr
FAIL: gcc.c-torture/execute/builtins/strchr.c compilation, -O2 -flto
UNRESOLVED: gcc.c-torture/execute/builtins/strchr.c execution, -O2 -flto
FAIL: gcc.c-torture/execute/builtins/strchr.c compilation, -O2 -fwhopr
UNRESOLVED: gcc.c-torture/execute/builtins/strchr.c execution, -O2 -fwhopr
FAIL: gcc.c-torture/execute/builtins/strncmp-2.c compilation, -O2 -flto
UNRESOLVED: gcc.c-torture/execute/builtins/strncmp-2.c execution, -O2 -flto
FAIL: gcc.c-torture/execute/builtins/strncmp-2.c compilation, -O2 -fwhopr
UNRESOLVED: gcc.c-torture/execute/builtins/strncmp-2.c execution, -O2 -fwhopr
FAIL: gcc.c-torture/execute/builtins/strspn.c compilation, -O2 -flto
UNRESOLVED: gcc.c-torture/execute/builtins/strspn.c execution, -O2 -flto
FAIL: gcc.c-torture/execute/builtins/strspn.c compilation, -O2 -fwhopr
UNRESOLVED: gcc.c-torture/execute/builtins/strspn.c execution, -O2 -fwhopr
FAIL: gcc.c-torture/execute/builtins/strstr.c compilation, -O2 -flto
UNRESOLVED: gcc.c-torture/execute/builtins/strstr.c execution, -O2 -flto
FAIL: gcc.c-torture/execute/builtins/strstr.c compilation, -O2 -fwhopr
UNRESOLVED: gcc.c-torture/execute/builtins/strstr.c execution, -O2 -fwhopr
FAIL: gcc.c-torture/execute/pr38819.c execution, -O2
FAIL: gcc.c-torture/execute/pr38819.c execution, -O3 -fomit-frame-pointer
FAIL: gcc.c-torture/execute/pr38819.c execution, -O3 -fomit-frame-pointer -funroll-loops
FAIL: gcc.c-torture/execute/pr38819.c execution, -O3 -fomit-frame-pointer -funroll-all-loops -finline-functions
FAIL: gcc.c-torture/execute/pr38819.c execution, -O3 -g
FAIL: gcc.c-torture/execute/pr38819.c execution, -O2 -flto
FAIL: gcc.c-torture/execute/pr38819.c execution, -O2 -fwhopr
XPASS: gcc.dg/Warray-bounds.c (test for warnings, line 59)
XPASS: gcc.dg/Warray-bounds.c (test for warnings, line 65)
XPASS: gcc.dg/Wunreachable-8.c (test for bogus messages, line 7)
XPASS: gcc.dg/uninit-6.c uninitialized variable warning (test for bogus messages, line 42)
WARNING: program timed out.
FAIL: gcc.dg/graphite/block-3.c (test for excess errors)
WARNING: program timed out.
FAIL: gcc.dg/graphite/block-4.c (test for excess errors)
XPASS: gcc.dg/guality/example.c -O0 execution test
XPASS: gcc.dg/guality/example.c -O1 execution test
XPASS: gcc.dg/guality/inline-params.c -O0 execution test
XPASS: gcc.dg/guality/inline-params.c -O1 execution test
XPASS: gcc.dg/guality/inline-params.c -O2 execution test
XPASS: gcc.dg/guality/inline-params.c -O3 -fomit-frame-pointer execution test
XPASS: gcc.dg/guality/inline-params.c -O3 -g execution test
XPASS: gcc.dg/guality/inline-params.c -Os execution test
XPASS: gcc.dg/guality/pr41353-1.c -O0 line 28 j == 28 + 37
FAIL: gcc.dg/guality/pr41353-1.c -O1 line 28 i == 37
FAIL: gcc.dg/guality/pr41353-1.c -O1 line 28 i1 == 2 * 37
FAIL: gcc.dg/guality/pr41353-1.c -O1 line 28 i2 == 3 * 37
FAIL: gcc.dg/guality/pr41353-1.c -O1 line 39 i == 12
FAIL: gcc.dg/guality/pr41353-1.c -O1 line 39 i1 == 2 * 12
FAIL: gcc.dg/guality/pr41353-1.c -O1 line 39 i2 == 2 * 12
FAIL: gcc.dg/guality/pr41353-1.c -O1 line 39 i3 == 3 * 12
FAIL: gcc.dg/guality/pr41353-1.c -O2 line 28 i == 37
FAIL: gcc.dg/guality/pr41353-1.c -O2 line 28 i1 == 2 * 37
FAIL: gcc.dg/guality/pr41353-1.c -O2 line 28 i2 == 3 * 37
FAIL: gcc.dg/guality/pr41353-1.c -O2 line 39 i == 12
FAIL: gcc.dg/guality/pr41353-1.c -O2 line 39 i1 == 2 * 12
FAIL: gcc.dg/guality/pr41353-1.c -O2 line 39 i2 == 2 * 12
FAIL: gcc.dg/guality/pr41353-1.c -O2 line 39 i3 == 3 * 12
FAIL: gcc.dg/guality/pr41353-1.c -O3 -fomit-frame-pointer line 28 i == 37
FAIL: gcc.dg/guality/pr41353-1.c -O3 -fomit-frame-pointer line 28 i1 == 2 * 37
FAIL: gcc.dg/guality/pr41353-1.c -O3 -fomit-frame-pointer line 28 i2 == 3 * 37
FAIL: gcc.dg/guality/pr41353-1.c -O3 -fomit-frame-pointer line 39 i == 12
FAIL: gcc.dg/guality/pr41353-1.c -O3 -fomit-frame-pointer line 39 i1 == 2 * 12
FAIL: gcc.dg/guality/pr41353-1.c -O3 -fomit-frame-pointer line 39 i2 == 2 * 12
FAIL: gcc.dg/guality/pr41353-1.c -O3 -fomit-frame-pointer line 39 i3 == 3 * 12
FAIL: gcc.dg/guality/pr41353-1.c -O3 -g line 28 i == 37
FAIL: gcc.dg/guality/pr41353-1.c -O3 -g line 28 i1 == 2 * 37
FAIL: gcc.dg/guality/pr41353-1.c -O3 -g line 28 i2 == 3 * 37
FAIL: gcc.dg/guality/pr41353-1.c -O3 -g line 39 i == 12
FAIL: gcc.dg/guality/pr41353-1.c -O3 -g line 39 i1 == 2 * 12
FAIL: gcc.dg/guality/pr41353-1.c -O3 -g line 39 i2 == 2 * 12
FAIL: gcc.dg/guality/pr41353-1.c -O3 -g line 39 i3 == 3 * 12
FAIL: gcc.dg/guality/pr41353-1.c -Os line 28 i == 37
FAIL: gcc.dg/guality/pr41353-1.c -Os line 28 i1 == 2 * 37
FAIL: gcc.dg/guality/pr41353-1.c -Os line 28 i2 == 3 * 37
FAIL: gcc.dg/guality/pr41353-1.c -Os line 39 i == 12
FAIL: gcc.dg/guality/pr41353-1.c -Os line 39 i1 == 2 * 12
FAIL: gcc.dg/guality/pr41353-1.c -Os line 39 i2 == 2 * 12
FAIL: gcc.dg/guality/pr41353-1.c -Os line 39 i3 == 3 * 12
FAIL: gcc.dg/guality/pr41353-1.c -O2 -flto line 28 i == 37
FAIL: gcc.dg/guality/pr41353-1.c -O2 -flto line 28 i1 == 2 * 37
FAIL: gcc.dg/guality/pr41353-1.c -O2 -flto line 28 i2 == 3 * 37
FAIL: gcc.dg/guality/pr41353-1.c -O2 -fwhopr line 28 i == 37
FAIL: gcc.dg/guality/pr41353-1.c -O2 -fwhopr line 28 i1 == 2 * 37
FAIL: gcc.dg/guality/pr41353-1.c -O2 -fwhopr line 28 i2 == 3 * 37
FAIL: gcc.dg/guality/pr41404-1.c -O1 line 10 *foo == 'f'
FAIL: gcc.dg/guality/pr41404-1.c -O2 line 10 *foo == 'f'
FAIL: gcc.dg/guality/pr41404-1.c -Os line 10 *foo == 'f'
FAIL: gcc.dg/guality/pr41404-1.c -O2 -flto line 10 *foo == 'f'
FAIL: gcc.dg/guality/pr41404-1.c -O2 -fwhopr line 10 *foo == 'f'
XPASS: gcc.dg/guality/pr41447-1.c -O0 execution test
XPASS: gcc.dg/guality/pr41616-1.c -O0 execution test
XPASS: gcc.dg/guality/pr41616-1.c -O1 execution test
XPASS: gcc.dg/guality/pr41616-1.c -O2 execution test
XPASS: gcc.dg/guality/pr41616-1.c -Os execution test
XPASS: gcc.dg/guality/pr41616-1.c -O2 -flto execution test
XPASS: gcc.dg/guality/pr41616-1.c -O2 -fwhopr execution test
FAIL: gcc.dg/lto/20081111 c_lto_20081111_0.o-c_lto_20081111_1.o link
UNRESOLVED: gcc.dg/lto/20081111 c_lto_20081111_0.o-c_lto_20081111_1.o execute -O2 -fwhopr
FAIL: gcc.dg/lto/20081111 c_lto_20081111_0.o-c_lto_20081111_1.o link
UNRESOLVED: gcc.dg/lto/20081111 c_lto_20081111_0.o-c_lto_20081111_1.o execute -O2 -flto
FAIL: gcc.dg/lto/20081112 c_lto_20081112_0.o-c_lto_20081112_1.o link
UNRESOLVED: gcc.dg/lto/20081112 c_lto_20081112_0.o-c_lto_20081112_1.o execute -O2 -fwhopr
FAIL: gcc.dg/lto/20081112 c_lto_20081112_0.o-c_lto_20081112_1.o link
UNRESOLVED: gcc.dg/lto/20081112 c_lto_20081112_0.o-c_lto_20081112_1.o execute -O2 -flto
FAIL: gcc.dg/lto/20081115 c_lto_20081115_0.o-c_lto_20081115_2.o link
UNRESOLVED: gcc.dg/lto/20081115 c_lto_20081115_0.o-c_lto_20081115_2.o execute -O2 -DOPTIMIZE -fwhopr
FAIL: gcc.dg/lto/20081118 c_lto_20081118_0.o-c_lto_20081118_2.o link
UNRESOLVED: gcc.dg/lto/20081118 c_lto_20081118_0.o-c_lto_20081118_2.o execute -O2 -DOPTIMIZE -fwhopr
FAIL: gcc.dg/lto/20081201-1 c_lto_20081201-1_0.o-c_lto_20081201-1_2.o link
UNRESOLVED: gcc.dg/lto/20081201-1 c_lto_20081201-1_0.o-c_lto_20081201-1_2.o execute -O2 -DOPTIMIZE -fwhopr
FAIL: gcc.dg/lto/20081201-2 c_lto_20081201-2_0.o-c_lto_20081201-2_1.o link
UNRESOLVED: gcc.dg/lto/20081201-2 c_lto_20081201-2_0.o-c_lto_20081201-2_1.o execute -O3 -fwhopr
FAIL: gcc.dg/lto/20081204-1 c_lto_20081204-1_0.o-c_lto_20081204-1_1.o link
UNRESOLVED: gcc.dg/lto/20081204-1 c_lto_20081204-1_0.o-c_lto_20081204-1_1.o execute -fwhopr -fPIC -r -nostdlib
FAIL: gcc.dg/lto/20081222 c_lto_20081222_0.o-c_lto_20081222_1.o link
UNRESOLVED: gcc.dg/lto/20081222 c_lto_20081222_0.o-c_lto_20081222_1.o execute -O2 -fwhopr
FAIL: gcc.dg/lto/20081222 c_lto_20081222_0.o-c_lto_20081222_1.o link
UNRESOLVED: gcc.dg/lto/20081222 c_lto_20081222_0.o-c_lto_20081222_1.o execute -O2 -flto
FAIL: gcc.dg/lto/20081224 c_lto_20081224_0.o-c_lto_20081224_1.o link
UNRESOLVED: gcc.dg/lto/20081224 c_lto_20081224_0.o-c_lto_20081224_1.o execute -fwhopr -r -nostdlib -fPIC
FAIL: gcc.dg/lto/20090210 c_lto_20090210_0.o-c_lto_20090210_1.o link
UNRESOLVED: gcc.dg/lto/20090210 c_lto_20090210_0.o-c_lto_20090210_1.o execute -O2 -fwhopr
FAIL: gcc.dg/lto/20090210 c_lto_20090210_0.o-c_lto_20090210_1.o link
UNRESOLVED: gcc.dg/lto/20090210 c_lto_20090210_0.o-c_lto_20090210_1.o execute -O2 -flto
FAIL: gcc.dg/lto/20090213 c_lto_20090213_0.o-c_lto_20090213_1.o link
UNRESOLVED: gcc.dg/lto/20090213 c_lto_20090213_0.o-c_lto_20090213_1.o execute -O2 -fwhopr
FAIL: gcc.dg/lto/20090213 c_lto_20090213_0.o-c_lto_20090213_1.o link
UNRESOLVED: gcc.dg/lto/20090213 c_lto_20090213_0.o-c_lto_20090213_1.o execute -O2 -flto
FAIL: gcc.dg/lto/20090218-2 c_lto_20090218-2_0.o-c_lto_20090218-2_1.o link
UNRESOLVED: gcc.dg/lto/20090218-2 c_lto_20090218-2_0.o-c_lto_20090218-2_1.o execute -O2 -fwhopr
FAIL: gcc.dg/lto/20090218-2 c_lto_20090218-2_0.o-c_lto_20090218-2_1.o link
UNRESOLVED: gcc.dg/lto/20090218-2 c_lto_20090218-2_0.o-c_lto_20090218-2_1.o execute -O2 -flto
FAIL: gcc.dg/lto/20090218 c_lto_20090218_0.o-c_lto_20090218_3.o link
UNRESOLVED: gcc.dg/lto/20090218 c_lto_20090218_0.o-c_lto_20090218_3.o execute -O2 -fwhopr
FAIL: gcc.dg/lto/20090218 c_lto_20090218_0.o-c_lto_20090218_3.o link
UNRESOLVED: gcc.dg/lto/20090218 c_lto_20090218_0.o-c_lto_20090218_3.o execute -O2 -flto
FAIL: gcc.dg/lto/20090312 c_lto_20090312_0.o-c_lto_20090312_1.o link
UNRESOLVED: gcc.dg/lto/20090312 c_lto_20090312_0.o-c_lto_20090312_1.o execute -O2 -fwhopr
FAIL: gcc.dg/lto/20090312 c_lto_20090312_0.o-c_lto_20090312_1.o link
UNRESOLVED: gcc.dg/lto/20090312 c_lto_20090312_0.o-c_lto_20090312_1.o execute -O2 -flto
FAIL: gcc.dg/lto/20090717 c_lto_20090717_0.o-c_lto_20090717_1.o link
UNRESOLVED: gcc.dg/lto/20090717 c_lto_20090717_0.o-c_lto_20090717_1.o execute -O0 -fwhopr
FAIL: gcc.dg/lto/20090717 c_lto_20090717_0.o-c_lto_20090717_1.o link
UNRESOLVED: gcc.dg/lto/20090717 c_lto_20090717_0.o-c_lto_20090717_1.o execute -O2 -fwhopr
FAIL: gcc.dg/lto/20090717 c_lto_20090717_0.o-c_lto_20090717_1.o link
UNRESOLVED: gcc.dg/lto/20090717 c_lto_20090717_0.o-c_lto_20090717_1.o execute -O0 -flto
FAIL: gcc.dg/lto/20090717 c_lto_20090717_0.o-c_lto_20090717_1.o link
UNRESOLVED: gcc.dg/lto/20090717 c_lto_20090717_0.o-c_lto_20090717_1.o execute -O2 -flto
FAIL: gcc.dg/lto/20090812 c_lto_20090812_0.o-c_lto_20090812_1.o link
UNRESOLVED: gcc.dg/lto/20090812 c_lto_20090812_0.o-c_lto_20090812_1.o execute -O2 -fwhopr
FAIL: gcc.dg/lto/20090812 c_lto_20090812_0.o-c_lto_20090812_1.o link
UNRESOLVED: gcc.dg/lto/20090812 c_lto_20090812_0.o-c_lto_20090812_1.o execute -O2 -flto
FAIL: gcc.dg/lto/20091005-1 c_lto_20091005-1_0.o-c_lto_20091005-1_1.o link
UNRESOLVED: gcc.dg/lto/20091005-1 c_lto_20091005-1_0.o-c_lto_20091005-1_1.o execute -O0 -fwhopr
FAIL: gcc.dg/lto/20091005-1 c_lto_20091005-1_0.o-c_lto_20091005-1_1.o link
UNRESOLVED: gcc.dg/lto/20091005-1 c_lto_20091005-1_0.o-c_lto_20091005-1_1.o execute -O0 -flto
FAIL: gcc.dg/lto/20091006-2 c_lto_20091006-2_0.o-c_lto_20091006-2_2.o link
UNRESOLVED: gcc.dg/lto/20091006-2 c_lto_20091006-2_0.o-c_lto_20091006-2_2.o execute -O0 -fwhopr
FAIL: gcc.dg/lto/20091006-2 c_lto_20091006-2_0.o-c_lto_20091006-2_2.o link
UNRESOLVED: gcc.dg/lto/20091006-2 c_lto_20091006-2_0.o-c_lto_20091006-2_2.o execute -O0 -flto
FAIL: gcc.dg/lto/20091015-1 c_lto_20091015-1_0.o-c_lto_20091015-1_2.o link
UNRESOLVED: gcc.dg/lto/20091015-1 c_lto_20091015-1_0.o-c_lto_20091015-1_2.o execute -fPIC -r -nostdlib -O2 -flto
FAIL: gcc.dg/lto/20091015-1 c_lto_20091015-1_0.o-c_lto_20091015-1_2.o link
UNRESOLVED: gcc.dg/lto/20091015-1 c_lto_20091015-1_0.o-c_lto_20091015-1_2.o execute -fPIC -r -nostdlib -O2 -fwhopr
FAIL: gcc.dg/lto/20091016-1 c_lto_20091016-1_0.o-c_lto_20091016-1_1.o link
UNRESOLVED: gcc.dg/lto/20091016-1 c_lto_20091016-1_0.o-c_lto_20091016-1_1.o execute -fPIC -r -nostdlib -O2 -flto
FAIL: gcc.dg/lto/20091017-1 c_lto_20091017-1_0.o-c_lto_20091017-1_1.o link
UNRESOLVED: gcc.dg/lto/20091017-1 c_lto_20091017-1_0.o-c_lto_20091017-1_1.o execute -O2 -fwhopr
FAIL: gcc.dg/lto/20091017-1 c_lto_20091017-1_0.o-c_lto_20091017-1_1.o link
UNRESOLVED: gcc.dg/lto/20091017-1 c_lto_20091017-1_0.o-c_lto_20091017-1_1.o execute -O2 -flto
XPASS: gcc.dg/struct/wo_prof_array_through_pointer.c scan-ipa-dump ipa_struct_reorg "Number of structures to transform is 1"
FAIL: gcc.dg/torture/pr26565.c -O1 execution test
FAIL: gcc.dg/torture/pr26565.c -O2 execution test
FAIL: gcc.dg/torture/pr26565.c -Os execution test
FAIL: gcc.dg/torture/pr26565.c -O2 -flto execution test
FAIL: gcc.dg/torture/pr26565.c -O2 -fwhopr execution test
FAIL: gcc.dg/vect/slp-multitypes-2.c execution test
FAIL: gcc.target/sparc/pdist-3.c execution test
=== gcc Summary for unix ===
# of expected passes 63505
# of unexpected successes 21
# of unexpected failures 116
# of expected failures 239
# of unresolved testcases 53
# of unsupported tests 881
Running target unix/-fstack-protector
WARNING: program timed out.
FAIL: gcc.c-torture/compile/20001226-1.c -O3 -g (test for excess errors)
FAIL: gcc.c-torture/execute/builtins/complex-1.c compilation, -O2 -flto
UNRESOLVED: gcc.c-torture/execute/builtins/complex-1.c execution, -O2 -flto
FAIL: gcc.c-torture/execute/builtins/complex-1.c compilation, -O2 -fwhopr
UNRESOLVED: gcc.c-torture/execute/builtins/complex-1.c execution, -O2 -fwhopr
FAIL: gcc.c-torture/execute/builtins/fprintf.c compilation, -O2 -flto
UNRESOLVED: gcc.c-torture/execute/builtins/fprintf.c execution, -O2 -flto
FAIL: gcc.c-torture/execute/builtins/fprintf.c compilation, -O2 -fwhopr
UNRESOLVED: gcc.c-torture/execute/builtins/fprintf.c execution, -O2 -fwhopr
FAIL: gcc.c-torture/execute/builtins/memchr.c compilation, -O2 -flto
UNRESOLVED: gcc.c-torture/execute/builtins/memchr.c execution, -O2 -flto
FAIL: gcc.c-torture/execute/builtins/memchr.c compilation, -O2 -fwhopr
UNRESOLVED: gcc.c-torture/execute/builtins/memchr.c execution, -O2 -fwhopr
FAIL: gcc.c-torture/execute/builtins/printf.c compilation, -O2 -flto
UNRESOLVED: gcc.c-torture/execute/builtins/printf.c execution, -O2 -flto
FAIL: gcc.c-torture/execute/builtins/printf.c compilation, -O2 -fwhopr
UNRESOLVED: gcc.c-torture/execute/builtins/printf.c execution, -O2 -fwhopr
FAIL: gcc.c-torture/execute/builtins/strchr.c compilation, -O2 -flto
UNRESOLVED: gcc.c-torture/execute/builtins/strchr.c execution, -O2 -flto
FAIL: gcc.c-torture/execute/builtins/strchr.c compilation, -O2 -fwhopr
UNRESOLVED: gcc.c-torture/execute/builtins/strchr.c execution, -O2 -fwhopr
FAIL: gcc.c-torture/execute/builtins/strncmp-2.c compilation, -O2 -flto
UNRESOLVED: gcc.c-torture/execute/builtins/strncmp-2.c execution, -O2 -flto
FAIL: gcc.c-torture/execute/builtins/strncmp-2.c compilation, -O2 -fwhopr
UNRESOLVED: gcc.c-torture/execute/builtins/strncmp-2.c execution, -O2 -fwhopr
FAIL: gcc.c-torture/execute/builtins/strstr.c compilation, -O2 -flto
UNRESOLVED: gcc.c-torture/execute/builtins/strstr.c execution, -O2 -flto
FAIL: gcc.c-torture/execute/builtins/strstr.c compilation, -O2 -fwhopr
UNRESOLVED: gcc.c-torture/execute/builtins/strstr.c execution, -O2 -fwhopr
FAIL: gcc.c-torture/execute/pr38819.c execution, -O2
FAIL: gcc.c-torture/execute/pr38819.c execution, -O3 -fomit-frame-pointer
FAIL: gcc.c-torture/execute/pr38819.c execution, -O3 -fomit-frame-pointer -funroll-loops
FAIL: gcc.c-torture/execute/pr38819.c execution, -O3 -fomit-frame-pointer -funroll-all-loops -finline-functions
FAIL: gcc.c-torture/execute/pr38819.c execution, -O3 -g
FAIL: gcc.c-torture/execute/pr38819.c execution, -O2 -flto
FAIL: gcc.c-torture/execute/pr38819.c execution, -O2 -fwhopr
XPASS: gcc.dg/Warray-bounds.c (test for warnings, line 59)
XPASS: gcc.dg/Warray-bounds.c (test for warnings, line 65)
XPASS: gcc.dg/Wunreachable-8.c (test for bogus messages, line 7)
XPASS: gcc.dg/uninit-6.c uninitialized variable warning (test for bogus messages, line 42)
WARNING: program timed out.
FAIL: gcc.dg/graphite/block-3.c (test for excess errors)
WARNING: program timed out.
FAIL: gcc.dg/graphite/block-4.c (test for excess errors)
XPASS: gcc.dg/guality/example.c -O0 execution test
XPASS: gcc.dg/guality/example.c -O1 execution test
XPASS: gcc.dg/guality/inline-params.c -O0 execution test
XPASS: gcc.dg/guality/inline-params.c -O1 execution test
XPASS: gcc.dg/guality/inline-params.c -O2 execution test
XPASS: gcc.dg/guality/inline-params.c -O3 -fomit-frame-pointer execution test
XPASS: gcc.dg/guality/inline-params.c -O3 -g execution test
XPASS: gcc.dg/guality/inline-params.c -Os execution test
XPASS: gcc.dg/guality/pr41353-1.c -O0 line 28 j == 28 + 37
FAIL: gcc.dg/guality/pr41353-1.c -O1 line 28 i == 37
FAIL: gcc.dg/guality/pr41353-1.c -O1 line 28 i1 == 2 * 37
FAIL: gcc.dg/guality/pr41353-1.c -O1 line 28 i2 == 3 * 37
FAIL: gcc.dg/guality/pr41353-1.c -O1 line 39 i == 12
FAIL: gcc.dg/guality/pr41353-1.c -O1 line 39 i1 == 2 * 12
FAIL: gcc.dg/guality/pr41353-1.c -O1 line 39 i2 == 2 * 12
FAIL: gcc.dg/guality/pr41353-1.c -O1 line 39 i3 == 3 * 12
FAIL: gcc.dg/guality/pr41353-1.c -O2 line 28 i == 37
FAIL: gcc.dg/guality/pr41353-1.c -O2 line 28 i1 == 2 * 37
FAIL: gcc.dg/guality/pr41353-1.c -O2 line 28 i2 == 3 * 37
FAIL: gcc.dg/guality/pr41353-1.c -O2 line 39 i == 12
FAIL: gcc.dg/guality/pr41353-1.c -O2 line 39 i1 == 2 * 12
FAIL: gcc.dg/guality/pr41353-1.c -O2 line 39 i2 == 2 * 12
FAIL: gcc.dg/guality/pr41353-1.c -O2 line 39 i3 == 3 * 12
FAIL: gcc.dg/guality/pr41353-1.c -O3 -fomit-frame-pointer line 28 i == 37
FAIL: gcc.dg/guality/pr41353-1.c -O3 -fomit-frame-pointer line 28 i1 == 2 * 37
FAIL: gcc.dg/guality/pr41353-1.c -O3 -fomit-frame-pointer line 28 i2 == 3 * 37
FAIL: gcc.dg/guality/pr41353-1.c -O3 -fomit-frame-pointer line 39 i == 12
FAIL: gcc.dg/guality/pr41353-1.c -O3 -fomit-frame-pointer line 39 i1 == 2 * 12
FAIL: gcc.dg/guality/pr41353-1.c -O3 -fomit-frame-pointer line 39 i2 == 2 * 12
FAIL: gcc.dg/guality/pr41353-1.c -O3 -fomit-frame-pointer line 39 i3 == 3 * 12
FAIL: gcc.dg/guality/pr41353-1.c -O3 -g line 28 i == 37
FAIL: gcc.dg/guality/pr41353-1.c -O3 -g line 28 i1 == 2 * 37
FAIL: gcc.dg/guality/pr41353-1.c -O3 -g line 28 i2 == 3 * 37
FAIL: gcc.dg/guality/pr41353-1.c -O3 -g line 39 i == 12
FAIL: gcc.dg/guality/pr41353-1.c -O3 -g line 39 i1 == 2 * 12
FAIL: gcc.dg/guality/pr41353-1.c -O3 -g line 39 i2 == 2 * 12
FAIL: gcc.dg/guality/pr41353-1.c -O3 -g line 39 i3 == 3 * 12
FAIL: gcc.dg/guality/pr41353-1.c -Os line 28 i == 37
FAIL: gcc.dg/guality/pr41353-1.c -Os line 28 i1 == 2 * 37
FAIL: gcc.dg/guality/pr41353-1.c -Os line 28 i2 == 3 * 37
FAIL: gcc.dg/guality/pr41353-1.c -Os line 39 i == 12
FAIL: gcc.dg/guality/pr41353-1.c -Os line 39 i1 == 2 * 12
FAIL: gcc.dg/guality/pr41353-1.c -Os line 39 i2 == 2 * 12
FAIL: gcc.dg/guality/pr41353-1.c -Os line 39 i3 == 3 * 12
FAIL: gcc.dg/guality/pr41353-1.c -O2 -flto line 28 i == 37
FAIL: gcc.dg/guality/pr41353-1.c -O2 -flto line 28 i1 == 2 * 37
FAIL: gcc.dg/guality/pr41353-1.c -O2 -flto line 28 i2 == 3 * 37
FAIL: gcc.dg/guality/pr41353-1.c -O2 -fwhopr line 28 i == 37
FAIL: gcc.dg/guality/pr41353-1.c -O2 -fwhopr line 28 i1 == 2 * 37
FAIL: gcc.dg/guality/pr41353-1.c -O2 -fwhopr line 28 i2 == 3 * 37
FAIL: gcc.dg/guality/pr41404-1.c -O1 line 10 *foo == 'f'
FAIL: gcc.dg/guality/pr41404-1.c -O2 line 10 *foo == 'f'
FAIL: gcc.dg/guality/pr41404-1.c -Os line 10 *foo == 'f'
FAIL: gcc.dg/guality/pr41404-1.c -O2 -flto line 10 *foo == 'f'
FAIL: gcc.dg/guality/pr41404-1.c -O2 -fwhopr line 10 *foo == 'f'
XPASS: gcc.dg/guality/pr41447-1.c -O0 execution test
XPASS: gcc.dg/guality/pr41616-1.c -O0 execution test
XPASS: gcc.dg/guality/pr41616-1.c -O1 execution test
XPASS: gcc.dg/guality/pr41616-1.c -O2 execution test
XPASS: gcc.dg/guality/pr41616-1.c -Os execution test
XPASS: gcc.dg/guality/pr41616-1.c -O2 -flto execution test
XPASS: gcc.dg/guality/pr41616-1.c -O2 -fwhopr execution test
FAIL: gcc.dg/lto/20081111 c_lto_20081111_0.o-c_lto_20081111_1.o link
UNRESOLVED: gcc.dg/lto/20081111 c_lto_20081111_0.o-c_lto_20081111_1.o execute -O2 -fwhopr
FAIL: gcc.dg/lto/20081111 c_lto_20081111_0.o-c_lto_20081111_1.o link
UNRESOLVED: gcc.dg/lto/20081111 c_lto_20081111_0.o-c_lto_20081111_1.o execute -O2 -flto
FAIL: gcc.dg/lto/20081112 c_lto_20081112_0.o-c_lto_20081112_1.o link
UNRESOLVED: gcc.dg/lto/20081112 c_lto_20081112_0.o-c_lto_20081112_1.o execute -O2 -fwhopr
FAIL: gcc.dg/lto/20081112 c_lto_20081112_0.o-c_lto_20081112_1.o link
UNRESOLVED: gcc.dg/lto/20081112 c_lto_20081112_0.o-c_lto_20081112_1.o execute -O2 -flto
FAIL: gcc.dg/lto/20081115 c_lto_20081115_0.o-c_lto_20081115_2.o link
UNRESOLVED: gcc.dg/lto/20081115 c_lto_20081115_0.o-c_lto_20081115_2.o execute -O2 -DOPTIMIZE -fwhopr
FAIL: gcc.dg/lto/20081118 c_lto_20081118_0.o-c_lto_20081118_2.o link
UNRESOLVED: gcc.dg/lto/20081118 c_lto_20081118_0.o-c_lto_20081118_2.o execute -O2 -DOPTIMIZE -fwhopr
FAIL: gcc.dg/lto/20081201-1 c_lto_20081201-1_0.o-c_lto_20081201-1_2.o link
UNRESOLVED: gcc.dg/lto/20081201-1 c_lto_20081201-1_0.o-c_lto_20081201-1_2.o execute -O2 -DOPTIMIZE -fwhopr
FAIL: gcc.dg/lto/20081201-2 c_lto_20081201-2_0.o-c_lto_20081201-2_1.o link
UNRESOLVED: gcc.dg/lto/20081201-2 c_lto_20081201-2_0.o-c_lto_20081201-2_1.o execute -O3 -fwhopr
FAIL: gcc.dg/lto/20081204-1 c_lto_20081204-1_0.o-c_lto_20081204-1_1.o link
UNRESOLVED: gcc.dg/lto/20081204-1 c_lto_20081204-1_0.o-c_lto_20081204-1_1.o execute -fwhopr -fPIC -r -nostdlib
FAIL: gcc.dg/lto/20081222 c_lto_20081222_0.o-c_lto_20081222_1.o link
UNRESOLVED: gcc.dg/lto/20081222 c_lto_20081222_0.o-c_lto_20081222_1.o execute -O2 -fwhopr
FAIL: gcc.dg/lto/20081222 c_lto_20081222_0.o-c_lto_20081222_1.o link
UNRESOLVED: gcc.dg/lto/20081222 c_lto_20081222_0.o-c_lto_20081222_1.o execute -O2 -flto
FAIL: gcc.dg/lto/20081224 c_lto_20081224_0.o-c_lto_20081224_1.o link
UNRESOLVED: gcc.dg/lto/20081224 c_lto_20081224_0.o-c_lto_20081224_1.o execute -fwhopr -r -nostdlib -fPIC
FAIL: gcc.dg/lto/20090210 c_lto_20090210_0.o-c_lto_20090210_1.o link
UNRESOLVED: gcc.dg/lto/20090210 c_lto_20090210_0.o-c_lto_20090210_1.o execute -O2 -fwhopr
FAIL: gcc.dg/lto/20090210 c_lto_20090210_0.o-c_lto_20090210_1.o link
UNRESOLVED: gcc.dg/lto/20090210 c_lto_20090210_0.o-c_lto_20090210_1.o execute -O2 -flto
FAIL: gcc.dg/lto/20090213 c_lto_20090213_0.o-c_lto_20090213_1.o link
UNRESOLVED: gcc.dg/lto/20090213 c_lto_20090213_0.o-c_lto_20090213_1.o execute -O2 -fwhopr
FAIL: gcc.dg/lto/20090213 c_lto_20090213_0.o-c_lto_20090213_1.o link
UNRESOLVED: gcc.dg/lto/20090213 c_lto_20090213_0.o-c_lto_20090213_1.o execute -O2 -flto
FAIL: gcc.dg/lto/20090218-2 c_lto_20090218-2_0.o-c_lto_20090218-2_1.o link
UNRESOLVED: gcc.dg/lto/20090218-2 c_lto_20090218-2_0.o-c_lto_20090218-2_1.o execute -O2 -fwhopr
FAIL: gcc.dg/lto/20090218-2 c_lto_20090218-2_0.o-c_lto_20090218-2_1.o link
UNRESOLVED: gcc.dg/lto/20090218-2 c_lto_20090218-2_0.o-c_lto_20090218-2_1.o execute -O2 -flto
FAIL: gcc.dg/lto/20090218 c_lto_20090218_0.o-c_lto_20090218_3.o link
UNRESOLVED: gcc.dg/lto/20090218 c_lto_20090218_0.o-c_lto_20090218_3.o execute -O2 -fwhopr
FAIL: gcc.dg/lto/20090218 c_lto_20090218_0.o-c_lto_20090218_3.o link
UNRESOLVED: gcc.dg/lto/20090218 c_lto_20090218_0.o-c_lto_20090218_3.o execute -O2 -flto
FAIL: gcc.dg/lto/20090312 c_lto_20090312_0.o-c_lto_20090312_1.o link
UNRESOLVED: gcc.dg/lto/20090312 c_lto_20090312_0.o-c_lto_20090312_1.o execute -O2 -fwhopr
FAIL: gcc.dg/lto/20090312 c_lto_20090312_0.o-c_lto_20090312_1.o link
UNRESOLVED: gcc.dg/lto/20090312 c_lto_20090312_0.o-c_lto_20090312_1.o execute -O2 -flto
FAIL: gcc.dg/lto/20090717 c_lto_20090717_0.o-c_lto_20090717_1.o link
UNRESOLVED: gcc.dg/lto/20090717 c_lto_20090717_0.o-c_lto_20090717_1.o execute -O0 -fwhopr
FAIL: gcc.dg/lto/20090717 c_lto_20090717_0.o-c_lto_20090717_1.o link
UNRESOLVED: gcc.dg/lto/20090717 c_lto_20090717_0.o-c_lto_20090717_1.o execute -O2 -fwhopr
FAIL: gcc.dg/lto/20090717 c_lto_20090717_0.o-c_lto_20090717_1.o link
UNRESOLVED: gcc.dg/lto/20090717 c_lto_20090717_0.o-c_lto_20090717_1.o execute -O0 -flto
FAIL: gcc.dg/lto/20090717 c_lto_20090717_0.o-c_lto_20090717_1.o link
UNRESOLVED: gcc.dg/lto/20090717 c_lto_20090717_0.o-c_lto_20090717_1.o execute -O2 -flto
FAIL: gcc.dg/lto/20090812 c_lto_20090812_0.o-c_lto_20090812_1.o link
UNRESOLVED: gcc.dg/lto/20090812 c_lto_20090812_0.o-c_lto_20090812_1.o execute -O2 -fwhopr
FAIL: gcc.dg/lto/20090812 c_lto_20090812_0.o-c_lto_20090812_1.o link
UNRESOLVED: gcc.dg/lto/20090812 c_lto_20090812_0.o-c_lto_20090812_1.o execute -O2 -flto
FAIL: gcc.dg/lto/20091005-1 c_lto_20091005-1_0.o-c_lto_20091005-1_1.o link
UNRESOLVED: gcc.dg/lto/20091005-1 c_lto_20091005-1_0.o-c_lto_20091005-1_1.o execute -O0 -fwhopr
FAIL: gcc.dg/lto/20091005-1 c_lto_20091005-1_0.o-c_lto_20091005-1_1.o link
UNRESOLVED: gcc.dg/lto/20091005-1 c_lto_20091005-1_0.o-c_lto_20091005-1_1.o execute -O0 -flto
FAIL: gcc.dg/lto/20091006-2 c_lto_20091006-2_0.o-c_lto_20091006-2_2.o link
UNRESOLVED: gcc.dg/lto/20091006-2 c_lto_20091006-2_0.o-c_lto_20091006-2_2.o execute -O0 -fwhopr
FAIL: gcc.dg/lto/20091006-2 c_lto_20091006-2_0.o-c_lto_20091006-2_2.o link
UNRESOLVED: gcc.dg/lto/20091006-2 c_lto_20091006-2_0.o-c_lto_20091006-2_2.o execute -O0 -flto
FAIL: gcc.dg/lto/20091015-1 c_lto_20091015-1_0.o-c_lto_20091015-1_2.o link
UNRESOLVED: gcc.dg/lto/20091015-1 c_lto_20091015-1_0.o-c_lto_20091015-1_2.o execute -fPIC -r -nostdlib -O2 -flto
FAIL: gcc.dg/lto/20091015-1 c_lto_20091015-1_0.o-c_lto_20091015-1_2.o link
UNRESOLVED: gcc.dg/lto/20091015-1 c_lto_20091015-1_0.o-c_lto_20091015-1_2.o execute -fPIC -r -nostdlib -O2 -fwhopr
FAIL: gcc.dg/lto/20091016-1 c_lto_20091016-1_0.o-c_lto_20091016-1_1.o link
UNRESOLVED: gcc.dg/lto/20091016-1 c_lto_20091016-1_0.o-c_lto_20091016-1_1.o execute -fPIC -r -nostdlib -O2 -flto
FAIL: gcc.dg/lto/20091017-1 c_lto_20091017-1_0.o-c_lto_20091017-1_1.o link
UNRESOLVED: gcc.dg/lto/20091017-1 c_lto_20091017-1_0.o-c_lto_20091017-1_1.o execute -O2 -fwhopr
FAIL: gcc.dg/lto/20091017-1 c_lto_20091017-1_0.o-c_lto_20091017-1_1.o link
UNRESOLVED: gcc.dg/lto/20091017-1 c_lto_20091017-1_0.o-c_lto_20091017-1_1.o execute -O2 -flto
XPASS: gcc.dg/struct/wo_prof_array_through_pointer.c scan-ipa-dump ipa_struct_reorg "Number of structures to transform is 1"
FAIL: gcc.dg/torture/pr26565.c -O1 execution test
FAIL: gcc.dg/torture/pr26565.c -O2 execution test
FAIL: gcc.dg/torture/pr26565.c -Os execution test
FAIL: gcc.dg/torture/pr26565.c -O2 -flto execution test
FAIL: gcc.dg/torture/pr26565.c -O2 -fwhopr execution test
FAIL: gcc.dg/vect/slp-multitypes-2.c execution test
FAIL: gcc.target/sparc/pdist-3.c execution test
=== gcc Summary for unix/-fstack-protector ===
# of expected passes 63509
# of unexpected successes 21
# of unexpected failures 114
# of expected failures 239
# of unresolved testcases 51
# of unsupported tests 881
Running target unix/-m64
WARNING: program timed out.
FAIL: gcc.c-torture/compile/20001226-1.c -O3 -g (test for excess errors)
XPASS: gcc.dg/Warray-bounds.c (test for warnings, line 59)
XPASS: gcc.dg/Warray-bounds.c (test for warnings, line 65)
XPASS: gcc.dg/Wunreachable-8.c (test for bogus messages, line 7)
XPASS: gcc.dg/uninit-6.c uninitialized variable warning (test for bogus messages, line 42)
WARNING: program timed out.
FAIL: gcc.dg/graphite/block-3.c (test for excess errors)
FAIL: gcc.dg/graphite/block-4.c (internal compiler error)
FAIL: gcc.dg/graphite/block-4.c (test for excess errors)
WARNING: program timed out.
XPASS: gcc.dg/struct/wo_prof_array_through_pointer.c scan-ipa-dump ipa_struct_reorg "Number of structures to transform is 1"
FAIL: gcc.dg/torture/pr26565.c -O1 execution test
FAIL: gcc.dg/torture/pr26565.c -O2 execution test
FAIL: gcc.dg/torture/pr26565.c -Os execution test
FAIL: gcc.dg/torture/pr26565.c -O2 -flto execution test
FAIL: gcc.dg/torture/pr26565.c -O2 -fwhopr execution test
FAIL: gcc.dg/tree-ssa/gen-vect-11c.c scan-tree-dump-times vect "vectorized 0 loops" 1
FAIL: gcc.misc-tests/linkage.c link
FAIL: gcc.target/sparc/pdist-3.c execution test
=== gcc Summary for unix/-m64 ===
# of expected passes 63443
# of unexpected successes 5
# of unexpected failures 12
# of expected failures 203
# of unsupported tests 853
=== gcc Summary ===
# of expected passes 190457
# of unexpected failures 242
# of unexpected successes 47
# of expected failures 681
# of unresolved testcases 104
# of unsupported tests 2615
/home/packages/gcc/4.5/gcc-4.5-4.5-20091226/build/gcc/xgcc version 4.5.0 20091226 (experimental) [trunk revision 155473] (Debian 4.5-20091226-1)
=== gfortran tests ===
Running target unix
FAIL: gfortran.dg/lto/20091015-1 f_lto_20091015-1_0.o-f_lto_20091015-1_2.o link
UNRESOLVED: gfortran.dg/lto/20091015-1 f_lto_20091015-1_0.o-f_lto_20091015-1_2.o execute -O2 -fwhopr
FAIL: gfortran.dg/lto/20091015-1 f_lto_20091015-1_0.o-f_lto_20091015-1_2.o link
UNRESOLVED: gfortran.dg/lto/20091015-1 f_lto_20091015-1_0.o-f_lto_20091015-1_2.o execute -O2 -flto
FAIL: gfortran.dg/lto/20091028-2 f_lto_20091028-2_0.o-f_lto_20091028-2_1.o link
UNRESOLVED: gfortran.dg/lto/20091028-2 f_lto_20091028-2_0.o-f_lto_20091028-2_1.o execute -O2 -fwhopr
FAIL: gfortran.dg/lto/20091028-2 f_lto_20091028-2_0.o-f_lto_20091028-2_1.o link
UNRESOLVED: gfortran.dg/lto/20091028-2 f_lto_20091028-2_0.o-f_lto_20091028-2_1.o execute -O2 -flto
FAIL: gfortran.dg/lto/pr40725 f_lto_pr40725_0.o-f_lto_pr40725_1.o execute -O2 -fwhopr
FAIL: gfortran.dg/lto/pr40725 f_lto_pr40725_0.o-f_lto_pr40725_1.o execute -O2 -flto
FAIL: gfortran.dg/lto/pr41069 f_lto_pr41069_0.o-f_lto_pr41069_2.o link
UNRESOLVED: gfortran.dg/lto/pr41069 f_lto_pr41069_0.o-f_lto_pr41069_2.o execute -O2 -fwhopr
FAIL: gfortran.dg/lto/pr41069 f_lto_pr41069_0.o-f_lto_pr41069_2.o link
UNRESOLVED: gfortran.dg/lto/pr41069 f_lto_pr41069_0.o-f_lto_pr41069_2.o execute -O2 -flto
FAIL: gfortran.dg/lto/pr41521 f_lto_pr41521_0.o-f_lto_pr41521_1.o link
UNRESOLVED: gfortran.dg/lto/pr41521 f_lto_pr41521_0.o-f_lto_pr41521_1.o execute -g -O -flto
WARNING: program timed out.
FAIL: gfortran.dg/vect/fast-math-pr38968.f90 execution test
=== gfortran Summary for unix ===
# of expected passes 33162
# of unexpected failures 10
# of expected failures 32
# of unresolved testcases 7
# of unsupported tests 160
Running target unix/-fstack-protector
FAIL: gfortran.dg/lto/20091015-1 f_lto_20091015-1_0.o-f_lto_20091015-1_2.o link
UNRESOLVED: gfortran.dg/lto/20091015-1 f_lto_20091015-1_0.o-f_lto_20091015-1_2.o execute -O2 -fwhopr
FAIL: gfortran.dg/lto/20091015-1 f_lto_20091015-1_0.o-f_lto_20091015-1_2.o link
UNRESOLVED: gfortran.dg/lto/20091015-1 f_lto_20091015-1_0.o-f_lto_20091015-1_2.o execute -O2 -flto
FAIL: gfortran.dg/lto/20091028-2 f_lto_20091028-2_0.o-f_lto_20091028-2_1.o link
UNRESOLVED: gfortran.dg/lto/20091028-2 f_lto_20091028-2_0.o-f_lto_20091028-2_1.o execute -O2 -fwhopr
FAIL: gfortran.dg/lto/20091028-2 f_lto_20091028-2_0.o-f_lto_20091028-2_1.o link
UNRESOLVED: gfortran.dg/lto/20091028-2 f_lto_20091028-2_0.o-f_lto_20091028-2_1.o execute -O2 -flto
FAIL: gfortran.dg/lto/pr40725 f_lto_pr40725_0.o-f_lto_pr40725_1.o execute -O2 -fwhopr
FAIL: gfortran.dg/lto/pr40725 f_lto_pr40725_0.o-f_lto_pr40725_1.o execute -O2 -flto
FAIL: gfortran.dg/lto/pr41069 f_lto_pr41069_0.o-f_lto_pr41069_2.o link
UNRESOLVED: gfortran.dg/lto/pr41069 f_lto_pr41069_0.o-f_lto_pr41069_2.o execute -O2 -fwhopr
FAIL: gfortran.dg/lto/pr41069 f_lto_pr41069_0.o-f_lto_pr41069_2.o link
UNRESOLVED: gfortran.dg/lto/pr41069 f_lto_pr41069_0.o-f_lto_pr41069_2.o execute -O2 -flto
FAIL: gfortran.dg/lto/pr41521 f_lto_pr41521_0.o-f_lto_pr41521_1.o link
UNRESOLVED: gfortran.dg/lto/pr41521 f_lto_pr41521_0.o-f_lto_pr41521_1.o execute -g -O -flto
WARNING: program timed out.
FAIL: gfortran.dg/vect/fast-math-pr38968.f90 execution test
=== gfortran Summary for unix/-fstack-protector ===
# of expected passes 33162
# of unexpected failures 10
# of expected failures 32
# of unresolved testcases 7
# of unsupported tests 160
Running target unix/-m64
FAIL: gfortran.dg/lto/pr40725 f_lto_pr40725_0.o-f_lto_pr40725_1.o execute -O2 -fwhopr
FAIL: gfortran.dg/lto/pr40725 f_lto_pr40725_0.o-f_lto_pr40725_1.o execute -O2 -flto
WARNING: program timed out.
FAIL: gfortran.dg/vect/fast-math-pr38968.f90 execution test
FAIL: gfortran.fortran-torture/execute/forall_7.f90 execution, -O2 -fomit-frame-pointer -finline-functions -funroll-loops
=== gfortran Summary for unix/-m64 ===
# of expected passes 33343
# of unexpected failures 4
# of expected failures 32
# of unsupported tests 79
=== gfortran Summary ===
# of expected passes 99667
# of unexpected failures 24
# of expected failures 96
# of unresolved testcases 14
# of unsupported tests 399
/home/packages/gcc/4.5/gcc-4.5-4.5-20091226/build/gcc/testsuite/gfortran/../../gfortran version 4.5.0 20091226 (experimental) [trunk revision 155473] (Debian 4.5-20091226-1)
=== obj-c++ tests ===
Running target unix
UNRESOLVED: obj-c++.dg/lookup-2.mm compilation failed to produce executable
UNRESOLVED: obj-c++.dg/try-catch-2.mm compilation failed to produce executable
UNRESOLVED: obj-c++.dg/try-catch-9.mm compilation failed to produce executable
=== obj-c++ Summary for unix ===
# of expected passes 438
# of expected failures 10
# of unresolved testcases 3
# of unsupported tests 13
Running target unix/-fstack-protector
UNRESOLVED: obj-c++.dg/lookup-2.mm compilation failed to produce executable
UNRESOLVED: obj-c++.dg/try-catch-2.mm compilation failed to produce executable
UNRESOLVED: obj-c++.dg/try-catch-9.mm compilation failed to produce executable
=== obj-c++ Summary for unix/-fstack-protector ===
# of expected passes 438
# of expected failures 10
# of unresolved testcases 3
# of unsupported tests 13
Running target unix/-m64
UNRESOLVED: obj-c++.dg/lookup-2.mm compilation failed to produce executable
UNRESOLVED: obj-c++.dg/try-catch-2.mm compilation failed to produce executable
UNRESOLVED: obj-c++.dg/try-catch-9.mm compilation failed to produce executable
=== obj-c++ Summary for unix/-m64 ===
# of expected passes 430
# of expected failures 18
# of unresolved testcases 3
# of unsupported tests 13
=== obj-c++ Summary ===
# of expected passes 1306
# of expected failures 38
# of unresolved testcases 9
# of unsupported tests 39
/home/packages/gcc/4.5/gcc-4.5-4.5-20091226/build/gcc/testsuite/obj-c++/../../g++ version 4.5.0 20091226 (experimental) [trunk revision 155473] (Debian 4.5-20091226-1)
=== objc tests ===
Running target unix
FAIL: objc/execute/forward-1.m execution, -O0 -fgnu-runtime
FAIL: objc/execute/forward-1.m execution, -O1 -fgnu-runtime
FAIL: objc/execute/forward-1.m execution, -O2 -fgnu-runtime
FAIL: objc/execute/forward-1.m execution, -O3 -fomit-frame-pointer -fgnu-runtime
FAIL: objc/execute/forward-1.m execution, -O3 -fomit-frame-pointer -funroll-loops -fgnu-runtime
FAIL: objc/execute/forward-1.m execution, -O3 -fomit-frame-pointer -funroll-all-loops -finline-functions -fgnu-runtime
FAIL: objc/execute/forward-1.m execution, -O3 -g -fgnu-runtime
FAIL: objc/execute/forward-1.m execution, -Os -fgnu-runtime
=== objc Summary for unix ===
# of expected passes 1867
# of unexpected failures 8
# of expected failures 7
# of unsupported tests 24
Running target unix/-fstack-protector
FAIL: objc/execute/forward-1.m execution, -O0 -fgnu-runtime
FAIL: objc/execute/forward-1.m execution, -O1 -fgnu-runtime
FAIL: objc/execute/forward-1.m execution, -O2 -fgnu-runtime
FAIL: objc/execute/forward-1.m execution, -O3 -fomit-frame-pointer -fgnu-runtime
FAIL: objc/execute/forward-1.m execution, -O3 -fomit-frame-pointer -funroll-loops -fgnu-runtime
FAIL: objc/execute/forward-1.m execution, -O3 -fomit-frame-pointer -funroll-all-loops -finline-functions -fgnu-runtime
FAIL: objc/execute/forward-1.m execution, -O3 -g -fgnu-runtime
FAIL: objc/execute/forward-1.m execution, -Os -fgnu-runtime
=== objc Summary for unix/-fstack-protector ===
# of expected passes 1867
# of unexpected failures 8
# of expected failures 7
# of unsupported tests 24
Running target unix/-m64
FAIL: objc/execute/forward-1.m execution, -O0 -fgnu-runtime
FAIL: objc/execute/forward-1.m execution, -O1 -fgnu-runtime
FAIL: objc/execute/forward-1.m execution, -O2 -fgnu-runtime
FAIL: objc/execute/forward-1.m execution, -O3 -fomit-frame-pointer -fgnu-runtime
FAIL: objc/execute/forward-1.m execution, -O3 -fomit-frame-pointer -funroll-loops -fgnu-runtime
FAIL: objc/execute/forward-1.m execution, -O3 -fomit-frame-pointer -funroll-all-loops -finline-functions -fgnu-runtime
FAIL: objc/execute/forward-1.m execution, -O3 -g -fgnu-runtime
FAIL: objc/execute/forward-1.m execution, -Os -fgnu-runtime
=== objc Summary for unix/-m64 ===
# of expected passes 1867
# of unexpected failures 8
# of expected failures 7
# of unsupported tests 24
=== objc Summary ===
# of expected passes 5601
# of unexpected failures 24
# of expected failures 21
# of unsupported tests 72
/home/packages/gcc/4.5/gcc-4.5-4.5-20091226/build/gcc/xgcc version 4.5.0 20091226 (experimental) [trunk revision 155473] (Debian 4.5-20091226-1)
=== libffi tests ===
Running target unix
=== libffi Summary for unix ===
# of expected passes 1609
# of expected failures 10
# of unsupported tests 15
Running target unix/-fstack-protector
=== libffi Summary for unix/-fstack-protector ===
# of expected passes 1609
# of expected failures 10
# of unsupported tests 15
Running target unix/-m64
=== libffi Summary for unix/-m64 ===
# of expected passes 1609
# of expected failures 10
# of unsupported tests 15
=== libffi Summary ===
# of expected passes 4827
# of expected failures 30
# of unsupported tests 45
=== libgomp tests ===
Running target unix
FAIL: libgomp.c/lock-1.c execution test
XPASS: libgomp.graphite/force-parallel-5.c scan-tree-dump-times optimized "loopfn.1" 5
=== libgomp Summary for unix ===
# of expected passes 2456
# of unexpected failures 1
# of unexpected successes 1
# of unsupported tests 7
Running target unix/-fstack-protector
XPASS: libgomp.graphite/force-parallel-5.c scan-tree-dump-times optimized "loopfn.1" 5
=== libgomp Summary for unix/-fstack-protector ===
# of expected passes 2457
# of unexpected successes 1
# of unsupported tests 7
Running target unix/-m64
FAIL: libgomp.c/sort-1.c execution test
XPASS: libgomp.graphite/force-parallel-5.c scan-tree-dump-times optimized "loopfn.1" 5
=== libgomp Summary for unix/-m64 ===
# of expected passes 2456
# of unexpected failures 1
# of unexpected successes 1
# of unsupported tests 7
=== libgomp Summary ===
# of expected passes 7369
# of unexpected failures 2
# of unexpected successes 3
# of unsupported tests 21
=== libjava tests ===
Running target unix
=== libmudflap tests ===
Running target unix
FAIL: libmudflap.c/pass54-frag.c execution test
FAIL: libmudflap.c/pass54-frag.c execution test
FAIL: libmudflap.c/fail31-frag.c (-O3) crash test
FAIL: libmudflap.c/fail31-frag.c (-O3) output pattern test
FAIL: libmudflap.c/pass45-frag.c (-O3) execution test
FAIL: libmudflap.c/pass45-frag.c (-O3) output pattern test
FAIL: libmudflap.c/pass45-frag.c (-O3) execution test
FAIL: libmudflap.c/pass45-frag.c (-O3) output pattern test
FAIL: libmudflap.c++/pass41-frag.cxx execution test
FAIL: libmudflap.c++/pass41-frag.cxx (-static) execution test
FAIL: libmudflap.c++/pass41-frag.cxx ( -O) execution test
FAIL: libmudflap.c++/pass41-frag.cxx (-O2) execution test
FAIL: libmudflap.c++/pass41-frag.cxx (-O3) execution test
=== libmudflap Summary for unix ===
# of expected passes 1881
# of unexpected failures 13
Running target unix/-fstack-protector
FAIL: libmudflap.c/pass54-frag.c execution test
FAIL: libmudflap.c/pass54-frag.c execution test
FAIL: libmudflap.c/fail31-frag.c (-O3) crash test
FAIL: libmudflap.c/fail31-frag.c (-O3) output pattern test
FAIL: libmudflap.c/pass45-frag.c (-O3) execution test
FAIL: libmudflap.c/pass45-frag.c (-O3) output pattern test
FAIL: libmudflap.c/pass45-frag.c (-O3) execution test
FAIL: libmudflap.c/pass45-frag.c (-O3) output pattern test
FAIL: libmudflap.c++/pass41-frag.cxx execution test
FAIL: libmudflap.c++/pass41-frag.cxx (-static) execution test
FAIL: libmudflap.c++/pass41-frag.cxx ( -O) execution test
FAIL: libmudflap.c++/pass41-frag.cxx (-O2) execution test
FAIL: libmudflap.c++/pass41-frag.cxx (-O3) execution test
=== libmudflap Summary for unix/-fstack-protector ===
# of expected passes 1881
# of unexpected failures 13
Running target unix/-m64
FAIL: libmudflap.c/pass54-frag.c execution test
FAIL: libmudflap.c/pass54-frag.c execution test
FAIL: libmudflap.c/fail31-frag.c (-O3) crash test
FAIL: libmudflap.c/fail31-frag.c (-O3) output pattern test
FAIL: libmudflap.c/pass45-frag.c (-O3) execution test
FAIL: libmudflap.c/pass45-frag.c (-O3) output pattern test
FAIL: libmudflap.c/pass45-frag.c (-O3) execution test
FAIL: libmudflap.c/pass45-frag.c (-O3) output pattern test
FAIL: libmudflap.c++/pass41-frag.cxx execution test
FAIL: libmudflap.c++/pass41-frag.cxx (-static) execution test
FAIL: libmudflap.c++/pass41-frag.cxx ( -O) execution test
FAIL: libmudflap.c++/pass41-frag.cxx (-O2) execution test
FAIL: libmudflap.c++/pass41-frag.cxx (-O3) execution test
=== libmudflap Summary for unix/-m64 ===
# of expected passes 1881
# of unexpected failures 13
=== libmudflap Summary ===
# of expected passes 5643
# of unexpected failures 39
=== libstdc++ tests ===
Running target unix
XPASS: 26_numerics/headers/cmath/c99_classification_macros_c.cc (test for excess errors)
=== libstdc++ Summary for unix ===
# of expected passes 6539
# of unexpected successes 1
# of expected failures 91
# of unsupported tests 331
Running target unix/-fstack-protector
XPASS: 26_numerics/headers/cmath/c99_classification_macros_c.cc (test for excess errors)
=== libstdc++ Summary for unix/-fstack-protector ===
# of expected passes 6539
# of unexpected successes 1
# of expected failures 91
# of unsupported tests 331
Running target unix/-m64
FAIL: abi_check
XPASS: 26_numerics/headers/cmath/c99_classification_macros_c.cc (test for excess errors)
FAIL: 27_io/basic_filebuf/close/char/4879.cc execution test
FAIL: 27_io/basic_filebuf/close/char/9964.cc execution test
FAIL: 27_io/basic_filebuf/seekoff/char/26777.cc execution test
FAIL: 27_io/basic_filebuf/underflow/char/10097.cc execution test
FAIL: 27_io/objects/char/7.cc execution test
FAIL: 27_io/objects/char/9661-1.cc execution test
FAIL: 27_io/objects/wchar_t/7.cc execution test
FAIL: 27_io/objects/wchar_t/9661-1.cc execution test
WARNING: program timed out.
WARNING: program timed out.
=== libstdc++ Summary for unix/-m64 ===
# of expected passes 6530
# of unexpected successes 1
# of unexpected failures 9
# of expected failures 91
# of unsupported tests 331
=== libstdc++ Summary ===
# of expected passes 19608
# of unexpected failures 9
# of unexpected successes 3
# of expected failures 273
# of unsupported tests 993
Compiler version: 4.5.0 20091226 (experimental) [trunk revision 155473] (Debian 4.5-20091226-1)
Platform: sparc-unknown-linux-gnu
configure flags: -v --with-pkgversion='Debian 4.5-20091226-1' --with-bugurl=file:///usr/share/doc/gcc-4.5/README.Bugs --enable-languages=c,c++,java,fortran,objc,obj-c++ --prefix=/usr --enable-shared --enable-multiarch --enable-linker-build-id --with-system-zlib --libexecdir=/usr/lib --without-included-gettext --enable-threads=posix --with-gxx-include-dir=/usr/include/c++/4.5 --program-suffix=-4.5 --enable-nls --enable-clocale=gnu --enable-libstdcxx-debug --enable-plugin --disable-browser-plugin --enable-java-awt=gtk --enable-gtk-cairo --with-java-home=//usr/lib/jvm/java-1.5.0-gcj-4.5/jre --enable-java-home --with-jvm-root-dir=//usr/lib/jvm/java-1.5.0-gcj-4.5 --with-jvm-jar-dir=/usr/lib/jvm-exports/java-1.5.0-gcj-4.5 --with-arch-directory=sparc --with-ecj-jar=/usr/share/java/eclipse-ecj.jar --enable-objc-gc --enable-targets=all --with-long-double-128 --enable-checking=release --build=sparc-linux-gnu --host=sparc-linux-gnu --target=sparc-linux-gnu
BOOT_CFLAGS=
Build Dependencies:
Desired=Unknown/Install/Remove/Purge/Hold
| Status=Not/Inst/Cfg-files/Unpacked/Failed-cfg/Half-inst/trig-aWait/Trig-pend
|/ Err?=(none)/Reinst-required (Status,Err: uppercase=bad)
||/ Name Version Description
+++-=======================================================-==========================-==============================================
ii binutils 2.20-4 The GNU assembler, linker and binary utilities
ii g++-4.1 4.1.2-27 The GNU C++ compiler
ii g++-4.2 4.2.4-4 The GNU C++ compiler
ii g++-4.3 4.3.4-6 The GNU C++ compiler
ii g++-4.3-multilib 4.3.4-6 The GNU C++ compiler (multilib files)
ii g++-4.4 4.4.2-6 The GNU C++ compiler
ii g++-4.4-multilib 4.4.2-6 The GNU C++ compiler (multilib files)
ii g++-multilib 4:4.4.2-2 The GNU C++ compiler (multilib files)
ii libc6 2.10.2-2 GNU C Library: Shared libraries
ii libcloog-ppl-dev 0.15.7-1 the Chunky Loop Generator (development files)
ii libgmp3-dev 2:4.3.1+dfsg-3 Multiprecision arithmetic library developers t
ii libmpc-dev 0.8.1-1 multiple precision complex floating-point libr
ii libmpfr-dev 2.4.2-3 multiple precision floating-point computation
ii libppl0.10-dev 0.10.2-3 Parma Polyhedra Library (development)
rename-info-files:
Allow transformations on info file names. Reference the
transformed info file names in the texinfo files.
gcc-textdomain:
Set gettext's domain and textdomain to the versioned package name.
gcc-driver-extra-langs:
Add options and specs for languages that are not built from a source
(but built from separate sources).
gcc-hash-style-both:
Link using --hash-style=both (alpha, amd64, ia64, i386, powerpc, ppc64, s390, sparc)
libstdc++-pic:
Build and install libstdc++_pic.a library.
libstdc++-doclink:
adjust hrefs to point to the local documentation
libstdc++-man-3cxx:
Install libstdc++ man pages with suffix .3cxx instead of .3
libjava-stacktrace:
libgcj: Lookup source file name and line number in separated
debug files found in /usr/lib/debug
libjava-subdir:
- Set the libjava sublibdir to /usr/lib/gcj-4.5
- Set the default libgcj database dir to /var/lib/gcj-4.5
libjava-jnipath:
- Add /usr/lib/jni to java.library.path.
- When running the i386 binaries on amd64, look in
- /usr/lib32/gcj-x.y and /usr/lib32/jni instead.
libjava-sjlj:
Don't try to use _Unwind_Backtrace on SJLJ targets.
See bug #387875, #388505, GCC PR 29206.
libjava-disable-plugin:
Don't build the gcjwebplugin, even when configured with --enable-plugin
alpha-no-ev4-directive:
never emit .ev4 directive.
boehm-gc-getnprocs:
boehm-gc/pthread_support.c (GC_get_nprocs): Use sysconf as fallback.
note-gnu-stack:
Add .note.GNU-stack sections for gcc's crt files, libffi and boehm-gc
Taken from FC.
m68k-allow-gnu99:
patch to allow gnu99 mode on m68k
libgomp-omp_h-multilib:
Fix up omp.h for multilibs.
sparc-force-v9:
On sparc default to v9 in 32bit mode
gcc-stack_chk_fail-check:
Fix __stack_chk_fail check for cross builds configured --with-headers
pr40521-revert-workaround:
Revert the dwarf2cfi_asm workaround, obsoleted by PR debug/40521.
pr41848:
Fix PR objc/41848 - workaround ObjC and -fsection-anchors.
gcc-ice-hack:
Retry the build on an ice, save the calling options and preprocessed
source when the ice is reproducible.
gcc-ice-apport:
Report an ICE to apport (if apport is available
and the environment variable GCC_NOAPPORT is not set)
libjava-disable-static:
Disable building the static libjava.
libjava-fixed-symlinks:
Remove unneed '..' elements from symlinks in JAVA_HOME
ada-arm-eabi:
Add preliminary Ada support for ARM/EABI to gcc-4.4.1 (sjlj only).
arm-unbreak-eabi-armv4t:
Fix armv4t build on ARM
gcc-multiarch:
Add multiarch support to GCC.
Convert the multilib option to a target triplet,
add multiarch include directories and libraries path:
/usr/local/include/<arch>-linux-gnu
/usr/include/<arch>-linux-gnu
/usr/lib/<arch>-linux-gnu
to the system paths.
libjava-nobiarch-check:
For biarch builds, disable the testsuite for the non-default architecture
for runtime libraries, which are not built by default (libjava).
config-ml:
disable some biarch libraries for biarch builds
s390-biarch:
Build a bi-arch compiler on s390-linux-gnu.
http://gcc.gnu.org/ml/gcc-patches/2009-03/msg01044.html
Counting all warnings,
there are 0 warnings in stage3 of this bootstrap.
Number of warnings per file:
Number of warning types: