This is the mail archive of the
gcc-testresults@gcc.gnu.org
mailing list for the GCC project.
Results for 4.5.0 20091226 (experimental) [trunk revision 155473] (Debian 4.5-20091226-1) testsuite on hppa-unknown-linux-gnu
- From: Matthias Klose <doko at debian dot org>
- To: gcc-testresults at gcc dot gnu dot org
- Cc: debian-gcc at lists dot debian dot org
- Date: Sun, 27 Dec 2009 17:54:22 +0000
- Subject: Results for 4.5.0 20091226 (experimental) [trunk revision 155473] (Debian 4.5-20091226-1) testsuite on hppa-unknown-linux-gnu
- Reply-to: Matthias Klose <doko at debian dot org>
LAST_UPDATED: Sat Dec 26 14:28:29 UTC 2009 (revision 155473)
Target: hppa-linux-gnu
gcc version 4.5.0 20091226 (experimental) [trunk revision 155473] (Debian 4.5-20091226-1)
Native configuration is hppa-unknown-linux-gnu
=== g++ tests ===
Running target unix
FAIL: g++.dg/expr/comma1.C (test for excess errors)
UNRESOLVED: g++.dg/expr/comma1.C compilation failed to produce executable
FAIL: g++.dg/other/nested-extern-1.C (test for excess errors)
UNRESOLVED: g++.dg/other/nested-extern-1.C compilation failed to produce executable
FAIL: g++.dg/torture/pr34099.C -O1 execution test
FAIL: g++.dg/torture/pr34099.C -O2 execution test
FAIL: g++.dg/torture/pr34099.C -Os execution test
FAIL: g++.dg/torture/pr34099.C -O2 -flto (internal compiler error)
FAIL: g++.dg/torture/pr34099.C -O2 -flto (test for excess errors)
UNRESOLVED: g++.dg/torture/pr34099.C -O2 -flto compilation failed to produce executable
FAIL: g++.dg/torture/pr34099.C -O2 -fwhopr (internal compiler error)
FAIL: g++.dg/torture/pr34099.C -O2 -fwhopr (test for excess errors)
UNRESOLVED: g++.dg/torture/pr34099.C -O2 -fwhopr compilation failed to produce executable
FAIL: g++.dg/torture/pr39002.C -O2 -fwhopr (test for excess errors)
UNRESOLVED: g++.dg/torture/pr39002.C -O2 -fwhopr compilation failed to produce executable
FAIL: g++.old-deja/g++.pt/ttp25.C (test for excess errors)
UNRESOLVED: g++.old-deja/g++.pt/ttp25.C compilation failed to produce executable
=== g++ Summary ===
# of expected passes 21500
# of unexpected failures 11
# of expected failures 147
# of unresolved testcases 6
# of unsupported tests 168
/home/packages/gcc/4.5/gcc-4.5-4.5-20091226/build/gcc/testsuite/g++/../../g++ version 4.5.0 20091226 (experimental) [trunk revision 155473] (Debian 4.5-20091226-1)
=== gcc tests ===
Running target unix
WARNING: program timed out.
FAIL: gcc.c-torture/compile/20001226-1.c -O3 -g (test for excess errors)
FAIL: gcc.c-torture/execute/builtins/memset-chk.c compilation, -O2 -fwhopr
UNRESOLVED: gcc.c-torture/execute/builtins/memset-chk.c execution, -O2 -fwhopr
FAIL: gcc.c-torture/execute/20020402-3.c compilation, -O2 -flto
UNRESOLVED: gcc.c-torture/execute/20020402-3.c execution, -O2 -flto
FAIL: gcc.c-torture/execute/20021118-1.c compilation, -O2 -fwhopr
UNRESOLVED: gcc.c-torture/execute/20021118-1.c execution, -O2 -fwhopr
FAIL: gcc.c-torture/execute/20030613-1.c compilation, -O1
UNRESOLVED: gcc.c-torture/execute/20030613-1.c execution, -O1
FAIL: gcc.c-torture/execute/20030914-2.c compilation, -Os
UNRESOLVED: gcc.c-torture/execute/20030914-2.c execution, -Os
FAIL: gcc.c-torture/execute/20040823-1.c compilation, -O1
UNRESOLVED: gcc.c-torture/execute/20040823-1.c execution, -O1
FAIL: gcc.c-torture/execute/20040823-1.c compilation, -O3 -fomit-frame-pointer
UNRESOLVED: gcc.c-torture/execute/20040823-1.c execution, -O3 -fomit-frame-pointer
FAIL: gcc.c-torture/execute/20040917-1.c compilation, -O0
UNRESOLVED: gcc.c-torture/execute/20040917-1.c execution, -O0
FAIL: gcc.c-torture/execute/20050410-1.c compilation, -O1
UNRESOLVED: gcc.c-torture/execute/20050410-1.c execution, -O1
FAIL: gcc.c-torture/execute/20051113-1.c compilation, -O2 -flto
UNRESOLVED: gcc.c-torture/execute/20051113-1.c execution, -O2 -flto
FAIL: gcc.c-torture/execute/20051215-1.c compilation, -O3 -fomit-frame-pointer
UNRESOLVED: gcc.c-torture/execute/20051215-1.c execution, -O3 -fomit-frame-pointer
FAIL: gcc.c-torture/execute/20051215-1.c compilation, -O3 -g
UNRESOLVED: gcc.c-torture/execute/20051215-1.c execution, -O3 -g
FAIL: gcc.c-torture/execute/20051215-1.c compilation, -O2 -fwhopr
UNRESOLVED: gcc.c-torture/execute/20051215-1.c execution, -O2 -fwhopr
FAIL: gcc.c-torture/execute/20060102-1.c compilation, -O0
UNRESOLVED: gcc.c-torture/execute/20060102-1.c execution, -O0
FAIL: gcc.c-torture/execute/20060102-1.c compilation, -O2
UNRESOLVED: gcc.c-torture/execute/20060102-1.c execution, -O2
FAIL: gcc.c-torture/execute/20060930-1.c compilation, -Os
UNRESOLVED: gcc.c-torture/execute/20060930-1.c execution, -Os
FAIL: gcc.c-torture/execute/20060930-2.c compilation, -O2
UNRESOLVED: gcc.c-torture/execute/20060930-2.c execution, -O2
FAIL: gcc.c-torture/execute/20061031-1.c compilation, -O3 -fomit-frame-pointer -funroll-loops
UNRESOLVED: gcc.c-torture/execute/20061031-1.c execution, -O3 -fomit-frame-pointer -funroll-loops
FAIL: gcc.c-torture/execute/20061101-1.c compilation, -O2
UNRESOLVED: gcc.c-torture/execute/20061101-1.c execution, -O2
FAIL: gcc.c-torture/execute/20061101-1.c compilation, -O2 -flto
UNRESOLVED: gcc.c-torture/execute/20061101-1.c execution, -O2 -flto
FAIL: gcc.c-torture/execute/20061101-2.c compilation, -O1
UNRESOLVED: gcc.c-torture/execute/20061101-2.c execution, -O1
FAIL: gcc.c-torture/execute/20061101-2.c compilation, -O3 -fomit-frame-pointer -funroll-loops
UNRESOLVED: gcc.c-torture/execute/20061101-2.c execution, -O3 -fomit-frame-pointer -funroll-loops
FAIL: gcc.c-torture/execute/20061101-2.c compilation, -O2 -fwhopr
UNRESOLVED: gcc.c-torture/execute/20061101-2.c execution, -O2 -fwhopr
FAIL: gcc.c-torture/execute/20061220-1.c compilation, -O0
UNRESOLVED: gcc.c-torture/execute/20061220-1.c execution, -O0
FAIL: gcc.c-torture/execute/20061220-1.c compilation, -O3 -g
UNRESOLVED: gcc.c-torture/execute/20061220-1.c execution, -O3 -g
FAIL: gcc.c-torture/execute/20070201-1.c compilation, -O0
UNRESOLVED: gcc.c-torture/execute/20070201-1.c execution, -O0
FAIL: gcc.c-torture/execute/20070201-1.c compilation, -Os
UNRESOLVED: gcc.c-torture/execute/20070201-1.c execution, -Os
FAIL: gcc.c-torture/execute/20070212-1.c compilation, -O3 -g
UNRESOLVED: gcc.c-torture/execute/20070212-1.c execution, -O3 -g
FAIL: gcc.c-torture/execute/20070212-3.c compilation, -O2
UNRESOLVED: gcc.c-torture/execute/20070212-3.c execution, -O2
FAIL: gcc.c-torture/execute/20070212-3.c compilation, -O2 -flto
UNRESOLVED: gcc.c-torture/execute/20070212-3.c execution, -O2 -flto
FAIL: gcc.c-torture/execute/20070212-3.c compilation, -O2 -fwhopr
UNRESOLVED: gcc.c-torture/execute/20070212-3.c execution, -O2 -fwhopr
FAIL: gcc.c-torture/execute/20070517-1.c compilation, -O3 -fomit-frame-pointer
UNRESOLVED: gcc.c-torture/execute/20070517-1.c execution, -O3 -fomit-frame-pointer
FAIL: gcc.c-torture/execute/20070517-1.c compilation, -O2 -flto
UNRESOLVED: gcc.c-torture/execute/20070517-1.c execution, -O2 -flto
FAIL: gcc.c-torture/execute/20070614-1.c compilation, -O0
UNRESOLVED: gcc.c-torture/execute/20070614-1.c execution, -O0
FAIL: gcc.c-torture/execute/20070614-1.c compilation, -O3 -fomit-frame-pointer -funroll-loops
UNRESOLVED: gcc.c-torture/execute/20070614-1.c execution, -O3 -fomit-frame-pointer -funroll-loops
FAIL: gcc.c-torture/execute/20070614-1.c compilation, -O3 -g
UNRESOLVED: gcc.c-torture/execute/20070614-1.c execution, -O3 -g
FAIL: gcc.c-torture/execute/20070623-1.c compilation, -O0
UNRESOLVED: gcc.c-torture/execute/20070623-1.c execution, -O0
FAIL: gcc.c-torture/execute/20070724-1.c compilation, -O2 -fwhopr
UNRESOLVED: gcc.c-torture/execute/20070724-1.c execution, -O2 -fwhopr
FAIL: gcc.c-torture/execute/20070824-1.c compilation, -O3 -fomit-frame-pointer
UNRESOLVED: gcc.c-torture/execute/20070824-1.c execution, -O3 -fomit-frame-pointer
FAIL: gcc.c-torture/execute/20070919-1.c compilation, -O3 -g
UNRESOLVED: gcc.c-torture/execute/20070919-1.c execution, -O3 -g
FAIL: gcc.c-torture/execute/20071018-1.c compilation, -O0
UNRESOLVED: gcc.c-torture/execute/20071018-1.c execution, -O0
FAIL: gcc.c-torture/execute/20071018-1.c compilation, -O3 -fomit-frame-pointer
UNRESOLVED: gcc.c-torture/execute/20071018-1.c execution, -O3 -fomit-frame-pointer
FAIL: gcc.c-torture/execute/20071018-1.c compilation, -O2 -fwhopr
UNRESOLVED: gcc.c-torture/execute/20071018-1.c execution, -O2 -fwhopr
FAIL: gcc.c-torture/execute/20071029-1.c compilation, -O2 -fwhopr
UNRESOLVED: gcc.c-torture/execute/20071029-1.c execution, -O2 -fwhopr
FAIL: gcc.c-torture/execute/20071030-1.c compilation, -O2
UNRESOLVED: gcc.c-torture/execute/20071030-1.c execution, -O2
FAIL: gcc.c-torture/execute/20071030-1.c compilation, -O3 -fomit-frame-pointer
UNRESOLVED: gcc.c-torture/execute/20071030-1.c execution, -O3 -fomit-frame-pointer
FAIL: gcc.c-torture/execute/20071030-1.c compilation, -O3 -fomit-frame-pointer -funroll-loops
UNRESOLVED: gcc.c-torture/execute/20071030-1.c execution, -O3 -fomit-frame-pointer -funroll-loops
FAIL: gcc.c-torture/execute/20071030-1.c compilation, -O3 -g
UNRESOLVED: gcc.c-torture/execute/20071030-1.c execution, -O3 -g
FAIL: gcc.c-torture/execute/20071030-1.c compilation, -Os
UNRESOLVED: gcc.c-torture/execute/20071030-1.c execution, -Os
FAIL: gcc.c-torture/execute/20071108-1.c compilation, -O1
UNRESOLVED: gcc.c-torture/execute/20071108-1.c execution, -O1
FAIL: gcc.c-torture/execute/20071108-1.c compilation, -O2 -flto
UNRESOLVED: gcc.c-torture/execute/20071108-1.c execution, -O2 -flto
FAIL: gcc.c-torture/execute/20071202-1.c compilation, -O1
UNRESOLVED: gcc.c-torture/execute/20071202-1.c execution, -O1
FAIL: gcc.c-torture/execute/20071205-1.c compilation, -O1
UNRESOLVED: gcc.c-torture/execute/20071205-1.c execution, -O1
FAIL: gcc.c-torture/execute/20071210-1.c compilation, -O2 -flto
UNRESOLVED: gcc.c-torture/execute/20071210-1.c execution, -O2 -flto
FAIL: gcc.c-torture/execute/20071210-1.c compilation, -O2 -fwhopr
UNRESOLVED: gcc.c-torture/execute/20071210-1.c execution, -O2 -fwhopr
FAIL: gcc.c-torture/execute/20071211-1.c compilation, -O2 -flto
UNRESOLVED: gcc.c-torture/execute/20071211-1.c execution, -O2 -flto
FAIL: gcc.c-torture/execute/20071213-1.c compilation, -O3 -g
UNRESOLVED: gcc.c-torture/execute/20071213-1.c execution, -O3 -g
FAIL: gcc.c-torture/execute/20071216-1.c compilation, -O1
UNRESOLVED: gcc.c-torture/execute/20071216-1.c execution, -O1
FAIL: gcc.c-torture/execute/20071216-1.c compilation, -O3 -g
UNRESOLVED: gcc.c-torture/execute/20071216-1.c execution, -O3 -g
FAIL: gcc.c-torture/execute/20071219-1.c compilation, -O3 -fomit-frame-pointer -funroll-loops
UNRESOLVED: gcc.c-torture/execute/20071219-1.c execution, -O3 -fomit-frame-pointer -funroll-loops
FAIL: gcc.c-torture/execute/20071219-1.c compilation, -O3 -fomit-frame-pointer -funroll-all-loops -finline-functions
UNRESOLVED: gcc.c-torture/execute/20071219-1.c execution, -O3 -fomit-frame-pointer -funroll-all-loops -finline-functions
FAIL: gcc.c-torture/execute/20071220-1.c compilation, -O1
UNRESOLVED: gcc.c-torture/execute/20071220-1.c execution, -O1
FAIL: gcc.c-torture/execute/20071220-1.c compilation, -Os
UNRESOLVED: gcc.c-torture/execute/20071220-1.c execution, -Os
FAIL: gcc.c-torture/execute/20080117-1.c compilation, -O1
UNRESOLVED: gcc.c-torture/execute/20080117-1.c execution, -O1
FAIL: gcc.c-torture/execute/20080222-1.c compilation, -O2 -flto
UNRESOLVED: gcc.c-torture/execute/20080222-1.c execution, -O2 -flto
FAIL: gcc.c-torture/execute/20080408-1.c compilation, -O2 -flto
UNRESOLVED: gcc.c-torture/execute/20080408-1.c execution, -O2 -flto
FAIL: gcc.c-torture/execute/20080424-1.c compilation, -O3 -fomit-frame-pointer -funroll-all-loops -finline-functions
UNRESOLVED: gcc.c-torture/execute/20080424-1.c execution, -O3 -fomit-frame-pointer -funroll-all-loops -finline-functions
FAIL: gcc.c-torture/execute/20080424-1.c compilation, -Os
UNRESOLVED: gcc.c-torture/execute/20080424-1.c execution, -Os
FAIL: gcc.c-torture/execute/20080502-1.c compilation, -O2
UNRESOLVED: gcc.c-torture/execute/20080502-1.c execution, -O2
FAIL: gcc.c-torture/execute/20080519-1.c compilation, -O1
UNRESOLVED: gcc.c-torture/execute/20080519-1.c execution, -O1
FAIL: gcc.c-torture/execute/20080719-1.c compilation, -O1
UNRESOLVED: gcc.c-torture/execute/20080719-1.c execution, -O1
FAIL: gcc.c-torture/execute/20080719-1.c compilation, -Os
UNRESOLVED: gcc.c-torture/execute/20080719-1.c execution, -Os
FAIL: gcc.c-torture/execute/20080813-1.c compilation, -O2 -fwhopr
UNRESOLVED: gcc.c-torture/execute/20080813-1.c execution, -O2 -fwhopr
FAIL: gcc.c-torture/execute/20081103-1.c compilation, -O1
UNRESOLVED: gcc.c-torture/execute/20081103-1.c execution, -O1
FAIL: gcc.c-torture/execute/20081117-1.c compilation, -O3 -g
UNRESOLVED: gcc.c-torture/execute/20081117-1.c execution, -O3 -g
FAIL: gcc.c-torture/execute/20081117-1.c compilation, -Os
UNRESOLVED: gcc.c-torture/execute/20081117-1.c execution, -Os
FAIL: gcc.c-torture/execute/20090207-1.c compilation, -O2
UNRESOLVED: gcc.c-torture/execute/20090207-1.c execution, -O2
FAIL: gcc.c-torture/execute/20090207-1.c compilation, -O3 -g
UNRESOLVED: gcc.c-torture/execute/20090207-1.c execution, -O3 -g
FAIL: gcc.c-torture/execute/20090219-1.c compilation, -O2 -flto
UNRESOLVED: gcc.c-torture/execute/20090219-1.c execution, -O2 -flto
FAIL: gcc.c-torture/execute/900409-1.c compilation, -O1
UNRESOLVED: gcc.c-torture/execute/900409-1.c execution, -O1
FAIL: gcc.c-torture/execute/900409-1.c compilation, -O2 -fwhopr
UNRESOLVED: gcc.c-torture/execute/900409-1.c execution, -O2 -fwhopr
FAIL: gcc.c-torture/execute/920202-1.c compilation, -O2 -flto
UNRESOLVED: gcc.c-torture/execute/920202-1.c execution, -O2 -flto
FAIL: gcc.c-torture/execute/920302-1.c compilation, -O2
UNRESOLVED: gcc.c-torture/execute/920302-1.c execution, -O2
FAIL: gcc.c-torture/execute/920409-1.c compilation, -O3 -fomit-frame-pointer
UNRESOLVED: gcc.c-torture/execute/920409-1.c execution, -O3 -fomit-frame-pointer
FAIL: gcc.c-torture/execute/920410-1.c compilation, -O2
UNRESOLVED: gcc.c-torture/execute/920410-1.c execution, -O2
FAIL: gcc.c-torture/execute/920411-1.c compilation, -O3 -fomit-frame-pointer
UNRESOLVED: gcc.c-torture/execute/920411-1.c execution, -O3 -fomit-frame-pointer
FAIL: gcc.c-torture/execute/920411-1.c compilation, -O3 -fomit-frame-pointer -funroll-all-loops -finline-functions
UNRESOLVED: gcc.c-torture/execute/920411-1.c execution, -O3 -fomit-frame-pointer -funroll-all-loops -finline-functions
FAIL: gcc.c-torture/execute/920415-1.c compilation, -O2
UNRESOLVED: gcc.c-torture/execute/920415-1.c execution, -O2
FAIL: gcc.c-torture/execute/920501-1.c compilation, -O1
UNRESOLVED: gcc.c-torture/execute/920501-1.c execution, -O1
FAIL: gcc.c-torture/execute/920501-3.c compilation, -O3 -g
UNRESOLVED: gcc.c-torture/execute/920501-3.c execution, -O3 -g
FAIL: gcc.c-torture/execute/920501-4.c compilation, -O2 -fwhopr
UNRESOLVED: gcc.c-torture/execute/920501-4.c execution, -O2 -fwhopr
FAIL: gcc.c-torture/execute/920501-5.c compilation, -O0
UNRESOLVED: gcc.c-torture/execute/920501-5.c execution, -O0
FAIL: gcc.c-torture/execute/920501-5.c compilation, -O1
UNRESOLVED: gcc.c-torture/execute/920501-5.c execution, -O1
FAIL: gcc.c-torture/execute/920501-5.c compilation, -O2 -flto
UNRESOLVED: gcc.c-torture/execute/920501-5.c execution, -O2 -flto
FAIL: gcc.c-torture/execute/920501-7.c compilation, -O2 -flto
UNRESOLVED: gcc.c-torture/execute/920501-7.c execution, -O2 -flto
FAIL: gcc.c-torture/execute/920501-8.c compilation, -O3 -g
UNRESOLVED: gcc.c-torture/execute/920501-8.c execution, -O3 -g
FAIL: gcc.c-torture/execute/920520-1.c compilation, -O2 -fwhopr
UNRESOLVED: gcc.c-torture/execute/920520-1.c execution, -O2 -fwhopr
FAIL: gcc.c-torture/execute/920603-1.c compilation, -O2 -fwhopr
UNRESOLVED: gcc.c-torture/execute/920603-1.c execution, -O2 -fwhopr
FAIL: gcc.c-torture/execute/920721-2.c compilation, -O3 -g
UNRESOLVED: gcc.c-torture/execute/920721-2.c execution, -O3 -g
FAIL: gcc.c-torture/execute/951204-1.c compilation, -O2 -fwhopr
UNRESOLVED: gcc.c-torture/execute/951204-1.c execution, -O2 -fwhopr
FAIL: gcc.c-torture/execute/960117-1.c compilation, -O1
UNRESOLVED: gcc.c-torture/execute/960117-1.c execution, -O1
FAIL: gcc.c-torture/execute/960117-1.c compilation, -O2
UNRESOLVED: gcc.c-torture/execute/960117-1.c execution, -O2
FAIL: gcc.c-torture/execute/960215-1.c compilation, -O0
UNRESOLVED: gcc.c-torture/execute/960215-1.c execution, -O0
FAIL: gcc.c-torture/execute/960215-1.c compilation, -O1
UNRESOLVED: gcc.c-torture/execute/960215-1.c execution, -O1
FAIL: gcc.c-torture/execute/960219-1.c compilation, -O1
UNRESOLVED: gcc.c-torture/execute/960219-1.c execution, -O1
FAIL: gcc.c-torture/execute/960219-1.c compilation, -O2
UNRESOLVED: gcc.c-torture/execute/960219-1.c execution, -O2
FAIL: gcc.c-torture/execute/960301-1.c compilation, -O3 -g
UNRESOLVED: gcc.c-torture/execute/960301-1.c execution, -O3 -g
FAIL: gcc.c-torture/execute/960311-1.c compilation, -O0
UNRESOLVED: gcc.c-torture/execute/960311-1.c execution, -O0
FAIL: gcc.c-torture/execute/960311-1.c compilation, -O2
UNRESOLVED: gcc.c-torture/execute/960311-1.c execution, -O2
FAIL: gcc.c-torture/execute/960311-1.c compilation, -Os
UNRESOLVED: gcc.c-torture/execute/960311-1.c execution, -Os
FAIL: gcc.c-torture/execute/960311-2.c compilation, -Os
UNRESOLVED: gcc.c-torture/execute/960311-2.c execution, -Os
FAIL: gcc.c-torture/execute/960311-3.c compilation, -O0
UNRESOLVED: gcc.c-torture/execute/960311-3.c execution, -O0
FAIL: gcc.c-torture/execute/960311-3.c compilation, -O3 -fomit-frame-pointer
UNRESOLVED: gcc.c-torture/execute/960311-3.c execution, -O3 -fomit-frame-pointer
FAIL: gcc.c-torture/execute/960317-1.c compilation, -O3 -g
UNRESOLVED: gcc.c-torture/execute/960317-1.c execution, -O3 -g
FAIL: gcc.c-torture/execute/960321-1.c compilation, -O0
UNRESOLVED: gcc.c-torture/execute/960321-1.c execution, -O0
FAIL: gcc.c-torture/execute/960326-1.c compilation, -Os
UNRESOLVED: gcc.c-torture/execute/960326-1.c execution, -Os
FAIL: gcc.c-torture/execute/960327-1.c compilation, -O0
UNRESOLVED: gcc.c-torture/execute/960327-1.c execution, -O0
FAIL: gcc.c-torture/execute/960327-1.c compilation, -O2
UNRESOLVED: gcc.c-torture/execute/960327-1.c execution, -O2
FAIL: gcc.c-torture/execute/960327-1.c compilation, -O2 -flto
UNRESOLVED: gcc.c-torture/execute/960327-1.c execution, -O2 -flto
FAIL: gcc.c-torture/execute/960327-1.c compilation, -O2 -fwhopr
UNRESOLVED: gcc.c-torture/execute/960327-1.c execution, -O2 -fwhopr
FAIL: gcc.c-torture/execute/960405-1.c compilation, -O2 -flto
UNRESOLVED: gcc.c-torture/execute/960405-1.c execution, -O2 -flto
FAIL: gcc.c-torture/execute/960419-2.c compilation, -O3 -fomit-frame-pointer -funroll-loops
UNRESOLVED: gcc.c-torture/execute/960419-2.c execution, -O3 -fomit-frame-pointer -funroll-loops
FAIL: gcc.c-torture/execute/960513-1.c compilation, -O2
UNRESOLVED: gcc.c-torture/execute/960513-1.c execution, -O2
FAIL: gcc.c-torture/execute/960521-1.c compilation, -O3 -g
UNRESOLVED: gcc.c-torture/execute/960521-1.c execution, -O3 -g
FAIL: gcc.c-torture/execute/960801-1.c compilation, -O2
UNRESOLVED: gcc.c-torture/execute/960801-1.c execution, -O2
FAIL: gcc.c-torture/execute/960802-1.c compilation, -O2 -flto
UNRESOLVED: gcc.c-torture/execute/960802-1.c execution, -O2 -flto
FAIL: gcc.c-torture/execute/961213-1.c compilation, -O2 -fwhopr
UNRESOLVED: gcc.c-torture/execute/961213-1.c execution, -O2 -fwhopr
FAIL: gcc.c-torture/execute/961223-1.c compilation, -O2 -fwhopr
UNRESOLVED: gcc.c-torture/execute/961223-1.c execution, -O2 -fwhopr
FAIL: gcc.c-torture/execute/980526-2.c compilation, -O2
UNRESOLVED: gcc.c-torture/execute/980526-2.c execution, -O2
FAIL: gcc.c-torture/execute/980526-2.c compilation, -Os
UNRESOLVED: gcc.c-torture/execute/980526-2.c execution, -Os
FAIL: gcc.c-torture/execute/980602-1.c compilation, -O3 -g
UNRESOLVED: gcc.c-torture/execute/980602-1.c execution, -O3 -g
FAIL: gcc.c-torture/execute/980602-1.c compilation, -O2 -fwhopr
UNRESOLVED: gcc.c-torture/execute/980602-1.c execution, -O2 -fwhopr
FAIL: gcc.c-torture/execute/980602-2.c compilation, -O2
UNRESOLVED: gcc.c-torture/execute/980602-2.c execution, -O2
FAIL: gcc.c-torture/execute/980602-2.c compilation, -O3 -g
UNRESOLVED: gcc.c-torture/execute/980602-2.c execution, -O3 -g
FAIL: gcc.c-torture/execute/980604-1.c compilation, -O0
UNRESOLVED: gcc.c-torture/execute/980604-1.c execution, -O0
FAIL: gcc.c-torture/execute/980605-1.c compilation, -O0
UNRESOLVED: gcc.c-torture/execute/980605-1.c execution, -O0
FAIL: gcc.c-torture/execute/980605-1.c compilation, -O3 -g
UNRESOLVED: gcc.c-torture/execute/980605-1.c execution, -O3 -g
FAIL: gcc.c-torture/execute/980608-1.c compilation, -O2 -fwhopr
UNRESOLVED: gcc.c-torture/execute/980608-1.c execution, -O2 -fwhopr
FAIL: gcc.c-torture/execute/980701-1.c compilation, -O2
UNRESOLVED: gcc.c-torture/execute/980701-1.c execution, -O2
FAIL: gcc.c-torture/execute/980701-1.c compilation, -O3 -fomit-frame-pointer
UNRESOLVED: gcc.c-torture/execute/980701-1.c execution, -O3 -fomit-frame-pointer
FAIL: gcc.c-torture/execute/980701-1.c compilation, -O3 -g
UNRESOLVED: gcc.c-torture/execute/980701-1.c execution, -O3 -g
FAIL: gcc.c-torture/execute/980709-1.c compilation, -O2 -flto
UNRESOLVED: gcc.c-torture/execute/980709-1.c execution, -O2 -flto
FAIL: gcc.c-torture/execute/980716-1.c compilation, -O3 -fomit-frame-pointer -funroll-all-loops -finline-functions
UNRESOLVED: gcc.c-torture/execute/980716-1.c execution, -O3 -fomit-frame-pointer -funroll-all-loops -finline-functions
FAIL: gcc.c-torture/execute/980929-1.c compilation, -O2 -fwhopr
UNRESOLVED: gcc.c-torture/execute/980929-1.c execution, -O2 -fwhopr
FAIL: gcc.c-torture/execute/981001-1.c compilation, -O0
UNRESOLVED: gcc.c-torture/execute/981001-1.c execution, -O0
FAIL: gcc.c-torture/execute/981019-1.c compilation, -O3 -g
UNRESOLVED: gcc.c-torture/execute/981019-1.c execution, -O3 -g
FAIL: gcc.c-torture/execute/990127-2.c compilation, -O3 -g
UNRESOLVED: gcc.c-torture/execute/990127-2.c execution, -O3 -g
FAIL: gcc.c-torture/execute/990513-1.c compilation, -O2 -fwhopr
UNRESOLVED: gcc.c-torture/execute/990513-1.c execution, -O2 -fwhopr
FAIL: gcc.c-torture/execute/990524-1.c compilation, -O0
UNRESOLVED: gcc.c-torture/execute/990524-1.c execution, -O0
FAIL: gcc.c-torture/execute/990524-1.c compilation, -O1
UNRESOLVED: gcc.c-torture/execute/990524-1.c execution, -O1
FAIL: gcc.c-torture/execute/990524-1.c compilation, -O2
UNRESOLVED: gcc.c-torture/execute/990524-1.c execution, -O2
FAIL: gcc.c-torture/execute/990525-1.c compilation, -O3 -fomit-frame-pointer -funroll-loops
UNRESOLVED: gcc.c-torture/execute/990525-1.c execution, -O3 -fomit-frame-pointer -funroll-loops
FAIL: gcc.c-torture/execute/990525-1.c compilation, -O3 -g
UNRESOLVED: gcc.c-torture/execute/990525-1.c execution, -O3 -g
FAIL: gcc.c-torture/execute/990525-1.c compilation, -Os
UNRESOLVED: gcc.c-torture/execute/990525-1.c execution, -Os
FAIL: gcc.c-torture/execute/991221-1.c compilation, -O2
UNRESOLVED: gcc.c-torture/execute/991221-1.c execution, -O2
FAIL: gcc.c-torture/execute/991221-1.c compilation, -O3 -fomit-frame-pointer
UNRESOLVED: gcc.c-torture/execute/991221-1.c execution, -O3 -fomit-frame-pointer
FAIL: gcc.c-torture/execute/991221-1.c compilation, -O3 -g
UNRESOLVED: gcc.c-torture/execute/991221-1.c execution, -O3 -g
FAIL: gcc.c-torture/execute/991221-1.c compilation, -O2 -flto
UNRESOLVED: gcc.c-torture/execute/991221-1.c execution, -O2 -flto
FAIL: gcc.c-torture/execute/991227-1.c compilation, -O0
UNRESOLVED: gcc.c-torture/execute/991227-1.c execution, -O0
FAIL: gcc.c-torture/execute/ashldi-1.c compilation, -O1
UNRESOLVED: gcc.c-torture/execute/ashldi-1.c execution, -O1
FAIL: gcc.c-torture/execute/ashldi-1.c compilation, -O3 -fomit-frame-pointer -funroll-loops
UNRESOLVED: gcc.c-torture/execute/ashldi-1.c execution, -O3 -fomit-frame-pointer -funroll-loops
FAIL: gcc.c-torture/execute/builtin-prefetch-3.c compilation, -O1
UNRESOLVED: gcc.c-torture/execute/builtin-prefetch-3.c execution, -O1
FAIL: gcc.c-torture/execute/inst-check.c compilation, -O3 -fomit-frame-pointer -funroll-all-loops -finline-functions
UNRESOLVED: gcc.c-torture/execute/inst-check.c execution, -O3 -fomit-frame-pointer -funroll-all-loops -finline-functions
FAIL: gcc.c-torture/execute/pr41239.c compilation, -Os
UNRESOLVED: gcc.c-torture/execute/pr41239.c execution, -Os
FAIL: gcc.c-torture/execute/pr42006.c compilation, -O3 -fomit-frame-pointer
UNRESOLVED: gcc.c-torture/execute/pr42006.c execution, -O3 -fomit-frame-pointer
FAIL: gcc.c-torture/execute/va-arg-trap-1.c compilation, -Os
UNRESOLVED: gcc.c-torture/execute/va-arg-trap-1.c execution, -Os
FAIL: gcc.c-torture/execute/ieee/fp-cmp-4e.c compilation, -O2 -flto
UNRESOLVED: gcc.c-torture/execute/ieee/fp-cmp-4e.c execution, -O2 -flto
FAIL: gcc.c-torture/execute/ieee/mzero6.c compilation, -O3 -g
UNRESOLVED: gcc.c-torture/execute/ieee/mzero6.c execution, -O3 -g
FAIL: gcc.dg/compat/struct-by-value-8 c_compat_x_tst.o-c_compat_y_tst.o link
UNRESOLVED: gcc.dg/compat/struct-by-value-8 c_compat_x_tst.o-c_compat_y_tst.o execute
FAIL: gcc.dg/debug/pr36690-1.c -gstabs+3 (test for excess errors)
UNRESOLVED: gcc.dg/debug/pr36690-1.c -gstabs+3 compilation failed to produce executable
FAIL: gcc.dg/debug/pr36690-1.c -gstabs+3 -O (test for excess errors)
UNRESOLVED: gcc.dg/debug/pr36690-1.c -gstabs+3 -O compilation failed to produce executable
XPASS: gcc.dg/Warray-bounds.c (test for warnings, line 59)
XPASS: gcc.dg/Warray-bounds.c (test for warnings, line 65)
XPASS: gcc.dg/Wunreachable-8.c (test for bogus messages, line 7)
XPASS: gcc.dg/uninit-6.c uninitialized variable warning (test for bogus messages, line 42)
WARNING: program timed out.
FAIL: gcc.dg/graphite/block-3.c (test for excess errors)
WARNING: program timed out.
FAIL: gcc.dg/graphite/block-4.c (test for excess errors)
FAIL: gcc.dg/graphite/pr40281.c (test for excess errors)
XPASS: gcc.dg/guality/example.c -O0 execution test
XPASS: gcc.dg/guality/example.c -O1 execution test
XPASS: gcc.dg/guality/example.c -O2 execution test
XPASS: gcc.dg/guality/example.c -Os execution test
XPASS: gcc.dg/guality/example.c -O2 -flto execution test
XPASS: gcc.dg/guality/example.c -O2 -fwhopr execution test
XPASS: gcc.dg/guality/inline-params.c -O0 execution test
XPASS: gcc.dg/guality/inline-params.c -O1 execution test
XPASS: gcc.dg/guality/inline-params.c -O2 execution test
XPASS: gcc.dg/guality/inline-params.c -O3 -fomit-frame-pointer execution test
XPASS: gcc.dg/guality/inline-params.c -O3 -g execution test
XPASS: gcc.dg/guality/inline-params.c -Os execution test
XPASS: gcc.dg/guality/pr41353-1.c -O0 line 28 j == 28 + 37
FAIL: gcc.dg/guality/pr41353-1.c -O2 -flto line 28 i == 37
FAIL: gcc.dg/guality/pr41353-1.c -O2 -flto line 28 i1 == 2 * 37
FAIL: gcc.dg/guality/pr41353-1.c -O2 -flto line 28 i2 == 3 * 37
FAIL: gcc.dg/guality/pr41353-1.c -O2 -fwhopr line 28 i == 37
FAIL: gcc.dg/guality/pr41353-1.c -O2 -fwhopr line 28 i1 == 2 * 37
FAIL: gcc.dg/guality/pr41353-1.c -O2 -fwhopr line 28 i2 == 3 * 37
FAIL: gcc.dg/guality/pr41404-1.c -O1 line 10 *foo == 'f'
FAIL: gcc.dg/guality/pr41404-1.c -O2 line 10 *foo == 'f'
FAIL: gcc.dg/guality/pr41404-1.c -Os line 10 *foo == 'f'
FAIL: gcc.dg/guality/pr41404-1.c -O2 -flto line 10 *foo == 'f'
FAIL: gcc.dg/guality/pr41404-1.c -O2 -fwhopr line 10 *foo == 'f'
XPASS: gcc.dg/guality/pr41447-1.c -O0 execution test
XPASS: gcc.dg/guality/pr41616-1.c -O0 execution test
XPASS: gcc.dg/guality/pr41616-1.c -O1 execution test
XPASS: gcc.dg/guality/pr41616-1.c -O2 execution test
XPASS: gcc.dg/guality/pr41616-1.c -Os execution test
XPASS: gcc.dg/guality/pr41616-1.c -O2 -flto execution test
XPASS: gcc.dg/guality/pr41616-1.c -O2 -fwhopr execution test
XPASS: gcc.dg/struct/wo_prof_array_through_pointer.c scan-ipa-dump ipa_struct_reorg "Number of structures to transform is 1"
FAIL: gcc.dg/tls/opt-2.c (test for excess errors)
FAIL: gcc.dg/torture/builtin-convert-2.c -Os (test for excess errors)
FAIL: gcc.dg/torture/complex-sign-mixed-sub.c -O3 -fomit-frame-pointer (test for excess errors)
UNRESOLVED: gcc.dg/torture/complex-sign-mixed-sub.c -O3 -fomit-frame-pointer compilation failed to produce executable
FAIL: gcc.dg/torture/pr39678.c -O2 (test for excess errors)
UNRESOLVED: gcc.dg/torture/pr39678.c -O2 compilation failed to produce executable
FAIL: gcc.dg/torture/pr39678.c -O3 -fomit-frame-pointer (test for excess errors)
UNRESOLVED: gcc.dg/torture/pr39678.c -O3 -fomit-frame-pointer compilation failed to produce executable
XPASS: gcc.dg/tree-ssa/loop-1.c scan-assembler-times foo 5
=== gcc Summary ===
# of expected passes 62209
# of unexpected failures 191
# of unexpected successes 26
# of expected failures 125
# of unresolved testcases 174
# of unsupported tests 737
/home/packages/gcc/4.5/gcc-4.5-4.5-20091226/build/gcc/xgcc version 4.5.0 20091226 (experimental) [trunk revision 155473] (Debian 4.5-20091226-1)
=== gfortran tests ===
Running target unix
FAIL: gfortran.dg/achar_4.f90 -O0 (test for excess errors)
UNRESOLVED: gfortran.dg/achar_4.f90 -O0 compilation failed to produce executable
FAIL: gfortran.dg/achar_4.f90 -O3 -fomit-frame-pointer -funroll-loops (test for excess errors)
UNRESOLVED: gfortran.dg/achar_4.f90 -O3 -fomit-frame-pointer -funroll-loops compilation failed to produce executable
FAIL: gfortran.dg/actual_array_constructor_1.f90 -O3 -fomit-frame-pointer -funroll-loops (test for excess errors)
UNRESOLVED: gfortran.dg/actual_array_constructor_1.f90 -O3 -fomit-frame-pointer -funroll-loops compilation failed to produce executable
FAIL: gfortran.dg/actual_array_constructor_1.f90 -O3 -g (test for excess errors)
UNRESOLVED: gfortran.dg/actual_array_constructor_1.f90 -O3 -g compilation failed to produce executable
FAIL: gfortran.dg/actual_array_constructor_2.f90 -Os (test for excess errors)
UNRESOLVED: gfortran.dg/actual_array_constructor_2.f90 -Os compilation failed to produce executable
FAIL: gfortran.dg/actual_array_constructor_3.f90 -O3 -g (test for excess errors)
UNRESOLVED: gfortran.dg/actual_array_constructor_3.f90 -O3 -g compilation failed to produce executable
FAIL: gfortran.dg/actual_array_result_1.f90 -O1 (test for excess errors)
UNRESOLVED: gfortran.dg/actual_array_result_1.f90 -O1 compilation failed to produce executable
FAIL: gfortran.dg/actual_array_result_1.f90 -O3 -fomit-frame-pointer (test for excess errors)
UNRESOLVED: gfortran.dg/actual_array_result_1.f90 -O3 -fomit-frame-pointer compilation failed to produce executable
FAIL: gfortran.dg/actual_array_substr_1.f90 -O2 (test for excess errors)
UNRESOLVED: gfortran.dg/actual_array_substr_1.f90 -O2 compilation failed to produce executable
FAIL: gfortran.dg/actual_array_substr_2.f90 -O1 (test for excess errors)
UNRESOLVED: gfortran.dg/actual_array_substr_2.f90 -O1 compilation failed to produce executable
FAIL: gfortran.dg/actual_array_substr_2.f90 -O2 (test for excess errors)
UNRESOLVED: gfortran.dg/actual_array_substr_2.f90 -O2 compilation failed to produce executable
FAIL: gfortran.dg/actual_procedure_1.f90 -O1 (test for excess errors)
UNRESOLVED: gfortran.dg/actual_procedure_1.f90 -O1 compilation failed to produce executable
FAIL: gfortran.dg/actual_procedure_1.f90 -O2 (test for excess errors)
UNRESOLVED: gfortran.dg/actual_procedure_1.f90 -O2 compilation failed to produce executable
FAIL: gfortran.dg/advance_4.f90 -O3 -fomit-frame-pointer (test for excess errors)
UNRESOLVED: gfortran.dg/advance_4.f90 -O3 -fomit-frame-pointer compilation failed to produce executable
FAIL: gfortran.dg/advance_6.f90 -O3 -g (test for excess errors)
UNRESOLVED: gfortran.dg/advance_6.f90 -O3 -g compilation failed to produce executable
FAIL: gfortran.dg/aliasing_dummy_1.f90 -O3 -fomit-frame-pointer (test for excess errors)
UNRESOLVED: gfortran.dg/aliasing_dummy_1.f90 -O3 -fomit-frame-pointer compilation failed to produce executable
FAIL: gfortran.dg/aliasing_dummy_1.f90 -O3 -g (test for excess errors)
UNRESOLVED: gfortran.dg/aliasing_dummy_1.f90 -O3 -g compilation failed to produce executable
FAIL: gfortran.dg/aliasing_dummy_4.f90 -O3 -g (test for excess errors)
UNRESOLVED: gfortran.dg/aliasing_dummy_4.f90 -O3 -g compilation failed to produce executable
FAIL: gfortran.dg/all_bounds_1.f90 -O0 (test for excess errors)
UNRESOLVED: gfortran.dg/all_bounds_1.f90 -O0 compilation failed to produce executable
FAIL: gfortran.dg/all_bounds_1.f90 -O3 -g (test for excess errors)
UNRESOLVED: gfortran.dg/all_bounds_1.f90 -O3 -g compilation failed to produce executable
FAIL: gfortran.dg/alloc_comp_assign_1.f90 -O0 (test for excess errors)
UNRESOLVED: gfortran.dg/alloc_comp_assign_1.f90 -O0 compilation failed to produce executable
FAIL: gfortran.dg/alloc_comp_assign_1.f90 -O1 (test for excess errors)
UNRESOLVED: gfortran.dg/alloc_comp_assign_1.f90 -O1 compilation failed to produce executable
FAIL: gfortran.dg/alloc_comp_assign_1.f90 -O2 (test for excess errors)
UNRESOLVED: gfortran.dg/alloc_comp_assign_1.f90 -O2 compilation failed to produce executable
FAIL: gfortran.dg/alloc_comp_assign_1.f90 -O3 -fomit-frame-pointer (test for excess errors)
UNRESOLVED: gfortran.dg/alloc_comp_assign_1.f90 -O3 -fomit-frame-pointer compilation failed to produce executable
FAIL: gfortran.dg/alloc_comp_assign_10.f90 -O2 (test for excess errors)
UNRESOLVED: gfortran.dg/alloc_comp_assign_10.f90 -O2 compilation failed to produce executable
FAIL: gfortran.dg/alloc_comp_auto_array_1.f90 -O3 -fomit-frame-pointer (test for excess errors)
UNRESOLVED: gfortran.dg/alloc_comp_auto_array_1.f90 -O3 -fomit-frame-pointer compilation failed to produce executable
FAIL: gfortran.dg/arithmetic_if.f90 -O3 -fomit-frame-pointer -funroll-all-loops -finline-functions (test for excess errors)
UNRESOLVED: gfortran.dg/arithmetic_if.f90 -O3 -fomit-frame-pointer -funroll-all-loops -finline-functions compilation failed to produce executable
FAIL: gfortran.dg/array_1.f90 -O0 (test for excess errors)
UNRESOLVED: gfortran.dg/array_1.f90 -O0 compilation failed to produce executable
FAIL: gfortran.dg/array_constructor_16.f90 -O0 (test for excess errors)
UNRESOLVED: gfortran.dg/array_constructor_16.f90 -O0 compilation failed to produce executable
FAIL: gfortran.dg/array_constructor_17.f90 -O3 -fomit-frame-pointer -funroll-loops (test for excess errors)
UNRESOLVED: gfortran.dg/array_constructor_17.f90 -O3 -fomit-frame-pointer -funroll-loops compilation failed to produce executable
FAIL: gfortran.dg/array_constructor_19.f90 -O1 (test for excess errors)
UNRESOLVED: gfortran.dg/array_constructor_19.f90 -O1 compilation failed to produce executable
FAIL: gfortran.dg/array_constructor_24.f -O3 -fomit-frame-pointer -funroll-all-loops -finline-functions (test for excess errors)
UNRESOLVED: gfortran.dg/array_constructor_24.f -O3 -fomit-frame-pointer -funroll-all-loops -finline-functions compilation failed to produce executable
FAIL: gfortran.dg/array_constructor_32.f90 -O3 -g (test for excess errors)
UNRESOLVED: gfortran.dg/array_constructor_32.f90 -O3 -g compilation failed to produce executable
FAIL: gfortran.dg/array_constructor_4.f90 -O3 -fomit-frame-pointer (test for excess errors)
UNRESOLVED: gfortran.dg/array_constructor_4.f90 -O3 -fomit-frame-pointer compilation failed to produce executable
FAIL: gfortran.dg/array_constructor_4.f90 -O3 -fomit-frame-pointer -funroll-all-loops -finline-functions (test for excess errors)
UNRESOLVED: gfortran.dg/array_constructor_4.f90 -O3 -fomit-frame-pointer -funroll-all-loops -finline-functions compilation failed to produce executable
FAIL: gfortran.dg/array_constructor_5.f90 -O2 (test for excess errors)
UNRESOLVED: gfortran.dg/array_constructor_5.f90 -O2 compilation failed to produce executable
FAIL: gfortran.dg/array_constructor_7.f90 -O1 (test for excess errors)
UNRESOLVED: gfortran.dg/array_constructor_7.f90 -O1 compilation failed to produce executable
FAIL: gfortran.dg/array_constructor_9.f90 -O3 -g (test for excess errors)
UNRESOLVED: gfortran.dg/array_constructor_9.f90 -O3 -g compilation failed to produce executable
FAIL: gfortran.dg/array_constructor_type_1.f03 -O3 -fomit-frame-pointer -funroll-all-loops -finline-functions (test for excess errors)
UNRESOLVED: gfortran.dg/array_constructor_type_1.f03 -O3 -fomit-frame-pointer -funroll-all-loops -finline-functions compilation failed to produce executable
FAIL: gfortran.dg/array_constructor_type_1.f03 -Os (test for excess errors)
UNRESOLVED: gfortran.dg/array_constructor_type_1.f03 -Os compilation failed to produce executable
FAIL: gfortran.dg/array_constructor_type_11.f03 -O3 -fomit-frame-pointer -funroll-loops (test for excess errors)
UNRESOLVED: gfortran.dg/array_constructor_type_11.f03 -O3 -fomit-frame-pointer -funroll-loops compilation failed to produce executable
FAIL: gfortran.dg/array_constructor_type_12.f03 -O0 (test for excess errors)
UNRESOLVED: gfortran.dg/array_constructor_type_12.f03 -O0 compilation failed to produce executable
FAIL: gfortran.dg/array_constructor_type_12.f03 -O3 -fomit-frame-pointer -funroll-loops (test for excess errors)
UNRESOLVED: gfortran.dg/array_constructor_type_12.f03 -O3 -fomit-frame-pointer -funroll-loops compilation failed to produce executable
FAIL: gfortran.dg/array_constructor_type_14.f03 -O2 (test for excess errors)
UNRESOLVED: gfortran.dg/array_constructor_type_14.f03 -O2 compilation failed to produce executable
FAIL: gfortran.dg/array_constructor_type_14.f03 -Os (test for excess errors)
UNRESOLVED: gfortran.dg/array_constructor_type_14.f03 -Os compilation failed to produce executable
FAIL: gfortran.dg/array_constructor_type_16.f03 -O3 -fomit-frame-pointer -funroll-all-loops -finline-functions (test for excess errors)
UNRESOLVED: gfortran.dg/array_constructor_type_16.f03 -O3 -fomit-frame-pointer -funroll-all-loops -finline-functions compilation failed to produce executable
FAIL: gfortran.dg/array_constructor_type_3.f03 -O2 (test for excess errors)
UNRESOLVED: gfortran.dg/array_constructor_type_3.f03 -O2 compilation failed to produce executable
FAIL: gfortran.dg/array_constructor_type_3.f03 -Os (test for excess errors)
UNRESOLVED: gfortran.dg/array_constructor_type_3.f03 -Os compilation failed to produce executable
FAIL: gfortran.dg/array_constructor_type_5.f03 -O1 (test for excess errors)
UNRESOLVED: gfortran.dg/array_constructor_type_5.f03 -O1 compilation failed to produce executable
FAIL: gfortran.dg/array_constructor_type_6.f03 -O1 (test for excess errors)
UNRESOLVED: gfortran.dg/array_constructor_type_6.f03 -O1 compilation failed to produce executable
FAIL: gfortran.dg/array_function_1.f90 -O1 (test for excess errors)
UNRESOLVED: gfortran.dg/array_function_1.f90 -O1 compilation failed to produce executable
FAIL: gfortran.dg/array_function_1.f90 -O3 -fomit-frame-pointer -funroll-loops (test for excess errors)
UNRESOLVED: gfortran.dg/array_function_1.f90 -O3 -fomit-frame-pointer -funroll-loops compilation failed to produce executable
FAIL: gfortran.dg/array_initializer_2.f90 -O3 -fomit-frame-pointer -funroll-loops (test for excess errors)
UNRESOLVED: gfortran.dg/array_initializer_2.f90 -O3 -fomit-frame-pointer -funroll-loops compilation failed to produce executable
FAIL: gfortran.dg/array_memcpy_5.f90 -O2 (test for excess errors)
UNRESOLVED: gfortran.dg/array_memcpy_5.f90 -O2 compilation failed to produce executable
FAIL: gfortran.dg/array_memcpy_5.f90 -O3 -fomit-frame-pointer -funroll-all-loops -finline-functions (test for excess errors)
UNRESOLVED: gfortran.dg/array_memcpy_5.f90 -O3 -fomit-frame-pointer -funroll-all-loops -finline-functions compilation failed to produce executable
FAIL: gfortran.dg/array_memset_2.f90 -O2 (test for excess errors)
UNRESOLVED: gfortran.dg/array_memset_2.f90 -O2 compilation failed to produce executable
FAIL: gfortran.dg/array_return_value_1.f90 -O0 (test for excess errors)
UNRESOLVED: gfortran.dg/array_return_value_1.f90 -O0 compilation failed to produce executable
FAIL: gfortran.dg/array_section_1.f90 -O3 -fomit-frame-pointer -funroll-all-loops -finline-functions (test for excess errors)
UNRESOLVED: gfortran.dg/array_section_1.f90 -O3 -fomit-frame-pointer -funroll-all-loops -finline-functions compilation failed to produce executable
FAIL: gfortran.dg/array_temporaries_2.f90 -O3 -fomit-frame-pointer -funroll-loops (test for excess errors)
UNRESOLVED: gfortran.dg/array_temporaries_2.f90 -O3 -fomit-frame-pointer -funroll-loops compilation failed to produce executable
FAIL: gfortran.dg/array_temporaries_2.f90 -O3 -g (test for excess errors)
UNRESOLVED: gfortran.dg/array_temporaries_2.f90 -O3 -g compilation failed to produce executable
FAIL: gfortran.dg/arrayio_2.f90 -O3 -fomit-frame-pointer -funroll-loops (test for excess errors)
UNRESOLVED: gfortran.dg/arrayio_2.f90 -O3 -fomit-frame-pointer -funroll-loops compilation failed to produce executable
FAIL: gfortran.dg/arrayio_5.f90 -Os (test for excess errors)
UNRESOLVED: gfortran.dg/arrayio_5.f90 -Os compilation failed to produce executable
FAIL: gfortran.dg/assign_2.f90 -O0 (test for excess errors)
UNRESOLVED: gfortran.dg/assign_2.f90 -O0 compilation failed to produce executable
FAIL: gfortran.dg/assign_2.f90 -O1 (test for excess errors)
UNRESOLVED: gfortran.dg/assign_2.f90 -O1 compilation failed to produce executable
FAIL: gfortran.dg/assign_2.f90 -O3 -fomit-frame-pointer (test for excess errors)
UNRESOLVED: gfortran.dg/assign_2.f90 -O3 -fomit-frame-pointer compilation failed to produce executable
FAIL: gfortran.dg/assign_9.f90 -O3 -g (test for excess errors)
UNRESOLVED: gfortran.dg/assign_9.f90 -O3 -g compilation failed to produce executable
FAIL: gfortran.dg/associated_target_2.f90 -O0 (test for excess errors)
UNRESOLVED: gfortran.dg/associated_target_2.f90 -O0 compilation failed to produce executable
FAIL: gfortran.dg/associated_target_3.f90 -O3 -g (test for excess errors)
UNRESOLVED: gfortran.dg/associated_target_3.f90 -O3 -g compilation failed to produce executable
FAIL: gfortran.dg/assumed_charlen_sharing.f90 -O0 (test for excess errors)
UNRESOLVED: gfortran.dg/assumed_charlen_sharing.f90 -O0 compilation failed to produce executable
FAIL: gfortran.dg/assumed_charlen_sharing.f90 -O2 (test for excess errors)
UNRESOLVED: gfortran.dg/assumed_charlen_sharing.f90 -O2 compilation failed to produce executable
FAIL: gfortran.dg/atan2_1.f90 -O3 -fomit-frame-pointer -funroll-all-loops -finline-functions (test for excess errors)
UNRESOLVED: gfortran.dg/atan2_1.f90 -O3 -fomit-frame-pointer -funroll-all-loops -finline-functions compilation failed to produce executable
FAIL: gfortran.dg/char_pack_1.f90 -O3 -fomit-frame-pointer -funroll-all-loops -finline-functions (test for excess errors)
UNRESOLVED: gfortran.dg/char_pack_1.f90 -O3 -fomit-frame-pointer -funroll-all-loops -finline-functions compilation failed to produce executable
FAIL: gfortran.dg/char_pointer_assign.f90 -O3 -fomit-frame-pointer -funroll-loops (test for excess errors)
UNRESOLVED: gfortran.dg/char_pointer_assign.f90 -O3 -fomit-frame-pointer -funroll-loops compilation failed to produce executable
FAIL: gfortran.dg/char_pointer_assign.f90 -Os (test for excess errors)
UNRESOLVED: gfortran.dg/char_pointer_assign.f90 -Os compilation failed to produce executable
FAIL: gfortran.dg/char_pointer_assign_3.f90 -O3 -fomit-frame-pointer (test for excess errors)
UNRESOLVED: gfortran.dg/char_pointer_assign_3.f90 -O3 -fomit-frame-pointer compilation failed to produce executable
FAIL: gfortran.dg/char_pointer_assign_3.f90 -O3 -fomit-frame-pointer -funroll-loops (test for excess errors)
UNRESOLVED: gfortran.dg/char_pointer_assign_3.f90 -O3 -fomit-frame-pointer -funroll-loops compilation failed to produce executable
FAIL: gfortran.dg/char_pointer_assign_5.f90 -O2 (test for excess errors)
UNRESOLVED: gfortran.dg/char_pointer_assign_5.f90 -O2 compilation failed to produce executable
FAIL: gfortran.dg/char_pointer_assign_5.f90 -O3 -fomit-frame-pointer -funroll-all-loops -finline-functions (test for excess errors)
UNRESOLVED: gfortran.dg/char_pointer_assign_5.f90 -O3 -fomit-frame-pointer -funroll-all-loops -finline-functions compilation failed to produce executable
FAIL: gfortran.dg/char_pointer_comp_assign.f90 -O3 -g (test for excess errors)
UNRESOLVED: gfortran.dg/char_pointer_comp_assign.f90 -O3 -g compilation failed to produce executable
FAIL: gfortran.dg/char_pointer_dependency.f90 -O3 -fomit-frame-pointer (test for excess errors)
UNRESOLVED: gfortran.dg/char_pointer_dependency.f90 -O3 -fomit-frame-pointer compilation failed to produce executable
FAIL: gfortran.dg/char_pointer_dummy.f90 -O2 (test for excess errors)
UNRESOLVED: gfortran.dg/char_pointer_dummy.f90 -O2 compilation failed to produce executable
FAIL: gfortran.dg/char_pointer_dummy.f90 -O3 -fomit-frame-pointer -funroll-loops (test for excess errors)
UNRESOLVED: gfortran.dg/char_pointer_dummy.f90 -O3 -fomit-frame-pointer -funroll-loops compilation failed to produce executable
FAIL: gfortran.dg/char_pointer_dummy.f90 -Os (test for excess errors)
UNRESOLVED: gfortran.dg/char_pointer_dummy.f90 -Os compilation failed to produce executable
FAIL: gfortran.dg/char_pointer_func.f90 -O3 -g (test for excess errors)
UNRESOLVED: gfortran.dg/char_pointer_func.f90 -O3 -g compilation failed to produce executable
FAIL: gfortran.dg/char_result_1.f90 -O0 (test for excess errors)
UNRESOLVED: gfortran.dg/char_result_1.f90 -O0 compilation failed to produce executable
FAIL: gfortran.dg/char_result_1.f90 -O3 -g (test for excess errors)
UNRESOLVED: gfortran.dg/char_result_1.f90 -O3 -g compilation failed to produce executable
FAIL: gfortran.dg/char_result_12.f90 -O1 (test for excess errors)
UNRESOLVED: gfortran.dg/char_result_12.f90 -O1 compilation failed to produce executable
FAIL: gfortran.dg/char_result_12.f90 -O3 -g (test for excess errors)
UNRESOLVED: gfortran.dg/char_result_12.f90 -O3 -g compilation failed to produce executable
FAIL: gfortran.dg/char_result_13.f90 -Os (test for excess errors)
UNRESOLVED: gfortran.dg/char_result_13.f90 -Os compilation failed to produce executable
FAIL: gfortran.dg/char_spread_1.f90 -O3 -fomit-frame-pointer -funroll-all-loops -finline-functions (test for excess errors)
UNRESOLVED: gfortran.dg/char_spread_1.f90 -O3 -fomit-frame-pointer -funroll-all-loops -finline-functions compilation failed to produce executable
FAIL: gfortran.dg/class_allocate_4.f03 -O3 -g (test for excess errors)
UNRESOLVED: gfortran.dg/class_allocate_4.f03 -O3 -g compilation failed to produce executable
FAIL: gfortran.dg/complex_intrinsic_3.f90 -O3 -fomit-frame-pointer (test for excess errors)
UNRESOLVED: gfortran.dg/complex_intrinsic_3.f90 -O3 -fomit-frame-pointer compilation failed to produce executable
FAIL: gfortran.dg/complex_intrinsic_5.f90 -O3 -fomit-frame-pointer (test for excess errors)
UNRESOLVED: gfortran.dg/complex_intrinsic_5.f90 -O3 -fomit-frame-pointer compilation failed to produce executable
FAIL: gfortran.dg/complex_read.f90 -O2 (test for excess errors)
UNRESOLVED: gfortran.dg/complex_read.f90 -O2 compilation failed to produce executable
FAIL: gfortran.dg/complex_write.f90 -O2 (test for excess errors)
UNRESOLVED: gfortran.dg/complex_write.f90 -O2 compilation failed to produce executable
FAIL: gfortran.dg/constant_substring.f -O3 -fomit-frame-pointer -funroll-loops (test for excess errors)
UNRESOLVED: gfortran.dg/constant_substring.f -O3 -fomit-frame-pointer -funroll-loops compilation failed to produce executable
FAIL: gfortran.dg/contained_3.f90 -O3 -fomit-frame-pointer (test for excess errors)
UNRESOLVED: gfortran.dg/contained_3.f90 -O3 -fomit-frame-pointer compilation failed to produce executable
FAIL: gfortran.dg/contained_equivalence_1.f90 -O3 -fomit-frame-pointer (test for excess errors)
UNRESOLVED: gfortran.dg/contained_equivalence_1.f90 -O3 -fomit-frame-pointer compilation failed to produce executable
FAIL: gfortran.dg/contained_module_proc_1.f90 -O3 -g (test for excess errors)
UNRESOLVED: gfortran.dg/contained_module_proc_1.f90 -O3 -g compilation failed to produce executable
FAIL: gfortran.dg/continuation_1.f90 -O3 -fomit-frame-pointer -funroll-all-loops -finline-functions (test for excess errors)
UNRESOLVED: gfortran.dg/continuation_1.f90 -O3 -fomit-frame-pointer -funroll-all-loops -finline-functions compilation failed to produce executable
FAIL: gfortran.dg/convert_2.f90 -Os (test for excess errors)
UNRESOLVED: gfortran.dg/convert_2.f90 -Os compilation failed to produce executable
FAIL: gfortran.dg/cshift_nan_1.f90 -O3 -fomit-frame-pointer -funroll-loops (test for excess errors)
UNRESOLVED: gfortran.dg/cshift_nan_1.f90 -O3 -fomit-frame-pointer -funroll-loops compilation failed to produce executable
FAIL: gfortran.dg/dependency_23.f90 -O2 (test for excess errors)
UNRESOLVED: gfortran.dg/dependency_23.f90 -O2 compilation failed to produce executable
FAIL: gfortran.dg/dependent_decls_1.f90 -O3 -fomit-frame-pointer (test for excess errors)
UNRESOLVED: gfortran.dg/dependent_decls_1.f90 -O3 -fomit-frame-pointer compilation failed to produce executable
FAIL: gfortran.dg/der_array_io_3.f90 -O1 (test for excess errors)
UNRESOLVED: gfortran.dg/der_array_io_3.f90 -O1 compilation failed to produce executable
FAIL: gfortran.dg/dollar_edit_descriptor_2.f -O3 -fomit-frame-pointer -funroll-all-loops -finline-functions (test for excess errors)
UNRESOLVED: gfortran.dg/dollar_edit_descriptor_2.f -O3 -fomit-frame-pointer -funroll-all-loops -finline-functions compilation failed to produce executable
FAIL: gfortran.dg/eor_1.f90 -O0 (test for excess errors)
UNRESOLVED: gfortran.dg/eor_1.f90 -O0 compilation failed to produce executable
FAIL: gfortran.dg/eor_handling_1.f90 -Os (test for excess errors)
UNRESOLVED: gfortran.dg/eor_handling_1.f90 -Os compilation failed to produce executable
FAIL: gfortran.dg/extends_3.f03 -O3 -fomit-frame-pointer -funroll-loops (test for excess errors)
UNRESOLVED: gfortran.dg/extends_3.f03 -O3 -fomit-frame-pointer -funroll-loops compilation failed to produce executable
FAIL: gfortran.dg/f2c_1.f90 -O3 -g (test for excess errors)
UNRESOLVED: gfortran.dg/f2c_1.f90 -O3 -g compilation failed to produce executable
FAIL: gfortran.dg/fmt_cache_1.f -O0 (test for excess errors)
UNRESOLVED: gfortran.dg/fmt_cache_1.f -O0 compilation failed to produce executable
FAIL: gfortran.dg/fmt_error_5.f90 -O0 (test for excess errors)
UNRESOLVED: gfortran.dg/fmt_error_5.f90 -O0 compilation failed to produce executable
FAIL: gfortran.dg/fmt_tab_1.f90 -O3 -fomit-frame-pointer -funroll-all-loops -finline-functions (test for excess errors)
UNRESOLVED: gfortran.dg/fmt_tab_1.f90 -O3 -fomit-frame-pointer -funroll-all-loops -finline-functions compilation failed to produce executable
FAIL: gfortran.dg/inquire_5.f90 -O3 -fomit-frame-pointer -funroll-loops (test for excess errors)
UNRESOLVED: gfortran.dg/inquire_5.f90 -O3 -fomit-frame-pointer -funroll-loops compilation failed to produce executable
FAIL: gfortran.dg/intrinsic_pack_1.f90 -O3 -fomit-frame-pointer -funroll-all-loops -finline-functions (test for excess errors)
UNRESOLVED: gfortran.dg/intrinsic_pack_1.f90 -O3 -fomit-frame-pointer -funroll-all-loops -finline-functions compilation failed to produce executable
FAIL: gfortran.dg/namelist_15.f90 -O2 (test for excess errors)
UNRESOLVED: gfortran.dg/namelist_15.f90 -O2 compilation failed to produce executable
FAIL: gfortran.dg/namelist_17.f90 -O3 -fomit-frame-pointer -funroll-loops (test for excess errors)
UNRESOLVED: gfortran.dg/namelist_17.f90 -O3 -fomit-frame-pointer -funroll-loops compilation failed to produce executable
FAIL: gfortran.dg/namelist_17.f90 -O3 -fomit-frame-pointer -funroll-all-loops -finline-functions (test for excess errors)
UNRESOLVED: gfortran.dg/namelist_17.f90 -O3 -fomit-frame-pointer -funroll-all-loops -finline-functions compilation failed to produce executable
FAIL: gfortran.dg/namelist_17.f90 -O3 -g (test for excess errors)
UNRESOLVED: gfortran.dg/namelist_17.f90 -O3 -g compilation failed to produce executable
FAIL: gfortran.dg/namelist_17.f90 -Os (test for excess errors)
UNRESOLVED: gfortran.dg/namelist_17.f90 -Os compilation failed to produce executable
FAIL: gfortran.dg/namelist_18.f90 -O0 (test for excess errors)
UNRESOLVED: gfortran.dg/namelist_18.f90 -O0 compilation failed to produce executable
FAIL: gfortran.dg/namelist_26.f90 -O1 (test for excess errors)
UNRESOLVED: gfortran.dg/namelist_26.f90 -O1 compilation failed to produce executable
FAIL: gfortran.dg/namelist_26.f90 -O3 -fomit-frame-pointer (test for excess errors)
UNRESOLVED: gfortran.dg/namelist_26.f90 -O3 -fomit-frame-pointer compilation failed to produce executable
FAIL: gfortran.dg/namelist_26.f90 -O3 -fomit-frame-pointer -funroll-all-loops -finline-functions (test for excess errors)
UNRESOLVED: gfortran.dg/namelist_26.f90 -O3 -fomit-frame-pointer -funroll-all-loops -finline-functions compilation failed to produce executable
FAIL: gfortran.dg/namelist_27.f90 -O0 (test for excess errors)
UNRESOLVED: gfortran.dg/namelist_27.f90 -O0 compilation failed to produce executable
FAIL: gfortran.dg/namelist_27.f90 -O2 (test for excess errors)
UNRESOLVED: gfortran.dg/namelist_27.f90 -O2 compilation failed to produce executable
FAIL: gfortran.dg/namelist_37.f90 -O2 (test for excess errors)
UNRESOLVED: gfortran.dg/namelist_37.f90 -O2 compilation failed to produce executable
FAIL: gfortran.dg/namelist_38.f90 -O0 (test for excess errors)
UNRESOLVED: gfortran.dg/namelist_38.f90 -O0 compilation failed to produce executable
FAIL: gfortran.dg/namelist_38.f90 -O1 (test for excess errors)
UNRESOLVED: gfortran.dg/namelist_38.f90 -O1 compilation failed to produce executable
FAIL: gfortran.dg/namelist_38.f90 -O2 (test for excess errors)
UNRESOLVED: gfortran.dg/namelist_38.f90 -O2 compilation failed to produce executable
FAIL: gfortran.dg/namelist_38.f90 -O3 -fomit-frame-pointer -funroll-loops (test for excess errors)
UNRESOLVED: gfortran.dg/namelist_38.f90 -O3 -fomit-frame-pointer -funroll-loops compilation failed to produce executable
FAIL: gfortran.dg/namelist_38.f90 -Os (test for excess errors)
UNRESOLVED: gfortran.dg/namelist_38.f90 -Os compilation failed to produce executable
FAIL: gfortran.dg/namelist_39.f90 -O0 (test for excess errors)
UNRESOLVED: gfortran.dg/namelist_39.f90 -O0 compilation failed to produce executable
FAIL: gfortran.dg/namelist_39.f90 -O1 (test for excess errors)
UNRESOLVED: gfortran.dg/namelist_39.f90 -O1 compilation failed to produce executable
FAIL: gfortran.dg/namelist_39.f90 -O2 (test for excess errors)
UNRESOLVED: gfortran.dg/namelist_39.f90 -O2 compilation failed to produce executable
FAIL: gfortran.dg/namelist_39.f90 -O3 -fomit-frame-pointer (test for excess errors)
UNRESOLVED: gfortran.dg/namelist_39.f90 -O3 -fomit-frame-pointer compilation failed to produce executable
FAIL: gfortran.dg/namelist_40.f90 -O0 (test for excess errors)
UNRESOLVED: gfortran.dg/namelist_40.f90 -O0 compilation failed to produce executable
FAIL: gfortran.dg/namelist_42.f90 -O0 (test for excess errors)
UNRESOLVED: gfortran.dg/namelist_42.f90 -O0 compilation failed to produce executable
FAIL: gfortran.dg/namelist_43.f90 -O0 (test for excess errors)
UNRESOLVED: gfortran.dg/namelist_43.f90 -O0 compilation failed to produce executable
FAIL: gfortran.dg/namelist_43.f90 -O1 (test for excess errors)
UNRESOLVED: gfortran.dg/namelist_43.f90 -O1 compilation failed to produce executable
FAIL: gfortran.dg/namelist_43.f90 -O2 (test for excess errors)
UNRESOLVED: gfortran.dg/namelist_43.f90 -O2 compilation failed to produce executable
FAIL: gfortran.dg/namelist_44.f90 -Os (test for excess errors)
UNRESOLVED: gfortran.dg/namelist_44.f90 -Os compilation failed to produce executable
FAIL: gfortran.dg/namelist_45.f90 -O0 (test for excess errors)
UNRESOLVED: gfortran.dg/namelist_45.f90 -O0 compilation failed to produce executable
FAIL: gfortran.dg/namelist_49.f90 -O1 (test for excess errors)
UNRESOLVED: gfortran.dg/namelist_49.f90 -O1 compilation failed to produce executable
FAIL: gfortran.dg/namelist_51.f90 -O2 (test for excess errors)
UNRESOLVED: gfortran.dg/namelist_51.f90 -O2 compilation failed to produce executable
FAIL: gfortran.dg/namelist_51.f90 -Os (test for excess errors)
UNRESOLVED: gfortran.dg/namelist_51.f90 -Os compilation failed to produce executable
FAIL: gfortran.dg/namelist_52.f90 -O0 (test for excess errors)
UNRESOLVED: gfortran.dg/namelist_52.f90 -O0 compilation failed to produce executable
FAIL: gfortran.dg/namelist_52.f90 -O1 (test for excess errors)
UNRESOLVED: gfortran.dg/namelist_52.f90 -O1 compilation failed to produce executable
FAIL: gfortran.dg/namelist_52.f90 -Os (test for excess errors)
UNRESOLVED: gfortran.dg/namelist_52.f90 -Os compilation failed to produce executable
FAIL: gfortran.dg/namelist_53.f90 -O1 (test for excess errors)
UNRESOLVED: gfortran.dg/namelist_53.f90 -O1 compilation failed to produce executable
FAIL: gfortran.dg/namelist_53.f90 -O2 (test for excess errors)
UNRESOLVED: gfortran.dg/namelist_53.f90 -O2 compilation failed to produce executable
FAIL: gfortran.dg/namelist_53.f90 -O3 -fomit-frame-pointer (test for excess errors)
UNRESOLVED: gfortran.dg/namelist_53.f90 -O3 -fomit-frame-pointer compilation failed to produce executable
FAIL: gfortran.dg/namelist_54.f90 -O3 -fomit-frame-pointer (test for excess errors)
UNRESOLVED: gfortran.dg/namelist_54.f90 -O3 -fomit-frame-pointer compilation failed to produce executable
FAIL: gfortran.dg/namelist_54.f90 -O3 -fomit-frame-pointer -funroll-loops (test for excess errors)
UNRESOLVED: gfortran.dg/namelist_54.f90 -O3 -fomit-frame-pointer -funroll-loops compilation failed to produce executable
FAIL: gfortran.dg/namelist_54.f90 -O3 -fomit-frame-pointer -funroll-all-loops -finline-functions (test for excess errors)
UNRESOLVED: gfortran.dg/namelist_54.f90 -O3 -fomit-frame-pointer -funroll-all-loops -finline-functions compilation failed to produce executable
FAIL: gfortran.dg/namelist_55.f90 -O1 (test for excess errors)
UNRESOLVED: gfortran.dg/namelist_55.f90 -O1 compilation failed to produce executable
FAIL: gfortran.dg/namelist_55.f90 -O2 (test for excess errors)
UNRESOLVED: gfortran.dg/namelist_55.f90 -O2 compilation failed to produce executable
FAIL: gfortran.dg/namelist_56.f90 -O3 -fomit-frame-pointer (test for excess errors)
UNRESOLVED: gfortran.dg/namelist_56.f90 -O3 -fomit-frame-pointer compilation failed to produce executable
FAIL: gfortran.dg/namelist_56.f90 -O3 -fomit-frame-pointer -funroll-loops (test for excess errors)
UNRESOLVED: gfortran.dg/namelist_56.f90 -O3 -fomit-frame-pointer -funroll-loops compilation failed to produce executable
FAIL: gfortran.dg/namelist_56.f90 -O3 -g (test for excess errors)
UNRESOLVED: gfortran.dg/namelist_56.f90 -O3 -g compilation failed to produce executable
FAIL: gfortran.dg/namelist_57.f90 -O0 (test for excess errors)
UNRESOLVED: gfortran.dg/namelist_57.f90 -O0 compilation failed to produce executable
FAIL: gfortran.dg/namelist_57.f90 -O3 -g (test for excess errors)
UNRESOLVED: gfortran.dg/namelist_57.f90 -O3 -g compilation failed to produce executable
FAIL: gfortran.dg/namelist_58.f90 -O3 -g (test for excess errors)
UNRESOLVED: gfortran.dg/namelist_58.f90 -O3 -g compilation failed to produce executable
FAIL: gfortran.dg/namelist_59.f90 -O3 -fomit-frame-pointer -funroll-loops (test for excess errors)
UNRESOLVED: gfortran.dg/namelist_59.f90 -O3 -fomit-frame-pointer -funroll-loops compilation failed to produce executable
FAIL: gfortran.dg/namelist_59.f90 -O3 -g (test for excess errors)
UNRESOLVED: gfortran.dg/namelist_59.f90 -O3 -g compilation failed to produce executable
FAIL: gfortran.dg/namelist_59.f90 -Os (test for excess errors)
UNRESOLVED: gfortran.dg/namelist_59.f90 -Os compilation failed to produce executable
FAIL: gfortran.dg/namelist_char_only.f90 -O2 (test for excess errors)
UNRESOLVED: gfortran.dg/namelist_char_only.f90 -O2 compilation failed to produce executable
FAIL: gfortran.dg/namelist_internal.f90 -O0 (test for excess errors)
UNRESOLVED: gfortran.dg/namelist_internal.f90 -O0 compilation failed to produce executable
FAIL: gfortran.dg/namelist_internal.f90 -O2 (test for excess errors)
UNRESOLVED: gfortran.dg/namelist_internal.f90 -O2 compilation failed to produce executable
FAIL: gfortran.dg/namelist_internal.f90 -O3 -fomit-frame-pointer (test for excess errors)
UNRESOLVED: gfortran.dg/namelist_internal.f90 -O3 -fomit-frame-pointer compilation failed to produce executable
FAIL: gfortran.dg/namelist_internal.f90 -O3 -fomit-frame-pointer -funroll-loops (test for excess errors)
UNRESOLVED: gfortran.dg/namelist_internal.f90 -O3 -fomit-frame-pointer -funroll-loops compilation failed to produce executable
FAIL: gfortran.dg/namelist_internal.f90 -O3 -fomit-frame-pointer -funroll-all-loops -finline-functions (test for excess errors)
UNRESOLVED: gfortran.dg/namelist_internal.f90 -O3 -fomit-frame-pointer -funroll-all-loops -finline-functions compilation failed to produce executable
FAIL: gfortran.dg/namelist_internal.f90 -O3 -g (test for excess errors)
UNRESOLVED: gfortran.dg/namelist_internal.f90 -O3 -g compilation failed to produce executable
FAIL: gfortran.dg/namelist_print_1.f -O2 (test for excess errors)
UNRESOLVED: gfortran.dg/namelist_print_1.f -O2 compilation failed to produce executable
FAIL: gfortran.dg/namelist_use.f90 -O3 -fomit-frame-pointer -funroll-all-loops -finline-functions (test for excess errors)
UNRESOLVED: gfortran.dg/namelist_use.f90 -O3 -fomit-frame-pointer -funroll-all-loops -finline-functions compilation failed to produce executable
FAIL: gfortran.dg/namelist_use.f90 -Os (test for excess errors)
UNRESOLVED: gfortran.dg/namelist_use.f90 -Os compilation failed to produce executable
FAIL: gfortran.dg/namelist_use_only.f90 -O3 -fomit-frame-pointer -funroll-all-loops -finline-functions (test for excess errors)
UNRESOLVED: gfortran.dg/namelist_use_only.f90 -O3 -fomit-frame-pointer -funroll-all-loops -finline-functions compilation failed to produce executable
FAIL: gfortran.dg/nearest_2.f90 -O3 -fomit-frame-pointer (test for excess errors)
UNRESOLVED: gfortran.dg/nearest_2.f90 -O3 -fomit-frame-pointer compilation failed to produce executable
FAIL: gfortran.dg/nested_array_constructor_2.f90 -O2 (test for excess errors)
UNRESOLVED: gfortran.dg/nested_array_constructor_2.f90 -O2 compilation failed to produce executable
FAIL: gfortran.dg/newunit_1.f90 -O3 -g (test for excess errors)
UNRESOLVED: gfortran.dg/newunit_1.f90 -O3 -g compilation failed to produce executable
FAIL: gfortran.dg/no_unit_error_1.f90 -O2 (test for excess errors)
UNRESOLVED: gfortran.dg/no_unit_error_1.f90 -O2 compilation failed to produce executable
FAIL: gfortran.dg/nosigned_zero_1.f90 -Os (test for excess errors)
UNRESOLVED: gfortran.dg/nosigned_zero_1.f90 -Os compilation failed to produce executable
FAIL: gfortran.dg/nosigned_zero_2.f90 -O1 (test for excess errors)
UNRESOLVED: gfortran.dg/nosigned_zero_2.f90 -O1 compilation failed to produce executable
FAIL: gfortran.dg/open_access_append_2.f90 -O2 (test for excess errors)
UNRESOLVED: gfortran.dg/open_access_append_2.f90 -O2 compilation failed to produce executable
FAIL: gfortran.dg/operator_4.f90 -O (test for errors, line 97)
FAIL: gfortran.dg/operator_4.f90 -O (test for excess errors)
FAIL: gfortran.dg/optional_dim_2.f90 -O0 (test for excess errors)
UNRESOLVED: gfortran.dg/optional_dim_2.f90 -O0 compilation failed to produce executable
FAIL: gfortran.dg/optional_dim_3.f90 -O1 (test for excess errors)
UNRESOLVED: gfortran.dg/optional_dim_3.f90 -O1 compilation failed to produce executable
FAIL: gfortran.dg/overwrite_1.f -O3 -g (test for excess errors)
UNRESOLVED: gfortran.dg/overwrite_1.f -O3 -g compilation failed to produce executable
FAIL: gfortran.dg/pack_mask_1.f90 -O0 (test for excess errors)
UNRESOLVED: gfortran.dg/pack_mask_1.f90 -O0 compilation failed to produce executable
FAIL: gfortran.dg/parameter_array_dummy.f90 -O3 -fomit-frame-pointer -funroll-loops (test for excess errors)
UNRESOLVED: gfortran.dg/parameter_array_dummy.f90 -O3 -fomit-frame-pointer -funroll-loops compilation failed to produce executable
FAIL: gfortran.dg/parens_5.f90 -O3 -fomit-frame-pointer (test for excess errors)
UNRESOLVED: gfortran.dg/parens_5.f90 -O3 -fomit-frame-pointer compilation failed to produce executable
FAIL: gfortran.dg/parent_result_ref_1.f90 -O3 -fomit-frame-pointer -funroll-all-loops -finline-functions (test for excess errors)
UNRESOLVED: gfortran.dg/parent_result_ref_1.f90 -O3 -fomit-frame-pointer -funroll-all-loops -finline-functions compilation failed to produce executable
FAIL: gfortran.dg/pointer_1.f90 -O3 -fomit-frame-pointer -funroll-loops (test for excess errors)
UNRESOLVED: gfortran.dg/pointer_1.f90 -O3 -fomit-frame-pointer -funroll-loops compilation failed to produce executable
FAIL: gfortran.dg/pointer_check_4.f90 -O1 (test for excess errors)
UNRESOLVED: gfortran.dg/pointer_check_4.f90 -O1 compilation failed to produce executable
FAIL: gfortran.dg/pr41928.f90 -O (internal compiler error)
FAIL: gfortran.dg/pr41928.f90 -O (test for excess errors)
FAIL: gfortran.dg/proc_ptr_5.f90 -O0 (test for excess errors)
UNRESOLVED: gfortran.dg/proc_ptr_5.f90 -O0 compilation failed to produce executable
FAIL: gfortran.dg/recursive_check_13.f90 -O3 -fomit-frame-pointer -funroll-all-loops -finline-functions (test for excess errors)
UNRESOLVED: gfortran.dg/recursive_check_13.f90 -O3 -fomit-frame-pointer -funroll-all-loops -finline-functions compilation failed to produce executable
FAIL: gfortran.dg/recursive_stack.f90 -O3 -g (test for excess errors)
UNRESOLVED: gfortran.dg/recursive_stack.f90 -O3 -g compilation failed to produce executable
FAIL: gfortran.dg/transfer_resolve_1.f90 -O3 -g (test for excess errors)
UNRESOLVED: gfortran.dg/transfer_resolve_1.f90 -O3 -g compilation failed to produce executable
FAIL: gfortran.dg/widechar_8.f90 -O0 (test for excess errors)
UNRESOLVED: gfortran.dg/widechar_8.f90 -O0 compilation failed to produce executable
FAIL: gfortran.dg/widechar_IO_2.f90 -O3 -fomit-frame-pointer (test for excess errors)
UNRESOLVED: gfortran.dg/widechar_IO_2.f90 -O3 -fomit-frame-pointer compilation failed to produce executable
FAIL: gfortran.dg/g77/cabs.f -O1 (test for excess errors)
UNRESOLVED: gfortran.dg/g77/cabs.f -O1 compilation failed to produce executable
FAIL: gfortran.dg/g77/f90-intrinsic-mathematical.f -O3 -fomit-frame-pointer -funroll-loops (test for excess errors)
UNRESOLVED: gfortran.dg/g77/f90-intrinsic-mathematical.f -O3 -fomit-frame-pointer -funroll-loops compilation failed to produce executable
FAIL: gfortran.dg/g77/short.f -O3 -fomit-frame-pointer -funroll-loops (test for excess errors)
UNRESOLVED: gfortran.dg/g77/short.f -O3 -fomit-frame-pointer -funroll-loops compilation failed to produce executable
FAIL: gfortran.dg/lto/pr40725 f_lto_pr40725_0.o-f_lto_pr40725_1.o execute -O2 -fwhopr
FAIL: gfortran.dg/lto/pr40725 f_lto_pr40725_0.o-f_lto_pr40725_1.o execute -O2 -flto
FAIL: gfortran.fortran-torture/execute/iolength_2.f90 compilation, -Os
FAIL: gfortran.fortran-torture/execute/where_16.f90 compilation, -O2 -fomit-frame-pointer -finline-functions -funroll-loops
FAIL: gfortran.fortran-torture/execute/where_6.f90 compilation, -O0
FAIL: gfortran.fortran-torture/execute/where_7.f90 compilation, -O0
FAIL: gfortran.fortran-torture/execute/where_7.f90 compilation, -O2
FAIL: gfortran.fortran-torture/execute/write_a_1.f90 compilation, -O3 -g
=== gfortran Summary ===
# of expected passes 31931
# of unexpected failures 214
# of expected failures 29
# of untested testcases 6
# of unresolved testcases 202
# of unsupported tests 286
/home/packages/gcc/4.5/gcc-4.5-4.5-20091226/build/gcc/testsuite/gfortran/../../gfortran version 4.5.0 20091226 (experimental) [trunk revision 155473] (Debian 4.5-20091226-1)
=== obj-c++ tests ===
Running target unix
UNRESOLVED: obj-c++.dg/lookup-2.mm compilation failed to produce executable
UNRESOLVED: obj-c++.dg/try-catch-2.mm compilation failed to produce executable
UNRESOLVED: obj-c++.dg/try-catch-9.mm compilation failed to produce executable
=== obj-c++ Summary ===
# of expected passes 438
# of expected failures 10
# of unresolved testcases 3
# of unsupported tests 13
/home/packages/gcc/4.5/gcc-4.5-4.5-20091226/build/gcc/testsuite/obj-c++/../../g++ version 4.5.0 20091226 (experimental) [trunk revision 155473] (Debian 4.5-20091226-1)
=== objc tests ===
Running target unix
FAIL: objc/execute/class-14.m compilation, -O3 -g -fgnu-runtime
UNRESOLVED: objc/execute/class-14.m execution, -O3 -g -fgnu-runtime
FAIL: objc/execute/trivial.m compilation, -O1 -fgnu-runtime
UNRESOLVED: objc/execute/trivial.m execution, -O1 -fgnu-runtime
=== objc Summary ===
# of expected passes 1863
# of unexpected failures 2
# of expected failures 15
# of unresolved testcases 2
# of unsupported tests 24
/home/packages/gcc/4.5/gcc-4.5-4.5-20091226/build/gcc/xgcc version 4.5.0 20091226 (experimental) [trunk revision 155473] (Debian 4.5-20091226-1)
=== libffi tests ===
Running target unix
FAIL: libffi.call/cls_6_1_byte.c -Os (test for excess errors)
UNRESOLVED: libffi.call/cls_6_1_byte.c -Os compilation failed to produce executable
FAIL: libffi.call/cls_schar.c -Os (test for excess errors)
UNRESOLVED: libffi.call/cls_schar.c -Os compilation failed to produce executable
=== libffi Summary ===
# of expected passes 1603
# of unexpected failures 2
# of expected failures 10
# of unresolved testcases 2
# of unsupported tests 15
=== libgomp tests ===
Running target unix
FAIL: libgomp.c/omp-loop03.c execution test
FAIL: libgomp.c++/loop-3.C -O execution test
FAIL: libgomp.fortran/allocatable1.f90 -Os execution test
XPASS: libgomp.graphite/force-parallel-5.c scan-tree-dump-times optimized "loopfn.1" 5
=== libgomp Summary ===
# of expected passes 2454
# of unexpected failures 3
# of unexpected successes 1
# of unsupported tests 7
=== libjava tests ===
Running target unix
=== libmudflap tests ===
Running target unix
FAIL: libmudflap.c/pass44-frag.c (-O2) (test for excess errors)
WARNING: libmudflap.c/pass44-frag.c (-O2) compilation failed to produce executable
FAIL: libmudflap.c/fail28-frag.c (-O3) (test for excess errors)
WARNING: libmudflap.c/fail28-frag.c (-O3) compilation failed to produce executable
FAIL: libmudflap.c/fail31-frag.c (-O3) crash test
FAIL: libmudflap.c/fail31-frag.c (-O3) output pattern test
FAIL: libmudflap.c/pass45-frag.c (-O3) execution test
FAIL: libmudflap.c/pass45-frag.c (-O3) output pattern test
FAIL: libmudflap.c/pass45-frag.c (-O3) execution test
FAIL: libmudflap.c/pass45-frag.c (-O3) output pattern test
FAIL: libmudflap.c/pass48-frag.c (-O3) (test for excess errors)
WARNING: libmudflap.c/pass48-frag.c (-O3) compilation failed to produce executable
FAIL: libmudflap.c++/pass41-frag.cxx execution test
FAIL: libmudflap.c++/pass41-frag.cxx (-static) execution test
FAIL: libmudflap.c++/pass41-frag.cxx ( -O) execution test
FAIL: libmudflap.c++/pass41-frag.cxx (-O2) execution test
FAIL: libmudflap.c++/pass41-frag.cxx (-O3) execution test
WARNING: program timed out.
FAIL: libmudflap.cth/pass40-frag.c execution test
FAIL: libmudflap.cth/pass40-frag.c output pattern test
WARNING: program timed out.
FAIL: libmudflap.cth/pass40-frag.c (-static -DSTATIC) execution test
FAIL: libmudflap.cth/pass40-frag.c (-static -DSTATIC) output pattern test
WARNING: program timed out.
FAIL: libmudflap.cth/pass40-frag.c (-O2) execution test
FAIL: libmudflap.cth/pass40-frag.c (-O2) output pattern test
WARNING: program timed out.
FAIL: libmudflap.cth/pass39-frag.c (-O3) (rerun 1) execution test
FAIL: libmudflap.cth/pass39-frag.c (-O3) (rerun 1) output pattern test
WARNING: program timed out.
FAIL: libmudflap.cth/pass40-frag.c (-O3) execution test
FAIL: libmudflap.cth/pass40-frag.c (-O3) output pattern test
=== libmudflap Summary ===
# of expected passes 1866
# of unexpected failures 24
=== libstdc++ tests ===
Running target unix
FAIL: 18_support/exception_ptr/move.cc (test for excess errors)
UNRESOLVED: 18_support/exception_ptr/move.cc compilation failed to produce executable
FAIL: 21_strings/basic_string/element_access/wchar_t/21674.cc (test for excess errors)
UNRESOLVED: 21_strings/basic_string/element_access/wchar_t/21674.cc compilation failed to produce executable
FAIL: 21_strings/basic_string/find/wchar_t/2.cc (test for excess errors)
UNRESOLVED: 21_strings/basic_string/find/wchar_t/2.cc compilation failed to produce executable
FAIL: 27_io/basic_filebuf/underflow/wchar_t/11603.cc (test for excess errors)
UNRESOLVED: 27_io/basic_filebuf/underflow/wchar_t/11603.cc compilation failed to produce executable
FAIL: 27_io/fpos/14320-3.cc (test for excess errors)
UNRESOLVED: 27_io/fpos/14320-3.cc compilation failed to produce executable
FAIL: 29_atomics/atomic_flag/clear/1.c execution test
FAIL: 29_atomics/atomic_flag/test_and_set/explicit.c execution test
FAIL: ext/malloc_allocator/check_allocate_max_size.cc (test for excess errors)
UNRESOLVED: ext/malloc_allocator/check_allocate_max_size.cc compilation failed to produce executable
WARNING: program timed out.
FAIL: tr1/4_metaprogramming/is_volatile/value.cc (test for excess errors)
UNRESOLVED: tr1/4_metaprogramming/is_volatile/value.cc compilation failed to produce executable
=== libstdc++ Summary ===
# of expected passes 6517
# of unexpected failures 9
# of expected failures 91
# of unresolved testcases 7
# of unsupported tests 335
Compiler version: 4.5.0 20091226 (experimental) [trunk revision 155473] (Debian 4.5-20091226-1)
Platform: hppa-unknown-linux-gnu
configure flags: -v --with-pkgversion='Debian 4.5-20091226-1' --with-bugurl=file:///usr/share/doc/gcc-4.5/README.Bugs --enable-languages=c,c++,java,fortran,objc,obj-c++ --prefix=/usr --enable-shared --enable-multiarch --enable-linker-build-id --with-system-zlib --libexecdir=/usr/lib --without-included-gettext --enable-threads=posix --with-gxx-include-dir=/usr/include/c++/4.5 --program-suffix=-4.5 --enable-nls --enable-clocale=gnu --enable-libstdcxx-debug --disable-libssp --enable-plugin --disable-browser-plugin --enable-java-awt=gtk --enable-gtk-cairo --with-java-home=//usr/lib/jvm/java-1.5.0-gcj-4.5/jre --enable-java-home --with-jvm-root-dir=//usr/lib/jvm/java-1.5.0-gcj-4.5 --with-jvm-jar-dir=/usr/lib/jvm-exports/java-1.5.0-gcj-4.5 --with-arch-directory=parisc --with-ecj-jar=/usr/share/java/eclipse-ecj.jar --enable-objc-gc --disable-libstdcxx-pch --enable-checking=release --build=hppa-linux-gnu --host=hppa-linux-gnu --target=hppa-linux-gnu
BOOT_CFLAGS=
Build Dependencies:
Desired=Unknown/Install/Remove/Purge/Hold
| Status=Not/Inst/Cfg-files/Unpacked/Failed-cfg/Half-inst/trig-aWait/Trig-pend
|/ Err?=(none)/Reinst-required (Status,Err: uppercase=bad)
||/ Name Version Description
+++-=======================================================-==========================-==============================================
ii binutils 2.20-4 The GNU assembler, linker and binary utilities
ii binutils-hppa64 2.20-4 The GNU assembler, linker and binary utilities
ii g++-4.3 4.3.4-6 The GNU C++ compiler
ii g++-4.4 4.4.2-6 The GNU C++ compiler
ii libc6 2.10.2-2 GNU C Library: Shared libraries
ii libcloog-ppl-dev 0.15.7-1 the Chunky Loop Generator (development files)
ii libgmp3-dev 2:4.3.1+dfsg-3 Multiprecision arithmetic library developers t
ii libmpc-dev 0.8.1-1 multiple precision complex floating-point libr
ii libmpfr-dev 2.4.2-3 multiple precision floating-point computation
ii libppl0.10-dev 0.10.2-3 Parma Polyhedra Library (development)
rename-info-files:
Allow transformations on info file names. Reference the
transformed info file names in the texinfo files.
gcc-textdomain:
Set gettext's domain and textdomain to the versioned package name.
gcc-driver-extra-langs:
Add options and specs for languages that are not built from a source
(but built from separate sources).
gcc-hash-style-both:
Link using --hash-style=both (alpha, amd64, ia64, i386, powerpc, ppc64, s390, sparc)
libstdc++-pic:
Build and install libstdc++_pic.a library.
libstdc++-doclink:
adjust hrefs to point to the local documentation
libstdc++-man-3cxx:
Install libstdc++ man pages with suffix .3cxx instead of .3
libjava-stacktrace:
libgcj: Lookup source file name and line number in separated
debug files found in /usr/lib/debug
libjava-subdir:
- Set the libjava sublibdir to /usr/lib/gcj-4.5
- Set the default libgcj database dir to /var/lib/gcj-4.5
libjava-jnipath:
- Add /usr/lib/jni to java.library.path.
- When running the i386 binaries on amd64, look in
- /usr/lib32/gcj-x.y and /usr/lib32/jni instead.
libjava-sjlj:
Don't try to use _Unwind_Backtrace on SJLJ targets.
See bug #387875, #388505, GCC PR 29206.
libjava-disable-plugin:
Don't build the gcjwebplugin, even when configured with --enable-plugin
alpha-no-ev4-directive:
never emit .ev4 directive.
boehm-gc-getnprocs:
boehm-gc/pthread_support.c (GC_get_nprocs): Use sysconf as fallback.
note-gnu-stack:
Add .note.GNU-stack sections for gcc's crt files, libffi and boehm-gc
Taken from FC.
m68k-allow-gnu99:
patch to allow gnu99 mode on m68k
libgomp-omp_h-multilib:
Fix up omp.h for multilibs.
sparc-force-v9:
On sparc default to v9 in 32bit mode
gcc-stack_chk_fail-check:
Fix __stack_chk_fail check for cross builds configured --with-headers
pr40521-revert-workaround:
Revert the dwarf2cfi_asm workaround, obsoleted by PR debug/40521.
pr41848:
Fix PR objc/41848 - workaround ObjC and -fsection-anchors.
gcc-ice-hack:
Retry the build on an ice, save the calling options and preprocessed
source when the ice is reproducible.
gcc-ice-apport:
Report an ICE to apport (if apport is available
and the environment variable GCC_NOAPPORT is not set)
libjava-disable-static:
Disable building the static libjava.
libjava-fixed-symlinks:
Remove unneed '..' elements from symlinks in JAVA_HOME
ada-arm-eabi:
Add preliminary Ada support for ARM/EABI to gcc-4.4.1 (sjlj only).
arm-unbreak-eabi-armv4t:
Fix armv4t build on ARM
gcc-multiarch:
Add multiarch support to GCC.
Convert the multilib option to a target triplet,
add multiarch include directories and libraries path:
/usr/local/include/<arch>-linux-gnu
/usr/include/<arch>-linux-gnu
/usr/lib/<arch>-linux-gnu
to the system paths.
Counting all warnings,
there are 0 warnings in stage3 of this bootstrap.
Number of warnings per file:
Number of warning types: