This is the mail archive of the
gcc-testresults@gcc.gnu.org
mailing list for the GCC project.
Results for 4.3.5 20091224 (prerelease) [gcc-4_3-branch revision 155461] (GCC) gcc testsuite on powerpc-unknown-eabisim
- From: Mike Stein <mstein dot lists at googlemail dot com>
- To: gcc-testresults at gcc dot gnu dot org
- Date: Fri, 25 Dec 2009 23:55:17 +0100
- Subject: Results for 4.3.5 20091224 (prerelease) [gcc-4_3-branch revision 155461] (GCC) gcc testsuite on powerpc-unknown-eabisim
- Reply-to: gcc at gcc dot gnu dot org
Debian 5 on x86_64
cross tool versions:
GNU assembler (GNU Binutils) 2.19.51.20090307
GNU gdb (GDB) 6.8.50.20090307-cvs
GNU ld (GNU Binutils) 2.19.51.20090307
GNU Make 3.81
expect version 5.43.0
host gcc version: gcc (GCC) 4.5.0 20091224 (experimental) [trunk revision 155461]
LAST_UPDATED: Thu Dec 24 23:10:47 UTC 2009 (revision 155461)
Target is powerpc-unknown-eabisim
Host is x86_64-unknown-linux-gnu
=== gcc tests ===
Running target powerpc-sim
FAIL: gcc.c-torture/execute/builtins/fprintf.c execution, -O0
FAIL: gcc.c-torture/execute/builtins/fprintf.c execution, -O1
FAIL: gcc.c-torture/execute/builtins/fprintf.c execution, -O2
FAIL: gcc.c-torture/execute/builtins/fprintf.c execution, -O3 -fomit-frame-pointer
FAIL: gcc.c-torture/execute/builtins/fprintf.c execution, -Os
FAIL: gcc.c-torture/execute/builtins/fputs.c execution, -O0
FAIL: gcc.c-torture/execute/builtins/fputs.c execution, -O2
FAIL: gcc.c-torture/execute/builtins/fputs.c execution, -O3 -g
FAIL: gcc.c-torture/execute/builtins/fputs.c execution, -Os
FAIL: gcc.c-torture/execute/builtins/printf.c execution, -O0
FAIL: gcc.c-torture/execute/builtins/printf.c execution, -O2
FAIL: gcc.c-torture/execute/builtins/printf.c execution, -O3 -fomit-frame-pointer
FAIL: gcc.c-torture/execute/builtins/printf.c execution, -Os
FAIL: gcc.c-torture/execute/20020406-1.c execution, -O0
FAIL: gcc.c-torture/execute/20020406-1.c execution, -O1
FAIL: gcc.c-torture/execute/20020406-1.c execution, -O2
FAIL: gcc.c-torture/execute/20020406-1.c execution, -O3 -fomit-frame-pointer
FAIL: gcc.c-torture/execute/20020406-1.c execution, -O3 -fomit-frame-pointer -funroll-loops
FAIL: gcc.c-torture/execute/20020406-1.c execution, -O3 -fomit-frame-pointer -funroll-all-loops -finline-functions
FAIL: gcc.c-torture/execute/20020406-1.c execution, -O3 -g
FAIL: gcc.c-torture/execute/20020406-1.c execution, -Os
FAIL: gcc.c-torture/execute/bf64-1.c compilation, -O1 (internal compiler error)
UNRESOLVED: gcc.c-torture/execute/bf64-1.c execution, -O1
FAIL: gcc.c-torture/execute/fprintf-1.c execution, -O1
FAIL: gcc.c-torture/execute/fprintf-1.c execution, -O2
FAIL: gcc.c-torture/execute/fprintf-1.c execution, -O3 -fomit-frame-pointer
FAIL: gcc.c-torture/execute/fprintf-1.c execution, -Os
FAIL: gcc.c-torture/execute/fprintf-chk-1.c execution, -O1
FAIL: gcc.c-torture/execute/fprintf-chk-1.c execution, -Os
FAIL: gcc.c-torture/execute/printf-1.c execution, -O0
FAIL: gcc.c-torture/execute/printf-1.c execution, -O1
FAIL: gcc.c-torture/execute/printf-1.c execution, -O2
FAIL: gcc.c-torture/execute/printf-1.c execution, -O3 -fomit-frame-pointer
FAIL: gcc.c-torture/execute/printf-1.c execution, -O3 -g
FAIL: gcc.c-torture/execute/printf-1.c execution, -Os
FAIL: gcc.c-torture/execute/printf-chk-1.c execution, -O2
FAIL: gcc.c-torture/execute/printf-chk-1.c execution, -O3 -fomit-frame-pointer
FAIL: gcc.c-torture/execute/printf-chk-1.c execution, -Os
FAIL: gcc.c-torture/execute/va-arg-21.c execution, -O0
FAIL: gcc.c-torture/execute/va-arg-21.c execution, -O2
FAIL: gcc.c-torture/execute/va-arg-21.c execution, -O3 -fomit-frame-pointer
FAIL: gcc.c-torture/execute/va-arg-21.c execution, -O3 -fomit-frame-pointer -funroll-loops
FAIL: gcc.c-torture/execute/va-arg-21.c execution, -O3 -fomit-frame-pointer -funroll-all-loops -finline-functions
FAIL: gcc.c-torture/execute/va-arg-21.c execution, -O3 -g
FAIL: gcc.c-torture/execute/va-arg-21.c execution, -Os
FAIL: gcc.c-torture/execute/vfprintf-1.c execution, -O0
FAIL: gcc.c-torture/execute/vfprintf-1.c execution, -O1
FAIL: gcc.c-torture/execute/vfprintf-1.c execution, -O2
FAIL: gcc.c-torture/execute/vfprintf-1.c execution, -O3 -fomit-frame-pointer
FAIL: gcc.c-torture/execute/vfprintf-1.c execution, -O3 -g
FAIL: gcc.c-torture/execute/vfprintf-1.c execution, -Os
FAIL: gcc.c-torture/execute/vfprintf-chk-1.c execution, -O0
FAIL: gcc.c-torture/execute/vfprintf-chk-1.c execution, -Os
FAIL: gcc.c-torture/execute/vprintf-1.c execution, -O1
FAIL: gcc.c-torture/execute/vprintf-1.c execution, -O2
FAIL: gcc.c-torture/execute/vprintf-1.c execution, -O3 -fomit-frame-pointer
FAIL: gcc.c-torture/execute/vprintf-1.c execution, -O3 -g
FAIL: gcc.c-torture/execute/vprintf-1.c execution, -Os
FAIL: gcc.c-torture/execute/vprintf-chk-1.c execution, -O0
FAIL: gcc.c-torture/execute/vprintf-chk-1.c execution, -O1
FAIL: gcc.c-torture/execute/vprintf-chk-1.c execution, -O2
FAIL: gcc.c-torture/execute/vprintf-chk-1.c execution, -O3 -fomit-frame-pointer
FAIL: gcc.c-torture/execute/vprintf-chk-1.c execution, -Os
FAIL: gcc.c-torture/execute/ieee/inf-1.c execution, -O0
FAIL: gcc.dg/cpp/assert4.c (test for excess errors)
FAIL: gcc.dg/memcpy-1.c scan-tree-dump-times optimized "nasty_local" 0
FAIL: gcc.dg/packed-vla.c execution test
FAIL: gcc.dg/pr34856.c (test for excess errors)
FAIL: gcc.dg/matrix/matrix-1.c execution test
FAIL: gcc.dg/matrix/matrix-5.c execution test
FAIL: gcc.dg/struct/wo_prof_malloc_size_var.c execution test
FAIL: gcc.dg/vect/vect-82.c execution test
FAIL: gcc.dg/vect/vect-83.c execution test
FAIL: gcc.target/powerpc/20020118-1.c execution test
FAIL: gcc.target/powerpc/20030218-1.c (test for errors, line 14)
FAIL: gcc.target/powerpc/20030218-1.c (test for errors, line 18)
FAIL: gcc.target/powerpc/20030218-1.c (test for errors, line 21)
FAIL: gcc.target/powerpc/20030218-1.c (test for excess errors)
FAIL: gcc.target/powerpc/altivec-1.c execution test
FAIL: gcc.target/powerpc/altivec-12.c execution test
FAIL: gcc.target/powerpc/altivec-24.c execution test
FAIL: gcc.target/powerpc/altivec-3.c execution test
FAIL: gcc.target/powerpc/altivec-consts.c execution test
FAIL: gcc.target/powerpc/altivec-varargs-1.c execution test
FAIL: gcc.target/powerpc/altivec-vec-merge.c execution test
FAIL: gcc.target/powerpc/darwin-longlong.c execution test
FAIL: gcc.target/powerpc/pr35907.c execution test
FAIL: gcc.target/powerpc/spe1.c (test for excess errors)
=== gcc Summary ===
# of expected passes 48270
# of unexpected failures 87
# of expected failures 175
# of unresolved testcases 1
# of untested testcases 35
# of unsupported tests 471
/home/mstein/sim/gcc-4_3-branch/powerpc-eabisim/build/gcc/xgcc version 4.3.5 20091224 (prerelease) [gcc-4_3-branch revision 155461] (GCC)
Compiler version: 4.3.5 20091224 (prerelease) [gcc-4_3-branch revision 155461] (GCC) gcc
Platform: powerpc-unknown-eabisim
configure flags: --target=powerpc-eabisim --prefix=/home/mstein/cross-local/powerpc-eabisim --enable-languages=c --disable-nls --disable-build-warnings --with-sysroot=/home/mstein/cross-local/powerpc-eabisim --with-build-sysroot=/home/mstein/cross-local/powerpc-eabisim --with-ld=/home/mstein/cross-local/powerpc-eabisim/usr/bin/ld --with-as=/home/mstein/cross-local/powerpc-eabisim/usr/bin/as --disable-libssp --with-mpfr=/opt/cfarm/mpfr-2.3.2