This is the mail archive of the
gcc-testresults@gcc.gnu.org
mailing list for the GCC project.
Results for 4.5.0 20091222 (experimental) [trunk revision 155386] (GCC) testsuite on x86_64-unknown-linux-gnu
- From: ghazi at gcc14 dot fsffrance dot org
- To: gcc-testresults at gcc dot gnu dot org
- Date: Tue, 22 Dec 2009 17:33:59 +0100
- Subject: Results for 4.5.0 20091222 (experimental) [trunk revision 155386] (GCC) testsuite on x86_64-unknown-linux-gnu
LAST_UPDATED: Tue Dec 22 01:02:41 UTC 2009 (revision 155386)
Native configuration is x86_64-unknown-linux-gnu
=== g++ tests ===
Running target unix/-m32/-fPIC
UNRESOLVED: attribute_plugin.c compilation, -I. -I/home/ghazi/gcc-testing/45/egcc-SVN20091222/gcc/testsuite -I/home/ghazi/gcc-testing/45/egcc-SVN20091222/gcc/testsuite/../../gcc -I/home/ghazi/gcc-testing/45/build/gcc/testsuite/g++/../../../gcc -I/home/ghazi/gcc-testing/45/egcc-SVN20091222/gcc/testsuite/../../include -I/home/ghazi/gcc-testing/45/egcc-SVN20091222/gcc/testsuite/../../libcpp/include -I/opt/cfarm/gmp-4.2.4/include -I/opt/cfarm/mpfr-2.4.1/include -I/home/ghazi/gcc-testing/lib/mpc081/include -DIN_GCC -fPIC -shared
UNRESOLVED: dumb_plugin.c compilation, -I. -I/home/ghazi/gcc-testing/45/egcc-SVN20091222/gcc/testsuite -I/home/ghazi/gcc-testing/45/egcc-SVN20091222/gcc/testsuite/../../gcc -I/home/ghazi/gcc-testing/45/build/gcc/testsuite/g++/../../../gcc -I/home/ghazi/gcc-testing/45/egcc-SVN20091222/gcc/testsuite/../../include -I/home/ghazi/gcc-testing/45/egcc-SVN20091222/gcc/testsuite/../../libcpp/include -I/opt/cfarm/gmp-4.2.4/include -I/opt/cfarm/mpfr-2.4.1/include -I/home/ghazi/gcc-testing/lib/mpc081/include -DIN_GCC -fPIC -shared
=== g++ Summary for unix/-m32/-fPIC ===
# of expected passes 21628
# of expected failures 145
# of unresolved testcases 2
# of unsupported tests 117
Running target unix/-m32/-fpic
UNRESOLVED: attribute_plugin.c compilation, -I. -I/home/ghazi/gcc-testing/45/egcc-SVN20091222/gcc/testsuite -I/home/ghazi/gcc-testing/45/egcc-SVN20091222/gcc/testsuite/../../gcc -I/home/ghazi/gcc-testing/45/build/gcc/testsuite/g++/../../../gcc -I/home/ghazi/gcc-testing/45/egcc-SVN20091222/gcc/testsuite/../../include -I/home/ghazi/gcc-testing/45/egcc-SVN20091222/gcc/testsuite/../../libcpp/include -I/opt/cfarm/gmp-4.2.4/include -I/opt/cfarm/mpfr-2.4.1/include -I/home/ghazi/gcc-testing/lib/mpc081/include -DIN_GCC -fPIC -shared
UNRESOLVED: dumb_plugin.c compilation, -I. -I/home/ghazi/gcc-testing/45/egcc-SVN20091222/gcc/testsuite -I/home/ghazi/gcc-testing/45/egcc-SVN20091222/gcc/testsuite/../../gcc -I/home/ghazi/gcc-testing/45/build/gcc/testsuite/g++/../../../gcc -I/home/ghazi/gcc-testing/45/egcc-SVN20091222/gcc/testsuite/../../include -I/home/ghazi/gcc-testing/45/egcc-SVN20091222/gcc/testsuite/../../libcpp/include -I/opt/cfarm/gmp-4.2.4/include -I/opt/cfarm/mpfr-2.4.1/include -I/home/ghazi/gcc-testing/lib/mpc081/include -DIN_GCC -fPIC -shared
=== g++ Summary for unix/-m32/-fpic ===
# of expected passes 21628
# of expected failures 145
# of unresolved testcases 2
# of unsupported tests 117
Running target unix/-m32
UNRESOLVED: attribute_plugin.c compilation, -I. -I/home/ghazi/gcc-testing/45/egcc-SVN20091222/gcc/testsuite -I/home/ghazi/gcc-testing/45/egcc-SVN20091222/gcc/testsuite/../../gcc -I/home/ghazi/gcc-testing/45/build/gcc/testsuite/g++/../../../gcc -I/home/ghazi/gcc-testing/45/egcc-SVN20091222/gcc/testsuite/../../include -I/home/ghazi/gcc-testing/45/egcc-SVN20091222/gcc/testsuite/../../libcpp/include -I/opt/cfarm/gmp-4.2.4/include -I/opt/cfarm/mpfr-2.4.1/include -I/home/ghazi/gcc-testing/lib/mpc081/include -DIN_GCC -fPIC -shared
UNRESOLVED: dumb_plugin.c compilation, -I. -I/home/ghazi/gcc-testing/45/egcc-SVN20091222/gcc/testsuite -I/home/ghazi/gcc-testing/45/egcc-SVN20091222/gcc/testsuite/../../gcc -I/home/ghazi/gcc-testing/45/build/gcc/testsuite/g++/../../../gcc -I/home/ghazi/gcc-testing/45/egcc-SVN20091222/gcc/testsuite/../../include -I/home/ghazi/gcc-testing/45/egcc-SVN20091222/gcc/testsuite/../../libcpp/include -I/opt/cfarm/gmp-4.2.4/include -I/opt/cfarm/mpfr-2.4.1/include -I/home/ghazi/gcc-testing/lib/mpc081/include -DIN_GCC -fPIC -shared
=== g++ Summary for unix/-m32 ===
# of expected passes 21630
# of expected failures 145
# of unresolved testcases 2
# of unsupported tests 115
Running target unix/-fPIC
UNRESOLVED: attribute_plugin.c compilation, -I. -I/home/ghazi/gcc-testing/45/egcc-SVN20091222/gcc/testsuite -I/home/ghazi/gcc-testing/45/egcc-SVN20091222/gcc/testsuite/../../gcc -I/home/ghazi/gcc-testing/45/build/gcc/testsuite/g++/../../../gcc -I/home/ghazi/gcc-testing/45/egcc-SVN20091222/gcc/testsuite/../../include -I/home/ghazi/gcc-testing/45/egcc-SVN20091222/gcc/testsuite/../../libcpp/include -I/opt/cfarm/gmp-4.2.4/include -I/opt/cfarm/mpfr-2.4.1/include -I/home/ghazi/gcc-testing/lib/mpc081/include -DIN_GCC -fPIC -shared
UNRESOLVED: dumb_plugin.c compilation, -I. -I/home/ghazi/gcc-testing/45/egcc-SVN20091222/gcc/testsuite -I/home/ghazi/gcc-testing/45/egcc-SVN20091222/gcc/testsuite/../../gcc -I/home/ghazi/gcc-testing/45/build/gcc/testsuite/g++/../../../gcc -I/home/ghazi/gcc-testing/45/egcc-SVN20091222/gcc/testsuite/../../include -I/home/ghazi/gcc-testing/45/egcc-SVN20091222/gcc/testsuite/../../libcpp/include -I/opt/cfarm/gmp-4.2.4/include -I/opt/cfarm/mpfr-2.4.1/include -I/home/ghazi/gcc-testing/lib/mpc081/include -DIN_GCC -fPIC -shared
=== g++ Summary for unix/-fPIC ===
# of expected passes 21303
# of expected failures 145
# of unresolved testcases 2
# of unsupported tests 267
Running target unix/-fpic
UNRESOLVED: attribute_plugin.c compilation, -I. -I/home/ghazi/gcc-testing/45/egcc-SVN20091222/gcc/testsuite -I/home/ghazi/gcc-testing/45/egcc-SVN20091222/gcc/testsuite/../../gcc -I/home/ghazi/gcc-testing/45/build/gcc/testsuite/g++/../../../gcc -I/home/ghazi/gcc-testing/45/egcc-SVN20091222/gcc/testsuite/../../include -I/home/ghazi/gcc-testing/45/egcc-SVN20091222/gcc/testsuite/../../libcpp/include -I/opt/cfarm/gmp-4.2.4/include -I/opt/cfarm/mpfr-2.4.1/include -I/home/ghazi/gcc-testing/lib/mpc081/include -DIN_GCC -fPIC -shared
UNRESOLVED: dumb_plugin.c compilation, -I. -I/home/ghazi/gcc-testing/45/egcc-SVN20091222/gcc/testsuite -I/home/ghazi/gcc-testing/45/egcc-SVN20091222/gcc/testsuite/../../gcc -I/home/ghazi/gcc-testing/45/build/gcc/testsuite/g++/../../../gcc -I/home/ghazi/gcc-testing/45/egcc-SVN20091222/gcc/testsuite/../../include -I/home/ghazi/gcc-testing/45/egcc-SVN20091222/gcc/testsuite/../../libcpp/include -I/opt/cfarm/gmp-4.2.4/include -I/opt/cfarm/mpfr-2.4.1/include -I/home/ghazi/gcc-testing/lib/mpc081/include -DIN_GCC -fPIC -shared
=== g++ Summary for unix/-fpic ===
# of expected passes 21303
# of expected failures 145
# of unresolved testcases 2
# of unsupported tests 267
Running target unix
UNRESOLVED: attribute_plugin.c compilation, -I. -I/home/ghazi/gcc-testing/45/egcc-SVN20091222/gcc/testsuite -I/home/ghazi/gcc-testing/45/egcc-SVN20091222/gcc/testsuite/../../gcc -I/home/ghazi/gcc-testing/45/build/gcc/testsuite/g++/../../../gcc -I/home/ghazi/gcc-testing/45/egcc-SVN20091222/gcc/testsuite/../../include -I/home/ghazi/gcc-testing/45/egcc-SVN20091222/gcc/testsuite/../../libcpp/include -I/opt/cfarm/gmp-4.2.4/include -I/opt/cfarm/mpfr-2.4.1/include -I/home/ghazi/gcc-testing/lib/mpc081/include -DIN_GCC -fPIC -shared
UNRESOLVED: dumb_plugin.c compilation, -I. -I/home/ghazi/gcc-testing/45/egcc-SVN20091222/gcc/testsuite -I/home/ghazi/gcc-testing/45/egcc-SVN20091222/gcc/testsuite/../../gcc -I/home/ghazi/gcc-testing/45/build/gcc/testsuite/g++/../../../gcc -I/home/ghazi/gcc-testing/45/egcc-SVN20091222/gcc/testsuite/../../include -I/home/ghazi/gcc-testing/45/egcc-SVN20091222/gcc/testsuite/../../libcpp/include -I/opt/cfarm/gmp-4.2.4/include -I/opt/cfarm/mpfr-2.4.1/include -I/home/ghazi/gcc-testing/lib/mpc081/include -DIN_GCC -fPIC -shared
=== g++ Summary for unix ===
# of expected passes 21303
# of expected failures 145
# of unresolved testcases 2
# of unsupported tests 267
=== g++ Summary ===
# of expected passes 128795
# of expected failures 870
# of unresolved testcases 12
# of unsupported tests 1150
/home/ghazi/gcc-testing/45/build/gcc/testsuite/g++/../../g++ version 4.5.0 20091222 (experimental) [trunk revision 155386] (GCC)
=== gcc tests ===
Running target unix/-m32/-fPIC
XPASS: gcc.dg/Warray-bounds.c (test for warnings, line 59)
XPASS: gcc.dg/Warray-bounds.c (test for warnings, line 65)
XPASS: gcc.dg/Wunreachable-8.c (test for bogus messages, line 7)
XPASS: gcc.dg/uninit-6.c uninitialized variable warning (test for bogus messages, line 42)
XPASS: gcc.dg/guality/example.c -O0 execution test
XPASS: gcc.dg/guality/pr41353-1.c -O0 line 28 j == 28 + 37
XPASS: gcc.dg/guality/pr41447-1.c -O0 execution test
XPASS: gcc.dg/guality/pr41616-1.c -O0 execution test
XPASS: gcc.dg/struct/wo_prof_array_through_pointer.c scan-ipa-dump ipa_struct_reorg "Number of structures to transform is 1"
=== gcc Summary for unix/-m32/-fPIC ===
# of expected passes 59636
# of unexpected successes 9
# of expected failures 204
# of unsupported tests 1097
Running target unix/-m32/-fpic
XPASS: gcc.dg/Warray-bounds.c (test for warnings, line 59)
XPASS: gcc.dg/Warray-bounds.c (test for warnings, line 65)
XPASS: gcc.dg/Wunreachable-8.c (test for bogus messages, line 7)
XPASS: gcc.dg/uninit-6.c uninitialized variable warning (test for bogus messages, line 42)
XPASS: gcc.dg/guality/example.c -O0 execution test
XPASS: gcc.dg/guality/pr41353-1.c -O0 line 28 j == 28 + 37
XPASS: gcc.dg/guality/pr41447-1.c -O0 execution test
XPASS: gcc.dg/guality/pr41616-1.c -O0 execution test
XPASS: gcc.dg/struct/wo_prof_array_through_pointer.c scan-ipa-dump ipa_struct_reorg "Number of structures to transform is 1"
=== gcc Summary for unix/-m32/-fpic ===
# of expected passes 59636
# of unexpected successes 9
# of expected failures 204
# of unsupported tests 1097
Running target unix/-m32
XPASS: gcc.dg/Warray-bounds.c (test for warnings, line 59)
XPASS: gcc.dg/Warray-bounds.c (test for warnings, line 65)
XPASS: gcc.dg/Wunreachable-8.c (test for bogus messages, line 7)
FAIL: gcc.dg/pr34668-1.c (internal compiler error)
FAIL: gcc.dg/pr34668-1.c (test for excess errors)
XPASS: gcc.dg/uninit-6.c uninitialized variable warning (test for bogus messages, line 42)
XPASS: gcc.dg/guality/example.c -O0 execution test
XPASS: gcc.dg/guality/pr41353-1.c -O0 line 28 j == 28 + 37
XPASS: gcc.dg/guality/pr41447-1.c -O0 execution test
XPASS: gcc.dg/guality/pr41616-1.c -O0 execution test
XPASS: gcc.dg/struct/wo_prof_array_through_pointer.c scan-ipa-dump ipa_struct_reorg "Number of structures to transform is 1"
=== gcc Summary for unix/-m32 ===
# of expected passes 59754
# of unexpected failures 2
# of unexpected successes 9
# of expected failures 204
# of unsupported tests 1053
Running target unix/-fPIC
XPASS: gcc.dg/Warray-bounds.c (test for warnings, line 59)
XPASS: gcc.dg/Warray-bounds.c (test for warnings, line 65)
XPASS: gcc.dg/Wunreachable-8.c (test for bogus messages, line 7)
XPASS: gcc.dg/uninit-6.c uninitialized variable warning (test for bogus messages, line 42)
XPASS: gcc.dg/guality/example.c -O0 execution test
XPASS: gcc.dg/guality/guality.c -O0 execution test
XPASS: gcc.dg/guality/guality.c -O1 execution test
XPASS: gcc.dg/guality/guality.c -O2 execution test
XPASS: gcc.dg/guality/guality.c -O3 -fomit-frame-pointer execution test
XPASS: gcc.dg/guality/guality.c -O3 -g execution test
XPASS: gcc.dg/guality/guality.c -Os execution test
XPASS: gcc.dg/guality/pr41353-1.c -O0 line 28 j == 28 + 37
XPASS: gcc.dg/guality/pr41447-1.c -O0 execution test
XPASS: gcc.dg/guality/pr41616-1.c -O0 execution test
XPASS: gcc.dg/struct/wo_prof_array_through_pointer.c scan-ipa-dump ipa_struct_reorg "Number of structures to transform is 1"
=== gcc Summary for unix/-fPIC ===
# of expected passes 59231
# of unexpected successes 15
# of expected failures 197
# of unsupported tests 1387
Running target unix/-fpic
XPASS: gcc.dg/Warray-bounds.c (test for warnings, line 59)
XPASS: gcc.dg/Warray-bounds.c (test for warnings, line 65)
XPASS: gcc.dg/Wunreachable-8.c (test for bogus messages, line 7)
XPASS: gcc.dg/uninit-6.c uninitialized variable warning (test for bogus messages, line 42)
XPASS: gcc.dg/guality/example.c -O0 execution test
XPASS: gcc.dg/guality/guality.c -O0 execution test
XPASS: gcc.dg/guality/guality.c -O1 execution test
XPASS: gcc.dg/guality/guality.c -O2 execution test
XPASS: gcc.dg/guality/guality.c -O3 -fomit-frame-pointer execution test
XPASS: gcc.dg/guality/guality.c -O3 -g execution test
XPASS: gcc.dg/guality/guality.c -Os execution test
XPASS: gcc.dg/guality/pr41353-1.c -O0 line 28 j == 28 + 37
XPASS: gcc.dg/guality/pr41447-1.c -O0 execution test
XPASS: gcc.dg/guality/pr41616-1.c -O0 execution test
XPASS: gcc.dg/struct/wo_prof_array_through_pointer.c scan-ipa-dump ipa_struct_reorg "Number of structures to transform is 1"
=== gcc Summary for unix/-fpic ===
# of expected passes 59231
# of unexpected successes 15
# of expected failures 197
# of unsupported tests 1387
Running target unix
XPASS: gcc.dg/Warray-bounds.c (test for warnings, line 59)
XPASS: gcc.dg/Warray-bounds.c (test for warnings, line 65)
XPASS: gcc.dg/Wunreachable-8.c (test for bogus messages, line 7)
FAIL: gcc.dg/pr34668-1.c (internal compiler error)
FAIL: gcc.dg/pr34668-1.c (test for excess errors)
XPASS: gcc.dg/uninit-6.c uninitialized variable warning (test for bogus messages, line 42)
XPASS: gcc.dg/guality/example.c -O0 execution test
XPASS: gcc.dg/guality/example.c -O1 execution test
XPASS: gcc.dg/guality/example.c -O2 execution test
XPASS: gcc.dg/guality/guality.c -O0 execution test
XPASS: gcc.dg/guality/guality.c -O1 execution test
XPASS: gcc.dg/guality/guality.c -O2 execution test
XPASS: gcc.dg/guality/guality.c -O3 -fomit-frame-pointer execution test
XPASS: gcc.dg/guality/guality.c -O3 -g execution test
XPASS: gcc.dg/guality/guality.c -Os execution test
XPASS: gcc.dg/guality/pr41353-1.c -O0 line 28 j == 28 + 37
XPASS: gcc.dg/guality/pr41447-1.c -O0 execution test
XPASS: gcc.dg/guality/pr41616-1.c -O0 execution test
XPASS: gcc.dg/struct/wo_prof_array_through_pointer.c scan-ipa-dump ipa_struct_reorg "Number of structures to transform is 1"
=== gcc Summary for unix ===
# of expected passes 59315
# of unexpected failures 2
# of unexpected successes 17
# of expected failures 195
# of unsupported tests 1362
=== gcc Summary ===
# of expected passes 356803
# of unexpected failures 4
# of unexpected successes 74
# of expected failures 1201
# of unsupported tests 7383
/home/ghazi/gcc-testing/45/build/gcc/xgcc version 4.5.0 20091222 (experimental) [trunk revision 155386] (GCC)
=== gfortran tests ===
Running target unix/-m32/-fPIC
=== gfortran Summary for unix/-m32/-fPIC ===
# of expected passes 33099
# of expected failures 22
# of unsupported tests 126
Running target unix/-m32/-fpic
=== gfortran Summary for unix/-m32/-fpic ===
# of expected passes 33099
# of expected failures 22
# of unsupported tests 126
Running target unix/-m32
=== gfortran Summary for unix/-m32 ===
# of expected passes 33099
# of expected failures 22
# of unsupported tests 126
Running target unix/-fPIC
=== gfortran Summary for unix/-fPIC ===
# of expected passes 33244
# of expected failures 22
# of unsupported tests 58
Running target unix/-fpic
=== gfortran Summary for unix/-fpic ===
# of expected passes 33244
# of expected failures 22
# of unsupported tests 58
Running target unix
=== gfortran Summary for unix ===
# of expected passes 33244
# of expected failures 22
# of unsupported tests 58
=== gfortran Summary ===
# of expected passes 199029
# of expected failures 132
# of unsupported tests 552
/home/ghazi/gcc-testing/45/build/gcc/testsuite/gfortran/../../gfortran version 4.5.0 20091222 (experimental) [trunk revision 155386] (GCC)
=== obj-c++ tests ===
Running target unix/-m32/-fPIC
UNRESOLVED: obj-c++.dg/lookup-2.mm compilation failed to produce executable
UNRESOLVED: obj-c++.dg/try-catch-2.mm compilation failed to produce executable
UNRESOLVED: obj-c++.dg/try-catch-9.mm compilation failed to produce executable
=== obj-c++ Summary for unix/-m32/-fPIC ===
# of expected passes 438
# of expected failures 10
# of unresolved testcases 3
# of unsupported tests 13
Running target unix/-m32/-fpic
UNRESOLVED: obj-c++.dg/lookup-2.mm compilation failed to produce executable
UNRESOLVED: obj-c++.dg/try-catch-2.mm compilation failed to produce executable
UNRESOLVED: obj-c++.dg/try-catch-9.mm compilation failed to produce executable
=== obj-c++ Summary for unix/-m32/-fpic ===
# of expected passes 438
# of expected failures 10
# of unresolved testcases 3
# of unsupported tests 13
Running target unix/-m32
UNRESOLVED: obj-c++.dg/lookup-2.mm compilation failed to produce executable
UNRESOLVED: obj-c++.dg/try-catch-2.mm compilation failed to produce executable
UNRESOLVED: obj-c++.dg/try-catch-9.mm compilation failed to produce executable
=== obj-c++ Summary for unix/-m32 ===
# of expected passes 438
# of expected failures 10
# of unresolved testcases 3
# of unsupported tests 13
Running target unix/-fPIC
UNRESOLVED: obj-c++.dg/lookup-2.mm compilation failed to produce executable
UNRESOLVED: obj-c++.dg/try-catch-2.mm compilation failed to produce executable
UNRESOLVED: obj-c++.dg/try-catch-9.mm compilation failed to produce executable
=== obj-c++ Summary for unix/-fPIC ===
# of expected passes 430
# of expected failures 18
# of unresolved testcases 3
# of unsupported tests 13
Running target unix/-fpic
UNRESOLVED: obj-c++.dg/lookup-2.mm compilation failed to produce executable
UNRESOLVED: obj-c++.dg/try-catch-2.mm compilation failed to produce executable
UNRESOLVED: obj-c++.dg/try-catch-9.mm compilation failed to produce executable
=== obj-c++ Summary for unix/-fpic ===
# of expected passes 430
# of expected failures 18
# of unresolved testcases 3
# of unsupported tests 13
Running target unix
UNRESOLVED: obj-c++.dg/lookup-2.mm compilation failed to produce executable
UNRESOLVED: obj-c++.dg/try-catch-2.mm compilation failed to produce executable
UNRESOLVED: obj-c++.dg/try-catch-9.mm compilation failed to produce executable
=== obj-c++ Summary for unix ===
# of expected passes 430
# of expected failures 18
# of unresolved testcases 3
# of unsupported tests 13
=== obj-c++ Summary ===
# of expected passes 2604
# of expected failures 84
# of unresolved testcases 18
# of unsupported tests 78
/home/ghazi/gcc-testing/45/build/gcc/testsuite/obj-c++/../../g++ version 4.5.0 20091222 (experimental) [trunk revision 155386] (GCC)
=== objc tests ===
Running target unix/-m32/-fPIC
=== objc Summary for unix/-m32/-fPIC ===
# of expected passes 1875
# of expected failures 7
# of unsupported tests 24
Running target unix/-m32/-fpic
=== objc Summary for unix/-m32/-fpic ===
# of expected passes 1875
# of expected failures 7
# of unsupported tests 24
Running target unix/-m32
=== objc Summary for unix/-m32 ===
# of expected passes 1875
# of expected failures 7
# of unsupported tests 24
Running target unix/-fPIC
=== objc Summary for unix/-fPIC ===
# of expected passes 1867
# of expected failures 15
# of unsupported tests 24
Running target unix/-fpic
=== objc Summary for unix/-fpic ===
# of expected passes 1867
# of expected failures 15
# of unsupported tests 24
Running target unix
=== objc Summary for unix ===
# of expected passes 1867
# of expected failures 15
# of unsupported tests 24
=== objc Summary ===
# of expected passes 11226
# of expected failures 66
# of unsupported tests 144
/home/ghazi/gcc-testing/45/build/gcc/xgcc version 4.5.0 20091222 (experimental) [trunk revision 155386] (GCC)
=== libffi tests ===
Running target unix/-m32/-fPIC
=== libffi Summary for unix/-m32/-fPIC ===
# of expected passes 1609
# of expected failures 10
# of unsupported tests 15
Running target unix/-m32/-fpic
=== libffi Summary for unix/-m32/-fpic ===
# of expected passes 1609
# of expected failures 10
# of unsupported tests 15
Running target unix/-m32
=== libffi Summary for unix/-m32 ===
# of expected passes 1609
# of expected failures 10
# of unsupported tests 15
Running target unix/-fPIC
=== libffi Summary for unix/-fPIC ===
# of expected passes 1609
# of expected failures 10
# of unsupported tests 15
Running target unix/-fpic
=== libffi Summary for unix/-fpic ===
# of expected passes 1609
# of expected failures 10
# of unsupported tests 15
Running target unix
=== libffi Summary for unix ===
# of expected passes 1609
# of expected failures 10
# of unsupported tests 15
=== libffi Summary ===
# of expected passes 9654
# of expected failures 60
# of unsupported tests 90
=== libgomp tests ===
Running target unix/-m32/-fPIC
=== libgomp Summary for unix/-m32/-fPIC ===
# of expected passes 2426
Running target unix/-m32/-fpic
=== libgomp Summary for unix/-m32/-fpic ===
# of expected passes 2426
Running target unix/-m32
=== libgomp Summary for unix/-m32 ===
# of expected passes 2426
Running target unix/-fPIC
=== libgomp Summary for unix/-fPIC ===
# of expected passes 2426
Running target unix/-fpic
=== libgomp Summary for unix/-fpic ===
# of expected passes 2426
Running target unix
=== libgomp Summary for unix ===
# of expected passes 2426
=== libgomp Summary ===
# of expected passes 14556
=== libjava tests ===
Running target unix/-m32/-fPIC
=== libjava Summary for unix/-m32/-fPIC ===
# of expected passes 2574
Running target unix/-m32/-fpic
=== libjava Summary for unix/-m32/-fpic ===
# of expected passes 2574
Running target unix/-m32
=== libjava Summary for unix/-m32 ===
# of expected passes 2574
Running target unix/-fPIC
=== libjava Summary for unix/-fPIC ===
# of expected passes 2574
Running target unix/-fpic
=== libjava Summary for unix/-fpic ===
# of expected passes 2574
Running target unix
=== libjava Summary for unix ===
# of expected passes 2574
=== libjava Summary ===
# of expected passes 15444
=== libmudflap tests ===
Running target unix/-m32/-fPIC
FAIL: libmudflap.c++/pass41-frag.cxx execution test
FAIL: libmudflap.c++/pass41-frag.cxx (-static) execution test
FAIL: libmudflap.c++/pass41-frag.cxx ( -O) execution test
FAIL: libmudflap.c++/pass41-frag.cxx (-O2) execution test
FAIL: libmudflap.c++/pass41-frag.cxx (-O3) execution test
=== libmudflap Summary for unix/-m32/-fPIC ===
# of expected passes 1889
# of unexpected failures 5
Running target unix/-m32/-fpic
FAIL: libmudflap.c++/pass41-frag.cxx execution test
FAIL: libmudflap.c++/pass41-frag.cxx (-static) execution test
FAIL: libmudflap.c++/pass41-frag.cxx ( -O) execution test
FAIL: libmudflap.c++/pass41-frag.cxx (-O2) execution test
FAIL: libmudflap.c++/pass41-frag.cxx (-O3) execution test
=== libmudflap Summary for unix/-m32/-fpic ===
# of expected passes 1889
# of unexpected failures 5
Running target unix/-m32
FAIL: libmudflap.c/fail31-frag.c (-O3) output pattern test
FAIL: libmudflap.c/pass45-frag.c (-O3) execution test
FAIL: libmudflap.c/pass45-frag.c (-O3) output pattern test
FAIL: libmudflap.c/pass45-frag.c (-O3) execution test
FAIL: libmudflap.c/pass45-frag.c (-O3) output pattern test
FAIL: libmudflap.c++/pass41-frag.cxx execution test
FAIL: libmudflap.c++/pass41-frag.cxx (-static) execution test
FAIL: libmudflap.c++/pass41-frag.cxx ( -O) execution test
FAIL: libmudflap.c++/pass41-frag.cxx (-O2) execution test
FAIL: libmudflap.c++/pass41-frag.cxx (-O3) execution test
=== libmudflap Summary for unix/-m32 ===
# of expected passes 1884
# of unexpected failures 10
Running target unix/-fPIC
FAIL: libmudflap.c++/pass41-frag.cxx execution test
FAIL: libmudflap.c++/pass41-frag.cxx (-static) execution test
FAIL: libmudflap.c++/pass41-frag.cxx ( -O) execution test
FAIL: libmudflap.c++/pass41-frag.cxx (-O2) execution test
FAIL: libmudflap.c++/pass41-frag.cxx (-O3) execution test
WARNING: program timed out.
FAIL: libmudflap.cth/pass39-frag.c (-O3) (rerun 14) execution test
FAIL: libmudflap.cth/pass39-frag.c (-O3) (rerun 14) output pattern test
=== libmudflap Summary for unix/-fPIC ===
# of expected passes 1887
# of unexpected failures 7
Running target unix/-fpic
FAIL: libmudflap.c++/pass41-frag.cxx execution test
FAIL: libmudflap.c++/pass41-frag.cxx (-static) execution test
FAIL: libmudflap.c++/pass41-frag.cxx ( -O) execution test
FAIL: libmudflap.c++/pass41-frag.cxx (-O2) execution test
FAIL: libmudflap.c++/pass41-frag.cxx (-O3) execution test
=== libmudflap Summary for unix/-fpic ===
# of expected passes 1889
# of unexpected failures 5
Running target unix
FAIL: libmudflap.c/fail31-frag.c (-O3) output pattern test
FAIL: libmudflap.c/pass45-frag.c (-O3) execution test
FAIL: libmudflap.c/pass45-frag.c (-O3) output pattern test
FAIL: libmudflap.c/pass45-frag.c (-O3) execution test
FAIL: libmudflap.c/pass45-frag.c (-O3) output pattern test
FAIL: libmudflap.c++/pass41-frag.cxx execution test
FAIL: libmudflap.c++/pass41-frag.cxx (-static) execution test
FAIL: libmudflap.c++/pass41-frag.cxx ( -O) execution test
FAIL: libmudflap.c++/pass41-frag.cxx (-O2) execution test
FAIL: libmudflap.c++/pass41-frag.cxx (-O3) execution test
=== libmudflap Summary for unix ===
# of expected passes 1884
# of unexpected failures 10
=== libmudflap Summary ===
# of expected passes 11322
# of unexpected failures 42
=== libstdc++ tests ===
Running target unix/-m32/-fPIC
FAIL: 22_locale/time_get/get_date/wchar_t/4.cc execution test
XPASS: 26_numerics/headers/cmath/c99_classification_macros_c.cc (test for excess errors)
FAIL: 29_atomics/atomic_flag/clear/1.cc (test for excess errors)
UNRESOLVED: 29_atomics/atomic_flag/clear/1.cc compilation failed to produce executable
FAIL: 29_atomics/atomic_flag/test_and_set/explicit.cc (test for excess errors)
UNRESOLVED: 29_atomics/atomic_flag/test_and_set/explicit.cc compilation failed to produce executable
FAIL: 29_atomics/atomic_flag/test_and_set/implicit.cc (test for excess errors)
UNRESOLVED: 29_atomics/atomic_flag/test_and_set/implicit.cc compilation failed to produce executable
=== libstdc++ Summary for unix/-m32/-fPIC ===
# of expected passes 7227
# of unexpected failures 4
# of unexpected successes 1
# of expected failures 91
# of unresolved testcases 3
# of unsupported tests 83
Running target unix/-m32/-fpic
FAIL: 22_locale/time_get/get_date/wchar_t/4.cc execution test
XPASS: 26_numerics/headers/cmath/c99_classification_macros_c.cc (test for excess errors)
FAIL: 29_atomics/atomic_flag/clear/1.cc (test for excess errors)
UNRESOLVED: 29_atomics/atomic_flag/clear/1.cc compilation failed to produce executable
FAIL: 29_atomics/atomic_flag/test_and_set/explicit.cc (test for excess errors)
UNRESOLVED: 29_atomics/atomic_flag/test_and_set/explicit.cc compilation failed to produce executable
FAIL: 29_atomics/atomic_flag/test_and_set/implicit.cc (test for excess errors)
UNRESOLVED: 29_atomics/atomic_flag/test_and_set/implicit.cc compilation failed to produce executable
=== libstdc++ Summary for unix/-m32/-fpic ===
# of expected passes 7227
# of unexpected failures 4
# of unexpected successes 1
# of expected failures 91
# of unresolved testcases 3
# of unsupported tests 83
Running target unix/-m32
FAIL: 22_locale/time_get/get_date/wchar_t/4.cc execution test
XPASS: 26_numerics/headers/cmath/c99_classification_macros_c.cc (test for excess errors)
FAIL: 29_atomics/atomic_flag/clear/1.cc (test for excess errors)
UNRESOLVED: 29_atomics/atomic_flag/clear/1.cc compilation failed to produce executable
FAIL: 29_atomics/atomic_flag/test_and_set/explicit.cc (test for excess errors)
UNRESOLVED: 29_atomics/atomic_flag/test_and_set/explicit.cc compilation failed to produce executable
FAIL: 29_atomics/atomic_flag/test_and_set/implicit.cc (test for excess errors)
UNRESOLVED: 29_atomics/atomic_flag/test_and_set/implicit.cc compilation failed to produce executable
=== libstdc++ Summary for unix/-m32 ===
# of expected passes 7227
# of unexpected failures 4
# of unexpected successes 1
# of expected failures 91
# of unresolved testcases 3
# of unsupported tests 83
Running target unix/-fPIC
FAIL: 22_locale/time_get/get_date/wchar_t/4.cc execution test
XPASS: 26_numerics/headers/cmath/c99_classification_macros_c.cc (test for excess errors)
=== libstdc++ Summary for unix/-fPIC ===
# of expected passes 7378
# of unexpected failures 1
# of unexpected successes 1
# of expected failures 93
# of unsupported tests 13
Running target unix/-fpic
FAIL: 22_locale/time_get/get_date/wchar_t/4.cc execution test
XPASS: 26_numerics/headers/cmath/c99_classification_macros_c.cc (test for excess errors)
=== libstdc++ Summary for unix/-fpic ===
# of expected passes 7378
# of unexpected failures 1
# of unexpected successes 1
# of expected failures 93
# of unsupported tests 13
Running target unix
FAIL: 22_locale/time_get/get_date/wchar_t/4.cc execution test
XPASS: 26_numerics/headers/cmath/c99_classification_macros_c.cc (test for excess errors)
=== libstdc++ Summary for unix ===
# of expected passes 7378
# of unexpected failures 1
# of unexpected successes 1
# of expected failures 93
# of unsupported tests 13
=== libstdc++ Summary ===
# of expected passes 43815
# of unexpected failures 15
# of unexpected successes 6
# of expected failures 552
# of unresolved testcases 9
# of unsupported tests 288
Compiler version: 4.5.0 20091222 (experimental) [trunk revision 155386] (GCC)
Platform: x86_64-unknown-linux-gnu
configure flags: --enable-languages=c,c++,objc,f95,obj-c++,java --with-mpc=/home/ghazi/gcc-testing/lib/mpc081 --with-mpfr=/opt/cfarm/mpfr-2.4.1 --with-gmp=/opt/cfarm/gmp-4.2.4