This is the mail archive of the
gcc-testresults@gcc.gnu.org
mailing list for the GCC project.
Results for 4.5.0 20091220 (experimental) [trunk revision 155367] (Debian 4.5-20091220-1) testsuite on i486-pc-linux-gnu
- From: Matthias Klose <doko at debian dot org>
- To: gcc-testresults at gcc dot gnu dot org
- Cc: debian-gcc at lists dot debian dot org
- Date: Mon, 21 Dec 2009 17:54:20 +0000
- Subject: Results for 4.5.0 20091220 (experimental) [trunk revision 155367] (Debian 4.5-20091220-1) testsuite on i486-pc-linux-gnu
- Reply-to: Matthias Klose <doko at debian dot org>
LAST_UPDATED: Sun Dec 20 09:50:36 UTC 2009 (revision 155367)
Target: i486-linux-gnu
gcc version 4.5.0 20091220 (experimental) [trunk revision 155367] (Debian 4.5-20091220-1)
Native configuration is i486-pc-linux-gnu
=== g++ tests ===
Running target unix
=== g++ Summary for unix ===
# of expected passes 22466
# of expected failures 147
# of unsupported tests 110
Running target unix/-fstack-protector
=== g++ Summary for unix/-fstack-protector ===
# of expected passes 22466
# of expected failures 147
# of unsupported tests 110
Running target unix/-m64
=== g++ Summary for unix/-m64 ===
# of expected passes 22070
# of expected failures 147
# of unsupported tests 299
=== g++ Summary ===
# of expected passes 67002
# of expected failures 441
# of unsupported tests 519
/scratch/packages/gcc/4.5/gcc-4.5-4.5-20091220/build/gcc/testsuite/g++/../../g++ version 4.5.0 20091220 (experimental) [trunk revision 155367] (Debian 4.5-20091220-1)
=== gcc tests ===
Running target unix
XPASS: gcc.dg/Warray-bounds.c (test for warnings, line 59)
XPASS: gcc.dg/Warray-bounds.c (test for warnings, line 65)
XPASS: gcc.dg/Wunreachable-8.c (test for bogus messages, line 7)
XPASS: gcc.dg/uninit-6.c uninitialized variable warning (test for bogus messages, line 42)
XPASS: gcc.dg/struct/wo_prof_array_through_pointer.c scan-ipa-dump ipa_struct_reorg "Number of structures to transform is 1"
=== gcc Summary for unix ===
# of expected passes 70842
# of unexpected successes 5
# of expected failures 179
# of unsupported tests 575
Running target unix/-fstack-protector
XPASS: gcc.dg/Warray-bounds.c (test for warnings, line 59)
XPASS: gcc.dg/Warray-bounds.c (test for warnings, line 65)
XPASS: gcc.dg/Wunreachable-8.c (test for bogus messages, line 7)
XPASS: gcc.dg/uninit-6.c uninitialized variable warning (test for bogus messages, line 42)
XPASS: gcc.dg/struct/wo_prof_array_through_pointer.c scan-ipa-dump ipa_struct_reorg "Number of structures to transform is 1"
=== gcc Summary for unix/-fstack-protector ===
# of expected passes 70842
# of unexpected successes 5
# of expected failures 179
# of unsupported tests 575
Running target unix/-m64
XPASS: gcc.dg/Warray-bounds.c (test for warnings, line 59)
XPASS: gcc.dg/Warray-bounds.c (test for warnings, line 65)
XPASS: gcc.dg/Wunreachable-8.c (test for bogus messages, line 7)
XPASS: gcc.dg/uninit-6.c uninitialized variable warning (test for bogus messages, line 42)
XPASS: gcc.dg/struct/wo_prof_array_through_pointer.c scan-ipa-dump ipa_struct_reorg "Number of structures to transform is 1"
=== gcc Summary for unix/-m64 ===
# of expected passes 70374
# of unexpected successes 5
# of expected failures 178
# of unsupported tests 928
=== gcc Summary ===
# of expected passes 212058
# of unexpected successes 15
# of expected failures 536
# of unsupported tests 2078
/scratch/packages/gcc/4.5/gcc-4.5-4.5-20091220/build/gcc/xgcc version 4.5.0 20091220 (experimental) [trunk revision 155367] (Debian 4.5-20091220-1)
=== gfortran tests ===
Running target unix
FAIL: gfortran.dg/graphite/pr42285.f90 -O (internal compiler error)
FAIL: gfortran.dg/graphite/pr42285.f90 -O (test for excess errors)
FAIL: gfortran.dg/lto/pr40725 f_lto_pr40725_0.o-f_lto_pr40725_1.o execute -O2 -fwhopr
FAIL: gfortran.dg/lto/pr40725 f_lto_pr40725_0.o-f_lto_pr40725_1.o execute -O2 -flto
=== gfortran Summary for unix ===
# of expected passes 33193
# of unexpected failures 4
# of expected failures 28
# of unsupported tests 143
Running target unix/-fstack-protector
FAIL: gfortran.dg/graphite/pr42285.f90 -O (internal compiler error)
FAIL: gfortran.dg/graphite/pr42285.f90 -O (test for excess errors)
FAIL: gfortran.dg/lto/pr40725 f_lto_pr40725_0.o-f_lto_pr40725_1.o execute -O2 -fwhopr
FAIL: gfortran.dg/lto/pr40725 f_lto_pr40725_0.o-f_lto_pr40725_1.o execute -O2 -flto
=== gfortran Summary for unix/-fstack-protector ===
# of expected passes 33193
# of unexpected failures 4
# of expected failures 28
# of unsupported tests 143
Running target unix/-m64
FAIL: gfortran.dg/lto/pr40725 f_lto_pr40725_0.o-f_lto_pr40725_1.o execute -O2 -fwhopr
FAIL: gfortran.dg/lto/pr40725 f_lto_pr40725_0.o-f_lto_pr40725_1.o execute -O2 -flto
=== gfortran Summary for unix/-m64 ===
# of expected passes 33355
# of unexpected failures 2
# of expected failures 28
# of unsupported tests 67
=== gfortran Summary ===
# of expected passes 99741
# of unexpected failures 10
# of expected failures 84
# of unsupported tests 353
/scratch/packages/gcc/4.5/gcc-4.5-4.5-20091220/build/gcc/testsuite/gfortran/../../gfortran version 4.5.0 20091220 (experimental) [trunk revision 155367] (Debian 4.5-20091220-1)
=== obj-c++ tests ===
Running target unix
UNRESOLVED: obj-c++.dg/lookup-2.mm compilation failed to produce executable
UNRESOLVED: obj-c++.dg/try-catch-2.mm compilation failed to produce executable
UNRESOLVED: obj-c++.dg/try-catch-9.mm compilation failed to produce executable
=== obj-c++ Summary for unix ===
# of expected passes 438
# of expected failures 10
# of unresolved testcases 3
# of unsupported tests 13
Running target unix/-fstack-protector
UNRESOLVED: obj-c++.dg/lookup-2.mm compilation failed to produce executable
UNRESOLVED: obj-c++.dg/try-catch-2.mm compilation failed to produce executable
UNRESOLVED: obj-c++.dg/try-catch-9.mm compilation failed to produce executable
=== obj-c++ Summary for unix/-fstack-protector ===
# of expected passes 438
# of expected failures 10
# of unresolved testcases 3
# of unsupported tests 13
Running target unix/-m64
UNRESOLVED: obj-c++.dg/lookup-2.mm compilation failed to produce executable
UNRESOLVED: obj-c++.dg/try-catch-2.mm compilation failed to produce executable
UNRESOLVED: obj-c++.dg/try-catch-9.mm compilation failed to produce executable
=== obj-c++ Summary for unix/-m64 ===
# of expected passes 430
# of expected failures 18
# of unresolved testcases 3
# of unsupported tests 13
=== obj-c++ Summary ===
# of expected passes 1306
# of expected failures 38
# of unresolved testcases 9
# of unsupported tests 39
/scratch/packages/gcc/4.5/gcc-4.5-4.5-20091220/build/gcc/testsuite/obj-c++/../../g++ version 4.5.0 20091220 (experimental) [trunk revision 155367] (Debian 4.5-20091220-1)
=== objc tests ===
Running target unix
=== objc Summary for unix ===
# of expected passes 1875
# of expected failures 7
# of unsupported tests 24
Running target unix/-fstack-protector
=== objc Summary for unix/-fstack-protector ===
# of expected passes 1875
# of expected failures 7
# of unsupported tests 24
Running target unix/-m64
FAIL: objc/execute/forward-1.m execution, -O0 -fgnu-runtime
FAIL: objc/execute/forward-1.m execution, -O1 -fgnu-runtime
FAIL: objc/execute/forward-1.m execution, -O2 -fgnu-runtime
FAIL: objc/execute/forward-1.m execution, -O3 -fomit-frame-pointer -fgnu-runtime
FAIL: objc/execute/forward-1.m execution, -O3 -fomit-frame-pointer -funroll-loops -fgnu-runtime
FAIL: objc/execute/forward-1.m execution, -O3 -fomit-frame-pointer -funroll-all-loops -finline-functions -fgnu-runtime
FAIL: objc/execute/forward-1.m execution, -O3 -g -fgnu-runtime
FAIL: objc/execute/forward-1.m execution, -Os -fgnu-runtime
=== objc Summary for unix/-m64 ===
# of expected passes 1867
# of unexpected failures 8
# of expected failures 7
# of unsupported tests 24
=== objc Summary ===
# of expected passes 5617
# of unexpected failures 8
# of expected failures 21
# of unsupported tests 72
/scratch/packages/gcc/4.5/gcc-4.5-4.5-20091220/build/gcc/xgcc version 4.5.0 20091220 (experimental) [trunk revision 155367] (Debian 4.5-20091220-1)
=== libffi tests ===
Running target unix
=== libffi Summary for unix ===
# of expected passes 1609
# of expected failures 10
# of unsupported tests 15
Running target unix/-fstack-protector
=== libffi Summary for unix/-fstack-protector ===
# of expected passes 1609
# of expected failures 10
# of unsupported tests 15
=== libffi Summary ===
# of expected passes 3218
# of expected failures 20
# of unsupported tests 30
=== libgomp tests ===
Running target unix
FAIL: libgomp.c/nqueens-1.c execution test
FAIL: libgomp.c/pr39591-1.c execution test
FAIL: libgomp.c/pr39591-2.c execution test
FAIL: libgomp.c/sort-1.c execution test
WARNING: program timed out.
FAIL: libgomp.c/task-2.c execution test
WARNING: program timed out.
FAIL: libgomp.c/task-3.c execution test
WARNING: program timed out.
FAIL: libgomp.c++/task-1.C -O execution test
WARNING: program timed out.
FAIL: libgomp.c++/task-2.C -O0 execution test
WARNING: program timed out.
FAIL: libgomp.c++/task-2.C -O1 execution test
WARNING: program timed out.
FAIL: libgomp.c++/task-2.C -O2 execution test
WARNING: program timed out.
FAIL: libgomp.c++/task-2.C -O3 -fomit-frame-pointer execution test
WARNING: program timed out.
FAIL: libgomp.c++/task-2.C -O3 -fomit-frame-pointer -funroll-loops execution test
WARNING: program timed out.
FAIL: libgomp.c++/task-2.C -O3 -fomit-frame-pointer -funroll-all-loops -finline-functions execution test
WARNING: program timed out.
FAIL: libgomp.c++/task-2.C -O3 -g execution test
WARNING: program timed out.
FAIL: libgomp.c++/task-2.C -Os execution test
FAIL: libgomp.c++/task-3.C -O1 execution test
FAIL: libgomp.c++/task-3.C -O2 execution test
WARNING: program timed out.
FAIL: libgomp.c++/task-3.C -O3 -fomit-frame-pointer -funroll-loops execution test
FAIL: libgomp.c++/task-3.C -O3 -fomit-frame-pointer -funroll-all-loops -finline-functions execution test
FAIL: libgomp.c++/task-3.C -O3 -g execution test
FAIL: libgomp.c++/task-3.C -Os execution test
FAIL: libgomp.c++/task-5.C -O0 execution test
WARNING: program timed out.
FAIL: libgomp.c++/task-5.C -O1 execution test
WARNING: program timed out.
FAIL: libgomp.c++/task-5.C -O2 execution test
FAIL: libgomp.c++/task-5.C -O3 -fomit-frame-pointer execution test
WARNING: program timed out.
FAIL: libgomp.c++/task-5.C -O3 -fomit-frame-pointer -funroll-loops execution test
WARNING: program timed out.
FAIL: libgomp.c++/task-5.C -O3 -fomit-frame-pointer -funroll-all-loops -finline-functions execution test
FAIL: libgomp.c++/task-5.C -O3 -g execution test
WARNING: program timed out.
FAIL: libgomp.fortran/strassen.f90 -O execution test
XPASS: libgomp.graphite/force-parallel-5.c scan-tree-dump-times optimized "loopfn.1" 5
=== libgomp Summary for unix ===
# of expected passes 2439
# of unexpected failures 29
# of unexpected successes 1
Running target unix/-fstack-protector
WARNING: program timed out.
FAIL: libgomp.c/nqueens-1.c execution test
WARNING: program timed out.
FAIL: libgomp.c/pr39591-1.c execution test
FAIL: libgomp.c/pr39591-2.c execution test
FAIL: libgomp.c/pr39591-3.c execution test
FAIL: libgomp.c/sort-1.c execution test
WARNING: program timed out.
FAIL: libgomp.c/task-2.c execution test
WARNING: program timed out.
FAIL: libgomp.c/task-3.c execution test
WARNING: program timed out.
FAIL: libgomp.c++/task-2.C -O0 execution test
WARNING: program timed out.
FAIL: libgomp.c++/task-2.C -O1 execution test
WARNING: program timed out.
FAIL: libgomp.c++/task-2.C -O2 execution test
WARNING: program timed out.
FAIL: libgomp.c++/task-2.C -O3 -fomit-frame-pointer execution test
WARNING: program timed out.
FAIL: libgomp.c++/task-2.C -O3 -fomit-frame-pointer -funroll-loops execution test
WARNING: program timed out.
FAIL: libgomp.c++/task-2.C -O3 -fomit-frame-pointer -funroll-all-loops -finline-functions execution test
WARNING: program timed out.
FAIL: libgomp.c++/task-2.C -O3 -g execution test
WARNING: program timed out.
FAIL: libgomp.c++/task-2.C -Os execution test
FAIL: libgomp.c++/task-3.C -O1 execution test
FAIL: libgomp.c++/task-3.C -O2 execution test
FAIL: libgomp.c++/task-3.C -O3 -fomit-frame-pointer execution test
FAIL: libgomp.c++/task-3.C -Os execution test
FAIL: libgomp.c++/task-5.C -O0 execution test
WARNING: program timed out.
FAIL: libgomp.c++/task-5.C -O2 execution test
WARNING: program timed out.
FAIL: libgomp.c++/task-5.C -O3 -fomit-frame-pointer execution test
FAIL: libgomp.c++/task-5.C -O3 -fomit-frame-pointer -funroll-loops execution test
FAIL: libgomp.c++/task-5.C -O3 -fomit-frame-pointer -funroll-all-loops -finline-functions execution test
FAIL: libgomp.c++/task-5.C -O3 -g execution test
FAIL: libgomp.c++/task-5.C -Os execution test
WARNING: program timed out.
FAIL: libgomp.fortran/strassen.f90 -O execution test
XPASS: libgomp.graphite/force-parallel-5.c scan-tree-dump-times optimized "loopfn.1" 5
=== libgomp Summary for unix/-fstack-protector ===
# of expected passes 2441
# of unexpected failures 27
# of unexpected successes 1
Running target unix/-m64
XPASS: libgomp.graphite/force-parallel-5.c scan-tree-dump-times optimized "loopfn.1" 5
=== libgomp Summary for unix/-m64 ===
# of expected passes 2468
# of unexpected successes 1
=== libgomp Summary ===
# of expected passes 7348
# of unexpected failures 56
# of unexpected successes 3
=== libjava tests ===
Running target unix
=== libmudflap tests ===
Running target unix
FAIL: libmudflap.c/fail31-frag.c (-O3) output pattern test
FAIL: libmudflap.c/pass45-frag.c (-O3) execution test
FAIL: libmudflap.c/pass45-frag.c (-O3) output pattern test
FAIL: libmudflap.c/pass45-frag.c (-O3) execution test
FAIL: libmudflap.c/pass45-frag.c (-O3) output pattern test
FAIL: libmudflap.c++/pass41-frag.cxx execution test
FAIL: libmudflap.c++/pass41-frag.cxx (-static) execution test
FAIL: libmudflap.c++/pass41-frag.cxx ( -O) execution test
FAIL: libmudflap.c++/pass41-frag.cxx (-O2) execution test
FAIL: libmudflap.c++/pass41-frag.cxx (-O3) execution test
=== libmudflap Summary for unix ===
# of expected passes 1884
# of unexpected failures 10
Running target unix/-fstack-protector
FAIL: libmudflap.c/fail31-frag.c (-O3) crash test
FAIL: libmudflap.c/fail31-frag.c (-O3) output pattern test
FAIL: libmudflap.c/pass45-frag.c (-O3) execution test
FAIL: libmudflap.c/pass45-frag.c (-O3) output pattern test
FAIL: libmudflap.c/pass45-frag.c (-O3) execution test
FAIL: libmudflap.c/pass45-frag.c (-O3) output pattern test
FAIL: libmudflap.c++/pass41-frag.cxx execution test
FAIL: libmudflap.c++/pass41-frag.cxx (-static) execution test
FAIL: libmudflap.c++/pass41-frag.cxx ( -O) execution test
FAIL: libmudflap.c++/pass41-frag.cxx (-O2) execution test
FAIL: libmudflap.c++/pass41-frag.cxx (-O3) execution test
=== libmudflap Summary for unix/-fstack-protector ===
# of expected passes 1883
# of unexpected failures 11
Running target unix/-m64
FAIL: libmudflap.c/fail31-frag.c (-O3) output pattern test
FAIL: libmudflap.c/pass45-frag.c (-O3) execution test
FAIL: libmudflap.c/pass45-frag.c (-O3) output pattern test
FAIL: libmudflap.c/pass45-frag.c (-O3) execution test
FAIL: libmudflap.c/pass45-frag.c (-O3) output pattern test
FAIL: libmudflap.c++/pass41-frag.cxx execution test
FAIL: libmudflap.c++/pass41-frag.cxx (-static) execution test
FAIL: libmudflap.c++/pass41-frag.cxx ( -O) execution test
FAIL: libmudflap.c++/pass41-frag.cxx (-O2) execution test
FAIL: libmudflap.c++/pass41-frag.cxx (-O3) execution test
=== libmudflap Summary for unix/-m64 ===
# of expected passes 1884
# of unexpected failures 10
=== libmudflap Summary ===
# of expected passes 5651
# of unexpected failures 31
=== libstdc++ tests ===
Running target unix
XPASS: 26_numerics/headers/cmath/c99_classification_macros_c.cc (test for excess errors)
=== libstdc++ Summary for unix ===
# of expected passes 6502
# of unexpected successes 1
# of expected failures 90
# of unsupported tests 331
Running target unix/-fstack-protector
XPASS: 26_numerics/headers/cmath/c99_classification_macros_c.cc (test for excess errors)
=== libstdc++ Summary for unix/-fstack-protector ===
# of expected passes 6502
# of unexpected successes 1
# of expected failures 90
# of unsupported tests 331
Running target unix/-m64
FAIL: abi_check
XPASS: 26_numerics/headers/cmath/c99_classification_macros_c.cc (test for excess errors)
=== libstdc++ Summary for unix/-m64 ===
# of expected passes 6501
# of unexpected successes 1
# of unexpected failures 1
# of expected failures 90
# of unsupported tests 331
=== libstdc++ Summary ===
# of expected passes 19505
# of unexpected failures 1
# of unexpected successes 3
# of expected failures 270
# of unsupported tests 993
Compiler version: 4.5.0 20091220 (experimental) [trunk revision 155367] (Debian 4.5-20091220-1)
Platform: i486-pc-linux-gnu
configure flags: -v --with-pkgversion='Debian 4.5-20091220-1' --with-bugurl=file:///usr/share/doc/gcc-4.5/README.Bugs --enable-languages=c,c++,java,fortran,objc,obj-c++ --prefix=/usr --enable-shared --enable-multiarch --enable-linker-build-id --with-system-zlib --libexecdir=/usr/lib --without-included-gettext --enable-threads=posix --with-gxx-include-dir=/usr/include/c++/4.5 --program-suffix=-4.5 --enable-nls --enable-clocale=gnu --enable-libstdcxx-debug --enable-plugin --disable-browser-plugin --enable-java-awt=gtk --enable-gtk-cairo --with-java-home=//usr/lib/jvm/java-1.5.0-gcj-4.5/jre --enable-java-home --with-jvm-root-dir=//usr/lib/jvm/java-1.5.0-gcj-4.5 --with-jvm-jar-dir=/usr/lib/jvm-exports/java-1.5.0-gcj-4.5 --with-arch-directory=i386 --with-ecj-jar=/usr/share/java/eclipse-ecj.jar --enable-objc-gc --enable-targets=all --with-arch-32=i486 --with-tune=generic --enable-checking=release --build=i486-linux-gnu --host=i486-linux-gnu --target=i486-linux-gnu
BOOT_CFLAGS=
Build Dependencies:
Desired=Unknown/Install/Remove/Purge/Hold
| Status=Not/Inst/Cfg-files/Unpacked/Failed-cfg/Half-inst/trig-aWait/Trig-pend
|/ Err?=(none)/Reinst-required (Status,Err: uppercase=bad)
||/ Name Version Description
+++-===============================-==========================-==============================================
ii binutils 2.20-4 The GNU assembler, linker and binary utilities
ii g++-4.3 4.3.4-6 The GNU C++ compiler
ii g++-4.4 4.4.2-5 The GNU C++ compiler
ii libc6 2.10.2-2 GNU C Library: Shared libraries
ii libcloog-ppl-dev 0.15.7-1 the Chunky Loop Generator (development files)
ii libgmp3-dev 2:4.3.1+dfsg-3 Multiprecision arithmetic library developers t
ii libmpc-dev 0.8.1-1 multiple precision complex floating-point libr
ii libmpfr-dev 2.4.2-3 multiple precision floating-point computation
ii libppl0.10-dev 0.10.2-3 Parma Polyhedra Library (development)
rename-info-files:
Allow transformations on info file names. Reference the
transformed info file names in the texinfo files.
gcc-textdomain:
Set gettext's domain and textdomain to the versioned package name.
gcc-driver-extra-langs:
Add options and specs for languages that are not built from a source
(but built from separate sources).
gcc-hash-style-both:
Link using --hash-style=both (alpha, amd64, ia64, i386, powerpc, ppc64, s390, sparc)
libstdc++-pic:
Build and install libstdc++_pic.a library.
libstdc++-doclink:
adjust hrefs to point to the local documentation
libstdc++-man-3cxx:
Install libstdc++ man pages with suffix .3cxx instead of .3
libjava-stacktrace:
libgcj: Lookup source file name and line number in separated
debug files found in /usr/lib/debug
libjava-subdir:
- Set the libjava sublibdir to /usr/lib/gcj-4.5
- Set the default libgcj database dir to /var/lib/gcj-4.5
libjava-jnipath:
- Add /usr/lib/jni to java.library.path.
- When running the i386 binaries on amd64, look in
- /usr/lib32/gcj-x.y and /usr/lib32/jni instead.
libjava-sjlj:
Don't try to use _Unwind_Backtrace on SJLJ targets.
See bug #387875, #388505, GCC PR 29206.
libjava-disable-plugin:
Don't build the gcjwebplugin, even when configured with --enable-plugin
alpha-no-ev4-directive:
never emit .ev4 directive.
boehm-gc-getnprocs:
boehm-gc/pthread_support.c (GC_get_nprocs): Use sysconf as fallback.
note-gnu-stack:
Add .note.GNU-stack sections for gcc's crt files, libffi and boehm-gc
Taken from FC.
m68k-allow-gnu99:
patch to allow gnu99 mode on m68k
libgomp-omp_h-multilib:
Fix up omp.h for multilibs.
sparc-force-v9:
On sparc default to v9 in 32bit mode
gcc-stack_chk_fail-check:
Fix __stack_chk_fail check for cross builds configured --with-headers
pr40521-revert-workaround:
Revert the dwarf2cfi_asm workaround, obsoleted by PR debug/40521.
pr41848:
Fix PR objc/41848 - workaround ObjC and -fsection-anchors.
gcc-ice-hack:
Retry the build on an ice, save the calling options and preprocessed
source when the ice is reproducible.
gcc-ice-apport:
Report an ICE to apport (if apport is available
and the environment variable GCC_NOAPPORT is not set)
libjava-disable-static:
Disable building the static libjava.
libjava-fixed-symlinks:
Remove unneed '..' elements from symlinks in JAVA_HOME
ada-arm-eabi:
Add preliminary Ada support for ARM/EABI to gcc-4.4.1 (sjlj only).
arm-unbreak-eabi-armv4t:
Fix armv4t build on ARM
gcc-multiarch:
Add multiarch support to GCC.
Convert the multilib option to a target triplet,
add multiarch include directories and libraries path:
/usr/local/include/<arch>-linux-gnu
/usr/include/<arch>-linux-gnu
/usr/lib/<arch>-linux-gnu
to the system paths.
libjava-nobiarch-check:
For biarch builds, disable the testsuite for the non-default architecture
for runtime libraries, which are not built by default (libjava).
config-ml:
disable some biarch libraries for biarch builds
s390-biarch:
Build a bi-arch compiler on s390-linux-gnu.
http://gcc.gnu.org/ml/gcc-patches/2009-03/msg01044.html
Counting all warnings,
there are 0 warnings in stage3 of this bootstrap.
Number of warnings per file:
Number of warning types: