This is the mail archive of the
gcc-testresults@gcc.gnu.org
mailing list for the GCC project.
Results for 4.5.0 20091218 (experimental) [trunk revision 155348] (GCC) testsuite on powerpc64-unknown-linux-gnu
- From: Laurent GUERBY gcc40 <guerby at gcc40 dot fsffrance dot org>
- To: gcc-testresults at gcc dot gnu dot org
- Date: Sat, 19 Dec 2009 05:48:18 +0100
- Subject: Results for 4.5.0 20091218 (experimental) [trunk revision 155348] (GCC) testsuite on powerpc64-unknown-linux-gnu
LAST_UPDATED: Fri Dec 18 20:39:06 UTC 2009 (revision 155348)
=== acats tests ===
FAIL: c45611b
=== acats Summary ===
# of expected passes 2320
# of unexpected failures 1
Native configuration is powerpc64-unknown-linux-gnu
=== gcc tests ===
Running target unix
WARNING: program timed out.
FAIL: gcc.c-torture/compile/20001226-1.c -O3 -g (test for excess errors)
FAIL: gcc.c-torture/compile/limits-structnest.c -O2 (test for excess errors)
FAIL: gcc.c-torture/compile/limits-structnest.c -O3 -fomit-frame-pointer (test for excess errors)
FAIL: gcc.c-torture/compile/limits-structnest.c -O3 -g (test for excess errors)
FAIL: gcc.c-torture/compile/limits-structnest.c -Os (test for excess errors)
XPASS: gcc.dg/Warray-bounds.c (test for warnings, line 59)
XPASS: gcc.dg/Warray-bounds.c (test for warnings, line 65)
XPASS: gcc.dg/Wunreachable-8.c (test for bogus messages, line 7)
FAIL: gcc.dg/and-1.c scan-assembler-not nand
FAIL: gcc.dg/pr34668-1.c (internal compiler error)
FAIL: gcc.dg/pr34668-1.c (test for excess errors)
FAIL: gcc.dg/sms-2.c scan-rtl-dump-times sms "SMS succeeded" 1
FAIL: gcc.dg/sms-4.c scan-rtl-dump-times sms "SMS succeeded" 1
FAIL: gcc.dg/sms-5.c scan-rtl-dump-times sms "SMS succeeded" 1
FAIL: gcc.dg/sms-6.c scan-rtl-dump-times sms "SMS succeeded" 3
FAIL: gcc.dg/sms-7.c scan-rtl-dump-times sms "SMS succeeded" 3
FAIL: gcc.dg/sms-8.c scan-rtl-dump-times sms "SMS succeeded" 1
XPASS: gcc.dg/uninit-6.c uninitialized variable warning (test for bogus messages, line 42)
XPASS: gcc.dg/struct/wo_prof_array_through_pointer.c scan-ipa-dump ipa_struct_reorg "Number of structures to transform is 1"
FAIL: gcc.dg/tree-ssa/vrp47.c scan-tree-dump-times vrp1 "[xy][^ ]* !=" 0
FAIL: gcc.dg/tree-ssa/vrp47.c scan-tree-dump-times dom1 "x[^ ]* & y" 1
FAIL: gcc.dg/vect/costmodel/ppc/costmodel-vect-31d.c scan-tree-dump-times vect "vectorization not profitable" 1
FAIL: gcc.dg/vect/costmodel/ppc/costmodel-vect-68d.c scan-tree-dump-times vect "vectorization not profitable" 1
FAIL: gcc.dg/vect/costmodel/ppc/costmodel-vect-76a.c scan-tree-dump-times vect "vectorized 1 loops" 1
FAIL: gcc.dg/vect/costmodel/ppc/costmodel-vect-76b.c scan-tree-dump-times vect "vectorization not profitable" 1
FAIL: gcc.dg/vect/pr35821-altivec.c scan-tree-dump-times vect "vectorized 1 loops" 1
FAIL: gcc.target/powerpc/dfp-dd.c scan-assembler dadd
FAIL: gcc.target/powerpc/dfp-dd.c scan-assembler ddiv
FAIL: gcc.target/powerpc/dfp-dd.c scan-assembler dmul
FAIL: gcc.target/powerpc/dfp-dd.c scan-assembler dsub
FAIL: gcc.target/powerpc/dfp-dd.c scan-assembler-times dcmpu 6
FAIL: gcc.target/powerpc/dfp-dd.c scan-assembler-times dctfix 2
FAIL: gcc.target/powerpc/dfp-dd.c scan-assembler-times drintn 2
FAIL: gcc.target/powerpc/dfp-dd.c scan-assembler-times dcffixq 2
FAIL: gcc.target/powerpc/dfp-td.c scan-assembler daddq
FAIL: gcc.target/powerpc/dfp-td.c scan-assembler ddivq
FAIL: gcc.target/powerpc/dfp-td.c scan-assembler dmulq
FAIL: gcc.target/powerpc/dfp-td.c scan-assembler dsubq
FAIL: gcc.target/powerpc/dfp-td.c scan-assembler-times dcmpuq 6
FAIL: gcc.target/powerpc/dfp-td.c scan-assembler-times dctfixq 2
FAIL: gcc.target/powerpc/dfp-td.c scan-assembler-times drintnq 2
FAIL: gcc.target/powerpc/dfp-td.c scan-assembler-times dcffixq 2
FAIL: gcc.target/powerpc/optimize-bswapdi-3.c scan-assembler ldbrx
FAIL: gcc.target/powerpc/optimize-bswapdi-3.c scan-assembler stdbrx
FAIL: gcc.target/powerpc/popcount-3.c scan-assembler popcntd
FAIL: gcc.target/powerpc/ppc64-double-1.c scan-assembler-not stfd
FAIL: gcc.target/powerpc/ppu-intrinsics.c (test for excess errors)
=== gcc Summary ===
# of expected passes 56848
# of unexpected failures 42
# of unexpected successes 5
# of expected failures 162
# of unsupported tests 747
/home/guerby/build/gcc/xgcc version 4.5.0 20091218 (experimental) [trunk revision 155348] (GCC)
=== gnat tests ===
Running target unix
=== gnat Summary ===
# of expected passes 748
# of expected failures 7
# of unsupported tests 1
=== libgomp tests ===
Running target unix
=== libgomp Summary ===
# of expected passes 262
=== libmudflap tests ===
Running target unix
FAIL: libmudflap.c/pass54-frag.c execution test
FAIL: libmudflap.c/pass54-frag.c execution test
FAIL: libmudflap.c/pass54-frag.c (-static) execution test
FAIL: libmudflap.c/pass54-frag.c (-static) execution test
FAIL: libmudflap.c/fail31-frag.c (-O3) crash test
FAIL: libmudflap.c/fail31-frag.c (-O3) output pattern test
FAIL: libmudflap.c/pass45-frag.c (-O3) execution test
FAIL: libmudflap.c/pass45-frag.c (-O3) output pattern test
FAIL: libmudflap.c/pass45-frag.c (-O3) execution test
FAIL: libmudflap.c/pass45-frag.c (-O3) output pattern test
=== libmudflap Summary ===
# of expected passes 1730
# of unexpected failures 10
# of unsupported tests 2
Compiler version: 4.5.0 20091218 (experimental) [trunk revision 155348] (GCC)
Platform: powerpc64-unknown-linux-gnu
configure flags: --disable-nls --enable-__cxa_atexit --enable-threads=posix --with-mpfr=/opt/cfarm/mpfr-2.4.1-64 --enable-languages=c,ada --prefix=/n/40/guerby/install-trunk --with-gmp=/opt/cfarm/gmp-4.2.4-64/ --disable-multilib --enable-stage1-checking=release --with-mpc=/opt/cfarm/mpc-0.8-64