This is the mail archive of the
gcc-testresults@gcc.gnu.org
mailing list for the GCC project.
Results for 4.5.0 20091216 (experimental) [trunk revision 155280] (GCC) testsuite on hppa2.0w-hp-hpux11.11
- From: John David Anglin <dave at hiauly3 dot hia dot nrc dot ca>
- To: dave at hiauly3 dot hia dot nrc dot ca, gcc-testresults at gcc dot gnu dot org
- Date: Fri, 18 Dec 2009 21:35:22 -0500 (EST)
- Subject: Results for 4.5.0 20091216 (experimental) [trunk revision 155280] (GCC) testsuite on hppa2.0w-hp-hpux11.11
=== acats tests ===
FAIL: c9a011b
=== acats Summary ===
# of expected passes 2320
# of unexpected failures 1
Native configuration is hppa2.0w-hp-hpux11.11
=== g++ tests ===
Running target unix
UNRESOLVED: attribute_plugin.c compilation, -I. -I/test/gnu/gcc/gcc/gcc/testsuite -I/test/gnu/gcc/gcc/gcc/testsuite/../../gcc -I/test/gnu/gcc/objdir/gcc/testsuite/g++/../../../gcc -I/test/gnu/gcc/gcc/gcc/testsuite/../../include -I/test/gnu/gcc/gcc/gcc/testsuite/../../libcpp/include -I/opt/gnu/gcc/gcc-4.5.0/include -DIN_GCC -fPIC -shared
UNRESOLVED: pragma_plugin.c compilation, -I. -I/test/gnu/gcc/gcc/gcc/testsuite -I/test/gnu/gcc/gcc/gcc/testsuite/../../gcc -I/test/gnu/gcc/objdir/gcc/testsuite/g++/../../../gcc -I/test/gnu/gcc/gcc/gcc/testsuite/../../include -I/test/gnu/gcc/gcc/gcc/testsuite/../../libcpp/include -I/opt/gnu/gcc/gcc-4.5.0/include -DIN_GCC -fPIC -shared
UNRESOLVED: selfassign.c compilation, -I. -I/test/gnu/gcc/gcc/gcc/testsuite -I/test/gnu/gcc/gcc/gcc/testsuite/../../gcc -I/test/gnu/gcc/objdir/gcc/testsuite/g++/../../../gcc -I/test/gnu/gcc/gcc/gcc/testsuite/../../include -I/test/gnu/gcc/gcc/gcc/testsuite/../../libcpp/include -I/opt/gnu/gcc/gcc-4.5.0/include -O -DIN_GCC -fPIC -shared
UNRESOLVED: dumb_plugin.c compilation, -I. -I/test/gnu/gcc/gcc/gcc/testsuite -I/test/gnu/gcc/gcc/gcc/testsuite/../../gcc -I/test/gnu/gcc/objdir/gcc/testsuite/g++/../../../gcc -I/test/gnu/gcc/gcc/gcc/testsuite/../../include -I/test/gnu/gcc/gcc/gcc/testsuite/../../libcpp/include -I/opt/gnu/gcc/gcc-4.5.0/include -DIN_GCC -fPIC -shared
UNRESOLVED: header_plugin.c compilation, -I. -I/test/gnu/gcc/gcc/gcc/testsuite -I/test/gnu/gcc/gcc/gcc/testsuite/../../gcc -I/test/gnu/gcc/objdir/gcc/testsuite/g++/../../../gcc -I/test/gnu/gcc/gcc/gcc/testsuite/../../include -I/test/gnu/gcc/gcc/gcc/testsuite/../../libcpp/include -I/opt/gnu/gcc/gcc-4.5.0/include -DIN_GCC -fPIC -shared
FAIL: g++.dg/torture/pr34099.C -O1 execution test
FAIL: g++.dg/torture/pr34099.C -O2 execution test
FAIL: g++.dg/torture/pr34099.C -Os execution test
=== g++ Summary ===
# of expected passes 19491
# of unexpected failures 3
# of expected failures 147
# of unresolved testcases 5
# of unsupported tests 271
/test/gnu/gcc/objdir/gcc/testsuite/g++/../../g++ version 4.5.0 20091216 (experimental) [trunk revision 155280] (GCC)
=== gcc tests ===
Running target unix
XPASS: gcc.dg/Warray-bounds.c (test for warnings, line 59)
XPASS: gcc.dg/Warray-bounds.c (test for warnings, line 65)
XPASS: gcc.dg/Wunreachable-8.c (test for bogus messages, line 7)
FAIL: gcc.dg/pr34668-1.c (internal compiler error)
FAIL: gcc.dg/pr34668-1.c (test for excess errors)
XPASS: gcc.dg/uninit-6.c uninitialized variable warning (test for bogus messages, line 42)
WARNING: program timed out.
UNRESOLVED: selfassign.c compilation, -I. -I/test/gnu/gcc/gcc/gcc/testsuite -I/test/gnu/gcc/gcc/gcc/testsuite/../../gcc -I/test/gnu/gcc/objdir/gcc/testsuite/gcc/../../../gcc -I/test/gnu/gcc/gcc/gcc/testsuite/../../include -I/test/gnu/gcc/gcc/gcc/testsuite/../../libcpp/include -I/opt/gnu/gcc/gcc-4.5.0/include -O -DIN_GCC -fPIC -shared
UNRESOLVED: ggcplug.c compilation, -I. -I/test/gnu/gcc/gcc/gcc/testsuite -I/test/gnu/gcc/gcc/gcc/testsuite/../../gcc -I/test/gnu/gcc/objdir/gcc/testsuite/gcc/../../../gcc -I/test/gnu/gcc/gcc/gcc/testsuite/../../include -I/test/gnu/gcc/gcc/gcc/testsuite/../../libcpp/include -I/opt/gnu/gcc/gcc-4.5.0/include -O -DIN_GCC -fPIC -shared
UNRESOLVED: one_time_plugin.c compilation, -I. -I/test/gnu/gcc/gcc/gcc/testsuite -I/test/gnu/gcc/gcc/gcc/testsuite/../../gcc -I/test/gnu/gcc/objdir/gcc/testsuite/gcc/../../../gcc -I/test/gnu/gcc/gcc/gcc/testsuite/../../include -I/test/gnu/gcc/gcc/gcc/testsuite/../../libcpp/include -I/opt/gnu/gcc/gcc-4.5.0/include -DIN_GCC -fPIC -shared
UNRESOLVED: start_unit_plugin.c compilation, -I. -I/test/gnu/gcc/gcc/gcc/testsuite -I/test/gnu/gcc/gcc/gcc/testsuite/../../gcc -I/test/gnu/gcc/objdir/gcc/testsuite/gcc/../../../gcc -I/test/gnu/gcc/gcc/gcc/testsuite/../../include -I/test/gnu/gcc/gcc/gcc/testsuite/../../libcpp/include -I/opt/gnu/gcc/gcc-4.5.0/include -DIN_GCC -fPIC -shared
UNRESOLVED: finish_unit_plugin.c compilation, -I. -I/test/gnu/gcc/gcc/gcc/testsuite -I/test/gnu/gcc/gcc/gcc/testsuite/../../gcc -I/test/gnu/gcc/objdir/gcc/testsuite/gcc/../../../gcc -I/test/gnu/gcc/gcc/gcc/testsuite/../../include -I/test/gnu/gcc/gcc/gcc/testsuite/../../libcpp/include -I/opt/gnu/gcc/gcc-4.5.0/include -DIN_GCC -fPIC -shared
XPASS: gcc.dg/struct/wo_prof_array_through_pointer.c scan-ipa-dump ipa_struct_reorg "Number of structures to transform is 1"
FAIL: gcc.dg/struct/w_prof_global_array.c compilation, -O3 -fwhole-program -combine -fipa-type-escape -fprofile-generate
UNRESOLVED: gcc.dg/struct/w_prof_global_array.c execution, -O3 -fwhole-program -combine -fipa-type-escape -fprofile-generate
UNRESOLVED: gcc.dg/struct/w_prof_global_array.c compilation, -O3 -fwhole-program -combine -fipa-type-escape -fprofile-use -fipa-struct-reorg -fdump-ipa-all
UNRESOLVED: gcc.dg/struct/w_prof_global_array.c execution, -O3 -fwhole-program -combine -fipa-type-escape -fprofile-use -fipa-struct-reorg -fdump-ipa-all
FAIL: gcc.dg/struct/w_prof_global_var.c compilation, -O3 -fwhole-program -combine -fipa-type-escape -fprofile-generate
UNRESOLVED: gcc.dg/struct/w_prof_global_var.c execution, -O3 -fwhole-program -combine -fipa-type-escape -fprofile-generate
UNRESOLVED: gcc.dg/struct/w_prof_global_var.c compilation, -O3 -fwhole-program -combine -fipa-type-escape -fprofile-use -fipa-struct-reorg -fdump-ipa-all
UNRESOLVED: gcc.dg/struct/w_prof_global_var.c execution, -O3 -fwhole-program -combine -fipa-type-escape -fprofile-use -fipa-struct-reorg -fdump-ipa-all
FAIL: gcc.dg/struct/w_prof_local_array.c compilation, -O3 -fwhole-program -combine -fipa-type-escape -fprofile-generate
UNRESOLVED: gcc.dg/struct/w_prof_local_array.c execution, -O3 -fwhole-program -combine -fipa-type-escape -fprofile-generate
UNRESOLVED: gcc.dg/struct/w_prof_local_array.c compilation, -O3 -fwhole-program -combine -fipa-type-escape -fprofile-use -fipa-struct-reorg -fdump-ipa-all
UNRESOLVED: gcc.dg/struct/w_prof_local_array.c execution, -O3 -fwhole-program -combine -fipa-type-escape -fprofile-use -fipa-struct-reorg -fdump-ipa-all
FAIL: gcc.dg/struct/w_prof_local_var.c compilation, -O3 -fwhole-program -combine -fipa-type-escape -fprofile-generate
UNRESOLVED: gcc.dg/struct/w_prof_local_var.c execution, -O3 -fwhole-program -combine -fipa-type-escape -fprofile-generate
UNRESOLVED: gcc.dg/struct/w_prof_local_var.c compilation, -O3 -fwhole-program -combine -fipa-type-escape -fprofile-use -fipa-struct-reorg -fdump-ipa-all
UNRESOLVED: gcc.dg/struct/w_prof_local_var.c execution, -O3 -fwhole-program -combine -fipa-type-escape -fprofile-use -fipa-struct-reorg -fdump-ipa-all
FAIL: gcc.dg/struct/w_prof_single_str_global.c compilation, -O3 -fwhole-program -combine -fipa-type-escape -fprofile-generate
UNRESOLVED: gcc.dg/struct/w_prof_single_str_global.c execution, -O3 -fwhole-program -combine -fipa-type-escape -fprofile-generate
UNRESOLVED: gcc.dg/struct/w_prof_single_str_global.c compilation, -O3 -fwhole-program -combine -fipa-type-escape -fprofile-use -fipa-struct-reorg -fdump-ipa-all
UNRESOLVED: gcc.dg/struct/w_prof_single_str_global.c execution, -O3 -fwhole-program -combine -fipa-type-escape -fprofile-use -fipa-struct-reorg -fdump-ipa-all
FAIL: gcc.dg/struct/w_prof_two_strs.c compilation, -O3 -fwhole-program -combine -fipa-type-escape -fprofile-generate
UNRESOLVED: gcc.dg/struct/w_prof_two_strs.c execution, -O3 -fwhole-program -combine -fipa-type-escape -fprofile-generate
UNRESOLVED: gcc.dg/struct/w_prof_two_strs.c compilation, -O3 -fwhole-program -combine -fipa-type-escape -fprofile-use -fipa-struct-reorg -fdump-ipa-all
UNRESOLVED: gcc.dg/struct/w_prof_two_strs.c execution, -O3 -fwhole-program -combine -fipa-type-escape -fprofile-use -fipa-struct-reorg -fdump-ipa-all
FAIL: gcc.dg/struct/w_ratio_cold_str.c compilation, -O3 -fwhole-program -combine -fipa-type-escape -fprofile-generate
UNRESOLVED: gcc.dg/struct/w_ratio_cold_str.c execution, -O3 -fwhole-program -combine -fipa-type-escape -fprofile-generate
UNRESOLVED: gcc.dg/struct/w_ratio_cold_str.c compilation, -O3 -fwhole-program -combine -fipa-type-escape -fprofile-use -fipa-struct-reorg -fdump-ipa-all --param struct-reorg-cold-struct-ratio=30
UNRESOLVED: gcc.dg/struct/w_ratio_cold_str.c execution, -O3 -fwhole-program -combine -fipa-type-escape -fprofile-use -fipa-struct-reorg -fdump-ipa-all --param struct-reorg-cold-struct-ratio=30
FAIL: gcc.dg/torture/pr26565.c -O1 execution test
FAIL: gcc.dg/torture/pr26565.c -O2 execution test
FAIL: gcc.dg/torture/pr26565.c -Os execution test
=== gcc Summary ===
# of expected passes 51353
# of unexpected failures 12
# of unexpected successes 5
# of expected failures 88
# of unresolved testcases 26
# of unsupported tests 749
/test/gnu/gcc/objdir/gcc/xgcc version 4.5.0 20091216 (experimental) [trunk revision 155280] (GCC)
=== gfortran tests ===
Running target unix
FAIL: gfortran.dg/pr41928.f90 -O (internal compiler error)
FAIL: gfortran.dg/pr41928.f90 -O (test for excess errors)
=== gfortran Summary ===
# of expected passes 32078
# of unexpected failures 2
# of expected failures 22
# of unsupported tests 303
/test/gnu/gcc/objdir/gcc/testsuite/gfortran/../../gfortran version 4.5.0 20091216 (experimental) [trunk revision 155280] (GCC)
=== gnat tests ===
Running target unix
=== gnat Summary ===
# of expected passes 749
# of expected failures 7
# of unsupported tests 1
=== obj-c++ tests ===
Running target unix
WARNING: obj-c++.dg/lookup-2.mm compilation failed to produce executable
WARNING: obj-c++.dg/try-catch-2.mm compilation failed to produce executable
WARNING: obj-c++.dg/try-catch-9.mm compilation failed to produce executable
=== obj-c++ Summary ===
# of expected passes 436
# of expected failures 10
# of unsupported tests 14
/test/gnu/gcc/objdir/gcc/testsuite/obj-c++/../../g++ version 4.5.0 20091216 (experimental) [trunk revision 155280] (GCC)
=== objc tests ===
Running target unix
=== objc Summary ===
# of expected passes 1861
# of expected failures 15
# of unsupported tests 27
/test/gnu/gcc/objdir/gcc/xgcc version 4.5.0 20091216 (experimental) [trunk revision 155280] (GCC)
=== libffi tests ===
Running target unix
=== libffi Summary ===
# of expected passes 1609
# of expected failures 10
# of unsupported tests 15
=== libgomp tests ===
Running target unix
=== libgomp Summary ===
# of expected passes 2408
# of unsupported tests 9
=== libjava tests ===
Running target unix
FAIL: LargeFile execution - source compiled test
FAIL: LargeFile -findirect-dispatch execution - source compiled test
FAIL: LargeFile -O3 execution - source compiled test
FAIL: LargeFile -O3 -findirect-dispatch execution - source compiled test
=== libjava Summary ===
# of expected passes 2566
# of unexpected failures 4
# of untested testcases 4
=== libstdc++ tests ===
Running target unix
FAIL: ext/new_allocator/deallocate_global.cc execution test
FAIL: ext/pb_ds/regression/tree_data_map_rand.cc execution test
FAIL: ext/pb_ds/regression/tree_no_data_map_rand.cc execution test
FAIL: ext/throw_allocator/deallocate_global.cc execution test
=== libstdc++ Summary ===
# of expected passes 5994
# of unexpected failures 4
# of expected failures 86
# of unsupported tests 593
Compiler version: 4.5.0 20091216 (experimental) [trunk revision 155280] (GCC)
Platform: hppa2.0w-hp-hpux11.11
configure flags: === acats configuration ===