This is the mail archive of the
gcc-testresults@gcc.gnu.org
mailing list for the GCC project.
Results for 4.4.3 20091214 (prerelease) [gcc-4_4-branch revision 155239] (GCC) testsuite on alphaev68-unknown-linux-gnu
- From: uros at gcc13 dot fsffrance dot org
- To: gcc-testresults at gcc dot gnu dot org
- Date: Tue, 15 Dec 2009 09:46:17 +0100
- Subject: Results for 4.4.3 20091214 (prerelease) [gcc-4_4-branch revision 155239] (GCC) testsuite on alphaev68-unknown-linux-gnu
LAST_UPDATED: Mon Dec 14 21:44:47 UTC 2009 (revision 155239)
Native configuration is alphaev68-unknown-linux-gnu
=== libgomp tests ===
Running target unix
=== libgomp Summary for unix ===
# of expected passes 2424
Running target unix/-mieee
=== libgomp Summary for unix/-mieee ===
# of expected passes 2424
=== libgomp Summary ===
# of expected passes 4848
=== libmudflap tests ===
Running target unix
FAIL: libmudflap.c++/pass41-frag.cxx execution test
FAIL: libmudflap.c++/pass41-frag.cxx (-static) execution test
FAIL: libmudflap.c++/pass41-frag.cxx (-O2) execution test
FAIL: libmudflap.c++/pass41-frag.cxx (-O3) execution test
=== libmudflap Summary for unix ===
# of expected passes 1890
# of unexpected failures 4
Running target unix/-mieee
FAIL: libmudflap.c++/pass41-frag.cxx execution test
FAIL: libmudflap.c++/pass41-frag.cxx (-static) execution test
FAIL: libmudflap.c++/pass41-frag.cxx (-O2) execution test
FAIL: libmudflap.c++/pass41-frag.cxx (-O3) execution test
=== libmudflap Summary for unix/-mieee ===
# of expected passes 1890
# of unexpected failures 4
=== libmudflap Summary ===
# of expected passes 3780
# of unexpected failures 8
=== libstdc++ tests ===
Running target unix
XPASS: 26_numerics/headers/cmath/c99_classification_macros_c.cc (test for excess errors)
=== libstdc++ Summary for unix ===
# of expected passes 5883
# of unexpected successes 1
# of expected failures 79
# of unsupported tests 331
Running target unix/-mieee
XPASS: 26_numerics/headers/cmath/c99_classification_macros_c.cc (test for excess errors)
=== libstdc++ Summary for unix/-mieee ===
# of expected passes 5883
# of unexpected successes 1
# of expected failures 79
# of unsupported tests 331
=== libstdc++ Summary ===
# of expected passes 11766
# of unexpected successes 2
# of expected failures 158
# of unsupported tests 662
=== gcc tests ===
Running target unix
=== gcc Summary for unix ===
# of expected passes 50159
# of expected failures 115
# of unsupported tests 532
Running target unix/-mieee
=== gcc Summary for unix/-mieee ===
# of expected passes 50159
# of expected failures 115
# of unsupported tests 532
=== gcc Summary ===
# of expected passes 100318
# of expected failures 230
# of unsupported tests 1064
/space/uros/gcc-build-44/gcc/xgcc version 4.4.3 20091214 (prerelease) [gcc-4_4-branch revision 155239] (GCC)
=== gfortran tests ===
Running target unix
=== gfortran Summary for unix ===
# of expected passes 29868
# of expected failures 10
# of unsupported tests 46
Running target unix/-mieee
=== gfortran Summary for unix/-mieee ===
# of expected passes 29868
# of expected failures 10
# of unsupported tests 46
=== gfortran Summary ===
# of expected passes 59736
# of expected failures 20
# of unsupported tests 92
/space/uros/gcc-build-44/gcc/testsuite/gfortran/../../gfortran version 4.4.3 20091214 (prerelease) [gcc-4_4-branch revision 155239] (GCC)
=== g++ tests ===
Running target unix
=== g++ Summary for unix ===
# of expected passes 19418
# of expected failures 156
# of unsupported tests 160
Running target unix/-mieee
=== g++ Summary for unix/-mieee ===
# of expected passes 19418
# of expected failures 156
# of unsupported tests 160
=== g++ Summary ===
# of expected passes 38836
# of expected failures 312
# of unsupported tests 320
/space/uros/gcc-build-44/gcc/testsuite/g++/../../g++ version 4.4.3 20091214 (prerelease) [gcc-4_4-branch revision 155239] (GCC)
Compiler version: 4.4.3 20091214 (prerelease) [gcc-4_4-branch revision 155239] (GCC)
Platform: alphaev68-unknown-linux-gnu
configure flags: --enable-languages=c,c++,fortran
BOOT_CFLAGS=-g -O2