This is the mail archive of the
gcc-testresults@gcc.gnu.org
mailing list for the GCC project.
Results for 4.5.0 20091211 (experimental) [trunk revision 145533] (GCC) testsuite on x86_64-unknown-linux-gnu
- From: rguenther at suse dot de (Richard Guenther)
- To: gcc-testresults at gcc dot gnu dot org
- Date: Mon, 14 Dec 2009 00:45:28 +0100
- Subject: Results for 4.5.0 20091211 (experimental) [trunk revision 145533] (GCC) testsuite on x86_64-unknown-linux-gnu
LAST_UPDATED: Sat Apr 4 09:36:43 UTC 2009 (revision 145533)
=== acats tests ===
=== acats Summary ===
# of expected passes 2321
# of unexpected failures 0
Native configuration is x86_64-unknown-linux-gnu
=== g++ tests ===
Running target unix/-g
FAIL: g++.dg/charset/function.cc scan-assembler-not "foobar"
FAIL: g++.dg/cpp0x/variadic31.C (internal compiler error)
FAIL: g++.dg/cpp0x/variadic31.C (test for excess errors)
FAIL: g++.dg/cpp0x/variadic32.C (internal compiler error)
FAIL: g++.dg/cpp0x/variadic32.C (test for excess errors)
FAIL: g++.dg/cpp0x/variadic42.C (internal compiler error)
FAIL: g++.dg/cpp0x/variadic42.C (test for excess errors)
ERROR: g++.dg/cpp0x/variadic42.C: error executing dg-final: couldn't open "variadic42.s": no such file or directory
UNRESOLVED: g++.dg/cpp0x/variadic42.C: error executing dg-final: couldn't open "variadic42.s": no such file or directory
FAIL: g++.dg/cpp0x/variadic66.C (internal compiler error)
FAIL: g++.dg/cpp0x/variadic66.C (test for excess errors)
FAIL: g++.dg/cpp0x/variadic80.C (internal compiler error)
FAIL: g++.dg/cpp0x/variadic80.C (test for excess errors)
WARNING: g++.dg/cpp0x/variadic80.C compilation failed to produce executable
FAIL: g++.dg/ext/always_inline-2.C scan-assembler-not min123
FAIL: g++.dg/ext/always_inline-3.C scan-assembler-not min123
FAIL: g++.dg/ext/always_inline-4.C scan-assembler-not min123
FAIL: g++.dg/ext/always_inline-5.C scan-assembler-not _ZN1f2f1Ev
FAIL: g++.dg/ext/attrib33.C (internal compiler error)
FAIL: g++.dg/ext/attrib33.C (test for excess errors)
FAIL: g++.dg/ext/cleanup-6.C scan-assembler-not xyzzy
FAIL: g++.dg/ext/gnu-inline-class.C scan-assembler-not func3
FAIL: g++.dg/ext/gnu-inline-template-class.C scan-assembler-not func3
FAIL: g++.dg/ext/inline1.C scan-assembler-not xyzzy
FAIL: g++.dg/ext/typeof2.C scan-assembler-not foo
FAIL: g++.dg/parse/attr-externally-visible-1.C scan-assembler-not bar6
FAIL: g++.dg/tree-ssa/pr14814.C scan-tree-dump-times forwprop2 "&r" 0
FAIL: g++.dg/tree-ssa/pr31307.C scan-tree-dump-not optimized "r.dst"
=== g++ Summary ===
# of expected passes 22012
# of unexpected failures 25
# of expected failures 147
# of unresolved testcases 1
# of unsupported tests 300
/space/rguenther/obj/gcc/testsuite/g++/../../g++ version 4.5.0 20091211 (experimental) [trunk revision 145533] (GCC)
=== gcc tests ===
Running target unix/-g
FAIL: gcc.c-torture/compile/limits-exprparen.c -O0 (test for excess errors)
FAIL: gcc.c-torture/compile/limits-exprparen.c -O1 (test for excess errors)
FAIL: gcc.c-torture/compile/limits-exprparen.c -O2 (test for excess errors)
FAIL: gcc.c-torture/compile/limits-exprparen.c -O3 -fomit-frame-pointer (test for excess errors)
FAIL: gcc.c-torture/compile/limits-exprparen.c -O3 -g (test for excess errors)
FAIL: gcc.c-torture/compile/limits-exprparen.c -Os (test for excess errors)
FAIL: gcc.c-torture/compile/limits-exprparen.c -O2 -flto (test for excess errors)
FAIL: gcc.c-torture/compile/limits-exprparen.c -O2 -fwhopr (test for excess errors)
FAIL: gcc.c-torture/compile/pr37913.c -O1 (internal compiler error)
FAIL: gcc.c-torture/compile/pr37913.c -O1 (test for excess errors)
FAIL: gcc.dg/charset/function.c scan-assembler-not "foobar"
XPASS: gcc.dg/Warray-bounds.c (test for warnings, line 59)
XPASS: gcc.dg/Warray-bounds.c (test for warnings, line 65)
XPASS: gcc.dg/Wunreachable-8.c (test for bogus messages, line 7)
FAIL: gcc.dg/asm-fs-1.c scan-assembler-not \\\\*_bar
FAIL: gcc.dg/asm-fs-1.c scan-assembler-not \\\\*_baz
FAIL: gcc.dg/attr-alwaysinline.c scan-assembler-not sabrina
FAIL: gcc.dg/attr-externally-visible-1.c scan-assembler-not bar6
FAIL: gcc.dg/cleanup-6.c scan-assembler-not xyzzy
FAIL: gcc.dg/funcorder.c scan-assembler-not link_error
FAIL: gcc.dg/inline-1.c scan-assembler-not xyzzy
FAIL: gcc.dg/inline-3.c scan-assembler-not big_function_2
FAIL: gcc.dg/parm-impl-decl-1.c (test for excess errors)
FAIL: gcc.dg/pr25795-1.c scan-assembler-not mystr
XPASS: gcc.dg/pr30957-1.c execution test
FAIL: gcc.dg/pr30957-1.c scan-rtl-dump loop2_unroll "Expanding Accumulator"
FAIL: gcc.dg/pr33645-2.c scan-assembler-not var1_t
FAIL: gcc.dg/pr34668-1.c (internal compiler error)
FAIL: gcc.dg/pr34668-1.c (test for excess errors)
FAIL: gcc.dg/pr38245-1.c scan-tree-dump-not optimized "% 2123"
FAIL: gcc.dg/typeof-1.c scan-assembler-not foo
XPASS: gcc.dg/uninit-6.c uninitialized variable warning (test for bogus messages, line 42)
FAIL: gcc.dg/var-expand1.c scan-rtl-dump loop2_unroll "Expanding Accumulator"
FAIL: gcc.dg/varpool-1.c scan-assembler-not unnecesary_static_initialized_variable
FAIL: gcc.dg/graphite/interchange-3.c scan-tree-dump-times graphite "will be interchanged" 1
FAIL: gcc.dg/graphite/interchange-4.c scan-tree-dump-times graphite "will be interchanged" 1
FAIL: gcc.dg/graphite/interchange-7.c scan-tree-dump-times graphite "will be interchanged" 1
FAIL: gcc.dg/graphite/interchange-9.c scan-tree-dump-times graphite "will be interchanged" 1
XPASS: gcc.dg/guality/example.c -O0 execution test
XPASS: gcc.dg/guality/example.c -O1 execution test
XPASS: gcc.dg/guality/example.c -O2 execution test
XPASS: gcc.dg/guality/example.c -O2 -flto execution test
XPASS: gcc.dg/guality/example.c -O2 -fwhopr execution test
XPASS: gcc.dg/guality/guality.c -O0 execution test
XPASS: gcc.dg/guality/guality.c -O1 execution test
XPASS: gcc.dg/guality/guality.c -O2 execution test
XPASS: gcc.dg/guality/guality.c -O3 -fomit-frame-pointer execution test
XPASS: gcc.dg/guality/guality.c -O3 -g execution test
XPASS: gcc.dg/guality/guality.c -Os execution test
XPASS: gcc.dg/guality/guality.c -O2 -flto execution test
XPASS: gcc.dg/guality/guality.c -O2 -fwhopr execution test
XPASS: gcc.dg/guality/inline-params.c -O0 execution test
XPASS: gcc.dg/guality/inline-params.c -O1 execution test
XPASS: gcc.dg/guality/inline-params.c -O2 execution test
XPASS: gcc.dg/guality/inline-params.c -Os execution test
XPASS: gcc.dg/guality/pr41353-1.c -O0 line 28 j == 28 + 37
FAIL: gcc.dg/guality/pr41353-1.c -O2 -flto line 28 i == 37
FAIL: gcc.dg/guality/pr41353-1.c -O2 -fwhopr line 28 i == 37
XPASS: gcc.dg/guality/pr41447-1.c -O0 execution test
XPASS: gcc.dg/guality/pr41616-1.c -O0 execution test
FAIL: gcc.dg/pch/valid-1.c -O0 -g -I. (test for warnings, line 3)
FAIL: gcc.dg/pch/valid-1.c -O0 -g -I. no such file (test for errors, line )
FAIL: gcc.dg/pch/valid-1.c -O0 -g -I. invalid files (test for errors, line )
FAIL: gcc.dg/pch/valid-1.c -O0 -g -I. (test for warnings, line )
FAIL: gcc.dg/pch/valid-1.c -O0 -I. (test for warnings, line 3)
FAIL: gcc.dg/pch/valid-1.c -O0 -I. no such file (test for errors, line )
FAIL: gcc.dg/pch/valid-1.c -O0 -I. invalid files (test for errors, line )
FAIL: gcc.dg/pch/valid-1.c -O0 -I. (test for warnings, line )
FAIL: gcc.dg/pch/valid-1.c -O1 -I. (test for warnings, line 3)
FAIL: gcc.dg/pch/valid-1.c -O1 -I. no such file (test for errors, line )
FAIL: gcc.dg/pch/valid-1.c -O1 -I. invalid files (test for errors, line )
FAIL: gcc.dg/pch/valid-1.c -O1 -I. (test for warnings, line )
FAIL: gcc.dg/pch/valid-1.c -O2 -I. (test for warnings, line 3)
FAIL: gcc.dg/pch/valid-1.c -O2 -I. no such file (test for errors, line )
FAIL: gcc.dg/pch/valid-1.c -O2 -I. invalid files (test for errors, line )
FAIL: gcc.dg/pch/valid-1.c -O2 -I. (test for warnings, line )
FAIL: gcc.dg/pch/valid-1.c -O3 -fomit-frame-pointer -I. (test for warnings, line 3)
FAIL: gcc.dg/pch/valid-1.c -O3 -fomit-frame-pointer -I. no such file (test for errors, line )
FAIL: gcc.dg/pch/valid-1.c -O3 -fomit-frame-pointer -I. invalid files (test for errors, line )
FAIL: gcc.dg/pch/valid-1.c -O3 -fomit-frame-pointer -I. (test for warnings, line )
FAIL: gcc.dg/pch/valid-1.c -O3 -g -I. (test for warnings, line 3)
FAIL: gcc.dg/pch/valid-1.c -O3 -g -I. no such file (test for errors, line )
FAIL: gcc.dg/pch/valid-1.c -O3 -g -I. invalid files (test for errors, line )
FAIL: gcc.dg/pch/valid-1.c -O3 -g -I. (test for warnings, line )
FAIL: gcc.dg/pch/valid-1.c -Os -I. (test for warnings, line 3)
FAIL: gcc.dg/pch/valid-1.c -Os -I. no such file (test for errors, line )
FAIL: gcc.dg/pch/valid-1.c -Os -I. invalid files (test for errors, line )
FAIL: gcc.dg/pch/valid-1.c -Os -I. (test for warnings, line )
FAIL: gcc.dg/struct/wo_prof_array_through_pointer.c (internal compiler error)
FAIL: gcc.dg/struct/wo_prof_array_through_pointer.c (test for excess errors)
WARNING: gcc.dg/struct/wo_prof_array_through_pointer.c compilation failed to produce executable
XPASS: gcc.dg/struct/wo_prof_array_through_pointer.c scan-ipa-dump ipa_struct_reorg "Number of structures to transform is 1"
FAIL: gcc.dg/tls/opt-4.c scan-assembler-not tcc1[^@]
FAIL: gcc.dg/tls/opt-4.c scan-assembler-not tcc2[^@]
FAIL: gcc.dg/torture/nested-fn-1.c scan-assembler-not should_not_appear
FAIL: gcc.dg/torture/nested-fn-1.c scan-assembler-not should_not_appear
FAIL: gcc.dg/torture/nested-fn-1.c scan-assembler-not should_not_appear
FAIL: gcc.dg/torture/nested-fn-1.c scan-assembler-not should_not_appear
FAIL: gcc.dg/torture/nested-fn-1.c scan-assembler-not should_not_appear
FAIL: gcc.dg/torture/nested-fn-1.c scan-assembler-not should_not_appear
FAIL: gcc.dg/torture/nested-fn-1.c scan-assembler-not should_not_appear
FAIL: gcc.dg/torture/nested-fn-1.c scan-assembler-not should_not_appear
FAIL: gcc.dg/tree-ssa/20030710-1.c scan-tree-dump-times dom2 "type\\.binfo" 1
FAIL: gcc.dg/tree-ssa/20040729-1.c scan-tree-dump-times dce2 "&x" 0
FAIL: gcc.dg/tree-ssa/asm-1.c scan-tree-dump-times optimized "63" 1
XPASS: gcc.dg/tree-ssa/forwprop-12.c scan-tree-dump-times forwprop1 "->a\\[D\\." 2
FAIL: gcc.dg/tree-ssa/forwprop-8.c scan-tree-dump-times forwprop1 "pointer" 0
FAIL: gcc.dg/tree-ssa/loop-1.c scan-assembler-times foo 5
FAIL: gcc.dg/tree-ssa/loop-2.c scan-tree-dump-times optimized "iter" 0
FAIL: gcc.dg/tree-ssa/loop-4.c scan-tree-dump-times optimized "iter" 0
FAIL: gcc.dg/tree-ssa/ltrans-1.c scan-tree-dump-times ltrans "converted loop nest to perfect loop nest" 1
FAIL: gcc.dg/tree-ssa/ltrans-1.c scan-tree-dump-times ltrans "transformed loop" 1
FAIL: gcc.dg/tree-ssa/ltrans-3.c scan-tree-dump-times ltrans "transformed loop" 1
FAIL: gcc.dg/tree-ssa/ltrans-4.c scan-tree-dump-times ltrans "transformed loop" 1
FAIL: gcc.dg/tree-ssa/ltrans-5.c scan-tree-dump-times ltrans "transformed loop" 1
FAIL: gcc.dg/tree-ssa/ltrans-6.c scan-tree-dump-times ltrans "transformed loop" 1
FAIL: gcc.dg/tree-ssa/ltrans-8.c scan-tree-dump-times ltrans "transformed loop" 1
FAIL: gcc.dg/tree-ssa/pr17141-2.c scan-tree-dump-times optimized "&" 0
FAIL: gcc.dg/tree-ssa/pr23777.c scan-tree-dump-not optimized "multilib_exclusions_raw"
FAIL: gcc.dg/tree-ssa/pr38533.c scan-tree-dump-times reassoc1 "__asm__[^;
FAIL: gcc.dg/tree-ssa/reassoc-1.c scan-tree-dump-times optimized " \\+ " 2
FAIL: gcc.dg/tree-ssa/reassoc-10.c scan-tree-dump-times optimized "\\& " 3
FAIL: gcc.dg/tree-ssa/reassoc-14.c scan-tree-dump-times reassoc1 "\\*" 4
FAIL: gcc.dg/tree-ssa/reassoc-15.c scan-tree-dump-times reassoc1 "\\*" 4
FAIL: gcc.dg/tree-ssa/reassoc-16.c scan-tree-dump-times reassoc1 "/" 1
FAIL: gcc.dg/tree-ssa/reassoc-17.c scan-tree-dump-times reassoc1 "/" 1
FAIL: gcc.dg/tree-ssa/reassoc-4.c scan-tree-dump-times optimized "\\+" 2
FAIL: gcc.dg/tree-ssa/sra-4.c scan-tree-dump-times optimized "st" 0
FAIL: gcc.dg/tree-ssa/struct-aliasing-2.c scan-tree-dump-times fre "p_.\\(D\\)->f" 1
FAIL: gcc.dg/tree-ssa/vector-2.c scan-tree-dump-times optimized "0.0" 1
FAIL: gcc.dg/tree-ssa/vector-3.c scan-tree-dump-times optimized "0.0" 1
FAIL: gcc.target/i386/avx-vmovntdq-256-1.c (test for excess errors)
WARNING: gcc.target/i386/avx-vmovntdq-256-1.c compilation failed to produce executable
FAIL: gcc.target/i386/avx-vmovntpd-256-1.c (test for excess errors)
WARNING: gcc.target/i386/avx-vmovntpd-256-1.c compilation failed to produce executable
FAIL: gcc.target/i386/avx-vmovntps-256-1.c (test for excess errors)
WARNING: gcc.target/i386/avx-vmovntps-256-1.c compilation failed to produce executable
FAIL: gcc.target/i386/pr28946.c scan-assembler-not test
=== gcc Summary ===
# of expected passes 70364
# of unexpected failures 107
# of unexpected successes 27
# of expected failures 204
# of unsupported tests 1034
/space/rguenther/obj/gcc/xgcc version 4.5.0 20091211 (experimental) [trunk revision 145533] (GCC)
=== gfortran tests ===
Running target unix/-g
FAIL: gfortran.dg/ltrans-7.f90 -O scan-tree-dump-times ltrans "transformed loop" 1
FAIL: gfortran.dg/lto/pr40725 f_lto_pr40725_0.o-f_lto_pr40725_1.o execute -O2 -fwhopr
FAIL: gfortran.dg/lto/pr40725 f_lto_pr40725_0.o-f_lto_pr40725_1.o execute -O2 -flto
=== gfortran Summary ===
# of expected passes 33334
# of unexpected failures 3
# of expected failures 28
# of unsupported tests 58
/space/rguenther/obj/gcc/testsuite/gfortran/../../gfortran version 4.5.0 20091211 (experimental) [trunk revision 145533] (GCC)
=== gnat tests ===
Running target unix/-g
=== gnat Summary ===
# of expected passes 750
# of expected failures 7
=== obj-c++ tests ===
Running target unix/-g
WARNING: obj-c++.dg/lookup-2.mm compilation failed to produce executable
WARNING: obj-c++.dg/try-catch-2.mm compilation failed to produce executable
WARNING: obj-c++.dg/try-catch-9.mm compilation failed to produce executable
=== obj-c++ Summary ===
# of expected passes 430
# of expected failures 18
# of unsupported tests 13
/space/rguenther/obj/gcc/testsuite/obj-c++/../../g++ version 4.5.0 20091211 (experimental) [trunk revision 145533] (GCC)
=== objc tests ===
Running target unix/-g
=== objc Summary ===
# of expected passes 1867
# of expected failures 15
# of unsupported tests 24
/space/rguenther/obj/gcc/xgcc version 4.5.0 20091211 (experimental) [trunk revision 145533] (GCC)
=== libffi tests ===
Running target unix/-g
=== libffi Summary ===
# of expected passes 1609
# of expected failures 10
# of unsupported tests 15
=== libgomp tests ===
Running target unix/-g
FAIL: libgomp.graphite/force-parallel-1.c execution test
FAIL: libgomp.graphite/force-parallel-2.c execution test
XPASS: libgomp.graphite/force-parallel-5.c scan-tree-dump-times optimized "loopfn.1" 5
=== libgomp Summary ===
# of expected passes 2466
# of unexpected failures 2
# of unexpected successes 1
=== libjava tests ===
Running target unix/-g
=== libjava Summary ===
# of expected passes 2574
=== libmudflap tests ===
Running target unix/-g
FAIL: libmudflap.c/fail31-frag.c (-O3) output pattern test
FAIL: libmudflap.c/pass45-frag.c (-O3) execution test
FAIL: libmudflap.c/pass45-frag.c (-O3) output pattern test
FAIL: libmudflap.c/pass45-frag.c (-O3) execution test
FAIL: libmudflap.c/pass45-frag.c (-O3) output pattern test
FAIL: libmudflap.c++/pass41-frag.cxx execution test
FAIL: libmudflap.c++/pass41-frag.cxx (-static) execution test
FAIL: libmudflap.c++/pass41-frag.cxx ( -O) execution test
FAIL: libmudflap.c++/pass41-frag.cxx (-O2) execution test
FAIL: libmudflap.c++/pass41-frag.cxx (-O3) execution test
=== libmudflap Summary ===
# of expected passes 1884
# of unexpected failures 10
=== libstdc++ tests ===
Running target unix/-g
XPASS: 26_numerics/headers/cmath/c99_classification_macros_c.cc (test for excess errors)
=== libstdc++ Summary ===
# of expected passes 7099
# of unexpected successes 1
# of expected failures 90
# of unsupported tests 13
Compiler version: 4.5.0 20091211 (experimental) [trunk revision 145533] (GCC)
Platform: x86_64-unknown-linux-gnu
configure flags: --disable-nls --enable-languages=all,ada,obj-c++