This is the mail archive of the
gcc-testresults@gcc.gnu.org
mailing list for the GCC project.
Results for 4.5.0 20091210 (experimental) [trunk revision 155129] (Debian 20091210-1) testsuite on alpha-unknown-linux-gnu
- From: Matthias Klose <doko at debian dot org>
- To: gcc-testresults at gcc dot gnu dot org
- Cc: debian-gcc at lists dot debian dot org
- Date: Sat, 12 Dec 2009 17:54:29 +0000
- Subject: Results for 4.5.0 20091210 (experimental) [trunk revision 155129] (Debian 20091210-1) testsuite on alpha-unknown-linux-gnu
- Reply-to: Matthias Klose <doko at debian dot org>
LAST_UPDATED: Thu Dec 10 15:52:28 UTC 2009 (revision 155129)
Native configuration is alpha-unknown-linux-gnu
=== libffi tests ===
Running target unix
=== libffi Summary ===
# of expected passes 1609
# of expected failures 10
# of unsupported tests 15
=== libgomp tests ===
Running target unix
XPASS: libgomp.graphite/force-parallel-5.c scan-tree-dump-times optimized "loopfn.1" 5
=== libgomp Summary ===
# of expected passes 2468
# of unexpected successes 1
=== libjava tests ===
Running target unix
=== libjava Summary ===
# of expected passes 2574
=== libmudflap tests ===
Running target unix
FAIL: libmudflap.c/pass54-frag.c (-static) execution test
FAIL: libmudflap.c/pass54-frag.c (-static) execution test
FAIL: libmudflap.c/fail31-frag.c (-O3) crash test
FAIL: libmudflap.c/fail31-frag.c (-O3) output pattern test
FAIL: libmudflap.c/pass45-frag.c (-O3) execution test
FAIL: libmudflap.c/pass45-frag.c (-O3) output pattern test
FAIL: libmudflap.c/pass45-frag.c (-O3) execution test
FAIL: libmudflap.c/pass45-frag.c (-O3) output pattern test
FAIL: libmudflap.c++/pass41-frag.cxx execution test
FAIL: libmudflap.c++/pass41-frag.cxx (-static) execution test
FAIL: libmudflap.c++/pass41-frag.cxx ( -O) execution test
FAIL: libmudflap.c++/pass41-frag.cxx (-O2) execution test
FAIL: libmudflap.c++/pass41-frag.cxx (-O3) execution test
=== libmudflap Summary ===
# of expected passes 1881
# of unexpected failures 13
=== libstdc++ tests ===
Running target unix
XPASS: 26_numerics/headers/cmath/c99_classification_macros_c.cc (test for excess errors)
=== libstdc++ Summary ===
# of expected passes 6471
# of unexpected successes 1
# of expected failures 90
# of unsupported tests 347
Target: alpha-linux-gnu
gcc version 4.5.0 20091210 (experimental) [trunk revision 155129] (Debian 20091210-1)
=== acats tests ===
FAIL: c52103x
FAIL: cb1010a
FAIL: cb1010c
FAIL: cb1010d
FAIL: cxa5a03
FAIL: cxg2017
FAIL: cxg2020
=== acats Summary ===
# of expected passes 2314
# of unexpected failures 7
=== g++ tests ===
Running target unix
FAIL: g++.dg/lto/20080908-3 cp_lto_20080908-3_0.o-cp_lto_20080908-3_0.o execute -O0 -fwhopr
FAIL: g++.dg/lto/20080908-3 cp_lto_20080908-3_0.o-cp_lto_20080908-3_0.o execute -O0 -flto
=== g++ Summary ===
# of expected passes 21415
# of unexpected failures 2
# of expected failures 147
# of unsupported tests 172
/build/buildd-gcc-snapshot_20091210-1-alpha-sghj1f/gcc-snapshot-20091210/build/gcc/testsuite/g++/../../g++ version 4.5.0 20091210 (experimental) [trunk revision 155129] (Debian 20091210-1)
=== gcc tests ===
Running target unix
FAIL: gcc.c-torture/execute/builtins/memmove-2.c compilation, -O2 -fwhopr
UNRESOLVED: gcc.c-torture/execute/builtins/memmove-2.c execution, -O2 -fwhopr
FAIL: gcc.c-torture/execute/builtins/sprintf-chk.c execution, -O2 -fwhopr
FAIL: gcc.c-torture/execute/builtins/stpcpy-chk.c execution, -O2 -fwhopr
FAIL: gcc.c-torture/execute/builtins/strcpy-chk.c execution, -O2 -fwhopr
FAIL: gcc.c-torture/execute/stdarg-1.c execution, -O3 -fomit-frame-pointer
FAIL: gcc.c-torture/execute/stdarg-1.c execution, -O3 -g
XPASS: gcc.dg/Warray-bounds.c (test for warnings, line 59)
XPASS: gcc.dg/Warray-bounds.c (test for warnings, line 65)
XPASS: gcc.dg/Wunreachable-8.c (test for bogus messages, line 7)
FAIL: gcc.dg/pr34668-1.c (internal compiler error)
FAIL: gcc.dg/pr34668-1.c (test for excess errors)
XPASS: gcc.dg/uninit-6.c uninitialized variable warning (test for bogus messages, line 42)
FAIL: gcc.dg/lto/20090116 c_lto_20090116_0.o-c_lto_20090116_0.o link, (internal compiler error)
UNRESOLVED: gcc.dg/lto/20090116 c_lto_20090116_0.o-c_lto_20090116_0.o execute -O1 -fwhopr -fPIC
XPASS: gcc.dg/struct/wo_prof_array_through_pointer.c scan-ipa-dump ipa_struct_reorg "Number of structures to transform is 1"
FAIL: gcc.dg/torture/builtin-math-7.c -O2 -flto execution test
FAIL: gcc.dg/torture/builtin-math-7.c -O2 -fwhopr execution test
=== gcc Summary ===
# of expected passes 62329
# of unexpected failures 11
# of unexpected successes 5
# of expected failures 97
# of unresolved testcases 2
# of unsupported tests 701
/build/buildd-gcc-snapshot_20091210-1-alpha-sghj1f/gcc-snapshot-20091210/build/gcc/xgcc version 4.5.0 20091210 (experimental) [trunk revision 155129] (Debian 20091210-1)
=== gfortran tests ===
Running target unix
FAIL: gfortran.dg/boz_15.f90 -O0 execution test
FAIL: gfortran.dg/boz_15.f90 -O1 execution test
FAIL: gfortran.dg/boz_15.f90 -O2 execution test
FAIL: gfortran.dg/boz_15.f90 -O3 -fomit-frame-pointer execution test
FAIL: gfortran.dg/boz_15.f90 -O3 -fomit-frame-pointer -funroll-loops execution test
FAIL: gfortran.dg/boz_15.f90 -O3 -fomit-frame-pointer -funroll-all-loops -finline-functions execution test
FAIL: gfortran.dg/boz_15.f90 -O3 -g execution test
FAIL: gfortran.dg/boz_15.f90 -Os execution test
FAIL: gfortran.dg/lto/pr40725 f_lto_pr40725_0.o-f_lto_pr40725_1.o execute -O2 -fwhopr
FAIL: gfortran.dg/lto/pr40725 f_lto_pr40725_0.o-f_lto_pr40725_1.o execute -O2 -flto
=== gfortran Summary ===
# of expected passes 33255
# of unexpected failures 10
# of expected failures 28
# of unsupported tests 69
/build/buildd-gcc-snapshot_20091210-1-alpha-sghj1f/gcc-snapshot-20091210/build/gcc/testsuite/gfortran/../../gfortran version 4.5.0 20091210 (experimental) [trunk revision 155129] (Debian 20091210-1)
=== gnat tests ===
Running target unix
FAIL: gnat.dg/atomic1.adb scan-tree-dump-times gimple "v_16" 1
FAIL: gnat.dg/null_pointer_deref1.adb execution test
WARNING: program timed out.
FAIL: gnat.dg/regpat1.adb execution test
FAIL: gnat.dg/stack_check1.adb execution test
FAIL: gnat.dg/stack_check2.adb execution test
=== gnat Summary ===
# of expected passes 744
# of unexpected failures 5
# of expected failures 7
# of unsupported tests 1
=== obj-c++ tests ===
Running target unix
UNRESOLVED: obj-c++.dg/lookup-2.mm compilation failed to produce executable
UNRESOLVED: obj-c++.dg/try-catch-2.mm compilation failed to produce executable
UNRESOLVED: obj-c++.dg/try-catch-9.mm compilation failed to produce executable
=== obj-c++ Summary ===
# of expected passes 430
# of expected failures 18
# of unresolved testcases 3
# of unsupported tests 13
/build/buildd-gcc-snapshot_20091210-1-alpha-sghj1f/gcc-snapshot-20091210/build/gcc/testsuite/obj-c++/../../g++ version 4.5.0 20091210 (experimental) [trunk revision 155129] (Debian 20091210-1)
=== objc tests ===
Running target unix
FAIL: objc/execute/forward-1.m execution, -O0 -fgnu-runtime
FAIL: objc/execute/forward-1.m execution, -O1 -fgnu-runtime
FAIL: objc/execute/forward-1.m execution, -O2 -fgnu-runtime
FAIL: objc/execute/forward-1.m execution, -O3 -fomit-frame-pointer -fgnu-runtime
FAIL: objc/execute/forward-1.m execution, -O3 -fomit-frame-pointer -funroll-loops -fgnu-runtime
FAIL: objc/execute/forward-1.m execution, -O3 -fomit-frame-pointer -funroll-all-loops -finline-functions -fgnu-runtime
FAIL: objc/execute/forward-1.m execution, -O3 -g -fgnu-runtime
FAIL: objc/execute/forward-1.m execution, -Os -fgnu-runtime
=== objc Summary ===
# of expected passes 1865
# of unexpected failures 8
# of expected failures 7
# of unsupported tests 25
/build/buildd-gcc-snapshot_20091210-1-alpha-sghj1f/gcc-snapshot-20091210/build/gcc/xgcc version 4.5.0 20091210 (experimental) [trunk revision 155129] (Debian 20091210-1)
Compiler version: 4.5.0 20091210 (experimental) [trunk revision 155129] (Debian 20091210-1)
Platform: alpha-unknown-linux-gnu
configure flags: -v --with-pkgversion='Debian 20091210-1' --with-bugurl=file:///usr/share/doc/gcc-snapshot/README.Bugs --enable-languages=c,ada,c++,java,fortran,objc,obj-c++ --prefix=/usr/lib/gcc-snapshot --enable-shared --enable-multiarch --enable-linker-build-id --with-system-zlib --disable-nls --enable-clocale=gnu --enable-libstdcxx-debug --disable-libssp --enable-plugin --disable-browser-plugin --enable-java-awt=gtk --enable-gtk-cairo --with-java-home=//usr/lib/jvm/java-1.5.0-gcj-4.5-snap/jre --enable-java-home --with-jvm-root-dir=//usr/lib/jvm/java-1.5.0-gcj-4.5-snap --with-jvm-jar-dir=/usr/lib/jvm-exports/java-1.5.0-gcj-4.5-snap --with-arch-directory=alpha --with-ecj-jar=/usr/share/java/eclipse-ecj.jar --enable-objc-gc --with-long-double-128 --disable-werror --build=alpha-linux-gnu --host=alpha-linux-gnu --target=alpha-linux-gnu
BOOT_CFLAGS=
Build Dependencies:
Desired=Unknown/Install/Remove/Purge/Hold
| Status=Not/Inst/Cfg-files/Unpacked/Failed-cfg/Half-inst/trig-aWait/Trig-pend
|/ Err?=(none)/Reinst-required (Status,Err: uppercase=bad)
||/ Name Version Description
+++-============================================-======================-==============================================
ii binutils 2.20-4 The GNU assembler, linker and binary utilities
ii g++-4.4 4.4.2-4 The GNU C++ compiler
ii libc6.1 2.10.2-2 GNU C Library: Shared libraries
pi libcloog-ppl-dev 0.15.7-1 the Chunky Loop Generator (development files)
pi libgmp3-dev 2:4.3.1+dfsg-3 Multiprecision arithmetic library developers t
pi libmpc-dev 0.8.1-1 multiple precision complex floating-point libr
pi libmpfr-dev 2.4.2-3 multiple precision floating-point computation
pi libppl0.10-dev 0.10.2-3 Parma Polyhedra Library (development)
pr40521-revert-workaround:
Revert the dwarf2cfi_asm workaround, obsoleted by PR debug/40521.
pr42317:
Proposed patch for PR c++/42317
gcc-ice-hack:
Retry the build on an ice, save the calling options and preprocessed
source when the ice is reproducible.
gcc-ice-apport:
Report an ICE to apport (if apport is available
and the environment variable GCC_NOAPPORT is not set)
libjava-disable-static:
Disable building the static libjava.
libjava-fixed-symlinks:
Remove unneed '..' elements from symlinks in JAVA_HOME
ada-arm-eabi:
Add preliminary Ada support for ARM/EABI to gcc-4.4.1 (sjlj only).
arm-unbreak-eabi-armv4t:
Fix armv4t build on ARM
Counting all warnings,
there are 0 warnings in stage3 of this bootstrap.
Number of warnings per file:
Number of warning types: