This is the mail archive of the
gcc-testresults@gcc.gnu.org
mailing list for the GCC project.
Results for 4.5.0 20091210 (experimental) [trunk revision 155129] (Debian 20091210-1) testsuite on hppa-unknown-linux-gnu
- From: Matthias Klose <doko at debian dot org>
- To: gcc-testresults at gcc dot gnu dot org
- Cc: debian-gcc at lists dot debian dot org
- Date: Sat, 12 Dec 2009 17:54:35 +0000
- Subject: Results for 4.5.0 20091210 (experimental) [trunk revision 155129] (Debian 20091210-1) testsuite on hppa-unknown-linux-gnu
- Reply-to: Matthias Klose <doko at debian dot org>
LAST_UPDATED: Thu Dec 10 15:52:28 UTC 2009 (revision 155129)
Target: hppa-linux-gnu
gcc version 4.5.0 20091210 (experimental) [trunk revision 155129] (Debian 20091210-1)
=== acats tests ===
=== acats Summary ===
# of expected passes 2321
# of unexpected failures 0
Native configuration is hppa-unknown-linux-gnu
=== g++ tests ===
Running target unix
FAIL: g++.dg/lto/20081109 cp_lto_20081109_0.o-cp_lto_20081109_1.o execute -O2 -fwhopr
FAIL: g++.dg/torture/pr34099.C -O1 execution test
FAIL: g++.dg/torture/pr34099.C -O2 execution test
FAIL: g++.dg/torture/pr34099.C -Os execution test
FAIL: g++.dg/torture/pr34099.C -O2 -flto (internal compiler error)
FAIL: g++.dg/torture/pr34099.C -O2 -flto (test for excess errors)
UNRESOLVED: g++.dg/torture/pr34099.C -O2 -flto compilation failed to produce executable
FAIL: g++.dg/torture/pr34099.C -O2 -fwhopr (internal compiler error)
FAIL: g++.dg/torture/pr34099.C -O2 -fwhopr (test for excess errors)
UNRESOLVED: g++.dg/torture/pr34099.C -O2 -fwhopr compilation failed to produce executable
=== g++ Summary ===
# of expected passes 21443
# of unexpected failures 8
# of expected failures 147
# of unresolved testcases 2
# of unsupported tests 170
/home/packages/gcc/snap/gcc-snapshot-20091210/build/gcc/testsuite/g++/../../g++ version 4.5.0 20091210 (experimental) [trunk revision 155129] (Debian 20091210-1)
=== gcc tests ===
Running target unix
WARNING: program timed out.
FAIL: gcc.c-torture/compile/20001226-1.c -O3 -g (test for excess errors)
FAIL: gcc.c-torture/execute/builtins/memmove-2.c compilation, -O2 -fwhopr
UNRESOLVED: gcc.c-torture/execute/builtins/memmove-2.c execution, -O2 -fwhopr
FAIL: gcc.c-torture/execute/builtins/sprintf-chk.c execution, -O2 -fwhopr
FAIL: gcc.c-torture/execute/builtins/stpcpy-chk.c execution, -O2 -fwhopr
FAIL: gcc.c-torture/execute/builtins/strcpy-chk.c execution, -O2 -fwhopr
XPASS: gcc.dg/Warray-bounds.c (test for warnings, line 59)
XPASS: gcc.dg/Warray-bounds.c (test for warnings, line 65)
XPASS: gcc.dg/Wunreachable-8.c (test for bogus messages, line 7)
FAIL: gcc.dg/pr34668-1.c (internal compiler error)
FAIL: gcc.dg/pr34668-1.c (test for excess errors)
XPASS: gcc.dg/uninit-6.c uninitialized variable warning (test for bogus messages, line 42)
WARNING: program timed out.
FAIL: gcc.dg/graphite/block-3.c (test for excess errors)
XPASS: gcc.dg/guality/example.c -O0 execution test
XPASS: gcc.dg/guality/example.c -O1 execution test
XPASS: gcc.dg/guality/example.c -O2 execution test
XPASS: gcc.dg/guality/example.c -Os execution test
XPASS: gcc.dg/guality/inline-params.c -O0 execution test
XPASS: gcc.dg/guality/inline-params.c -O1 execution test
XPASS: gcc.dg/guality/inline-params.c -O2 execution test
XPASS: gcc.dg/guality/inline-params.c -O3 -fomit-frame-pointer execution test
XPASS: gcc.dg/guality/inline-params.c -O3 -g execution test
XPASS: gcc.dg/guality/inline-params.c -Os execution test
XPASS: gcc.dg/guality/pr41353-1.c -O0 line 28 j == 28 + 37
FAIL: gcc.dg/guality/pr41404-1.c -O1 line 10 *foo == 'f'
FAIL: gcc.dg/guality/pr41404-1.c -O2 line 10 *foo == 'f'
FAIL: gcc.dg/guality/pr41404-1.c -Os line 10 *foo == 'f'
XPASS: gcc.dg/guality/pr41447-1.c -O0 execution test
XPASS: gcc.dg/guality/pr41616-1.c -O0 execution test
XPASS: gcc.dg/guality/pr41616-1.c -O1 execution test
XPASS: gcc.dg/guality/pr41616-1.c -O2 execution test
XPASS: gcc.dg/guality/pr41616-1.c -Os execution test
XPASS: gcc.dg/struct/wo_prof_array_through_pointer.c scan-ipa-dump ipa_struct_reorg "Number of structures to transform is 1"
FAIL: gcc.dg/torture/builtin-math-7.c -O2 -flto execution test
FAIL: gcc.dg/torture/builtin-math-7.c -O2 -fwhopr execution test
XPASS: gcc.dg/tree-ssa/loop-1.c scan-assembler-times foo 5
=== gcc Summary ===
# of expected passes 62478
# of unexpected failures 13
# of unexpected successes 22
# of expected failures 128
# of unresolved testcases 1
# of unsupported tests 749
/home/packages/gcc/snap/gcc-snapshot-20091210/build/gcc/xgcc version 4.5.0 20091210 (experimental) [trunk revision 155129] (Debian 20091210-1)
=== gfortran tests ===
Running target unix
FAIL: gfortran.dg/pr41928.f90 -O (internal compiler error)
FAIL: gfortran.dg/pr41928.f90 -O (test for excess errors)
FAIL: gfortran.dg/lto/20091028-2 f_lto_20091028-2_0.o-f_lto_20091028-2_1.o link, (internal compiler error)
UNRESOLVED: gfortran.dg/lto/20091028-2 f_lto_20091028-2_0.o-f_lto_20091028-2_1.o execute -O2 -fwhopr
FAIL: gfortran.dg/lto/20091028-2 f_lto_20091028-2_0.o-f_lto_20091028-2_1.o link, (internal compiler error)
UNRESOLVED: gfortran.dg/lto/20091028-2 f_lto_20091028-2_0.o-f_lto_20091028-2_1.o execute -O2 -flto
FAIL: gfortran.dg/lto/pr40725 f_lto_pr40725_0.o-f_lto_pr40725_1.o execute -O2 -fwhopr
FAIL: gfortran.dg/lto/pr40725 f_lto_pr40725_0.o-f_lto_pr40725_1.o execute -O2 -flto
=== gfortran Summary ===
# of expected passes 32303
# of unexpected failures 6
# of expected failures 28
# of unresolved testcases 2
# of unsupported tests 286
/home/packages/gcc/snap/gcc-snapshot-20091210/build/gcc/testsuite/gfortran/../../gfortran version 4.5.0 20091210 (experimental) [trunk revision 155129] (Debian 20091210-1)
=== gnat tests ===
Running target unix
=== gnat Summary ===
# of expected passes 749
# of expected failures 7
# of unsupported tests 1
=== obj-c++ tests ===
Running target unix
UNRESOLVED: obj-c++.dg/lookup-2.mm compilation failed to produce executable
UNRESOLVED: obj-c++.dg/try-catch-2.mm compilation failed to produce executable
UNRESOLVED: obj-c++.dg/try-catch-9.mm compilation failed to produce executable
=== obj-c++ Summary ===
# of expected passes 438
# of expected failures 10
# of unresolved testcases 3
# of unsupported tests 13
/home/packages/gcc/snap/gcc-snapshot-20091210/build/gcc/testsuite/obj-c++/../../g++ version 4.5.0 20091210 (experimental) [trunk revision 155129] (Debian 20091210-1)
=== objc tests ===
Running target unix
=== objc Summary ===
# of expected passes 1867
# of expected failures 15
# of unsupported tests 24
/home/packages/gcc/snap/gcc-snapshot-20091210/build/gcc/xgcc version 4.5.0 20091210 (experimental) [trunk revision 155129] (Debian 20091210-1)
=== libffi tests ===
Running target unix
=== libffi Summary ===
# of expected passes 1609
# of expected failures 10
# of unsupported tests 15
=== libgomp tests ===
Running target unix
FAIL: libgomp.c/omp-loop03.c execution test
FAIL: libgomp.c++/for-8.C -O3 -fomit-frame-pointer execution test
FAIL: libgomp.c++/loop-3.C -O execution test
FAIL: libgomp.graphite/force-parallel-2.c execution test
XPASS: libgomp.graphite/force-parallel-5.c scan-tree-dump-times optimized "loopfn.1" 5
=== libgomp Summary ===
# of expected passes 2450
# of unexpected failures 4
# of unexpected successes 1
# of unsupported tests 7
=== libjava tests ===
Running target unix
=== libjava Summary ===
# of expected passes 2574
=== libmudflap tests ===
Running target unix
FAIL: libmudflap.c/fail31-frag.c (-O3) crash test
FAIL: libmudflap.c/fail31-frag.c (-O3) output pattern test
FAIL: libmudflap.c/pass45-frag.c (-O3) execution test
FAIL: libmudflap.c/pass45-frag.c (-O3) output pattern test
FAIL: libmudflap.c/pass45-frag.c (-O3) execution test
FAIL: libmudflap.c/pass45-frag.c (-O3) output pattern test
FAIL: libmudflap.c++/pass41-frag.cxx execution test
FAIL: libmudflap.c++/pass41-frag.cxx (-static) execution test
FAIL: libmudflap.c++/pass41-frag.cxx ( -O) execution test
FAIL: libmudflap.c++/pass41-frag.cxx (-O2) execution test
FAIL: libmudflap.c++/pass41-frag.cxx (-O3) execution test
WARNING: program timed out.
FAIL: libmudflap.cth/pass40-frag.c execution test
FAIL: libmudflap.cth/pass40-frag.c output pattern test
WARNING: program timed out.
FAIL: libmudflap.cth/pass40-frag.c (-static -DSTATIC) execution test
FAIL: libmudflap.cth/pass40-frag.c (-static -DSTATIC) output pattern test
WARNING: program timed out.
FAIL: libmudflap.cth/pass40-frag.c (-O2) execution test
FAIL: libmudflap.cth/pass40-frag.c (-O2) output pattern test
WARNING: program timed out.
FAIL: libmudflap.cth/pass40-frag.c (-O3) execution test
FAIL: libmudflap.cth/pass40-frag.c (-O3) output pattern test
=== libmudflap Summary ===
# of expected passes 1875
# of unexpected failures 19
=== libstdc++ tests ===
Running target unix
FAIL: ext/pb_ds/regression/tree_data_map_rand.cc execution test
=== libstdc++ Summary ===
# of expected passes 6470
# of unexpected failures 1
# of expected failures 91
# of unsupported tests 331
Compiler version: 4.5.0 20091210 (experimental) [trunk revision 155129] (Debian 20091210-1)
Platform: hppa-unknown-linux-gnu
configure flags: -v --with-pkgversion='Debian 20091210-1' --with-bugurl=file:///usr/share/doc/gcc-snapshot/README.Bugs --enable-languages=c,ada,c++,java,fortran,objc,obj-c++ --prefix=/usr/lib/gcc-snapshot --enable-shared --enable-multiarch --enable-linker-build-id --with-system-zlib --disable-nls --enable-clocale=gnu --enable-libstdcxx-debug --disable-libssp --enable-plugin --disable-browser-plugin --enable-java-awt=gtk --enable-gtk-cairo --with-java-home=//usr/lib/jvm/java-1.5.0-gcj-4.5-snap/jre --enable-java-home --with-jvm-root-dir=//usr/lib/jvm/java-1.5.0-gcj-4.5-snap --with-jvm-jar-dir=/usr/lib/jvm-exports/java-1.5.0-gcj-4.5-snap --with-arch-directory=parisc --with-ecj-jar=/usr/share/java/eclipse-ecj.jar --enable-objc-gc --disable-libstdcxx-pch --disable-werror --build=hppa-linux-gnu --host=hppa-linux-gnu --target=hppa-linux-gnu
BOOT_CFLAGS=
Build Dependencies:
Desired=Unknown/Install/Remove/Purge/Hold
| Status=Not/Inst/Cfg-files/Unpacked/Failed-cfg/Half-inst/trig-aWait/Trig-pend
|/ Err?=(none)/Reinst-required (Status,Err: uppercase=bad)
||/ Name Version Description
+++-=======================================================-===========================-==============================================
ii binutils 2.20-4 The GNU assembler, linker and binary utilities
ii binutils-hppa64 2.20-4 The GNU assembler, linker and binary utilities
ii g++-4.3 4.3.4-6 The GNU C++ compiler
ii g++-4.4 4.4.2-3+b1 The GNU C++ compiler
ii libc6 2.10.2-2 GNU C Library: Shared libraries
ii libcloog-ppl-dev 0.15.7-1 the Chunky Loop Generator (development files)
ii libgmp3-dev 2:4.3.1+dfsg-3 Multiprecision arithmetic library developers t
ii libmpc-dev 0.8.1-1 multiple precision complex floating-point libr
ii libmpfr-dev 2.4.2-3 multiple precision floating-point computation
ii libppl0.10-dev 0.10.2-3 Parma Polyhedra Library (development)
pr40521-revert-workaround:
Revert the dwarf2cfi_asm workaround, obsoleted by PR debug/40521.
pr42317:
Proposed patch for PR c++/42317
gcc-ice-hack:
Retry the build on an ice, save the calling options and preprocessed
source when the ice is reproducible.
gcc-ice-apport:
Report an ICE to apport (if apport is available
and the environment variable GCC_NOAPPORT is not set)
libjava-disable-static:
Disable building the static libjava.
libjava-fixed-symlinks:
Remove unneed '..' elements from symlinks in JAVA_HOME
ada-arm-eabi:
Add preliminary Ada support for ARM/EABI to gcc-4.4.1 (sjlj only).
arm-unbreak-eabi-armv4t:
Fix armv4t build on ARM
Counting all warnings,
there are 0 warnings in stage3 of this bootstrap.
Number of warnings per file:
Number of warning types: