This is the mail archive of the
gcc-testresults@gcc.gnu.org
mailing list for the GCC project.
Results for 4.5.0 20091210 (experimental) (GCC) testsuite on i686-pc-cygwin
- From: Tim Prince <n8tm at aol dot com>
- To: gcc-testresults at gcc dot gnu dot org
- Date: Sat, 12 Dec 2009 07:52:26 -0800
- Subject: Results for 4.5.0 20091210 (experimental) (GCC) testsuite on i686-pc-cygwin
- Reply-to: tprince at computer dot org
LAST_UPDATED: Obtained from SVN: trunk revision 155144
Native configuration is i686-pc-cygwin
=== g++ tests ===
Running target unix
FAIL: c-c++-common/dfp/func-vararg-mixed-2.c (test for excess errors)
WARNING: c-c++-common/dfp/func-vararg-mixed-2.c compilation failed to
produce executable
FAIL: c-c++-common/dfp/pr36800.c (test for excess errors)
WARNING: c-c++-common/dfp/pr36800.c compilation failed to produce executable
FAIL: c-c++-common/dfp/pr39034.c (test for excess errors)
WARNING: c-c++-common/dfp/pr39034.c compilation failed to produce executable
FAIL: c-c++-common/dfp/pr39035.c (test for excess errors)
WARNING: c-c++-common/dfp/pr39035.c compilation failed to produce executable
FAIL: g++.dg/abi/local1.C execution test
FAIL: g++.dg/abi/thunk5.C scan-assembler weak.*ZTv
FAIL: g++.dg/eh/weak1.C execution test
FAIL: g++.dg/ext/dllimport7.C C++ specific error (test for errors, line 24)
FAIL: g++.dg/ext/selectany1.C scan-assembler-dem \\nguard variable for x:
FAIL: g++.dg/init/cleanup3.C scan-assembler-not _tcf
FAIL: g++.old-deja/g++.eh/badalloc1.C execution test
XPASS: g++.old-deja/g++.ext/attrib5.C execution test
FAIL: g++.old-deja/g++.other/init5.C execution test
=== g++ Summary ===
# of expected passes 22772
# of unexpected failures 12
# of unexpected successes 1
# of expected failures 147
# of unsupported tests 270
/cygdrive/e/gnu/xp/gcc/testsuite/g++/../../g++ version 4.5.0 20091210
(experimental) (GCC)
=== gcc tests ===
Running target unix
XPASS: gcc.dg/Warray-bounds.c (test for warnings, line 59)
XPASS: gcc.dg/Warray-bounds.c (test for warnings, line 65)
XPASS: gcc.dg/Wunreachable-8.c (test for bogus messages, line 7)
FAIL: gcc.dg/alias-7.c execution test
FAIL: gcc.dg/pr34668-1.c (internal compiler error)
FAIL: gcc.dg/pr34668-1.c (test for excess errors)
FAIL: gcc.dg/ssp-1.c (test for excess errors)
WARNING: gcc.dg/ssp-1.c compilation failed to produce executable
FAIL: gcc.dg/ssp-2.c (test for excess errors)
WARNING: gcc.dg/ssp-2.c compilation failed to produce executable
XPASS: gcc.dg/uninit-6.c uninitialized variable warning (test for bogus
messages, line 42)
=== gcc Summary ===
# of expected passes 11841
# of unexpected failures 5
# of unexpected successes 4
# of expected failures 45
# of unsupported tests 129
/cygdrive/e/gnu/xp/gcc/xgcc version 4.5.0 20091210 (experimental) (GCC)
=== gfortran tests ===
Running target unix
=== gfortran Summary ===
# of expected passes 10193
# of expected failures 15
# of unsupported tests 160
/cygdrive/e/gnu/xp/gcc/testsuite/gfortran2/../../gfortran version 4.5.0
20091210 (experimental) (GCC)
=== objc tests ===
Running target unix
=== objc Summary ===
# of expected passes 1967
# of expected failures 7
# of unsupported tests 24
/cygdrive/e/gnu/xp/gcc/xgcc version 4.5.0 20091210 (experimental) (GCC)
=== libstdc++ tests ===
Running target unix
XPASS: 26_numerics/headers/cmath/c99_classification_macros_c.cc (test
for excess errors)
XPASS: 26_numerics/headers/cmath/c99_classification_macros_c.cc (test
for excess errors)
FAIL: 27_io/basic_filebuf/seekoff/wchar_t/3.cc execution test
FAIL: 27_io/basic_filebuf/seekoff/wchar_t/3.cc execution test
FAIL: 27_io/basic_filebuf/seekoff/wchar_t/3.cc execution test
FAIL: 27_io/basic_filebuf/seekpos/char/1-io.cc execution test
FAIL: 27_io/basic_filebuf/seekpos/char/1-io.cc execution test
FAIL: 27_io/basic_filebuf/seekpos/char/2-io.cc execution test
FAIL: 27_io/basic_filebuf/seekpos/char/2-io.cc execution test
FAIL: 27_io/basic_filebuf/seekpos/wchar_t/1.cc execution test
FAIL: 27_io/basic_filebuf/seekpos/wchar_t/1.cc execution test
FAIL: 27_io/basic_filebuf/seekpos/wchar_t/1.cc execution test
FAIL: 27_io/basic_istream/seekg/wchar_t/fstream.cc execution test
FAIL: 27_io/basic_istream/seekg/wchar_t/fstream.cc execution test
FAIL: 27_io/basic_istream/seekg/wchar_t/fstream.cc execution test
FAIL: 27_io/basic_istream/tellg/wchar_t/fstream.cc execution test
FAIL: 27_io/basic_istream/tellg/wchar_t/fstream.cc execution test
FAIL: 27_io/basic_istream/tellg/wchar_t/fstream.cc execution test
FAIL: 27_io/basic_ostream/inserters_arithmetic/wchar_t/4402.cc execution
test
FAIL: 27_io/basic_ostream/inserters_arithmetic/wchar_t/4402.cc execution
test
FAIL: 27_io/basic_ostream/inserters_arithmetic/wchar_t/4402.cc execution
test
FAIL: 27_io/basic_stringbuf/setbuf/char/4.cc (test for excess errors)
WARNING: 27_io/basic_stringbuf/setbuf/char/4.cc compilation failed to
produce executable
=== libstdc++ Summary ===
# of expected passes 6185
# of unexpected failures 20
# of unexpected successes 2
# of expected failures 50
# of unsupported tests 213
Compiler version: 4.5.0 20091210 (experimental) (GCC)
Platform: i686-pc-cygwin
configure flags: --prefix=/usr/local/gcc45 --enable-languages='c c++
fortran objc' --enable-threads=posix --disable-sjlj-exceptions
--enable-maintainer-mode --disable-shared --disable-mudflap
--with-dwarf2 --enable-decimal-float